-- Table structure for table `Config`
--

CREATE TABLE `Config` (
  `configNamespace` varchar(255) COLLATE utf8mb4_unicode_ci NOT NULL DEFAULT '',
  `configGroup` varchar(255) COLLATE utf8mb4_unicode_ci NOT NULL,
  `configItem` varchar(255) COLLATE utf8mb4_unicode_ci NOT NULL,
  `configValue` longtext COLLATE utf8mb4_unicode_ci,
  PRIMARY KEY (`configNamespace`,`configGroup`,`configItem`),
  KEY `configGroup` (`configGroup`)
) ENGINE=InnoDB DEFAULT CHARSET=utf8mb4 COLLATE=utf8mb4_unicode_ci;

--
-- Dumping data for table `Config`
--

INSERT INTO `Config` VALUES ('','app','privacy_policy_accepted','1'),('','concrete','marketplace.token','Ax6jvD8SAPUNapnSJPmv1vXFOi6E9B68LYP45hOb46uGJ8ZRfR7ZBxEHPjCwrzVU'),('','concrete','marketplace.url_token','cnlvtmedmalr2yxhpkie9tk8'),('','concrete','security.token.encryption','49e06b2c59900272abb0f5a27ec0cd766ca5742293b296f240a34d9eb975ce03'),('','concrete','security.token.jobs','c627ab7cf3fed4fbdba0d540a871fddb5b6ac7ed4926ba0eda49d5951a582d68'),('','concrete','security.token.validation','05e47ac35bbca13fc47ec10461324fb3fee92c6e69ebefeb4d54c5b1c9392c87');

--
-- Table structure for table `ConfigStore`
--

CREATE TABLE `ConfigStore` (
  `cfKey` varchar(64) COLLATE utf8mb4_unicode_ci NOT NULL,
  `timestamp` timestamp NOT NULL DEFAULT CURRENT_TIMESTAMP,
  `cfValue` longtext COLLATE utf8mb4_unicode_ci,
  `uID` int(10) unsigned NOT NULL DEFAULT '0',
  `pkgID` int(10) unsigned NOT NULL DEFAULT '0',
  PRIMARY KEY (`cfKey`,`uID`),
  KEY `uID` (`uID`,`cfKey`),
  KEY `pkgID` (`pkgID`,`cfKey`)
) ENGINE=InnoDB DEFAULT CHARSET=utf8mb4 COLLATE=utf8mb4_unicode_ci;

--
-- Dumping data for table `ConfigStore`
--

INSERT INTO `ConfigStore` VALUES ('file_manager.sort.111','2020-08-30 21:27:44','[\"folderItemModified\",\"asc\"]',1,0),('file_manager.sort.191','2020-08-31 13:57:40','[\"folderItemModified\",\"desc\"]',1,0),('file_manager.sort.304','2021-08-28 16:23:45','[\"folderItemModified\",\"desc\"]',1,0),('file_manager.sort.324','2021-08-31 12:51:01','[\"folderItemName\",\"asc\"]',1,0),('file_manager.sort.366','2022-08-24 09:45:34','[\"folderItemModified\",\"desc\"]',1,0),('file_manager.sort.373','2022-08-26 10:42:51','[\"folderItemModified\",\"desc\"]',1,0),('file_manager.sort.411','2023-09-27 12:21:00','[\"folderItemModified\",\"desc\"]',1,0),('file_manager.sort.49','2020-08-23 10:59:07','[\"folderItemModified\",\"desc\"]',1,0),('file_manager.sort.51','2020-08-23 11:45:54','[\"folderItemModified\",\"desc\"]',1,0),('file_manager.sort.7','2020-07-21 15:21:08','[\"folderItemModified\",\"desc\"]',1,0),('file_manager.sort.87','2020-08-25 21:13:27','[\"folderItemModified\",\"desc\"]',1,0),('file_manager.sort.94','2020-08-29 22:51:40','[\"folderItemModified\",\"asc\"]',1,0),('MAIN_HELP_LAST_VIEWED','2020-07-08 11:51:36','1594209096',1,0);

--
-- Table structure for table `ConversationDiscussions`
--

CREATE TABLE `ConversationDiscussions` (
  `cnvDiscussionID` int(10) unsigned NOT NULL AUTO_INCREMENT,
  `cnvDiscussionDateCreated` datetime NOT NULL,
  `cID` int(10) unsigned DEFAULT NULL,
  PRIMARY KEY (`cnvDiscussionID`),
  KEY `cID` (`cID`)
) ENGINE=InnoDB DEFAULT CHARSET=utf8mb4 COLLATE=utf8mb4_unicode_ci;

--
-- Dumping data for table `ConversationDiscussions`
--


--
-- Table structure for table `ConversationEditors`
--

CREATE TABLE `ConversationEditors` (
  `cnvEditorID` int(10) unsigned NOT NULL AUTO_INCREMENT,
  `cnvEditorHandle` varchar(64) COLLATE utf8mb4_unicode_ci DEFAULT NULL,
  `cnvEditorName` varchar(255) COLLATE utf8mb4_unicode_ci DEFAULT NULL,
  `cnvEditorIsActive` tinyint(1) NOT NULL DEFAULT '0',
  `pkgID` int(10) unsigned NOT NULL DEFAULT '0',
  PRIMARY KEY (`cnvEditorID`),
  KEY `pkgID` (`pkgID`,`cnvEditorHandle`)
) ENGINE=InnoDB AUTO_INCREMENT=4 DEFAULT CHARSET=utf8mb4 COLLATE=utf8mb4_unicode_ci;

--
-- Dumping data for table `ConversationEditors`
--

INSERT INTO `ConversationEditors` VALUES (1,'plain_text','Plain Text',1,0),(2,'markdown','Markdown',0,0),(3,'rich_text','Rich Text',0,0);

--
-- Table structure for table `ConversationFeatureDetailAssignments`
--

CREATE TABLE `ConversationFeatureDetailAssignments` (
  `faID` int(10) unsigned NOT NULL DEFAULT '0',
  `cnvID` int(10) unsigned NOT NULL DEFAULT '0',
  PRIMARY KEY (`faID`),
  KEY `cnvID` (`cnvID`)
) ENGINE=InnoDB DEFAULT CHARSET=utf8mb4 COLLATE=utf8mb4_unicode_ci;

--
-- Dumping data for table `ConversationFeatureDetailAssignments`
--

INSERT INTO `ConversationFeatureDetailAssignments` VALUES (1,1),(3,2),(4,3),(5,4),(11,5),(13,7);

--
-- Table structure for table `ConversationFlaggedMessageTypes`
--

CREATE TABLE `ConversationFlaggedMessageTypes` (
  `cnvMessageFlagTypeID` int(10) unsigned NOT NULL AUTO_INCREMENT,
  `cnvMessageFlagTypeHandle` varchar(64) COLLATE utf8mb4_unicode_ci DEFAULT NULL,
  PRIMARY KEY (`cnvMessageFlagTypeID`),
  UNIQUE KEY `cnvMessageFlagTypeHandle` (`cnvMessageFlagTypeHandle`)
) ENGINE=InnoDB AUTO_INCREMENT=2 DEFAULT CHARSET=utf8mb4 COLLATE=utf8mb4_unicode_ci;

--
-- Dumping data for table `ConversationFlaggedMessageTypes`
--

INSERT INTO `ConversationFlaggedMessageTypes` VALUES (1,'spam');

--
-- Table structure for table `ConversationFlaggedMessages`
--

CREATE TABLE `ConversationFlaggedMessages` (
  `cnvMessageID` int(10) unsigned NOT NULL,
  `cnvMessageFlagTypeID` int(11) DEFAULT NULL,
  PRIMARY KEY (`cnvMessageID`),
  KEY `cnvMessageFlagTypeID` (`cnvMessageFlagTypeID`)
) ENGINE=InnoDB DEFAULT CHARSET=utf8mb4 COLLATE=utf8mb4_unicode_ci;

--
-- Dumping data for table `ConversationFlaggedMessages`
--


--
-- Table structure for table `ConversationMessageAttachments`
--

CREATE TABLE `ConversationMessageAttachments` (
  `cnvMessageAttachmentID` int(10) unsigned NOT NULL AUTO_INCREMENT,
  `cnvMessageID` int(11) DEFAULT NULL,
  `fID` int(11) DEFAULT NULL,
  PRIMARY KEY (`cnvMessageAttachmentID`),
  KEY `cnvMessageID` (`cnvMessageID`),
  KEY `fID` (`fID`)
) ENGINE=InnoDB DEFAULT CHARSET=utf8mb4 COLLATE=utf8mb4_unicode_ci;

--
-- Dumping data for table `ConversationMessageAttachments`
--


--
-- Table structure for table `ConversationMessageNotifications`
--

CREATE TABLE `ConversationMessageNotifications` (
  `cnvMessageID` int(10) unsigned NOT NULL,
  `nID` int(10) unsigned NOT NULL,
  PRIMARY KEY (`nID`)
) ENGINE=InnoDB DEFAULT CHARSET=utf8mb4 COLLATE=utf8mb4_unicode_ci;

--
-- Dumping data for table `ConversationMessageNotifications`
--


--
-- Table structure for table `ConversationMessageRatings`
--

CREATE TABLE `ConversationMessageRatings` (
  `cnvMessageRatingID` int(10) unsigned NOT NULL AUTO_INCREMENT,
  `cnvMessageID` int(10) unsigned DEFAULT NULL,
  `cnvRatingTypeID` int(10) unsigned NOT NULL DEFAULT '0',
  `cnvMessageRatingIP` tinyblob,
  `timestamp` datetime DEFAULT NULL,
  `uID` int(10) unsigned NOT NULL DEFAULT '0',
  PRIMARY KEY (`cnvMessageRatingID`),
  KEY `cnvMessageID` (`cnvMessageID`,`cnvRatingTypeID`),
  KEY `cnvRatingTypeID` (`cnvRatingTypeID`),
  KEY `uID` (`uID`)
) ENGINE=InnoDB DEFAULT CHARSET=utf8mb4 COLLATE=utf8mb4_unicode_ci;

--
-- Dumping data for table `ConversationMessageRatings`
--


--
-- Table structure for table `ConversationMessages`
--

CREATE TABLE `ConversationMessages` (
  `cnvMessageID` int(10) unsigned NOT NULL AUTO_INCREMENT,
  `cnvID` int(10) unsigned NOT NULL DEFAULT '0',
  `cnvMessageReview` int(10) unsigned NOT NULL DEFAULT '0',
  `uID` int(10) unsigned NOT NULL DEFAULT '0',
  `cnvEditorID` int(10) unsigned NOT NULL DEFAULT '0',
  `cnvMessageAuthorName` varchar(255) COLLATE utf8mb4_unicode_ci DEFAULT NULL,
  `cnvMessageAuthorEmail` varchar(255) COLLATE utf8mb4_unicode_ci DEFAULT NULL,
  `cnvMessageAuthorWebsite` varchar(255) COLLATE utf8mb4_unicode_ci DEFAULT NULL,
  `cnvMessageSubmitIP` tinyblob,
  `cnvMessageSubmitUserAgent` longtext COLLATE utf8mb4_unicode_ci,
  `cnvMessageLevel` int(10) unsigned NOT NULL DEFAULT '0',
  `cnvMessageParentID` int(10) unsigned NOT NULL DEFAULT '0',
  `cnvMessageDateCreated` datetime DEFAULT NULL,
  `cnvMessageSubject` text COLLATE utf8mb4_unicode_ci,
  `cnvMessageBody` text COLLATE utf8mb4_unicode_ci,
  `cnvIsMessageDeleted` tinyint(1) NOT NULL DEFAULT '0',
  `cnvIsMessageApproved` tinyint(1) NOT NULL DEFAULT '0',
  `cnvMessageTotalRatingScore` bigint(20) DEFAULT '0',
  PRIMARY KEY (`cnvMessageID`),
  KEY `cnvID` (`cnvID`),
  KEY `cnvMessageParentID` (`cnvMessageParentID`),
  KEY `uID` (`uID`)
) ENGINE=InnoDB DEFAULT CHARSET=utf8mb4 COLLATE=utf8mb4_unicode_ci;

--
-- Dumping data for table `ConversationMessages`
--


--
-- Table structure for table `ConversationPermissionAddMessageAccessList`
--

CREATE TABLE `ConversationPermissionAddMessageAccessList` (
  `paID` int(10) unsigned NOT NULL DEFAULT '0',
  `peID` int(10) unsigned NOT NULL DEFAULT '0',
  `permission` varchar(1) COLLATE utf8mb4_unicode_ci NOT NULL DEFAULT 'A',
  PRIMARY KEY (`paID`,`peID`),
  KEY `peID` (`peID`)
) ENGINE=InnoDB DEFAULT CHARSET=utf8mb4 COLLATE=utf8mb4_unicode_ci;

--
-- Dumping data for table `ConversationPermissionAddMessageAccessList`
--


--
-- Table structure for table `ConversationPermissionAssignments`
--

CREATE TABLE `ConversationPermissionAssignments` (
  `cnvID` int(10) unsigned NOT NULL DEFAULT '0',
  `pkID` int(10) unsigned NOT NULL DEFAULT '0',
  `paID` int(10) unsigned NOT NULL DEFAULT '0',
  PRIMARY KEY (`cnvID`,`pkID`,`paID`),
  KEY `paID` (`paID`),
  KEY `pkID` (`pkID`)
) ENGINE=InnoDB DEFAULT CHARSET=utf8mb4 COLLATE=utf8mb4_unicode_ci;

--
-- Dumping data for table `ConversationPermissionAssignments`
--

INSERT INTO `ConversationPermissionAssignments` VALUES (0,67,111),(0,68,112),(0,71,113),(0,70,114),(0,72,115),(0,69,116),(0,73,117),(0,74,118);

--
-- Table structure for table `ConversationRatingTypes`
--

CREATE TABLE `ConversationRatingTypes` (
  `cnvRatingTypeID` int(10) unsigned NOT NULL AUTO_INCREMENT,
  `cnvRatingTypeHandle` varchar(255) COLLATE utf8mb4_unicode_ci DEFAULT NULL,
  `cnvRatingTypeName` varchar(10) COLLATE utf8mb4_unicode_ci DEFAULT NULL,
  `cnvRatingTypeCommunityPoints` int(11) DEFAULT NULL,
  `pkgID` int(10) unsigned NOT NULL DEFAULT '0',
  PRIMARY KEY (`cnvRatingTypeID`),
  UNIQUE KEY `cnvRatingTypeHandle` (`cnvRatingTypeHandle`),
  KEY `pkgID` (`pkgID`,`cnvRatingTypeHandle`)
) ENGINE=InnoDB AUTO_INCREMENT=3 DEFAULT CHARSET=utf8mb4 COLLATE=utf8mb4_unicode_ci;

--
-- Dumping data for table `ConversationRatingTypes`
--

INSERT INTO `ConversationRatingTypes` VALUES (1,'up_vote','Up Vote',1,0),(2,'down_vote','Down Vote',0,0);

--
-- Table structure for table `ConversationSubscriptions`
--

CREATE TABLE `ConversationSubscriptions` (
  `cnvID` int(10) unsigned NOT NULL DEFAULT '0',
  `uID` int(10) unsigned NOT NULL DEFAULT '0',
  `type` varchar(1) COLLATE utf8mb4_unicode_ci DEFAULT 'S',
  PRIMARY KEY (`cnvID`,`uID`),
  KEY `cnvID` (`cnvID`),
  KEY `uID` (`uID`)
) ENGINE=InnoDB DEFAULT CHARSET=utf8mb4 COLLATE=utf8mb4_unicode_ci;

--
-- Dumping data for table `ConversationSubscriptions`
--

INSERT INTO `ConversationSubscriptions` VALUES (0,1,'S');

--
-- Table structure for table `Conversations`
--

CREATE TABLE `Conversations` (
  `cnvID` int(10) unsigned NOT NULL AUTO_INCREMENT,
  `cID` int(10) unsigned DEFAULT '0',
  `cnvDateCreated` datetime NOT NULL,
  `cnvDateLastMessage` datetime DEFAULT NULL,
  `cnvParentMessageID` int(10) unsigned DEFAULT '0',
  `cnvAttachmentsEnabled` tinyint(1) NOT NULL DEFAULT '1',
  `cnvMessagesTotal` int(10) unsigned DEFAULT '0',
  `cnvOverrideGlobalPermissions` tinyint(1) DEFAULT '0',
  `cnvAttachmentOverridesEnabled` tinyint(1) NOT NULL DEFAULT '0',
  `cnvMaxFilesGuest` int(11) DEFAULT '0',
  `cnvMaxFilesRegistered` int(11) DEFAULT '0',
  `cnvMaxFileSizeGuest` int(11) DEFAULT '0',
  `cnvMaxFileSizeRegistered` int(11) DEFAULT '0',
  `cnvFileExtensions` text COLLATE utf8mb4_unicode_ci,
  `cnvNotificationOverridesEnabled` tinyint(1) NOT NULL DEFAULT '0',
  `cnvEnableSubscription` tinyint(1) DEFAULT '0',
  PRIMARY KEY (`cnvID`),
  KEY `cID` (`cID`),
  KEY `cnvParentMessageID` (`cnvParentMessageID`)
) ENGINE=InnoDB AUTO_INCREMENT=8 DEFAULT CHARSET=utf8mb4 COLLATE=utf8mb4_unicode_ci;

--
-- Dumping data for table `Conversations`
--

INSERT INTO `Conversations` VALUES (1,209,'2020-07-08 14:45:39','2020-07-08 14:45:39',0,1,0,0,0,0,0,0,0,NULL,0,0),(2,210,'2020-07-08 14:45:48','2020-07-08 14:45:48',0,1,0,0,0,0,0,0,0,NULL,0,0),(3,211,'2020-07-08 14:45:48','2020-07-08 14:45:48',0,1,0,0,0,0,0,0,0,NULL,0,0),(4,212,'2020-07-08 14:45:49','2020-07-08 14:45:49',0,1,0,0,0,0,0,0,0,NULL,0,0),(5,224,'2020-07-20 21:31:40','2020-07-20 21:31:40',0,1,0,0,0,0,0,0,0,NULL,0,0),(6,247,'2020-07-20 22:13:10','2020-07-20 22:13:10',0,1,0,0,0,0,0,0,0,NULL,0,0),(7,248,'2020-07-20 22:20:23','2020-07-20 22:20:23',0,1,0,0,0,0,0,0,0,NULL,0,0);

--
-- Table structure for table `DownloadStatistics`
--

CREATE TABLE `DownloadStatistics` (
  `dsID` int(10) unsigned NOT NULL AUTO_INCREMENT,
  `fID` int(10) unsigned NOT NULL,
  `fvID` int(10) unsigned NOT NULL,
  `uID` int(10) unsigned NOT NULL,
  `rcID` int(10) unsigned NOT NULL,
  `timestamp` timestamp NOT NULL DEFAULT CURRENT_TIMESTAMP,
  PRIMARY KEY (`dsID`),
  KEY `fID` (`fID`,`timestamp`),
  KEY `fvID` (`fID`,`fvID`),
  KEY `uID` (`uID`),
  KEY `rcID` (`rcID`),
  KEY `timestamp` (`timestamp`)
) ENGINE=InnoDB AUTO_INCREMENT=3696 DEFAULT CHARSET=utf8mb4 COLLATE=utf8mb4_unicode_ci;

--
-- Dumping data for table `DownloadStatistics`
--

INSERT INTO `DownloadStatistics` VALUES (1,63,1,1,273,'2020-08-25 22:35:40'),(2,63,1,1,273,'2020-08-25 22:36:03'),(3,63,1,1,273,'2020-08-25 22:36:13'),(4,63,1,1,273,'2020-08-25 22:36:30'),(5,63,1,1,273,'2020-08-25 22:36:50'),(6,63,1,1,273,'2020-08-25 22:36:59'),(7,63,1,1,273,'2020-08-25 22:37:25'),(8,63,1,1,273,'2020-08-25 22:37:38'),(9,63,1,1,273,'2020-08-25 22:38:26'),(10,63,1,1,273,'2020-08-25 22:38:37'),(11,63,1,1,273,'2020-08-26 21:14:07'),(12,63,1,1,273,'2020-08-26 21:16:30'),(13,63,1,1,273,'2020-08-26 21:17:28'),(14,63,1,1,273,'2020-08-26 21:18:00'),(15,63,1,1,273,'2020-08-26 21:18:18'),(16,63,1,0,273,'2020-08-27 14:09:42'),(17,63,1,0,273,'2020-08-27 14:33:32'),(18,63,1,0,273,'2020-08-27 14:33:33'),(19,63,1,0,273,'2020-08-27 14:33:34'),(20,63,1,0,273,'2020-08-27 14:33:35'),(21,63,1,0,273,'2020-08-27 14:33:38'),(22,63,1,0,273,'2020-08-27 14:33:39'),(23,63,1,0,273,'2020-08-27 14:33:39'),(24,63,1,0,273,'2020-08-27 14:33:40'),(25,63,1,0,273,'2020-08-27 14:33:41'),(26,63,1,0,273,'2020-08-27 14:33:41'),(27,63,1,0,273,'2020-08-27 14:33:42'),(28,63,1,0,273,'2020-08-27 14:33:42'),(29,63,1,0,273,'2020-08-27 14:33:43'),(30,63,1,0,273,'2020-08-27 14:33:44'),(31,63,1,0,273,'2020-08-27 14:33:45'),(32,63,1,0,273,'2020-08-27 14:33:45'),(33,63,1,0,273,'2020-08-27 14:33:46'),(34,63,1,0,273,'2020-08-27 14:33:46'),(35,63,1,0,273,'2020-08-27 14:33:47'),(36,63,1,0,273,'2020-08-27 14:33:48'),(37,63,1,0,273,'2020-08-27 14:33:48'),(38,63,1,0,273,'2020-08-27 14:33:49'),(39,63,1,0,273,'2020-08-27 14:33:50'),(40,63,1,0,273,'2020-08-27 14:33:51'),(41,63,1,0,273,'2020-08-27 14:33:52'),(42,63,1,0,273,'2020-08-27 14:33:53'),(43,63,1,0,273,'2020-08-27 14:33:53'),(44,63,1,0,273,'2020-08-27 14:33:54'),(45,63,1,0,273,'2020-08-27 14:33:55'),(46,63,1,0,273,'2020-08-27 14:33:55'),(47,63,1,0,273,'2020-08-27 14:33:56'),(48,63,1,0,273,'2020-08-27 14:33:56'),(49,63,1,0,273,'2020-08-27 14:33:57'),(50,63,1,0,273,'2020-08-27 14:33:58'),(51,63,1,0,273,'2020-08-27 14:34:00'),(52,63,1,0,273,'2020-08-27 14:34:01'),(53,63,1,0,273,'2020-08-27 14:34:02'),(54,63,1,0,273,'2020-08-27 14:34:02'),(55,63,1,0,273,'2020-08-27 14:34:03'),(56,63,1,0,273,'2020-08-27 14:34:04'),(57,63,1,0,273,'2020-08-27 14:34:04'),(58,63,1,0,273,'2020-08-27 14:34:05'),(59,63,1,0,273,'2020-08-27 14:34:06'),(60,63,1,0,273,'2020-08-27 14:34:06'),(61,63,1,0,273,'2020-08-27 14:34:07'),(62,63,1,0,273,'2020-08-27 14:34:07'),(63,63,1,0,273,'2020-08-27 14:34:08'),(64,63,1,0,273,'2020-08-27 14:34:09'),(65,63,1,0,273,'2020-08-27 14:34:09'),(66,63,1,0,273,'2020-08-27 14:34:10'),(67,63,1,0,273,'2020-08-27 14:34:10'),(68,63,1,0,273,'2020-08-27 14:34:11'),(69,63,1,0,273,'2020-08-27 14:34:12'),(70,63,1,0,273,'2020-08-27 14:34:12'),(71,63,1,0,273,'2020-08-27 14:34:13'),(72,63,1,0,273,'2020-08-27 14:34:14'),(73,63,1,0,273,'2020-08-27 14:34:14'),(74,63,1,0,273,'2020-08-27 14:34:15'),(75,63,1,0,273,'2020-08-27 14:34:16'),(76,63,1,0,273,'2020-08-27 14:34:16'),(77,63,1,0,273,'2020-08-27 14:34:17'),(78,63,1,0,273,'2020-08-27 14:34:18'),(79,63,1,0,273,'2020-08-27 14:34:19'),(80,63,1,0,273,'2020-08-27 14:34:19'),(81,63,1,0,273,'2020-08-27 14:34:20'),(82,63,1,0,273,'2020-08-27 14:34:21'),(83,63,1,0,273,'2020-08-27 14:34:21'),(84,63,1,0,273,'2020-08-27 14:34:22'),(85,63,1,0,273,'2020-08-27 14:34:23'),(86,63,1,0,273,'2020-08-27 14:34:23'),(87,63,1,0,273,'2020-08-27 14:34:24'),(88,63,1,0,273,'2020-08-27 14:34:25'),(89,63,1,0,273,'2020-08-27 14:34:25'),(90,63,1,0,273,'2020-08-27 14:34:26'),(91,63,1,0,273,'2020-08-27 14:34:26'),(92,63,1,0,273,'2020-08-27 14:34:27'),(93,63,1,0,273,'2020-08-27 14:34:28'),(94,63,1,0,273,'2020-08-27 14:34:28'),(95,63,1,0,273,'2020-08-27 14:34:29'),(96,63,1,0,273,'2020-08-27 14:34:29'),(97,63,1,0,273,'2020-08-27 14:34:30'),(98,63,1,0,273,'2020-08-27 14:34:31'),(99,63,1,0,273,'2020-08-27 14:34:31'),(100,63,1,0,273,'2020-08-27 14:34:32'),(101,63,1,0,273,'2020-08-27 14:34:33'),(102,63,1,0,273,'2020-08-27 14:34:33'),(103,63,1,0,273,'2020-08-27 14:34:34'),(104,63,1,0,273,'2020-08-27 14:34:35'),(105,63,1,0,273,'2020-08-27 14:34:35'),(106,63,1,0,273,'2020-08-27 14:34:36'),(107,63,1,0,273,'2020-08-27 14:34:37'),(108,63,1,0,273,'2020-08-27 14:34:37'),(109,63,1,0,273,'2020-08-27 14:34:38'),(110,63,1,0,273,'2020-08-27 14:34:38'),(111,63,1,0,273,'2020-08-27 14:34:39'),(112,63,1,0,273,'2020-08-27 14:34:40'),(113,63,1,0,273,'2020-08-27 14:34:40'),(114,63,1,0,273,'2020-08-27 14:34:41'),(115,63,1,0,273,'2020-08-27 14:34:41'),(116,63,1,0,273,'2020-08-27 14:34:42'),(117,63,1,0,273,'2020-08-27 14:34:43'),(118,63,1,0,273,'2020-08-27 14:34:43'),(119,63,1,0,273,'2020-08-27 14:34:44'),(120,63,1,0,273,'2020-08-27 14:34:44'),(121,63,1,0,273,'2020-08-27 14:34:57'),(122,63,1,0,273,'2020-08-27 14:34:57'),(123,63,1,0,273,'2020-08-27 14:34:58'),(124,63,1,0,273,'2020-08-27 14:34:59'),(125,63,1,0,273,'2020-08-27 14:34:59'),(126,63,1,0,273,'2020-08-28 14:16:32'),(127,63,1,0,273,'2020-08-28 15:38:58'),(128,63,1,0,273,'2020-08-28 15:38:59'),(129,63,1,0,273,'2020-08-28 15:39:00'),(130,63,1,0,273,'2020-08-28 15:39:02'),(131,63,1,0,273,'2020-08-28 15:39:23'),(132,63,1,0,273,'2020-08-29 17:03:42'),(133,63,1,0,273,'2020-08-29 17:07:51'),(134,63,1,0,273,'2020-08-29 17:07:57'),(135,63,1,0,273,'2020-08-30 09:48:03'),(136,63,1,1,273,'2020-08-30 13:20:13'),(137,63,1,1,273,'2020-08-30 19:16:32'),(138,63,1,1,273,'2020-08-30 19:17:07'),(139,63,1,1,273,'2020-08-30 19:17:18'),(140,63,1,1,273,'2020-08-30 19:17:47'),(141,63,1,1,273,'2020-08-30 19:18:30'),(142,63,1,1,273,'2020-08-30 19:18:37'),(143,63,1,1,273,'2020-08-30 19:19:32'),(144,63,1,1,273,'2020-08-30 19:19:45'),(145,63,1,1,273,'2020-08-30 19:19:57'),(146,63,1,1,273,'2020-08-30 19:20:05'),(147,63,1,1,273,'2020-08-30 19:33:01'),(148,63,1,0,273,'2020-08-31 06:11:57'),(149,63,1,1,273,'2020-08-31 06:55:23'),(150,63,1,1,273,'2020-08-31 06:55:59'),(151,63,1,1,273,'2020-08-31 08:24:32'),(152,63,1,0,273,'2020-08-31 09:31:26'),(153,63,1,1,273,'2020-08-31 09:48:13'),(154,63,1,1,273,'2020-08-31 11:17:20'),(155,63,1,0,273,'2020-08-31 13:25:49'),(156,63,1,1,273,'2020-08-31 13:42:39'),(157,63,1,1,273,'2020-08-31 13:42:46'),(158,63,2,1,273,'2020-08-31 13:43:21'),(159,63,2,1,273,'2020-08-31 13:43:26'),(160,63,2,1,273,'2020-08-31 13:43:35'),(161,63,2,1,273,'2020-08-31 13:43:43'),(162,63,2,1,273,'2020-08-31 13:51:56'),(163,63,2,1,273,'2020-08-31 13:54:35'),(164,63,2,1,273,'2020-08-31 13:54:46'),(165,63,2,1,273,'2020-08-31 13:54:56'),(166,63,2,1,273,'2020-08-31 13:55:03'),(167,63,2,1,273,'2020-08-31 13:55:17'),(168,63,2,1,273,'2020-08-31 13:55:20'),(169,63,2,1,273,'2020-08-31 13:55:34'),(170,63,2,1,273,'2020-08-31 13:56:16'),(171,63,2,1,273,'2020-08-31 13:56:30'),(172,63,2,1,273,'2020-08-31 13:56:38'),(173,63,2,1,273,'2020-08-31 13:56:43'),(174,63,2,1,273,'2020-08-31 13:56:57'),(175,63,2,1,273,'2020-08-31 13:57:34'),(176,63,2,1,273,'2020-08-31 13:57:45'),(177,63,2,1,273,'2020-08-31 14:00:12'),(178,63,2,1,273,'2020-08-31 15:06:19'),(179,63,2,0,273,'2020-08-31 18:58:20'),(180,63,2,0,273,'2020-08-31 21:43:52'),(181,63,2,0,273,'2020-09-01 02:15:15'),(182,63,2,0,273,'2020-09-01 08:36:57'),(183,63,2,0,273,'2020-09-01 08:38:02'),(184,63,2,0,273,'2020-09-01 08:39:45'),(185,63,2,0,273,'2020-09-01 08:41:38'),(186,63,2,0,273,'2020-09-01 09:48:25'),(187,63,2,0,273,'2020-09-01 09:56:11'),(188,63,2,0,273,'2020-09-01 09:56:23'),(189,63,2,0,273,'2020-09-01 10:21:19'),(190,63,2,0,273,'2020-09-01 10:22:49'),(191,63,2,0,273,'2020-09-01 10:24:14'),(192,63,2,0,273,'2020-09-01 10:24:15'),(193,63,2,0,273,'2020-09-01 10:24:16'),(194,63,2,0,273,'2020-09-01 10:24:17'),(195,63,2,0,273,'2020-09-01 10:24:38'),(196,63,2,0,273,'2020-09-01 10:25:08'),(197,63,2,0,273,'2020-09-01 10:25:10'),(198,63,2,0,273,'2020-09-01 10:25:11'),(199,63,2,0,273,'2020-09-01 10:25:12'),(200,63,2,0,273,'2020-09-01 10:25:12'),(201,63,2,0,273,'2020-09-01 10:25:13'),(202,63,2,0,273,'2020-09-01 10:25:14'),(203,63,2,0,273,'2020-09-01 10:25:14'),(204,63,2,0,273,'2020-09-01 10:25:15'),(205,63,2,0,273,'2020-09-01 10:25:15'),(206,63,2,0,273,'2020-09-01 10:25:16'),(207,63,2,0,273,'2020-09-01 10:25:17'),(208,63,2,0,273,'2020-09-01 10:25:17'),(209,63,2,0,273,'2020-09-01 10:25:18'),(210,63,2,0,273,'2020-09-01 10:25:18'),(211,63,2,0,273,'2020-09-01 10:25:19'),(212,63,2,0,273,'2020-09-01 10:25:20'),(213,63,2,0,273,'2020-09-01 10:25:20'),(214,63,2,0,273,'2020-09-01 10:25:21'),(215,63,2,0,273,'2020-09-01 10:25:21'),(216,63,2,0,273,'2020-09-01 10:25:22'),(217,63,2,0,273,'2020-09-01 10:25:23'),(218,63,2,0,273,'2020-09-01 10:25:23'),(219,63,2,0,273,'2020-09-01 10:25:24'),(220,63,2,0,273,'2020-09-01 10:25:24'),(221,63,2,0,273,'2020-09-01 10:25:25'),(222,63,2,0,273,'2020-09-01 10:25:26'),(223,63,2,0,273,'2020-09-01 10:25:27'),(224,63,2,0,273,'2020-09-01 10:25:27'),(225,63,2,0,273,'2020-09-01 10:25:28'),(226,63,2,0,273,'2020-09-01 10:25:29'),(227,63,2,0,273,'2020-09-01 10:25:29'),(228,63,2,0,273,'2020-09-01 10:25:30'),(229,63,2,0,273,'2020-09-01 10:25:31'),(230,63,2,0,273,'2020-09-01 10:25:31'),(231,63,2,0,273,'2020-09-01 10:25:33'),(232,63,2,0,273,'2020-09-01 10:25:35'),(233,63,2,0,273,'2020-09-01 10:25:36'),(234,63,2,0,273,'2020-09-01 10:25:37'),(235,63,2,0,273,'2020-09-01 10:25:38'),(236,63,2,0,273,'2020-09-01 10:25:45'),(237,63,2,0,273,'2020-09-01 10:25:46'),(238,63,2,0,273,'2020-09-01 10:25:46'),(239,63,2,0,273,'2020-09-01 10:25:47'),(240,63,2,0,273,'2020-09-01 10:25:48'),(241,63,2,0,273,'2020-09-01 10:25:49'),(242,63,2,0,273,'2020-09-01 10:33:50'),(243,63,2,0,273,'2020-09-01 10:52:49'),(244,63,2,0,273,'2020-09-01 11:15:54'),(245,63,2,1,273,'2020-09-01 11:33:50'),(246,63,2,1,273,'2020-09-01 11:34:09'),(247,63,2,1,273,'2020-09-01 11:37:59'),(248,63,2,1,273,'2020-09-01 11:38:11'),(249,63,2,1,273,'2020-09-01 11:39:16'),(250,63,2,1,273,'2020-09-01 11:39:31'),(251,63,2,1,273,'2020-09-01 11:39:42'),(252,63,2,1,273,'2020-09-01 11:39:52'),(253,63,2,1,273,'2020-09-01 11:39:57'),(254,63,2,1,273,'2020-09-01 11:40:05'),(255,265,1,0,273,'2020-09-01 11:44:13'),(256,63,2,0,273,'2020-09-01 11:44:17'),(257,63,2,1,273,'2020-09-01 11:46:13'),(258,63,2,1,273,'2020-09-01 11:46:53'),(259,63,2,1,273,'2020-09-01 11:56:38'),(260,63,2,1,273,'2020-09-01 11:56:54'),(261,63,2,1,273,'2020-09-01 11:57:50'),(262,265,1,1,273,'2020-09-01 11:57:55'),(263,63,2,1,273,'2020-09-01 11:58:07'),(264,63,2,1,273,'2020-09-01 11:58:58'),(265,265,1,1,273,'2020-09-01 11:59:14'),(266,63,2,0,273,'2020-09-01 12:11:52'),(267,63,2,0,273,'2020-09-01 12:37:35'),(268,265,1,0,273,'2020-09-01 12:37:50'),(269,63,2,0,273,'2020-09-01 12:40:22'),(270,265,1,0,273,'2020-09-01 12:40:28'),(271,265,1,0,273,'2020-09-01 13:06:57'),(272,63,2,0,273,'2020-09-01 13:35:55'),(273,63,2,0,273,'2020-09-01 15:07:16'),(274,63,2,0,273,'2020-09-01 16:01:21'),(275,265,1,0,273,'2020-09-01 16:01:39'),(276,265,1,0,273,'2020-09-01 17:17:10'),(277,63,2,0,273,'2020-09-01 17:31:09'),(278,63,2,0,273,'2020-09-01 17:31:15'),(279,63,2,0,273,'2020-09-01 17:31:16'),(280,63,2,0,273,'2020-09-01 17:31:18'),(281,63,2,0,273,'2020-09-01 17:31:20'),(282,63,2,0,273,'2020-09-01 17:31:26'),(283,63,2,0,273,'2020-09-01 17:31:29'),(284,63,2,0,273,'2020-09-01 18:54:15'),(285,63,2,1,273,'2020-09-02 09:39:44'),(286,265,1,0,273,'2020-09-02 09:45:34'),(287,265,1,0,273,'2020-09-02 09:45:49'),(288,63,2,1,273,'2020-09-02 10:42:46'),(289,265,1,0,273,'2020-09-02 13:19:21'),(290,265,1,0,273,'2020-09-02 13:26:43'),(291,63,2,0,273,'2020-09-02 13:27:21'),(292,63,2,0,273,'2020-09-02 13:54:10'),(293,63,2,0,273,'2020-09-02 13:54:35'),(294,63,2,0,273,'2020-09-02 14:12:23'),(295,63,2,0,273,'2020-09-02 14:13:21'),(296,63,2,0,273,'2020-09-02 14:54:16'),(297,63,2,0,273,'2020-09-02 15:40:46'),(298,63,2,1,273,'2020-09-03 05:44:47'),(299,63,2,0,273,'2020-09-03 08:08:27'),(300,63,2,0,273,'2020-09-03 08:15:34'),(301,63,2,0,273,'2020-09-03 08:15:35'),(302,63,2,0,273,'2020-09-03 08:15:37'),(303,63,2,0,273,'2020-09-03 08:15:39'),(304,63,2,1,302,'2020-09-03 10:42:15'),(305,63,2,0,273,'2020-09-03 11:02:37'),(306,63,2,0,273,'2020-09-03 12:50:12'),(307,63,2,0,273,'2020-09-03 12:50:13'),(308,63,2,0,273,'2020-09-03 12:50:14'),(309,63,2,0,273,'2020-09-03 12:50:18'),(310,63,2,0,273,'2020-09-03 12:53:31'),(311,63,2,0,273,'2020-09-03 15:14:57'),(312,63,2,0,273,'2020-09-03 17:50:11'),(313,63,2,0,273,'2020-09-04 00:20:28'),(314,63,2,0,273,'2020-09-04 10:03:00'),(315,63,2,0,273,'2020-09-04 10:03:34'),(316,63,2,0,273,'2020-09-04 10:03:34'),(317,63,2,0,273,'2020-09-04 11:32:10'),(318,63,2,1,273,'2020-09-04 12:16:41'),(319,63,2,1,273,'2020-09-04 12:16:45'),(320,63,2,1,273,'2020-09-04 12:16:54'),(321,63,2,1,273,'2020-09-04 12:16:57'),(322,63,2,1,302,'2020-09-04 12:27:40'),(323,63,2,1,302,'2020-09-04 12:27:58'),(324,63,2,1,302,'2020-09-04 12:28:16'),(325,63,2,1,302,'2020-09-04 12:30:56'),(326,63,2,1,302,'2020-09-04 12:31:02'),(327,63,2,1,302,'2020-09-04 12:31:43'),(328,63,2,0,273,'2020-09-04 19:14:53'),(329,63,2,0,273,'2020-09-05 03:42:23'),(330,265,1,0,273,'2020-09-05 03:47:05'),(331,265,1,0,273,'2020-09-05 10:56:40'),(332,265,1,0,273,'2020-09-05 11:09:46'),(333,63,2,0,273,'2020-09-05 11:10:11'),(334,265,1,0,273,'2020-09-05 16:57:07'),(335,63,2,0,273,'2020-09-05 21:33:47'),(336,63,2,0,273,'2020-09-05 21:35:06'),(337,265,1,0,273,'2020-09-05 21:35:12'),(338,63,2,0,273,'2020-09-05 21:41:33'),(339,265,1,0,273,'2020-09-05 22:08:17'),(340,63,2,0,273,'2020-09-05 22:13:02'),(341,63,2,0,273,'2020-09-06 12:44:26'),(342,265,1,0,273,'2020-09-07 03:08:12'),(343,265,1,0,302,'2020-09-07 08:41:32'),(344,63,2,1,302,'2020-09-07 10:20:50'),(345,63,2,0,273,'2020-09-07 10:48:40'),(346,63,2,0,273,'2020-09-07 14:01:09'),(347,265,1,0,273,'2020-09-07 14:01:19'),(348,63,2,0,302,'2020-09-07 15:33:27'),(349,265,1,0,273,'2020-09-07 15:43:44'),(350,63,2,0,273,'2020-09-07 20:23:04'),(351,63,2,0,273,'2020-09-08 02:10:45'),(352,265,1,0,273,'2020-09-08 02:59:00'),(353,63,2,0,302,'2020-09-08 07:29:54'),(354,63,2,1,302,'2020-09-08 07:41:37'),(355,265,1,0,302,'2020-09-08 07:46:43'),(356,265,1,0,273,'2020-09-08 22:59:51'),(357,63,2,0,273,'2020-09-09 06:31:39'),(358,63,2,0,273,'2020-09-09 07:27:26'),(359,265,1,0,273,'2020-09-09 12:35:28'),(360,265,1,0,273,'2020-09-09 12:35:31'),(361,63,2,0,273,'2020-09-09 17:43:38'),(362,63,2,0,273,'2020-09-10 04:55:51'),(363,63,2,0,273,'2020-09-10 06:43:39'),(364,265,1,0,273,'2020-09-10 06:43:54'),(365,63,2,0,273,'2020-09-10 12:15:43'),(366,63,2,0,273,'2020-09-10 12:15:52'),(367,265,1,0,273,'2020-09-10 17:00:32'),(368,63,2,0,273,'2020-09-11 11:11:28'),(369,63,2,0,273,'2020-09-11 11:11:29'),(370,63,2,0,273,'2020-09-11 11:14:01'),(371,63,2,0,273,'2020-09-11 11:14:25'),(372,265,1,0,273,'2020-09-11 11:14:25'),(373,63,2,0,273,'2020-09-11 11:14:29'),(374,63,2,0,273,'2020-09-11 11:15:31'),(375,63,2,0,273,'2020-09-11 11:15:31'),(376,63,2,0,273,'2020-09-11 11:15:53'),(377,63,2,0,273,'2020-09-11 11:16:40'),(378,265,1,0,273,'2020-09-11 11:16:40'),(379,63,2,0,273,'2020-09-11 11:16:45'),(380,63,2,0,273,'2020-09-11 11:17:44'),(381,63,2,0,273,'2020-09-11 11:20:00'),(382,63,2,0,273,'2020-09-11 11:20:17'),(383,63,2,0,273,'2020-09-11 11:27:48'),(384,63,2,0,273,'2020-09-11 11:29:16'),(385,265,1,0,273,'2020-09-11 11:29:53'),(386,63,2,0,273,'2020-09-11 11:34:36'),(387,63,2,0,273,'2020-09-12 08:59:50'),(388,63,2,0,273,'2020-09-12 12:40:47'),(389,265,1,0,273,'2020-09-12 12:42:27'),(390,265,1,0,273,'2020-09-12 17:09:14'),(391,265,1,0,273,'2020-09-13 07:12:32'),(392,265,1,0,273,'2020-09-14 16:41:21'),(393,63,2,0,273,'2020-09-14 18:22:29'),(394,63,2,0,273,'2020-09-14 18:23:23'),(395,265,1,0,273,'2020-09-14 18:23:23'),(396,63,2,0,273,'2020-09-15 05:07:01'),(397,265,1,0,273,'2020-09-15 12:19:52'),(398,63,2,0,273,'2020-09-17 12:55:42'),(399,63,2,0,273,'2020-09-17 16:38:49'),(400,63,2,0,273,'2020-09-17 16:39:25'),(401,265,1,0,273,'2020-09-17 16:39:28'),(402,265,1,0,273,'2020-09-17 17:09:18'),(403,63,2,0,273,'2020-09-18 00:41:34'),(404,63,2,0,273,'2020-09-18 06:29:59'),(405,265,1,0,273,'2020-09-18 07:18:18'),(406,63,2,0,273,'2020-09-18 11:43:10'),(407,63,2,0,273,'2020-09-18 11:43:40'),(408,63,2,0,273,'2020-09-18 11:44:16'),(409,63,2,0,273,'2020-09-18 11:44:20'),(410,63,2,0,273,'2020-09-19 12:51:02'),(411,265,1,0,273,'2020-09-19 16:01:16'),(412,63,2,0,302,'2020-09-20 16:47:18'),(413,265,1,0,273,'2020-09-20 16:54:26'),(414,265,1,0,302,'2020-09-20 20:43:58'),(415,63,2,0,273,'2020-09-21 12:30:05'),(416,63,2,0,273,'2020-09-21 12:30:06'),(417,63,2,0,273,'2020-09-21 15:50:24'),(418,63,2,0,273,'2020-09-22 06:15:51'),(419,63,2,0,273,'2020-09-22 11:19:57'),(420,265,1,0,273,'2020-09-22 11:20:08'),(421,63,2,0,273,'2020-09-22 12:43:09'),(422,63,2,0,273,'2020-09-22 12:43:12'),(423,63,2,0,273,'2020-09-22 14:45:18'),(424,63,2,0,273,'2020-09-22 14:45:40'),(425,63,2,0,273,'2020-09-22 14:45:41'),(426,63,2,0,273,'2020-09-22 14:45:48'),(427,63,2,0,273,'2020-09-22 14:45:57'),(428,63,2,0,273,'2020-09-22 17:17:39'),(429,63,2,0,273,'2020-09-28 18:19:07'),(430,63,2,0,273,'2020-09-29 06:23:48'),(431,63,2,0,273,'2020-09-29 06:24:12'),(432,265,1,0,273,'2020-09-29 06:24:17'),(433,63,2,0,273,'2020-09-29 06:25:49'),(434,63,2,0,273,'2020-09-29 06:30:32'),(435,63,2,0,273,'2020-09-29 13:02:04'),(436,63,2,0,273,'2020-09-29 13:04:09'),(437,63,2,0,273,'2020-09-29 13:04:38'),(438,63,2,0,273,'2020-09-30 03:10:48'),(439,63,2,0,273,'2020-10-01 12:35:20'),(440,265,1,0,302,'2020-10-01 16:52:08'),(441,63,2,0,302,'2020-10-01 16:52:20'),(442,265,1,0,273,'2020-10-01 17:11:22'),(443,63,2,0,273,'2020-10-02 07:35:42'),(444,63,2,0,273,'2020-10-02 14:00:07'),(445,63,2,0,273,'2020-10-02 14:00:15'),(446,63,2,0,273,'2020-10-02 15:46:22'),(447,63,2,0,273,'2020-10-03 03:24:50'),(448,63,2,0,273,'2020-10-03 03:24:51'),(449,63,2,0,273,'2020-10-04 17:28:33'),(450,63,2,0,273,'2020-10-04 17:28:43'),(451,63,2,0,273,'2020-10-07 15:03:11'),(452,63,2,0,273,'2020-10-07 15:03:26'),(453,63,2,0,273,'2020-10-07 15:05:34'),(454,63,2,0,273,'2020-10-07 15:05:54'),(455,63,2,0,273,'2020-10-07 15:05:56'),(456,63,2,0,273,'2020-10-07 15:06:29'),(457,63,2,0,273,'2020-10-07 16:07:28'),(458,63,2,0,273,'2020-10-07 16:07:29'),(459,63,2,0,273,'2020-10-08 05:15:58'),(460,265,1,0,273,'2020-10-08 05:16:08'),(461,63,2,0,273,'2020-10-08 05:17:22'),(462,265,1,0,273,'2020-10-09 16:44:55'),(463,63,2,0,273,'2020-10-09 16:52:14'),(464,63,2,0,273,'2020-10-11 05:41:42'),(465,63,2,0,273,'2020-10-11 17:35:36'),(466,63,2,0,273,'2020-10-11 17:57:37'),(467,63,2,0,273,'2020-10-11 17:57:58'),(468,63,2,0,273,'2020-10-11 18:13:03'),(469,63,2,0,273,'2020-10-12 15:13:55'),(470,63,2,0,273,'2020-10-12 15:15:33'),(471,265,1,0,273,'2020-10-12 16:52:04'),(472,265,1,0,273,'2020-10-12 16:52:31'),(473,265,1,0,273,'2020-10-13 09:22:10'),(474,63,2,0,273,'2020-10-13 09:29:35'),(475,265,1,0,273,'2020-10-13 10:31:13'),(476,63,2,0,273,'2020-10-13 10:41:33'),(477,265,1,0,273,'2020-10-13 10:41:43'),(478,63,2,0,273,'2020-10-13 10:42:58'),(479,63,2,0,273,'2020-10-14 03:43:42'),(480,63,2,0,273,'2020-10-14 10:27:02'),(481,63,2,0,273,'2020-10-14 10:27:03'),(482,63,2,0,273,'2020-10-14 10:27:15'),(483,63,2,0,273,'2020-10-14 10:27:18'),(484,63,2,0,273,'2020-10-14 10:27:20'),(485,63,2,0,273,'2020-10-14 10:27:25'),(486,63,2,0,273,'2020-10-14 10:27:28'),(487,63,2,0,273,'2020-10-14 16:57:22'),(488,63,2,0,273,'2020-10-14 17:00:27'),(489,265,1,0,273,'2020-10-14 17:01:03'),(490,63,2,0,273,'2020-10-14 17:01:03'),(491,63,2,0,273,'2020-10-14 17:01:06'),(492,63,2,0,273,'2020-10-14 17:01:38'),(493,265,1,0,273,'2020-10-14 17:01:38'),(494,63,2,0,273,'2020-10-14 17:01:57'),(495,63,2,0,273,'2020-10-14 19:29:26'),(496,63,2,0,273,'2020-10-15 07:08:37'),(497,63,2,0,273,'2020-10-15 07:09:42'),(498,63,2,0,273,'2020-10-15 08:32:17'),(499,63,2,0,273,'2020-10-15 11:20:15'),(500,63,2,0,273,'2020-10-15 12:50:27'),(501,63,2,0,273,'2020-10-15 12:50:28'),(502,63,2,0,273,'2020-10-15 12:50:49'),(503,63,2,0,273,'2020-10-15 14:02:49'),(504,63,2,0,273,'2020-10-16 07:35:14'),(505,63,2,0,273,'2020-10-16 09:51:05'),(506,63,2,0,273,'2020-10-16 09:51:14'),(507,265,1,0,273,'2020-10-17 10:12:12'),(508,63,2,0,273,'2020-10-17 10:38:24'),(509,63,2,0,273,'2020-10-17 10:38:26'),(510,63,2,0,273,'2020-10-17 10:38:28'),(511,63,2,0,273,'2020-10-17 10:38:28'),(512,63,2,0,273,'2020-10-17 10:39:05'),(513,63,2,0,273,'2020-10-17 16:42:12'),(514,63,2,0,273,'2020-10-17 16:42:13'),(515,63,2,0,273,'2020-10-17 16:42:16'),(516,63,2,0,273,'2020-10-17 16:42:17'),(517,63,2,0,273,'2020-10-17 16:42:19'),(518,63,2,0,273,'2020-10-17 16:42:57'),(519,63,2,0,273,'2020-10-17 16:43:00'),(520,63,2,0,273,'2020-10-17 16:43:01'),(521,63,2,0,273,'2020-10-17 16:43:09'),(522,63,2,0,273,'2020-10-17 16:43:19'),(523,63,2,0,273,'2020-10-17 16:43:20'),(524,63,2,0,273,'2020-10-17 16:43:22'),(525,63,2,0,273,'2020-10-18 04:13:45'),(526,63,2,0,273,'2020-10-18 14:44:00'),(527,63,2,0,273,'2020-10-18 14:48:51'),(528,63,2,0,273,'2020-10-18 18:41:46'),(529,63,2,0,273,'2020-10-19 05:05:36'),(530,63,2,0,273,'2020-10-19 15:40:21'),(531,63,2,0,273,'2020-10-19 15:40:44'),(532,63,2,0,273,'2020-10-19 15:40:49'),(533,63,2,0,273,'2020-10-19 15:41:17'),(534,63,2,0,273,'2020-10-19 15:43:49'),(535,265,1,0,273,'2020-10-19 15:43:57'),(536,63,2,0,273,'2020-10-19 15:43:57'),(537,63,2,0,273,'2020-10-19 16:11:55'),(538,63,2,0,273,'2020-10-19 16:11:56'),(539,63,2,0,273,'2020-10-19 16:11:57'),(540,63,2,0,273,'2020-10-19 16:12:00'),(541,63,2,0,273,'2020-10-19 18:29:16'),(542,63,2,0,273,'2020-10-19 18:57:19'),(543,265,1,0,273,'2020-10-19 18:58:35'),(544,265,1,0,273,'2020-10-19 18:59:02'),(545,63,2,0,273,'2020-10-19 19:04:52'),(546,63,2,0,273,'2020-10-19 19:05:36'),(547,63,2,0,273,'2020-10-19 19:06:43'),(548,63,2,0,273,'2020-10-19 19:20:19'),(549,63,2,0,273,'2020-10-19 19:23:42'),(550,265,1,0,273,'2020-10-19 19:24:05'),(551,63,2,0,273,'2020-10-19 19:34:29'),(552,63,2,0,273,'2020-10-19 19:38:58'),(553,63,2,0,273,'2020-10-20 21:24:34'),(554,63,2,0,273,'2020-10-21 12:48:35'),(555,265,1,0,273,'2020-10-21 12:49:00'),(556,63,2,0,273,'2020-10-21 12:49:54'),(557,63,2,0,273,'2020-10-21 12:50:30'),(558,63,2,0,273,'2020-10-21 12:51:01'),(559,63,2,0,273,'2020-10-21 12:51:02'),(560,63,2,0,273,'2020-10-21 12:51:05'),(561,63,2,0,273,'2020-10-21 12:51:06'),(562,63,2,0,273,'2020-10-21 12:51:07'),(563,63,2,0,273,'2020-10-21 12:51:08'),(564,63,2,0,273,'2020-10-21 12:51:09'),(565,63,2,0,273,'2020-10-21 12:51:10'),(566,63,2,0,273,'2020-10-21 12:51:12'),(567,63,2,0,273,'2020-10-21 12:51:13'),(568,63,2,0,273,'2020-10-21 12:51:14'),(569,63,2,0,273,'2020-10-21 12:52:59'),(570,63,2,0,273,'2020-10-21 13:03:09'),(571,63,2,0,273,'2020-10-22 07:01:47'),(572,63,2,0,273,'2020-10-22 07:02:20'),(573,63,2,0,302,'2020-10-22 07:03:41'),(574,265,1,0,273,'2020-10-22 07:04:48'),(575,63,2,0,273,'2020-10-23 09:17:56'),(576,265,1,0,273,'2020-10-23 15:57:23'),(577,265,1,0,273,'2020-10-23 15:57:39'),(578,63,2,0,273,'2020-10-24 19:35:29'),(579,63,2,0,273,'2020-10-24 19:38:26'),(580,265,1,0,273,'2020-10-24 19:38:27'),(581,63,2,0,273,'2020-10-24 19:39:00'),(582,63,2,0,273,'2020-10-24 19:42:29'),(583,63,2,0,302,'2020-10-25 03:02:20'),(584,63,2,0,273,'2020-10-25 11:52:14'),(585,63,2,0,273,'2020-10-25 15:30:31'),(586,63,2,0,273,'2020-10-26 07:30:44'),(587,265,1,0,273,'2020-10-26 08:04:00'),(588,63,2,0,273,'2020-10-26 16:35:05'),(589,63,2,0,273,'2020-10-26 16:35:19'),(590,63,2,0,273,'2020-10-26 16:44:24'),(591,63,2,0,273,'2020-10-26 16:54:46'),(592,265,1,0,273,'2020-10-26 17:03:27'),(593,265,1,0,273,'2020-10-26 17:03:32'),(594,63,2,0,273,'2020-10-27 07:05:23'),(595,265,1,0,273,'2020-10-27 18:08:02'),(596,63,2,0,273,'2020-10-28 00:11:04'),(597,63,2,0,273,'2020-10-28 04:54:57'),(598,63,2,0,273,'2020-10-28 10:54:04'),(599,265,1,0,273,'2020-10-28 10:54:41'),(600,63,2,0,273,'2020-10-28 12:09:48'),(601,63,2,0,273,'2020-10-28 16:08:41'),(602,63,2,0,273,'2020-10-28 16:09:24'),(603,63,2,0,273,'2020-10-28 16:10:06'),(604,63,2,0,273,'2020-10-28 16:18:49'),(605,63,2,0,273,'2020-10-28 16:19:06'),(606,265,1,0,273,'2020-10-28 18:11:45'),(607,265,1,0,273,'2020-10-28 18:12:16'),(608,63,2,0,273,'2020-10-28 18:33:17'),(609,63,2,0,273,'2020-10-28 18:49:31'),(610,63,2,0,273,'2020-10-29 11:00:15'),(611,63,2,0,273,'2020-10-29 11:00:17'),(612,63,2,0,273,'2020-10-29 12:31:07'),(613,265,1,0,273,'2020-10-30 15:56:46'),(614,63,2,0,273,'2020-10-31 11:33:37'),(615,63,2,0,273,'2020-10-31 17:22:40'),(616,63,2,0,273,'2020-10-31 17:22:50'),(617,63,2,0,273,'2020-10-31 17:22:52'),(618,63,2,0,273,'2020-10-31 17:22:58'),(619,63,2,0,273,'2020-11-01 15:50:35'),(620,63,2,0,302,'2020-11-02 12:48:29'),(621,265,1,0,273,'2020-11-02 15:10:25'),(622,63,2,0,273,'2020-11-02 16:09:30'),(623,265,1,0,273,'2020-11-03 13:56:57'),(624,63,2,0,273,'2020-11-03 17:43:36'),(625,63,2,0,273,'2020-11-03 17:43:39'),(626,63,2,0,273,'2020-11-03 23:02:25'),(627,63,2,0,302,'2020-11-04 02:39:23'),(628,63,2,0,273,'2020-11-04 13:12:31'),(629,265,1,0,302,'2020-11-04 21:44:29'),(630,63,2,0,273,'2020-11-05 10:29:32'),(631,63,2,0,273,'2020-11-05 10:30:29'),(632,63,2,0,302,'2020-11-05 10:42:40'),(633,63,2,0,273,'2020-11-05 10:49:44'),(634,63,2,0,273,'2020-11-05 10:50:59'),(635,63,2,0,273,'2020-11-05 11:17:41'),(636,265,1,0,273,'2020-11-05 17:06:45'),(637,63,2,0,273,'2020-11-05 17:25:45'),(638,265,1,0,273,'2020-11-06 10:56:12'),(639,63,2,0,302,'2020-11-06 17:15:08'),(640,265,1,0,273,'2020-11-06 20:35:35'),(641,265,1,0,273,'2020-11-06 20:35:36'),(642,265,1,0,273,'2020-11-06 20:35:37'),(643,63,2,0,302,'2020-11-08 01:23:53'),(644,265,1,0,273,'2020-11-08 07:14:01'),(645,63,2,0,273,'2020-11-08 12:06:05'),(646,63,2,0,273,'2020-11-08 15:24:49'),(647,63,2,0,273,'2020-11-10 10:51:36'),(648,63,2,0,273,'2020-11-10 16:53:35'),(649,63,2,0,273,'2020-11-10 23:51:51'),(650,63,2,0,273,'2020-11-13 13:38:11'),(651,63,2,0,302,'2020-11-14 05:43:17'),(652,63,2,0,302,'2020-11-15 20:49:42'),(653,265,1,0,273,'2020-11-16 10:59:20'),(654,265,1,0,273,'2020-11-16 15:54:41'),(655,63,2,0,273,'2020-11-17 11:52:13'),(656,63,2,0,273,'2020-11-17 11:59:29'),(657,63,2,0,273,'2020-11-17 12:05:11'),(658,63,2,0,302,'2020-11-18 06:12:56'),(659,63,2,0,273,'2020-11-18 18:07:03'),(660,63,2,0,273,'2020-11-18 18:07:25'),(661,63,2,0,273,'2020-11-18 18:08:00'),(662,63,2,0,302,'2020-11-19 14:28:10'),(663,63,2,0,273,'2020-11-20 16:27:48'),(664,63,2,0,273,'2020-11-20 16:27:49'),(665,63,2,0,273,'2020-11-21 17:30:02'),(666,63,2,0,273,'2020-11-21 17:30:09'),(667,63,2,0,273,'2020-11-21 17:30:13'),(668,265,1,0,302,'2020-11-25 04:45:38'),(669,265,1,0,302,'2020-11-25 05:48:20'),(670,265,1,0,273,'2020-11-25 12:33:18'),(671,63,2,0,273,'2020-11-26 15:56:34'),(672,63,2,0,273,'2020-11-26 17:03:25'),(673,63,2,0,273,'2020-11-26 17:03:31'),(674,265,1,0,273,'2020-11-27 16:43:09'),(675,265,1,0,273,'2020-11-27 16:43:22'),(676,63,2,0,273,'2020-11-27 16:43:41'),(677,265,1,0,273,'2020-11-27 16:50:08'),(678,265,1,0,273,'2020-11-27 16:50:49'),(679,63,2,0,273,'2020-11-29 17:10:54'),(680,63,2,0,273,'2020-11-29 17:12:48'),(681,63,2,0,273,'2020-11-29 20:10:12'),(682,63,2,0,273,'2020-11-30 17:43:11'),(683,63,2,0,273,'2020-11-30 17:43:15'),(684,63,2,0,273,'2020-11-30 17:43:19'),(685,63,2,0,273,'2020-11-30 17:43:20'),(686,63,2,0,273,'2020-11-30 19:15:22'),(687,265,1,0,273,'2020-12-02 05:26:07'),(688,63,2,0,273,'2020-12-02 19:48:11'),(689,63,2,0,273,'2020-12-02 22:45:51'),(690,63,2,0,273,'2020-12-03 18:19:36'),(691,265,1,0,273,'2020-12-06 22:34:31'),(692,63,2,0,273,'2020-12-07 11:26:37'),(693,63,2,0,273,'2020-12-07 21:08:53'),(694,63,2,0,273,'2020-12-08 14:36:42'),(695,265,1,0,273,'2020-12-08 16:12:57'),(696,63,2,0,302,'2020-12-09 12:16:44'),(697,63,2,0,273,'2020-12-10 06:41:59'),(698,265,1,0,273,'2020-12-10 06:42:02'),(699,265,1,0,273,'2020-12-10 06:47:54'),(700,265,1,0,273,'2020-12-10 08:44:53'),(701,63,2,0,302,'2020-12-10 12:54:21'),(702,63,2,0,273,'2020-12-10 17:21:16'),(703,63,2,0,273,'2020-12-11 05:33:37'),(704,63,2,0,273,'2020-12-11 14:46:38'),(705,63,2,0,273,'2020-12-11 14:46:39'),(706,63,2,0,302,'2020-12-11 23:12:11'),(707,63,2,0,273,'2020-12-12 20:16:33'),(708,63,2,0,302,'2020-12-13 18:45:56'),(709,265,1,0,302,'2020-12-13 22:52:11'),(710,265,1,0,273,'2020-12-15 16:35:30'),(711,63,2,0,302,'2020-12-15 19:39:35'),(712,63,2,0,302,'2020-12-17 11:03:47'),(713,63,2,0,273,'2020-12-17 15:30:51'),(714,265,1,0,273,'2020-12-17 17:07:01'),(715,265,1,0,273,'2020-12-20 15:39:57'),(716,265,1,0,273,'2020-12-20 16:34:14'),(717,63,2,0,273,'2020-12-21 10:01:56'),(718,63,2,0,273,'2020-12-21 10:01:56'),(719,63,2,0,273,'2020-12-21 10:01:59'),(720,63,2,0,273,'2020-12-21 23:11:55'),(721,265,1,0,273,'2020-12-21 23:11:57'),(722,63,2,0,273,'2020-12-23 12:22:30'),(723,63,2,0,273,'2020-12-23 12:22:37'),(724,63,2,0,273,'2020-12-23 19:44:57'),(725,63,2,0,273,'2020-12-23 19:45:01'),(726,63,2,0,273,'2020-12-23 19:45:02'),(727,63,2,0,273,'2020-12-23 19:45:05'),(728,63,2,0,273,'2020-12-24 19:54:33'),(729,265,1,0,273,'2020-12-28 15:31:45'),(730,265,1,0,273,'2020-12-28 15:31:57'),(731,63,2,0,273,'2020-12-29 19:59:33'),(732,63,2,0,273,'2020-12-29 19:59:35'),(733,63,2,0,273,'2020-12-29 20:00:18'),(734,63,2,0,273,'2020-12-29 20:00:29'),(735,63,2,0,273,'2020-12-29 20:00:36'),(736,63,2,0,273,'2020-12-29 20:00:45'),(737,63,2,0,273,'2020-12-29 20:01:12'),(738,265,1,0,273,'2020-12-29 20:02:40'),(739,63,2,0,273,'2020-12-29 20:03:18'),(740,265,1,0,273,'2020-12-30 07:10:38'),(741,265,1,0,273,'2020-12-30 07:10:41'),(742,265,1,0,273,'2021-01-03 21:00:29'),(743,63,2,0,273,'2021-01-04 11:04:55'),(744,63,2,0,273,'2021-01-04 11:05:08'),(745,63,2,0,273,'2021-01-06 11:52:15'),(746,265,1,0,273,'2021-01-07 09:30:38'),(747,265,1,0,273,'2021-01-07 09:30:41'),(748,265,1,0,273,'2021-01-07 09:30:54'),(749,265,1,0,273,'2021-01-07 11:11:51'),(750,63,2,0,273,'2021-01-07 14:14:25'),(751,63,2,0,273,'2021-01-07 14:15:06'),(752,265,1,0,273,'2021-01-07 14:15:18'),(753,63,2,0,273,'2021-01-07 14:15:21'),(754,63,2,0,273,'2021-01-07 14:15:48'),(755,63,2,0,273,'2021-01-07 14:15:52'),(756,265,1,0,273,'2021-01-07 14:15:52'),(757,63,2,0,273,'2021-01-07 14:16:43'),(758,63,2,0,273,'2021-01-08 13:21:05'),(759,63,2,0,273,'2021-01-08 13:22:43'),(760,265,1,0,273,'2021-01-13 06:17:46'),(761,63,2,0,273,'2021-01-13 17:07:51'),(762,63,2,0,273,'2021-01-13 17:07:53'),(763,63,2,0,273,'2021-01-13 17:08:14'),(764,63,2,0,302,'2021-01-14 00:40:07'),(765,265,1,0,302,'2021-01-14 00:40:09'),(766,63,2,0,273,'2021-01-14 13:06:51'),(767,63,2,0,273,'2021-01-14 18:13:17'),(768,63,2,0,273,'2021-01-14 18:23:30'),(769,63,2,0,273,'2021-01-16 18:31:33'),(770,63,2,0,273,'2021-01-16 18:31:39'),(771,265,1,0,273,'2021-01-16 18:31:39'),(772,63,2,0,273,'2021-01-16 18:31:42'),(773,63,2,0,273,'2021-01-16 18:31:44'),(774,265,1,0,273,'2021-01-16 18:31:45'),(775,63,2,0,302,'2021-01-16 22:24:47'),(776,265,1,0,273,'2021-01-17 09:22:15'),(777,63,2,0,273,'2021-01-17 09:22:37'),(778,265,1,0,273,'2021-01-17 09:22:40'),(779,265,1,0,273,'2021-01-17 09:22:46'),(780,265,1,0,273,'2021-01-17 09:23:00'),(781,265,1,0,273,'2021-01-17 16:07:07'),(782,265,1,0,273,'2021-01-17 16:07:16'),(783,265,1,0,273,'2021-01-18 06:35:57'),(784,265,1,0,273,'2021-01-18 06:36:32'),(785,63,2,0,273,'2021-01-18 07:02:09'),(786,63,2,0,273,'2021-01-18 07:02:48'),(787,63,2,0,273,'2021-01-18 07:02:49'),(788,63,2,0,273,'2021-01-18 07:03:00'),(789,63,2,0,273,'2021-01-18 07:03:11'),(790,63,2,0,273,'2021-01-19 09:20:52'),(791,63,2,0,273,'2021-01-19 15:28:37'),(792,63,2,0,273,'2021-01-19 16:55:53'),(793,63,2,0,273,'2021-01-19 18:47:02'),(794,63,2,0,273,'2021-01-20 05:17:34'),(795,63,2,0,273,'2021-01-20 05:18:09'),(796,63,2,0,273,'2021-01-20 11:01:26'),(797,63,2,0,273,'2021-01-20 17:41:51'),(798,265,1,0,273,'2021-01-21 14:43:02'),(799,265,1,0,273,'2021-01-21 17:53:42'),(800,63,2,0,273,'2021-01-21 17:54:58'),(801,63,2,0,273,'2021-01-22 13:25:58'),(802,63,2,0,273,'2021-01-22 13:26:29'),(803,63,2,0,273,'2021-01-22 13:26:58'),(804,265,1,0,273,'2021-01-22 13:26:59'),(805,63,2,0,273,'2021-01-22 13:27:41'),(806,63,2,0,273,'2021-01-22 13:30:28'),(807,63,2,0,273,'2021-01-23 12:18:09'),(808,63,2,0,273,'2021-01-23 12:18:09'),(809,63,2,0,273,'2021-01-23 12:18:10'),(810,63,2,0,273,'2021-01-23 12:18:13'),(811,63,2,0,273,'2021-01-23 12:18:38'),(812,63,2,0,273,'2021-01-23 12:18:50'),(813,63,2,0,273,'2021-01-23 12:18:51'),(814,63,2,0,273,'2021-01-23 12:18:55'),(815,63,2,0,273,'2021-01-23 16:20:05'),(816,63,2,0,273,'2021-01-23 16:42:24'),(817,63,2,0,273,'2021-01-24 06:27:56'),(818,265,1,0,273,'2021-01-24 15:10:12'),(819,63,2,0,273,'2021-01-24 23:25:23'),(820,63,2,0,273,'2021-01-25 06:28:33'),(821,63,2,0,273,'2021-01-25 15:56:49'),(822,63,2,0,273,'2021-01-25 15:56:56'),(823,265,1,0,273,'2021-01-25 15:56:58'),(824,63,2,0,273,'2021-01-25 18:16:15'),(825,63,2,0,273,'2021-01-26 16:15:04'),(826,63,2,0,273,'2021-01-26 16:15:24'),(827,63,2,0,273,'2021-01-27 02:50:35'),(828,63,2,0,273,'2021-01-27 02:54:47'),(829,265,1,0,273,'2021-01-27 05:07:44'),(830,63,2,0,273,'2021-01-27 05:08:01'),(831,265,1,0,273,'2021-01-27 05:08:07'),(832,63,2,0,273,'2021-01-27 08:46:21'),(833,265,1,0,273,'2021-01-27 08:46:23'),(834,63,2,0,302,'2021-01-27 08:47:07'),(835,265,1,0,302,'2021-01-27 08:47:09'),(836,265,1,0,273,'2021-01-27 19:45:59'),(837,63,2,0,273,'2021-01-28 18:49:45'),(838,63,2,0,273,'2021-01-28 19:53:53'),(839,63,2,0,273,'2021-01-29 10:10:07'),(840,63,2,0,273,'2021-01-29 14:22:01'),(841,265,1,0,302,'2021-01-29 18:51:37'),(842,63,2,0,273,'2021-01-29 19:16:33'),(843,63,2,0,273,'2021-01-29 21:38:43'),(844,63,2,0,273,'2021-01-30 15:27:53'),(845,63,2,0,273,'2021-01-30 16:48:06'),(846,63,2,0,273,'2021-01-30 16:48:59'),(847,63,2,0,273,'2021-01-31 00:28:52'),(848,63,2,0,273,'2021-01-31 13:33:26'),(849,63,2,0,302,'2021-01-31 14:32:24'),(850,265,1,0,273,'2021-01-31 17:29:29'),(851,63,2,0,273,'2021-02-01 14:45:41'),(852,63,2,0,273,'2021-02-01 14:54:34'),(853,265,1,0,302,'2021-02-02 03:03:59'),(854,63,2,0,302,'2021-02-02 21:20:25'),(855,63,2,0,273,'2021-02-03 11:24:55'),(856,63,2,0,302,'2021-02-03 21:20:53'),(857,63,2,0,273,'2021-02-05 03:09:50'),(858,63,2,0,273,'2021-02-06 06:16:13'),(859,265,1,0,273,'2021-02-06 17:14:01'),(860,63,2,0,273,'2021-02-06 17:14:52'),(861,63,2,0,273,'2021-02-06 17:14:59'),(862,265,1,0,273,'2021-02-07 16:29:19'),(863,63,2,0,273,'2021-02-07 16:54:57'),(864,63,2,0,273,'2021-02-07 16:55:01'),(865,265,1,0,273,'2021-02-07 16:55:36'),(866,63,2,0,273,'2021-02-09 11:16:38'),(867,63,2,0,273,'2021-02-09 14:41:24'),(868,63,2,0,273,'2021-02-09 14:41:25'),(869,63,2,0,273,'2021-02-09 14:42:02'),(870,63,2,0,273,'2021-02-10 04:10:02'),(871,63,2,0,273,'2021-02-10 10:10:18'),(872,265,1,0,273,'2021-02-10 10:10:45'),(873,63,2,0,302,'2021-02-10 10:20:54'),(874,63,2,0,273,'2021-02-10 11:11:57'),(875,63,2,0,273,'2021-02-10 19:56:43'),(876,63,2,0,273,'2021-02-12 15:47:00'),(877,265,1,0,273,'2021-02-13 20:05:50'),(878,63,2,0,273,'2021-02-13 20:52:16'),(879,63,2,0,273,'2021-02-15 09:35:56'),(880,63,2,0,273,'2021-02-15 18:16:46'),(881,63,2,0,273,'2021-02-15 18:16:47'),(882,63,2,0,273,'2021-02-15 18:16:48'),(883,63,2,0,273,'2021-02-15 18:16:49'),(884,63,2,0,273,'2021-02-16 08:05:25'),(885,63,2,0,273,'2021-02-17 12:08:25'),(886,63,2,0,273,'2021-02-17 13:36:18'),(887,63,2,0,273,'2021-02-17 13:36:34'),(888,63,2,0,273,'2021-02-17 13:37:31'),(889,265,1,0,273,'2021-02-18 06:47:20'),(890,265,1,0,273,'2021-02-18 09:20:32'),(891,265,1,0,273,'2021-02-18 09:20:36'),(892,63,2,0,273,'2021-02-19 12:44:00'),(893,63,2,0,273,'2021-02-21 07:59:07'),(894,63,2,0,273,'2021-02-21 16:19:28'),(895,63,2,0,273,'2021-02-21 18:56:37'),(896,63,2,0,273,'2021-02-21 19:05:55'),(897,63,2,0,273,'2021-02-21 19:06:34'),(898,63,2,0,273,'2021-02-22 07:39:51'),(899,265,1,0,273,'2021-02-22 13:37:31'),(900,63,2,0,273,'2021-02-22 13:44:16'),(901,63,2,0,273,'2021-02-22 13:45:20'),(902,63,2,0,273,'2021-02-22 19:53:23'),(903,63,2,0,273,'2021-02-23 15:41:48'),(904,63,2,0,273,'2021-02-23 15:41:52'),(905,63,2,0,273,'2021-02-23 15:43:46'),(906,63,2,0,273,'2021-02-23 15:54:51'),(907,63,2,0,273,'2021-02-23 15:54:52'),(908,63,2,0,273,'2021-02-23 15:54:58'),(909,265,1,0,273,'2021-02-23 23:28:47'),(910,63,2,0,273,'2021-02-23 23:29:09'),(911,63,2,0,273,'2021-02-25 12:25:01'),(912,63,2,0,273,'2021-02-26 15:07:03'),(913,265,1,0,273,'2021-03-04 16:50:09'),(914,265,1,0,273,'2021-03-04 16:50:12'),(915,63,2,0,273,'2021-03-06 21:57:58'),(916,63,2,0,273,'2021-03-08 08:44:14'),(917,265,1,0,273,'2021-03-08 13:27:09'),(918,63,2,0,273,'2021-03-09 15:36:41'),(919,265,1,0,273,'2021-03-09 16:05:12'),(920,63,2,0,273,'2021-03-09 16:44:23'),(921,63,2,0,273,'2021-03-09 16:44:23'),(922,63,2,0,273,'2021-03-09 16:44:25'),(923,63,2,0,273,'2021-03-10 13:50:39'),(924,63,2,0,273,'2021-03-10 13:50:39'),(925,63,2,0,273,'2021-03-11 03:29:27'),(926,265,1,0,273,'2021-03-11 03:29:55'),(927,63,2,0,273,'2021-03-11 04:20:07'),(928,63,2,0,273,'2021-03-11 16:00:48'),(929,63,2,0,273,'2021-03-11 16:01:14'),(930,63,2,0,273,'2021-03-11 16:01:18'),(931,63,2,0,273,'2021-03-14 12:20:20'),(932,63,2,0,273,'2021-03-14 20:43:59'),(933,63,2,0,273,'2021-03-15 07:13:42'),(934,63,2,0,273,'2021-03-15 11:12:42'),(935,265,1,0,273,'2021-03-15 14:13:19'),(936,63,2,0,273,'2021-03-16 02:09:09'),(937,63,2,0,273,'2021-03-16 03:01:42'),(938,63,2,0,273,'2021-03-16 09:20:00'),(939,265,1,0,273,'2021-03-16 17:11:06'),(940,265,1,0,273,'2021-03-16 17:11:15'),(941,63,2,0,273,'2021-03-16 20:38:32'),(942,63,2,0,273,'2021-03-17 21:04:23'),(943,63,2,0,273,'2021-03-17 21:04:54'),(944,63,2,0,273,'2021-03-19 07:36:56'),(945,63,2,0,273,'2021-03-20 18:54:14'),(946,63,2,0,273,'2021-03-20 18:54:15'),(947,63,2,0,273,'2021-03-20 18:54:18'),(948,63,2,0,273,'2021-03-21 07:01:16'),(949,63,2,0,273,'2021-03-21 07:01:23'),(950,63,2,0,273,'2021-03-21 07:45:51'),(951,63,2,0,273,'2021-03-22 10:03:44'),(952,63,2,0,273,'2021-03-22 10:03:44'),(953,63,2,0,273,'2021-03-22 10:03:57'),(954,265,1,0,273,'2021-03-22 10:04:01'),(955,63,2,0,273,'2021-03-22 10:05:25'),(956,63,2,0,273,'2021-03-22 10:07:33'),(957,63,2,0,302,'2021-03-22 16:52:09'),(958,63,2,0,273,'2021-03-22 23:38:52'),(959,63,2,0,302,'2021-03-22 23:39:02'),(960,63,2,0,273,'2021-03-23 03:38:22'),(961,63,2,0,273,'2021-03-23 16:43:55'),(962,63,2,0,273,'2021-03-23 16:45:39'),(963,265,1,0,273,'2021-03-24 18:11:12'),(964,63,2,0,273,'2021-03-24 18:11:44'),(965,63,2,0,273,'2021-03-25 15:41:16'),(966,63,2,0,273,'2021-03-25 15:41:29'),(967,63,2,0,273,'2021-03-25 17:00:08'),(968,63,2,0,273,'2021-03-25 17:01:15'),(969,63,2,0,273,'2021-03-26 03:18:20'),(970,63,2,0,273,'2021-03-26 04:08:58'),(971,63,2,0,273,'2021-03-26 07:35:19'),(972,63,2,0,273,'2021-03-26 08:09:22'),(973,63,2,0,273,'2021-03-26 08:41:30'),(974,63,2,0,302,'2021-03-26 17:07:23'),(975,265,1,0,302,'2021-03-26 19:55:01'),(976,265,1,0,273,'2021-03-29 08:15:52'),(977,265,1,0,273,'2021-03-30 18:40:02'),(978,265,1,0,273,'2021-03-30 18:40:07'),(979,63,2,0,273,'2021-03-31 14:33:02'),(980,63,2,0,273,'2021-04-01 14:32:24'),(981,63,2,0,273,'2021-04-01 14:49:49'),(982,265,1,0,273,'2021-04-01 14:50:25'),(983,63,2,0,273,'2021-04-01 14:50:54'),(984,63,2,0,273,'2021-04-01 14:55:31'),(985,63,2,0,273,'2021-04-01 14:55:33'),(986,63,2,0,273,'2021-04-01 14:55:35'),(987,63,2,0,273,'2021-04-02 14:11:15'),(988,63,2,0,302,'2021-04-04 05:59:49'),(989,265,1,0,302,'2021-04-04 05:59:51'),(990,63,2,0,273,'2021-04-07 06:59:24'),(991,63,2,0,273,'2021-04-07 17:37:10'),(992,63,2,0,273,'2021-04-07 17:37:56'),(993,63,2,0,273,'2021-04-10 15:52:18'),(994,265,1,0,273,'2021-04-10 15:57:24'),(995,63,2,0,302,'2021-04-11 01:01:03'),(996,265,1,0,302,'2021-04-11 06:20:55'),(997,63,2,0,273,'2021-04-13 06:26:47'),(998,265,1,0,273,'2021-04-13 10:56:34'),(999,63,2,0,273,'2021-04-13 12:19:56'),(1000,63,2,0,273,'2021-04-14 17:44:19'),(1001,63,2,0,273,'2021-04-14 17:44:22'),(1002,63,2,0,273,'2021-04-15 03:39:23'),(1003,265,1,0,273,'2021-04-15 18:08:24'),(1004,63,2,0,273,'2021-04-16 16:41:23'),(1005,63,2,0,273,'2021-04-17 05:51:03'),(1006,63,2,0,273,'2021-04-17 18:09:34'),(1007,63,2,0,273,'2021-04-17 18:09:50'),(1008,63,2,0,273,'2021-04-18 12:56:18'),(1009,63,2,0,273,'2021-04-18 12:56:30'),(1010,63,2,0,273,'2021-04-18 13:06:07'),(1011,63,2,0,273,'2021-04-18 13:06:36'),(1012,63,2,0,273,'2021-04-18 16:20:10'),(1013,63,2,0,273,'2021-04-18 21:32:15'),(1014,63,2,0,273,'2021-04-19 07:27:28'),(1015,63,2,0,273,'2021-04-19 16:09:13'),(1016,63,2,0,273,'2021-04-19 16:09:30'),(1017,265,1,0,273,'2021-04-19 16:09:30'),(1018,265,1,0,273,'2021-04-20 04:04:31'),(1019,265,1,0,273,'2021-04-20 17:35:02'),(1020,265,1,0,273,'2021-04-20 17:35:05'),(1021,265,1,0,273,'2021-04-20 17:35:14'),(1022,265,1,0,273,'2021-04-20 17:35:19'),(1023,265,1,0,273,'2021-04-20 17:35:28'),(1024,63,2,0,273,'2021-04-21 02:31:41'),(1025,63,2,0,273,'2021-04-21 04:52:24'),(1026,63,2,0,273,'2021-04-21 07:40:18'),(1027,63,2,0,273,'2021-04-21 12:03:42'),(1028,63,2,0,273,'2021-04-22 01:01:29'),(1029,63,2,0,273,'2021-04-22 07:55:25'),(1030,63,2,0,302,'2021-04-22 07:56:50'),(1031,265,1,0,302,'2021-04-22 07:56:53'),(1032,63,2,0,273,'2021-04-22 07:57:08'),(1033,63,2,0,273,'2021-04-22 07:58:06'),(1034,265,1,0,273,'2021-04-22 09:31:48'),(1035,63,2,0,273,'2021-04-22 15:25:04'),(1036,63,2,0,273,'2021-04-22 15:30:25'),(1037,63,2,0,273,'2021-04-25 06:29:40'),(1038,63,2,0,273,'2021-04-26 15:34:25'),(1039,63,2,0,273,'2021-04-26 15:34:47'),(1040,63,2,0,273,'2021-04-26 15:35:07'),(1041,63,2,0,273,'2021-04-26 15:35:47'),(1042,63,2,0,273,'2021-04-27 00:52:10'),(1043,63,2,0,273,'2021-04-27 06:30:10'),(1044,265,1,0,302,'2021-04-28 10:51:31'),(1045,265,1,0,302,'2021-04-29 11:22:07'),(1046,63,2,0,302,'2021-05-04 07:25:55'),(1047,265,1,0,273,'2021-05-07 16:14:36'),(1048,265,1,0,273,'2021-05-07 16:17:14'),(1049,63,2,0,302,'2021-05-10 02:56:10'),(1050,63,2,0,273,'2021-05-12 10:51:15'),(1051,63,2,0,273,'2021-05-14 18:59:56'),(1052,63,2,0,273,'2021-05-14 19:00:02'),(1053,63,2,0,273,'2021-05-14 19:00:03'),(1054,63,2,0,273,'2021-05-14 19:00:07'),(1055,63,2,0,273,'2021-05-14 19:01:32'),(1056,63,2,0,273,'2021-05-14 19:02:09'),(1057,63,2,0,273,'2021-05-14 19:02:11'),(1058,63,2,0,273,'2021-05-17 22:21:22'),(1059,265,1,0,302,'2021-05-18 18:33:21'),(1060,63,2,0,273,'2021-05-19 08:10:51'),(1061,63,2,0,273,'2021-05-19 08:13:14'),(1062,63,2,0,273,'2021-05-19 08:14:44'),(1063,63,2,0,273,'2021-05-19 21:04:40'),(1064,63,2,0,273,'2021-05-20 02:44:03'),(1065,63,2,0,273,'2021-05-20 06:47:08'),(1066,63,2,0,302,'2021-05-21 10:15:56'),(1067,63,2,0,302,'2021-05-21 12:32:52'),(1068,265,1,0,273,'2021-05-21 15:30:17'),(1069,265,1,0,273,'2021-05-21 18:39:37'),(1070,265,1,0,273,'2021-05-21 19:45:23'),(1071,63,2,0,273,'2021-05-22 05:04:47'),(1072,63,2,0,273,'2021-05-22 21:07:13'),(1073,63,2,0,302,'2021-05-23 23:15:15'),(1074,265,1,0,273,'2021-05-24 18:15:14'),(1075,63,2,0,273,'2021-05-25 10:56:19'),(1076,63,2,0,273,'2021-05-25 10:58:10'),(1077,63,2,0,273,'2021-05-25 10:58:33'),(1078,63,2,0,273,'2021-05-25 11:23:04'),(1079,63,2,0,273,'2021-05-25 23:48:26'),(1080,265,1,0,273,'2021-05-26 09:40:08'),(1081,63,2,0,273,'2021-05-26 11:56:52'),(1082,63,2,0,273,'2021-05-27 16:12:44'),(1083,265,1,0,273,'2021-05-28 11:37:34'),(1084,63,2,0,273,'2021-05-29 04:22:04'),(1085,265,1,0,273,'2021-05-30 01:37:00'),(1086,63,2,0,273,'2021-05-30 19:47:30'),(1087,265,1,0,273,'2021-05-30 19:47:31'),(1088,63,2,0,273,'2021-05-31 02:48:00'),(1089,265,1,0,273,'2021-05-31 02:48:02'),(1090,63,2,0,273,'2021-06-01 13:13:30'),(1091,63,2,0,273,'2021-06-02 14:18:42'),(1092,63,2,0,273,'2021-06-04 07:29:51'),(1093,63,2,0,302,'2021-06-05 07:26:17'),(1094,63,2,0,302,'2021-06-06 23:04:52'),(1095,265,1,0,273,'2021-06-11 16:42:16'),(1096,63,2,0,273,'2021-06-12 04:27:44'),(1097,63,2,0,273,'2021-06-12 10:23:21'),(1098,63,2,0,273,'2021-06-12 10:23:43'),(1099,265,1,0,273,'2021-06-14 00:09:32'),(1100,63,2,0,273,'2021-06-14 17:31:48'),(1101,63,2,0,273,'2021-06-14 17:32:06'),(1102,265,1,0,302,'2021-06-17 16:29:53'),(1103,63,2,0,273,'2021-06-18 06:10:16'),(1104,63,2,0,273,'2021-06-19 03:48:03'),(1105,63,2,0,273,'2021-06-19 04:38:20'),(1106,265,1,0,273,'2021-06-19 20:47:48'),(1107,63,2,0,273,'2021-06-20 04:34:01'),(1108,63,2,0,273,'2021-06-21 15:15:57'),(1109,63,2,0,273,'2021-06-21 15:17:02'),(1110,63,2,0,273,'2021-06-21 15:19:45'),(1111,265,1,0,302,'2021-06-22 12:41:32'),(1112,63,2,0,273,'2021-06-23 01:31:11'),(1113,265,1,0,273,'2021-06-23 04:34:33'),(1114,63,2,0,302,'2021-06-25 05:00:50'),(1115,265,1,0,302,'2021-06-25 05:00:55'),(1116,63,2,0,273,'2021-06-26 14:59:21'),(1117,265,1,0,273,'2021-06-29 19:20:15'),(1118,63,2,0,273,'2021-07-02 05:26:36'),(1119,265,1,0,273,'2021-07-02 17:38:21'),(1120,265,1,0,273,'2021-07-02 17:38:42'),(1121,265,1,0,273,'2021-07-02 17:39:42'),(1122,63,2,0,273,'2021-07-04 02:11:07'),(1123,63,2,0,302,'2021-07-07 19:28:38'),(1124,265,1,0,302,'2021-07-07 23:19:14'),(1125,265,1,0,273,'2021-07-10 06:30:07'),(1126,63,2,0,273,'2021-07-11 03:50:01'),(1127,265,1,0,273,'2021-07-11 12:11:14'),(1128,63,2,0,273,'2021-07-13 08:20:39'),(1129,63,2,0,273,'2021-07-13 08:20:49'),(1130,63,2,0,273,'2021-07-13 08:20:52'),(1131,63,2,0,302,'2021-07-13 08:55:37'),(1132,63,2,0,273,'2021-07-15 19:57:00'),(1133,63,2,0,273,'2021-07-16 05:11:18'),(1134,265,1,0,302,'2021-07-17 21:00:23'),(1135,63,2,0,273,'2021-07-18 14:58:52'),(1136,63,2,0,302,'2021-07-19 06:05:47'),(1137,63,2,0,273,'2021-07-20 11:20:27'),(1138,63,2,0,273,'2021-07-20 11:22:14'),(1139,63,2,0,273,'2021-07-20 11:23:03'),(1140,63,2,0,273,'2021-07-22 13:52:38'),(1141,63,2,0,273,'2021-07-25 07:11:17'),(1142,63,2,0,273,'2021-07-25 15:38:04'),(1143,265,1,0,273,'2021-07-27 07:56:11'),(1144,63,2,0,273,'2021-07-27 21:08:29'),(1145,63,2,0,273,'2021-07-30 08:16:45'),(1146,265,1,0,273,'2021-07-30 16:44:46'),(1147,265,1,0,273,'2021-07-30 16:45:33'),(1148,63,2,0,273,'2021-07-30 21:18:15'),(1149,63,2,0,273,'2021-07-30 21:18:16'),(1150,63,2,0,273,'2021-07-30 21:18:17'),(1151,63,2,0,273,'2021-07-30 21:18:18'),(1152,63,2,0,273,'2021-07-30 21:18:51'),(1153,63,2,0,273,'2021-07-30 21:19:05'),(1154,63,2,0,273,'2021-07-30 21:19:06'),(1155,63,2,0,273,'2021-07-30 21:19:07'),(1156,265,1,0,273,'2021-07-30 21:19:08'),(1157,63,2,0,273,'2021-07-30 21:19:34'),(1158,265,1,0,273,'2021-08-01 23:10:32'),(1159,63,2,0,273,'2021-08-02 00:51:39'),(1160,63,2,0,273,'2021-08-02 17:01:23'),(1161,63,2,0,302,'2021-08-03 17:18:14'),(1162,63,2,0,302,'2021-08-06 21:23:33'),(1163,265,1,0,302,'2021-08-14 20:22:24'),(1164,63,2,0,273,'2021-08-16 10:16:01'),(1165,63,2,0,273,'2021-08-19 04:49:25'),(1166,265,1,0,273,'2021-08-19 04:49:28'),(1167,265,1,0,302,'2021-08-22 04:09:26'),(1168,265,1,0,273,'2021-08-22 09:31:15'),(1169,63,2,0,302,'2021-08-22 14:18:13'),(1170,63,2,0,273,'2021-08-23 11:18:47'),(1171,63,2,0,302,'2021-08-23 12:19:38'),(1172,63,2,0,273,'2021-08-24 06:09:48'),(1173,265,1,0,273,'2021-08-24 06:10:16'),(1174,63,2,0,273,'2021-08-24 06:41:55'),(1175,265,1,0,273,'2021-08-24 20:30:51'),(1176,63,2,0,273,'2021-08-25 08:48:33'),(1177,265,1,0,273,'2021-08-27 00:18:30'),(1178,63,2,0,302,'2021-08-27 18:40:19'),(1179,63,2,0,273,'2021-08-28 15:41:57'),(1180,63,2,1,273,'2021-08-28 17:13:44'),(1181,63,2,1,273,'2021-08-28 17:14:00'),(1182,63,2,1,273,'2021-08-28 17:28:24'),(1183,63,2,1,273,'2021-08-29 08:17:36'),(1184,63,2,1,273,'2021-08-29 08:17:54'),(1185,63,3,1,273,'2021-08-29 08:19:24'),(1186,63,3,1,273,'2021-08-29 08:21:34'),(1187,63,3,1,273,'2021-08-29 08:23:10'),(1188,63,3,1,273,'2021-08-29 08:23:16'),(1189,63,3,1,273,'2021-08-29 08:24:08'),(1190,63,3,1,273,'2021-08-29 08:24:25'),(1191,63,3,1,273,'2021-08-29 13:27:20'),(1192,63,3,1,273,'2021-08-29 14:17:46'),(1193,283,1,1,348,'2021-08-29 14:27:55'),(1194,283,1,1,348,'2021-08-29 14:28:14'),(1195,283,1,1,348,'2021-08-29 14:28:29'),(1196,283,1,1,348,'2021-08-29 14:29:04'),(1197,283,1,1,348,'2021-08-29 14:29:20'),(1198,283,1,1,348,'2021-08-29 14:29:32'),(1199,283,1,1,348,'2021-08-29 14:29:39'),(1200,283,1,1,348,'2021-08-29 14:31:59'),(1201,283,1,1,348,'2021-08-29 14:32:13'),(1202,283,1,1,348,'2021-08-29 14:32:21'),(1203,283,1,1,348,'2021-08-29 14:32:38'),(1204,283,1,1,348,'2021-08-29 14:32:50'),(1205,283,1,1,348,'2021-08-29 14:33:03'),(1206,283,1,1,348,'2021-08-29 14:33:10'),(1207,283,1,1,348,'2021-08-29 14:33:53'),(1208,283,1,1,348,'2021-08-29 14:33:59'),(1209,283,1,1,348,'2021-08-29 14:39:52'),(1210,283,1,1,348,'2021-08-29 14:41:23'),(1211,63,3,1,273,'2021-08-29 15:03:18'),(1212,283,1,1,348,'2021-08-29 15:03:22'),(1213,283,1,1,348,'2021-08-29 15:03:39'),(1214,283,1,1,348,'2021-08-29 15:04:41'),(1215,283,1,1,348,'2021-08-29 15:05:52'),(1216,283,1,1,348,'2021-08-29 15:07:55'),(1217,283,1,1,348,'2021-08-29 15:08:10'),(1218,283,1,1,348,'2021-08-29 15:08:30'),(1219,283,1,1,348,'2021-08-29 15:15:54'),(1220,283,1,1,348,'2021-08-29 15:15:58'),(1221,283,1,1,348,'2021-08-29 15:16:59'),(1222,283,1,1,348,'2021-08-29 15:20:03'),(1223,283,1,1,348,'2021-08-29 15:20:11'),(1224,283,1,1,348,'2021-08-29 15:21:03'),(1225,283,1,1,348,'2021-08-29 15:21:14'),(1226,283,1,1,348,'2021-08-29 15:21:40'),(1227,283,1,1,348,'2021-08-29 15:21:55'),(1228,283,1,1,348,'2021-08-29 15:22:48'),(1229,283,1,1,349,'2021-08-31 09:51:26'),(1230,283,1,1,349,'2021-08-31 09:51:40'),(1231,283,1,1,349,'2021-08-31 09:52:20'),(1232,287,1,1,349,'2021-08-31 09:53:49'),(1233,287,1,1,349,'2021-08-31 10:00:45'),(1234,287,1,1,349,'2021-08-31 10:02:51'),(1235,287,1,1,349,'2021-08-31 10:03:27'),(1236,63,3,1,302,'2021-08-31 10:03:36'),(1239,63,3,1,302,'2021-08-31 13:23:52'),(1240,63,3,1,302,'2021-08-31 13:24:13'),(1241,63,3,1,302,'2021-08-31 13:25:05'),(1242,63,3,0,273,'2021-08-31 13:35:34'),(1243,274,1,0,273,'2021-08-31 13:36:06'),(1244,63,3,0,302,'2021-08-31 13:43:11'),(1245,287,1,0,349,'2021-08-31 13:43:31'),(1246,63,3,0,302,'2021-08-31 13:48:35'),(1247,63,3,0,273,'2021-08-31 13:50:31'),(1248,63,3,0,273,'2021-08-31 13:57:14'),(1249,63,3,0,302,'2021-08-31 13:57:29'),(1250,63,3,0,273,'2021-08-31 13:57:49'),(1251,63,3,0,273,'2021-08-31 13:58:01'),(1252,63,3,0,273,'2021-08-31 13:58:35'),(1253,63,3,0,273,'2021-08-31 14:06:52'),(1254,283,1,0,348,'2021-08-31 14:07:01'),(1255,283,1,0,348,'2021-08-31 14:07:40'),(1256,63,3,0,273,'2021-08-31 14:41:38'),(1257,274,1,0,273,'2021-08-31 14:41:46'),(1258,283,1,0,348,'2021-08-31 14:42:32'),(1259,63,3,0,302,'2021-08-31 14:44:02'),(1260,274,1,0,302,'2021-08-31 14:44:06'),(1261,287,1,0,349,'2021-08-31 14:44:26'),(1262,63,3,0,273,'2021-08-31 18:04:56'),(1263,63,3,0,273,'2021-08-31 18:05:53'),(1264,283,1,0,348,'2021-08-31 18:10:42'),(1265,63,3,0,273,'2021-09-01 04:59:41'),(1266,63,3,0,273,'2021-09-01 05:48:30'),(1267,283,1,0,348,'2021-09-01 05:48:59'),(1268,283,1,0,348,'2021-09-01 05:51:26'),(1269,63,3,0,273,'2021-09-01 06:31:25'),(1270,63,3,0,273,'2021-09-01 06:32:35'),(1271,283,1,0,348,'2021-09-01 06:34:51'),(1272,283,1,0,348,'2021-09-01 06:35:15'),(1273,63,3,0,273,'2021-09-01 06:42:28'),(1274,63,3,0,273,'2021-09-01 06:43:53'),(1275,63,3,0,273,'2021-09-01 06:45:35'),(1276,63,3,0,273,'2021-09-01 07:02:13'),(1277,63,3,0,273,'2021-09-01 07:58:41'),(1278,63,3,0,273,'2021-09-01 08:00:34'),(1279,63,3,1,302,'2021-09-01 08:09:13'),(1280,283,1,1,348,'2021-09-01 08:09:36'),(1281,63,3,1,273,'2021-09-01 08:09:39'),(1282,63,3,1,273,'2021-09-01 08:09:52'),(1283,63,3,1,273,'2021-09-01 08:09:57'),(1284,63,3,1,273,'2021-09-01 08:10:14'),(1285,274,1,0,273,'2021-09-01 08:12:17'),(1286,274,1,0,273,'2021-09-01 08:12:19'),(1287,274,1,0,273,'2021-09-01 08:12:29'),(1288,63,3,1,273,'2021-09-01 08:15:17'),(1289,63,3,1,273,'2021-09-01 08:16:55'),(1290,63,3,1,273,'2021-09-01 08:18:08'),(1291,63,3,1,273,'2021-09-01 08:19:01'),(1292,63,3,1,273,'2021-09-01 08:19:47'),(1293,303,1,1,273,'2021-09-01 08:20:26'),(1294,63,3,1,302,'2021-09-01 08:20:44'),(1295,63,3,1,302,'2021-09-01 08:20:53'),(1296,63,3,1,302,'2021-09-01 08:21:31'),(1297,63,3,1,302,'2021-09-01 08:21:40'),(1298,63,3,1,302,'2021-09-01 08:28:58'),(1299,63,3,1,302,'2021-09-01 08:29:14'),(1300,63,3,1,302,'2021-09-01 08:30:21'),(1301,63,3,1,302,'2021-09-01 08:30:30'),(1302,63,3,1,302,'2021-09-01 08:30:55'),(1303,63,3,1,302,'2021-09-01 08:31:32'),(1304,303,1,0,273,'2021-09-01 08:39:56'),(1305,303,1,0,273,'2021-09-01 08:40:14'),(1306,63,3,0,273,'2021-09-01 08:40:18'),(1307,274,1,0,273,'2021-09-01 08:40:22'),(1308,63,3,0,273,'2021-09-01 08:41:36'),(1309,283,1,0,348,'2021-09-01 08:41:51'),(1310,63,3,1,302,'2021-09-01 08:43:52'),(1311,63,3,1,302,'2021-09-01 08:44:00'),(1312,63,3,1,302,'2021-09-01 08:44:48'),(1313,303,1,0,273,'2021-09-01 08:48:06'),(1314,303,1,0,273,'2021-09-01 09:06:58'),(1315,274,1,0,273,'2021-09-01 09:07:50'),(1316,274,1,0,273,'2021-09-01 09:07:56'),(1317,303,1,0,273,'2021-09-01 09:08:35'),(1318,274,1,0,273,'2021-09-01 09:09:05'),(1319,274,1,0,273,'2021-09-01 09:09:10'),(1320,274,1,0,273,'2021-09-01 09:09:15'),(1321,283,1,0,348,'2021-09-01 09:16:41'),(1322,303,1,0,273,'2021-09-01 09:20:12'),(1323,303,1,0,273,'2021-09-01 09:20:48'),(1324,303,1,0,273,'2021-09-01 09:23:22'),(1325,303,1,0,273,'2021-09-01 09:23:34'),(1326,303,1,0,273,'2021-09-01 09:23:43'),(1327,303,1,0,273,'2021-09-01 09:23:44'),(1328,303,1,0,273,'2021-09-01 09:23:46'),(1329,303,1,0,273,'2021-09-01 09:24:27'),(1330,274,1,0,273,'2021-09-01 09:36:25'),(1331,303,1,0,273,'2021-09-01 09:36:30'),(1332,303,1,0,273,'2021-09-01 09:41:17'),(1333,303,1,0,273,'2021-09-01 09:41:31'),(1334,303,1,0,273,'2021-09-01 09:46:56'),(1335,303,1,0,273,'2021-09-01 09:51:06'),(1336,303,1,0,273,'2021-09-01 09:51:56'),(1337,303,1,0,273,'2021-09-01 09:58:43'),(1338,303,1,0,273,'2021-09-01 09:58:56'),(1339,303,1,0,273,'2021-09-01 10:01:44'),(1340,274,1,0,273,'2021-09-01 10:02:59'),(1341,303,1,0,273,'2021-09-01 10:25:13'),(1342,303,1,0,273,'2021-09-01 10:27:31'),(1343,303,1,0,273,'2021-09-01 10:28:05'),(1344,303,1,0,273,'2021-09-01 10:58:34'),(1345,283,1,0,348,'2021-09-01 11:03:18'),(1346,63,3,0,273,'2021-09-01 11:03:28'),(1347,303,1,0,273,'2021-09-01 11:44:55'),(1348,303,1,0,273,'2021-09-01 11:47:54'),(1349,303,1,0,273,'2021-09-01 12:02:41'),(1350,274,1,0,273,'2021-09-01 12:04:01'),(1351,283,1,0,348,'2021-09-01 12:38:31'),(1352,303,1,0,273,'2021-09-01 12:48:06'),(1353,303,1,0,273,'2021-09-01 12:48:12'),(1354,274,1,0,273,'2021-09-01 12:48:22'),(1355,303,1,0,273,'2021-09-01 12:52:18'),(1356,303,1,0,273,'2021-09-01 12:52:38'),(1357,303,1,0,273,'2021-09-01 12:56:50'),(1358,303,1,0,273,'2021-09-01 12:59:22'),(1359,303,1,0,273,'2021-09-01 13:35:22'),(1360,274,1,0,273,'2021-09-01 13:35:26'),(1361,274,1,0,273,'2021-09-01 13:35:30'),(1362,283,1,0,348,'2021-09-01 13:39:09'),(1363,303,1,0,273,'2021-09-01 13:43:22'),(1364,303,1,0,273,'2021-09-01 13:43:42'),(1365,303,1,0,273,'2021-09-01 13:43:46'),(1366,303,1,0,273,'2021-09-01 13:44:14'),(1367,303,1,0,273,'2021-09-01 13:45:14'),(1368,303,1,0,273,'2021-09-01 13:45:20'),(1369,303,1,0,273,'2021-09-01 13:53:05'),(1370,274,1,0,273,'2021-09-01 13:54:55'),(1371,274,1,0,273,'2021-09-01 13:55:05'),(1372,274,1,0,273,'2021-09-01 14:19:45'),(1373,274,1,0,273,'2021-09-01 14:19:49'),(1374,303,1,0,273,'2021-09-01 14:22:56'),(1375,303,1,0,273,'2021-09-01 14:34:34'),(1376,303,1,0,273,'2021-09-01 14:46:53'),(1377,303,1,0,273,'2021-09-01 14:47:03'),(1378,303,1,0,273,'2021-09-01 14:47:14'),(1379,303,1,0,273,'2021-09-01 14:47:16'),(1380,303,1,0,273,'2021-09-01 15:39:02'),(1381,303,1,0,273,'2021-09-01 15:58:24'),(1382,303,1,0,273,'2021-09-01 16:00:36'),(1383,303,1,0,273,'2021-09-01 16:05:26'),(1384,274,1,0,273,'2021-09-01 16:07:08'),(1385,303,1,0,273,'2021-09-01 16:24:58'),(1386,303,1,0,273,'2021-09-01 16:25:41'),(1387,283,1,0,348,'2021-09-01 16:26:31'),(1388,283,1,0,348,'2021-09-01 16:52:42'),(1389,303,1,0,273,'2021-09-01 16:55:33'),(1390,303,1,0,273,'2021-09-01 16:55:36'),(1391,303,1,0,273,'2021-09-01 16:58:07'),(1392,303,1,0,273,'2021-09-01 16:59:49'),(1393,303,1,0,273,'2021-09-01 17:14:03'),(1394,274,1,0,273,'2021-09-01 17:14:07'),(1395,303,1,0,273,'2021-09-01 17:21:26'),(1396,274,1,0,273,'2021-09-01 17:21:37'),(1397,283,1,0,348,'2021-09-01 17:37:57'),(1398,303,1,0,273,'2021-09-01 17:55:51'),(1399,303,1,0,273,'2021-09-01 18:12:11'),(1400,303,1,0,273,'2021-09-01 18:19:37'),(1401,303,1,0,273,'2021-09-01 18:25:19'),(1402,303,1,0,273,'2021-09-01 18:25:27'),(1403,274,1,0,273,'2021-09-01 18:28:32'),(1404,303,1,0,273,'2021-09-01 18:28:51'),(1405,303,1,0,273,'2021-09-01 18:30:26'),(1406,303,1,0,273,'2021-09-01 18:38:10'),(1407,283,1,0,348,'2021-09-01 18:43:38'),(1408,303,1,0,273,'2021-09-01 18:52:32'),(1409,274,1,0,273,'2021-09-01 19:53:48'),(1410,303,1,0,273,'2021-09-01 19:54:12'),(1411,303,1,0,273,'2021-09-02 04:52:37'),(1412,303,1,0,273,'2021-09-02 05:52:09'),(1413,303,1,0,273,'2021-09-02 05:52:16'),(1414,303,1,0,273,'2021-09-02 06:57:31'),(1415,303,1,0,273,'2021-09-02 06:57:57'),(1416,303,1,0,273,'2021-09-02 06:58:03'),(1417,303,1,0,273,'2021-09-02 06:58:05'),(1418,303,1,0,273,'2021-09-02 06:58:40'),(1419,274,1,0,273,'2021-09-02 08:07:55'),(1420,303,1,0,273,'2021-09-02 08:15:44'),(1421,274,1,0,273,'2021-09-02 08:21:25'),(1422,303,1,0,273,'2021-09-02 08:21:29'),(1423,303,1,0,273,'2021-09-02 08:52:26'),(1424,303,1,0,273,'2021-09-02 08:56:23'),(1425,283,1,0,348,'2021-09-02 09:01:25'),(1426,303,1,0,273,'2021-09-02 09:02:23'),(1427,303,1,0,273,'2021-09-02 09:02:32'),(1428,303,1,0,273,'2021-09-02 09:02:34'),(1429,303,1,0,273,'2021-09-02 09:02:56'),(1430,303,1,0,273,'2021-09-02 09:44:38'),(1431,303,1,0,273,'2021-09-02 09:45:25'),(1432,303,1,0,273,'2021-09-02 10:07:29'),(1433,303,1,0,273,'2021-09-02 10:12:41'),(1434,303,1,0,273,'2021-09-02 10:28:09'),(1435,283,1,0,348,'2021-09-02 10:36:45'),(1436,303,1,0,273,'2021-09-02 10:37:33'),(1437,303,1,0,273,'2021-09-02 11:08:34'),(1438,303,1,0,273,'2021-09-02 11:25:05'),(1439,303,1,0,273,'2021-09-02 11:25:16'),(1440,303,1,0,273,'2021-09-02 11:50:15'),(1441,303,1,0,273,'2021-09-02 12:21:41'),(1442,303,1,0,273,'2021-09-02 12:29:13'),(1443,303,1,0,273,'2021-09-02 13:07:37'),(1444,274,1,0,273,'2021-09-02 13:35:51'),(1445,303,1,0,273,'2021-09-02 14:00:12'),(1446,303,1,0,273,'2021-09-02 14:05:56'),(1447,303,1,0,273,'2021-09-02 14:06:00'),(1448,303,1,0,273,'2021-09-02 14:06:17'),(1449,303,1,0,273,'2021-09-02 14:07:01'),(1450,274,1,0,273,'2021-09-02 14:07:05'),(1451,303,1,0,273,'2021-09-02 14:07:12'),(1452,274,1,0,273,'2021-09-02 14:08:19'),(1453,274,1,0,273,'2021-09-02 14:08:21'),(1454,274,1,0,273,'2021-09-02 14:08:24'),(1455,274,1,0,273,'2021-09-02 14:08:26'),(1456,274,1,0,273,'2021-09-02 14:08:34'),(1457,274,1,0,273,'2021-09-02 14:08:44'),(1458,274,1,0,273,'2021-09-02 14:08:47'),(1459,303,1,0,273,'2021-09-02 14:40:09'),(1460,303,1,0,273,'2021-09-02 14:44:48'),(1461,274,1,0,273,'2021-09-02 15:48:50'),(1462,303,1,0,273,'2021-09-02 15:51:17'),(1463,303,1,0,273,'2021-09-02 15:51:21'),(1464,303,1,0,273,'2021-09-02 15:51:33'),(1465,303,1,0,273,'2021-09-02 15:51:56'),(1466,303,1,0,273,'2021-09-02 16:57:55'),(1467,303,1,0,273,'2021-09-02 17:38:42'),(1468,303,1,0,273,'2021-09-02 17:39:04'),(1469,274,1,0,273,'2021-09-02 17:39:07'),(1470,303,1,0,273,'2021-09-02 17:48:35'),(1471,303,1,0,273,'2021-09-02 18:01:42'),(1472,303,1,0,273,'2021-09-02 18:01:53'),(1473,303,1,0,273,'2021-09-02 18:11:56'),(1474,303,1,0,273,'2021-09-02 18:12:27'),(1475,303,1,0,273,'2021-09-02 18:21:20'),(1476,274,1,0,273,'2021-09-02 18:22:49'),(1477,274,1,0,273,'2021-09-02 18:22:56'),(1478,303,1,0,273,'2021-09-02 18:28:27'),(1479,303,1,0,273,'2021-09-02 18:46:39'),(1480,303,1,0,273,'2021-09-03 07:59:48'),(1481,303,1,0,273,'2021-09-03 08:33:28'),(1482,303,1,0,273,'2021-09-03 08:34:11'),(1483,303,1,0,273,'2021-09-03 09:34:44'),(1484,303,1,0,273,'2021-09-03 09:34:49'),(1485,303,1,0,273,'2021-09-03 09:34:53'),(1486,274,1,0,273,'2021-09-03 09:34:58'),(1487,274,1,0,273,'2021-09-03 09:35:00'),(1488,303,1,0,273,'2021-09-03 09:35:05'),(1489,303,1,0,273,'2021-09-03 11:32:45'),(1490,303,1,0,273,'2021-09-03 12:07:37'),(1491,303,1,0,273,'2021-09-03 12:07:46'),(1492,303,1,0,273,'2021-09-03 12:49:00'),(1493,303,1,0,273,'2021-09-03 14:08:40'),(1494,303,1,0,273,'2021-09-03 15:05:43'),(1495,303,1,0,273,'2021-09-03 16:49:51'),(1496,303,1,0,273,'2021-09-03 16:59:07'),(1497,303,1,0,273,'2021-09-03 18:19:58'),(1498,303,1,0,273,'2021-09-03 18:38:16'),(1499,303,1,0,273,'2021-09-04 06:00:22'),(1500,303,1,0,273,'2021-09-04 06:01:14'),(1501,303,1,0,273,'2021-09-04 06:01:33'),(1502,274,1,0,273,'2021-09-04 06:30:00'),(1503,303,1,0,273,'2021-09-04 07:18:58'),(1504,303,1,0,273,'2021-09-04 07:19:03'),(1505,274,1,0,273,'2021-09-04 07:20:38'),(1506,303,1,0,273,'2021-09-04 07:20:44'),(1507,303,1,0,273,'2021-09-04 08:34:07'),(1508,303,1,0,273,'2021-09-04 09:47:13'),(1509,303,1,0,273,'2021-09-04 09:47:30'),(1510,303,1,0,273,'2021-09-04 10:22:34'),(1511,303,1,0,273,'2021-09-04 11:03:00'),(1512,283,1,0,348,'2021-09-04 11:27:08'),(1513,283,1,0,348,'2021-09-04 11:31:23'),(1514,303,1,0,273,'2021-09-04 11:32:10'),(1515,303,1,0,273,'2021-09-04 12:06:03'),(1516,303,1,0,273,'2021-09-04 12:06:14'),(1517,274,1,0,273,'2021-09-04 12:06:19'),(1518,303,1,0,273,'2021-09-04 12:07:01'),(1519,303,1,0,273,'2021-09-04 13:09:38'),(1520,303,1,0,273,'2021-09-04 13:10:20'),(1521,303,1,0,273,'2021-09-04 13:14:39'),(1522,303,1,0,273,'2021-09-04 15:11:14'),(1523,274,1,0,273,'2021-09-04 15:11:30'),(1524,303,1,0,273,'2021-09-04 15:41:49'),(1525,303,1,0,273,'2021-09-04 16:53:12'),(1526,303,1,0,273,'2021-09-04 17:49:34'),(1527,303,1,0,273,'2021-09-04 18:19:15'),(1528,303,1,0,273,'2021-09-04 18:20:36'),(1529,303,1,0,273,'2021-09-04 18:45:19'),(1530,303,1,0,273,'2021-09-04 19:24:15'),(1531,303,1,0,273,'2021-09-04 19:24:53'),(1532,283,1,0,348,'2021-09-04 19:26:18'),(1533,303,1,0,273,'2021-09-04 21:04:35'),(1534,274,1,0,273,'2021-09-05 00:34:01'),(1535,63,3,0,273,'2021-09-05 00:34:06'),(1536,303,1,0,273,'2021-09-05 05:13:06'),(1537,303,1,0,273,'2021-09-05 05:19:41'),(1538,303,1,0,273,'2021-09-05 05:19:56'),(1539,303,1,0,273,'2021-09-05 06:26:00'),(1540,303,1,0,273,'2021-09-05 07:02:28'),(1541,274,1,0,273,'2021-09-05 07:26:37'),(1542,274,1,0,273,'2021-09-05 07:26:40'),(1543,274,1,0,273,'2021-09-05 07:26:42'),(1544,303,1,0,273,'2021-09-05 07:59:07'),(1545,63,3,0,273,'2021-09-05 08:37:10'),(1546,303,1,0,273,'2021-09-05 11:28:32'),(1547,303,1,0,273,'2021-09-05 12:55:00'),(1548,303,1,0,273,'2021-09-05 13:37:02'),(1549,303,1,0,273,'2021-09-05 15:44:55'),(1550,303,1,0,273,'2021-09-05 16:06:15'),(1551,303,1,0,273,'2021-09-05 17:47:29'),(1552,303,1,0,273,'2021-09-05 17:48:33'),(1553,303,1,0,273,'2021-09-05 18:09:09'),(1554,303,1,0,273,'2021-09-05 18:25:33'),(1555,303,1,0,273,'2021-09-05 18:47:56'),(1556,303,1,0,273,'2021-09-05 18:48:10'),(1557,303,1,0,273,'2021-09-06 08:42:01'),(1558,283,1,0,348,'2021-09-06 12:34:12'),(1559,303,1,0,273,'2021-09-06 13:07:13'),(1560,303,1,0,273,'2021-09-06 14:27:35'),(1561,303,1,0,273,'2021-09-06 14:28:02'),(1562,303,1,0,273,'2021-09-06 14:28:41'),(1563,303,1,0,302,'2021-09-06 16:02:04'),(1564,63,3,0,302,'2021-09-06 16:02:08'),(1565,274,1,0,302,'2021-09-06 16:02:13'),(1566,303,1,0,273,'2021-09-06 16:15:35'),(1567,303,1,0,273,'2021-09-06 16:33:22'),(1568,303,1,0,273,'2021-09-06 16:39:01'),(1569,303,1,0,273,'2021-09-06 16:55:42'),(1570,303,1,0,273,'2021-09-06 17:07:22'),(1571,303,1,0,273,'2021-09-06 17:07:49'),(1572,303,1,0,273,'2021-09-06 21:35:33'),(1573,303,1,0,273,'2021-09-07 05:04:06'),(1574,303,1,0,273,'2021-09-07 09:08:23'),(1575,303,1,0,273,'2021-09-07 12:18:27'),(1576,303,1,0,273,'2021-09-07 17:07:20'),(1577,274,1,0,273,'2021-09-08 10:24:21'),(1578,274,1,0,273,'2021-09-08 10:24:36'),(1579,303,1,0,273,'2021-09-08 10:24:44'),(1580,303,1,0,273,'2021-09-08 12:21:24'),(1581,303,1,0,273,'2021-09-08 12:21:27'),(1582,303,1,0,273,'2021-09-08 12:23:55'),(1583,303,1,0,273,'2021-09-08 12:45:12'),(1584,283,1,0,348,'2021-09-08 14:25:43'),(1585,283,1,0,348,'2021-09-08 14:26:12'),(1586,303,1,0,273,'2021-09-08 14:44:37'),(1587,303,1,0,273,'2021-09-08 17:08:59'),(1588,303,1,0,273,'2021-09-08 17:09:12'),(1589,303,1,0,273,'2021-09-08 17:12:32'),(1590,303,1,0,273,'2021-09-08 17:15:33'),(1591,303,1,0,273,'2021-09-08 17:22:38'),(1592,274,1,0,273,'2021-09-08 17:23:22'),(1593,303,1,0,273,'2021-09-09 09:48:14'),(1594,303,1,0,273,'2021-09-09 11:32:18'),(1595,303,1,0,273,'2021-09-09 11:34:24'),(1596,303,1,0,273,'2021-09-09 14:35:15'),(1597,274,1,0,273,'2021-09-09 14:45:46'),(1598,303,1,0,273,'2021-09-09 14:45:55'),(1599,274,1,0,273,'2021-09-09 14:45:59'),(1600,274,1,0,273,'2021-09-09 14:48:10'),(1601,274,1,0,273,'2021-09-09 14:48:22'),(1602,303,1,0,273,'2021-09-09 14:48:29'),(1603,274,1,0,273,'2021-09-09 14:49:16'),(1604,274,1,0,273,'2021-09-09 17:07:53'),(1605,303,1,0,273,'2021-09-09 17:08:00'),(1606,303,1,0,273,'2021-09-09 17:08:05'),(1607,303,1,0,273,'2021-09-09 17:08:22'),(1608,303,1,0,273,'2021-09-09 17:08:29'),(1609,303,1,0,273,'2021-09-09 17:08:32'),(1610,303,1,0,273,'2021-09-09 17:08:53'),(1611,283,1,0,348,'2021-09-09 20:03:47'),(1612,283,1,0,348,'2021-09-10 05:27:42'),(1613,283,1,0,348,'2021-09-10 05:27:44'),(1614,283,1,0,348,'2021-09-10 05:28:15'),(1615,303,1,0,273,'2021-09-10 06:37:59'),(1616,303,1,0,273,'2021-09-10 11:12:05'),(1617,274,1,0,273,'2021-09-10 11:12:13'),(1618,274,1,0,273,'2021-09-10 11:12:15'),(1619,303,1,0,273,'2021-09-10 12:58:26'),(1620,303,1,0,273,'2021-09-10 13:46:41'),(1621,303,1,0,273,'2021-09-10 13:47:06'),(1622,303,1,0,273,'2021-09-10 13:47:16'),(1623,303,1,0,273,'2021-09-10 13:47:19'),(1624,303,1,0,273,'2021-09-10 14:05:56'),(1625,303,1,0,273,'2021-09-10 14:06:54'),(1626,303,1,0,273,'2021-09-10 14:06:55'),(1627,303,1,0,273,'2021-09-10 14:06:56'),(1628,303,1,0,273,'2021-09-10 14:06:56'),(1629,274,1,0,273,'2021-09-10 14:06:57'),(1630,274,1,0,273,'2021-09-10 14:06:57'),(1631,303,1,0,273,'2021-09-10 14:07:02'),(1632,303,1,0,273,'2021-09-10 14:07:02'),(1633,303,1,0,273,'2021-09-10 14:07:02'),(1634,303,1,0,273,'2021-09-10 14:07:02'),(1635,303,1,0,273,'2021-09-10 14:07:03'),(1636,303,1,0,273,'2021-09-10 14:07:03'),(1637,303,1,0,273,'2021-09-10 14:07:03'),(1638,303,1,0,273,'2021-09-10 14:07:04'),(1639,303,1,0,273,'2021-09-10 14:07:04'),(1640,303,1,0,273,'2021-09-10 14:07:04'),(1641,303,1,0,273,'2021-09-10 14:07:05'),(1642,303,1,0,273,'2021-09-10 14:07:05'),(1643,303,1,0,273,'2021-09-10 14:07:05'),(1644,303,1,0,273,'2021-09-10 14:07:06'),(1645,303,1,0,273,'2021-09-10 14:07:10'),(1646,303,1,0,273,'2021-09-10 14:07:15'),(1647,303,1,0,273,'2021-09-10 14:07:19'),(1648,303,1,0,273,'2021-09-10 14:07:20'),(1649,303,1,0,273,'2021-09-10 14:07:20'),(1650,274,1,0,273,'2021-09-10 14:07:21'),(1651,274,1,0,273,'2021-09-10 14:07:22'),(1652,274,1,0,273,'2021-09-10 14:07:25'),(1653,274,1,0,273,'2021-09-10 14:07:25'),(1654,274,1,0,273,'2021-09-10 14:07:26'),(1655,274,1,0,273,'2021-09-10 14:07:27'),(1656,274,1,0,273,'2021-09-10 14:07:27'),(1657,274,1,0,273,'2021-09-10 14:07:27'),(1658,274,1,0,273,'2021-09-10 14:07:27'),(1659,274,1,0,273,'2021-09-10 14:07:27'),(1660,274,1,0,273,'2021-09-10 14:07:27'),(1661,303,1,0,273,'2021-09-10 14:07:33'),(1662,303,1,0,273,'2021-09-10 14:07:48'),(1663,303,1,0,273,'2021-09-10 14:07:48'),(1664,303,1,0,273,'2021-09-10 14:07:54'),(1665,303,1,0,273,'2021-09-10 14:07:56'),(1666,303,1,0,273,'2021-09-10 14:07:56'),(1667,303,1,0,273,'2021-09-10 14:07:57'),(1668,303,1,0,273,'2021-09-10 14:07:57'),(1669,303,1,0,273,'2021-09-10 14:07:58'),(1670,303,1,0,273,'2021-09-10 14:07:59'),(1671,303,1,0,273,'2021-09-10 14:07:59'),(1672,303,1,0,273,'2021-09-10 14:07:59'),(1673,303,1,0,273,'2021-09-10 14:08:00'),(1674,303,1,0,273,'2021-09-10 14:08:01'),(1675,303,1,0,273,'2021-09-10 14:08:02'),(1676,274,1,0,273,'2021-09-10 14:08:02'),(1677,274,1,0,273,'2021-09-10 14:08:03'),(1678,274,1,0,273,'2021-09-10 14:08:04'),(1679,274,1,0,273,'2021-09-10 14:08:04'),(1680,303,1,0,273,'2021-09-10 14:08:04'),(1681,303,1,0,273,'2021-09-10 14:08:06'),(1682,274,1,0,273,'2021-09-10 14:08:07'),(1683,303,1,0,273,'2021-09-10 14:08:12'),(1684,303,1,0,273,'2021-09-10 14:08:12'),(1685,274,1,0,273,'2021-09-10 14:08:13'),(1686,274,1,0,273,'2021-09-10 14:08:13'),(1687,274,1,0,273,'2021-09-10 14:08:15'),(1688,274,1,0,273,'2021-09-10 14:08:15'),(1689,274,1,0,273,'2021-09-10 14:08:15'),(1690,274,1,0,273,'2021-09-10 14:08:16'),(1691,274,1,0,273,'2021-09-10 14:08:16'),(1692,274,1,0,273,'2021-09-10 14:08:16'),(1693,274,1,0,273,'2021-09-10 14:08:18'),(1694,274,1,0,273,'2021-09-10 14:08:18'),(1695,274,1,0,273,'2021-09-10 14:08:18'),(1696,274,1,0,273,'2021-09-10 14:08:19'),(1697,274,1,0,273,'2021-09-10 14:08:19'),(1698,274,1,0,273,'2021-09-10 14:08:19'),(1699,274,1,0,273,'2021-09-10 14:08:19'),(1700,303,1,0,273,'2021-09-10 14:08:27'),(1701,274,1,0,273,'2021-09-10 14:08:38'),(1702,274,1,0,273,'2021-09-10 14:08:45'),(1703,274,1,0,273,'2021-09-10 14:08:45'),(1704,274,1,0,273,'2021-09-10 14:08:47'),(1705,274,1,0,273,'2021-09-10 14:08:48'),(1706,274,1,0,273,'2021-09-10 14:08:48'),(1707,274,1,0,273,'2021-09-10 14:08:48'),(1708,274,1,0,273,'2021-09-10 14:08:56'),(1709,274,1,0,273,'2021-09-10 14:08:56'),(1710,274,1,0,273,'2021-09-10 14:08:56'),(1711,274,1,0,273,'2021-09-10 14:08:57'),(1712,274,1,0,273,'2021-09-10 14:08:57'),(1713,274,1,0,273,'2021-09-10 14:08:57'),(1714,274,1,0,273,'2021-09-10 14:09:07'),(1715,274,1,0,273,'2021-09-10 14:09:07'),(1716,274,1,0,273,'2021-09-10 14:09:08'),(1717,274,1,0,273,'2021-09-10 14:09:09'),(1718,274,1,0,273,'2021-09-10 14:09:10'),(1719,274,1,0,273,'2021-09-10 14:09:10'),(1720,274,1,0,273,'2021-09-10 14:09:16'),(1721,63,3,0,273,'2021-09-10 14:55:07'),(1722,303,1,0,273,'2021-09-10 17:33:20'),(1723,303,1,0,273,'2021-09-10 19:12:16'),(1724,303,1,0,273,'2021-09-10 19:22:45'),(1725,303,1,0,273,'2021-09-10 19:25:40'),(1726,303,1,0,273,'2021-09-11 01:59:01'),(1727,63,3,0,273,'2021-09-11 01:59:15'),(1728,274,1,0,273,'2021-09-11 01:59:20'),(1729,283,1,0,348,'2021-09-11 03:53:49'),(1730,63,3,0,273,'2021-09-11 03:54:25'),(1731,287,1,0,349,'2021-09-11 05:38:46'),(1732,303,1,0,273,'2021-09-11 06:10:44'),(1733,303,1,0,273,'2021-09-11 07:14:00'),(1734,303,1,0,273,'2021-09-11 07:14:57'),(1735,303,1,0,273,'2021-09-11 09:36:54'),(1736,303,1,0,273,'2021-09-11 09:39:22'),(1737,303,1,0,273,'2021-09-11 09:39:52'),(1738,274,1,0,273,'2021-09-11 09:39:58'),(1739,274,1,0,273,'2021-09-11 13:28:48'),(1740,303,1,0,273,'2021-09-11 13:29:18'),(1741,274,1,0,273,'2021-09-11 13:30:02'),(1742,303,1,0,273,'2021-09-11 14:40:01'),(1743,303,1,0,273,'2021-09-11 18:36:19'),(1744,303,1,0,273,'2021-09-12 06:05:29'),(1745,303,1,0,273,'2021-09-12 07:35:50'),(1746,303,1,0,273,'2021-09-12 07:42:23'),(1747,283,1,0,348,'2021-09-12 08:26:44'),(1748,283,1,0,348,'2021-09-12 08:26:58'),(1749,303,1,0,273,'2021-09-12 09:04:23'),(1750,303,1,0,273,'2021-09-12 09:31:25'),(1751,274,1,0,273,'2021-09-12 10:29:09'),(1752,274,1,0,273,'2021-09-12 10:29:14'),(1753,303,1,0,273,'2021-09-12 10:30:42'),(1754,303,1,0,273,'2021-09-12 13:22:48'),(1755,303,1,0,273,'2021-09-12 13:49:34'),(1756,303,1,0,273,'2021-09-12 15:53:28'),(1757,283,1,0,348,'2021-09-12 17:12:31'),(1758,283,1,0,348,'2021-09-12 17:13:28'),(1759,283,1,0,348,'2021-09-12 17:13:29'),(1760,283,1,0,348,'2021-09-12 17:17:17'),(1761,303,1,0,273,'2021-09-13 07:02:49'),(1762,303,1,0,273,'2021-09-13 09:55:05'),(1763,303,1,0,273,'2021-09-13 16:44:35'),(1764,303,1,0,273,'2021-09-13 17:31:54'),(1765,303,1,0,273,'2021-09-13 17:31:58'),(1766,303,1,0,273,'2021-09-13 19:18:49'),(1767,283,1,0,348,'2021-09-14 07:10:23'),(1768,63,3,0,273,'2021-09-14 07:10:49'),(1769,63,3,0,273,'2021-09-14 07:11:05'),(1770,274,1,0,273,'2021-09-14 07:12:24'),(1771,63,3,0,273,'2021-09-14 07:12:36'),(1772,274,1,0,273,'2021-09-14 07:12:43'),(1773,303,1,0,273,'2021-09-14 14:28:25'),(1774,303,1,0,273,'2021-09-14 15:49:06'),(1775,303,1,0,273,'2021-09-14 17:24:06'),(1776,303,1,0,273,'2021-09-14 18:56:45'),(1777,303,1,0,273,'2021-09-15 08:09:04'),(1778,303,1,0,273,'2021-09-15 08:09:13'),(1779,274,1,0,273,'2021-09-15 08:09:33'),(1780,303,1,0,273,'2021-09-15 08:38:01'),(1781,303,1,0,273,'2021-09-15 11:35:47'),(1782,303,1,0,273,'2021-09-15 11:35:55'),(1783,303,1,0,273,'2021-09-15 12:49:48'),(1784,303,1,0,273,'2021-09-15 12:49:58'),(1785,303,1,0,273,'2021-09-15 12:50:41'),(1786,303,1,0,273,'2021-09-15 15:41:07'),(1787,283,1,0,348,'2021-09-15 15:48:17'),(1788,303,1,0,273,'2021-09-15 16:59:45'),(1789,303,1,0,273,'2021-09-16 04:14:33'),(1790,303,1,0,273,'2021-09-16 04:14:40'),(1791,303,1,0,273,'2021-09-16 10:28:15'),(1792,303,1,0,273,'2021-09-16 10:28:18'),(1793,274,1,0,273,'2021-09-16 11:32:45'),(1794,283,1,0,348,'2021-09-16 12:27:45'),(1795,303,1,0,273,'2021-09-16 17:39:13'),(1796,303,1,0,273,'2021-09-17 05:25:18'),(1797,303,1,0,273,'2021-09-17 14:11:10'),(1798,283,1,0,348,'2021-09-17 20:55:42'),(1799,283,1,0,348,'2021-09-17 20:55:51'),(1800,303,1,0,273,'2021-09-18 08:13:33'),(1801,274,1,0,273,'2021-09-18 08:13:45'),(1802,303,1,0,273,'2021-09-18 08:20:26'),(1803,303,1,0,273,'2021-09-18 12:56:44'),(1804,303,1,0,273,'2021-09-18 14:22:33'),(1805,303,1,0,273,'2021-09-18 14:22:41'),(1806,303,1,0,273,'2021-09-18 14:24:53'),(1807,303,1,0,273,'2021-09-18 14:24:56'),(1808,303,1,0,273,'2021-09-18 14:27:23'),(1809,303,1,0,273,'2021-09-18 14:27:29'),(1810,303,1,0,273,'2021-09-18 16:08:43'),(1811,274,1,0,273,'2021-09-18 17:06:03'),(1812,303,1,0,273,'2021-09-18 17:43:51'),(1813,303,1,0,273,'2021-09-18 17:44:13'),(1814,274,1,0,273,'2021-09-18 17:44:49'),(1815,303,1,0,273,'2021-09-18 18:04:24'),(1816,283,1,0,348,'2021-09-19 04:15:46'),(1817,303,1,0,273,'2021-09-19 05:20:14'),(1818,303,1,0,273,'2021-09-19 05:21:16'),(1819,303,1,0,273,'2021-09-19 05:21:32'),(1820,303,1,0,273,'2021-09-19 05:53:27'),(1821,303,1,0,273,'2021-09-19 06:48:14'),(1822,274,1,0,273,'2021-09-19 08:24:03'),(1823,303,1,0,273,'2021-09-19 08:47:34'),(1824,303,1,0,273,'2021-09-19 12:42:10'),(1825,303,1,0,273,'2021-09-20 10:02:04'),(1826,283,1,0,348,'2021-09-20 15:31:55'),(1827,63,3,0,273,'2021-09-20 16:46:59'),(1828,283,1,0,348,'2021-09-20 16:47:21'),(1829,303,1,0,273,'2021-09-20 17:29:27'),(1830,274,1,0,273,'2021-09-20 17:29:38'),(1831,303,1,0,273,'2021-09-20 18:08:01'),(1832,303,1,0,273,'2021-09-20 18:08:23'),(1833,283,1,0,348,'2021-09-20 18:19:37'),(1834,283,1,0,348,'2021-09-20 18:24:02'),(1835,63,3,0,273,'2021-09-21 10:18:39'),(1836,303,1,0,273,'2021-09-21 13:02:18'),(1837,303,1,0,273,'2021-09-21 13:02:24'),(1838,303,1,0,273,'2021-09-22 11:33:39'),(1839,303,1,0,273,'2021-09-22 11:34:25'),(1840,303,1,0,273,'2021-09-22 11:34:45'),(1841,303,1,0,273,'2021-09-22 12:29:23'),(1842,274,1,0,273,'2021-09-22 14:06:41'),(1843,303,1,0,273,'2021-09-22 14:59:15'),(1844,303,1,0,273,'2021-09-22 15:01:24'),(1845,303,1,0,273,'2021-09-22 15:26:38'),(1846,303,1,0,273,'2021-09-22 17:14:25'),(1847,303,1,0,273,'2021-09-22 17:14:32'),(1848,63,3,0,273,'2021-09-22 18:26:36'),(1849,303,1,0,273,'2021-09-23 06:25:14'),(1850,303,1,0,273,'2021-09-23 17:31:44'),(1851,303,1,0,273,'2021-09-24 15:42:19'),(1852,303,1,0,273,'2021-09-25 06:57:35'),(1853,303,1,0,273,'2021-09-25 18:29:49'),(1854,303,1,0,273,'2021-09-25 18:55:57'),(1855,274,1,0,273,'2021-09-25 18:56:02'),(1856,283,1,0,348,'2021-09-25 19:04:36'),(1857,283,1,0,348,'2021-09-25 19:04:40'),(1858,303,1,0,273,'2021-09-26 07:08:07'),(1859,303,1,0,273,'2021-09-26 07:45:41'),(1860,274,1,0,273,'2021-09-26 07:45:45'),(1861,274,1,0,273,'2021-09-26 07:45:48'),(1862,303,1,0,273,'2021-09-26 07:50:17'),(1863,303,1,0,273,'2021-09-26 12:34:07'),(1864,303,1,0,273,'2021-09-26 12:52:09'),(1865,303,1,0,273,'2021-09-26 17:44:37'),(1866,274,1,0,273,'2021-09-27 08:59:01'),(1867,303,1,0,273,'2021-09-27 13:56:45'),(1868,274,1,0,273,'2021-09-28 05:44:49'),(1869,303,1,0,273,'2021-09-28 05:44:54'),(1870,283,1,0,348,'2021-09-28 05:45:16'),(1871,303,1,0,273,'2021-09-28 06:21:00'),(1872,303,1,0,273,'2021-09-28 10:07:26'),(1873,274,1,0,273,'2021-09-28 16:20:38'),(1874,303,1,0,273,'2021-09-28 17:19:10'),(1875,274,1,0,273,'2021-09-28 17:19:12'),(1876,303,1,0,273,'2021-09-28 18:18:13'),(1877,283,1,0,348,'2021-09-29 13:11:03'),(1878,303,1,0,273,'2021-09-29 18:16:55'),(1879,274,1,0,273,'2021-09-29 18:17:03'),(1880,274,1,0,273,'2021-09-29 19:03:41'),(1881,303,1,0,273,'2021-09-30 13:39:52'),(1882,303,1,0,273,'2021-09-30 17:02:38'),(1883,303,1,0,273,'2021-09-30 17:07:13'),(1884,303,1,0,273,'2021-10-01 19:19:24'),(1885,303,1,0,273,'2021-10-01 19:19:32'),(1886,303,1,0,273,'2021-10-01 19:20:33'),(1887,303,1,0,273,'2021-10-02 05:40:00'),(1888,303,1,0,273,'2021-10-02 07:46:54'),(1889,303,1,0,273,'2021-10-02 12:16:04'),(1890,274,1,0,273,'2021-10-02 12:16:07'),(1891,274,1,0,273,'2021-10-03 11:46:00'),(1892,63,3,0,273,'2021-10-03 18:37:52'),(1893,63,3,0,273,'2021-10-03 18:49:37'),(1894,283,1,0,348,'2021-10-04 17:10:53'),(1895,283,1,0,348,'2021-10-06 07:33:32'),(1896,63,3,0,273,'2021-10-06 13:22:34'),(1897,303,1,0,273,'2021-10-06 13:22:39'),(1898,63,3,0,273,'2021-10-07 04:32:50'),(1899,63,3,0,273,'2021-10-07 08:03:40'),(1900,303,1,0,273,'2021-10-07 08:03:53'),(1901,303,1,0,273,'2021-10-07 15:48:00'),(1902,303,1,0,273,'2021-10-07 15:48:14'),(1903,303,1,0,273,'2021-10-07 15:48:23'),(1904,303,1,0,273,'2021-10-07 15:48:46'),(1905,274,1,0,273,'2021-10-07 15:49:09'),(1906,303,1,0,273,'2021-10-07 17:12:49'),(1907,303,1,0,273,'2021-10-07 17:12:56'),(1908,274,1,0,273,'2021-10-07 17:56:03'),(1909,283,1,0,348,'2021-10-07 17:59:12'),(1910,303,1,0,273,'2021-10-07 18:28:38'),(1911,303,1,0,273,'2021-10-08 13:11:14'),(1912,303,1,0,273,'2021-10-08 14:00:14'),(1913,303,1,0,273,'2021-10-08 14:01:32'),(1914,63,3,0,273,'2021-10-08 14:50:38'),(1915,303,1,0,273,'2021-10-08 14:50:57'),(1916,303,1,0,273,'2021-10-08 16:43:15'),(1917,303,1,0,273,'2021-10-08 18:33:20'),(1918,283,1,0,348,'2021-10-08 18:45:40'),(1919,303,1,0,273,'2021-10-08 18:50:24'),(1920,274,1,0,273,'2021-10-09 03:24:20'),(1921,303,1,0,273,'2021-10-09 08:54:47'),(1922,303,1,0,273,'2021-10-09 09:13:09'),(1923,303,1,0,273,'2021-10-09 13:59:26'),(1924,303,1,0,273,'2021-10-09 16:06:06'),(1925,303,1,0,273,'2021-10-09 16:06:21'),(1926,63,3,0,273,'2021-10-09 17:57:09'),(1927,303,1,0,273,'2021-10-09 17:58:51'),(1928,303,1,0,273,'2021-10-09 18:01:06'),(1929,283,1,0,348,'2021-10-09 20:15:54'),(1930,303,1,0,273,'2021-10-10 07:43:53'),(1931,303,1,0,273,'2021-10-10 10:53:47'),(1932,303,1,0,273,'2021-10-10 13:44:58'),(1933,303,1,0,273,'2021-10-10 14:49:41'),(1934,63,3,0,273,'2021-10-12 10:34:03'),(1935,303,1,0,273,'2021-10-12 11:21:05'),(1936,303,1,0,273,'2021-10-12 13:35:48'),(1937,303,1,0,273,'2021-10-12 17:57:16'),(1938,274,1,0,273,'2021-10-12 17:57:29'),(1939,274,1,0,273,'2021-10-12 17:57:30'),(1940,274,1,0,273,'2021-10-12 17:57:30'),(1941,274,1,0,273,'2021-10-12 17:57:30'),(1942,303,1,0,273,'2021-10-12 17:57:32'),(1943,303,1,0,273,'2021-10-12 17:57:42'),(1944,303,1,0,273,'2021-10-12 17:57:51'),(1945,303,1,0,273,'2021-10-12 17:59:16'),(1946,303,1,0,273,'2021-10-12 18:04:01'),(1947,303,1,0,273,'2021-10-13 16:12:02'),(1948,303,1,0,273,'2021-10-13 17:39:19'),(1949,303,1,0,273,'2021-10-14 16:10:01'),(1950,303,1,0,273,'2021-10-14 16:10:08'),(1951,274,1,0,273,'2021-10-14 16:10:21'),(1952,303,1,0,273,'2021-10-14 19:08:54'),(1953,303,1,0,273,'2021-10-14 19:08:57'),(1954,283,1,0,348,'2021-10-15 16:48:47'),(1955,63,3,0,273,'2021-10-15 17:00:09'),(1956,303,1,0,273,'2021-10-16 05:06:34'),(1957,303,1,0,273,'2021-10-16 05:06:44'),(1958,303,1,0,273,'2021-10-16 05:06:45'),(1959,303,1,0,273,'2021-10-16 05:06:46'),(1960,303,1,0,273,'2021-10-16 05:06:46'),(1961,303,1,0,273,'2021-10-16 05:06:46'),(1962,274,1,0,273,'2021-10-16 05:06:48'),(1963,274,1,0,273,'2021-10-16 05:06:49'),(1964,274,1,0,273,'2021-10-16 05:06:50'),(1965,274,1,0,273,'2021-10-16 05:06:50'),(1966,274,1,0,273,'2021-10-16 05:06:50'),(1967,274,1,0,273,'2021-10-16 05:06:51'),(1968,274,1,0,273,'2021-10-16 05:06:51'),(1969,274,1,0,273,'2021-10-16 05:06:52'),(1970,274,1,0,273,'2021-10-16 05:06:52'),(1971,274,1,0,273,'2021-10-16 05:07:00'),(1972,303,1,0,273,'2021-10-16 05:07:01'),(1973,303,1,0,273,'2021-10-16 05:07:01'),(1974,303,1,0,273,'2021-10-16 05:07:01'),(1975,303,1,0,273,'2021-10-16 05:07:02'),(1976,303,1,0,273,'2021-10-16 05:07:02'),(1977,303,1,0,273,'2021-10-16 05:07:06'),(1978,303,1,0,273,'2021-10-16 05:07:07'),(1979,303,1,0,273,'2021-10-16 05:07:16'),(1980,303,1,0,273,'2021-10-16 05:07:18'),(1981,303,1,0,273,'2021-10-16 05:07:19'),(1982,303,1,0,273,'2021-10-16 05:07:19'),(1983,303,1,0,273,'2021-10-16 05:07:19'),(1984,303,1,0,273,'2021-10-16 05:07:20'),(1985,303,1,0,273,'2021-10-16 05:07:20'),(1986,274,1,0,273,'2021-10-16 05:07:21'),(1987,274,1,0,273,'2021-10-16 05:07:22'),(1988,274,1,0,273,'2021-10-16 05:07:24'),(1989,274,1,0,273,'2021-10-16 05:07:24'),(1990,274,1,0,273,'2021-10-16 05:07:24'),(1991,274,1,0,273,'2021-10-16 05:07:25'),(1992,274,1,0,273,'2021-10-16 05:07:25'),(1993,274,1,0,273,'2021-10-16 05:07:29'),(1994,274,1,0,273,'2021-10-16 05:07:30'),(1995,303,1,0,273,'2021-10-16 05:08:11'),(1996,303,1,0,273,'2021-10-16 05:08:12'),(1997,303,1,0,273,'2021-10-16 05:08:12'),(1998,303,1,0,273,'2021-10-16 05:08:12'),(1999,274,1,0,273,'2021-10-16 05:08:41'),(2000,303,1,0,273,'2021-10-16 16:29:09'),(2001,303,1,0,273,'2021-10-16 16:31:45'),(2002,303,1,0,273,'2021-10-16 16:31:49'),(2003,283,1,0,348,'2021-10-17 04:12:42'),(2004,303,1,0,273,'2021-10-17 04:15:41'),(2005,303,1,0,273,'2021-10-17 08:07:20'),(2006,303,1,0,273,'2021-10-17 08:07:29'),(2007,303,1,0,273,'2021-10-17 16:59:25'),(2008,303,1,0,273,'2021-10-17 19:20:58'),(2009,303,1,0,273,'2021-10-17 19:21:03'),(2010,303,1,0,273,'2021-10-17 19:22:37'),(2011,303,1,0,273,'2021-10-18 13:01:03'),(2012,303,1,0,273,'2021-10-18 13:43:47'),(2013,274,1,0,273,'2021-10-18 13:44:13'),(2014,303,1,0,273,'2021-10-18 15:44:34'),(2015,303,1,0,302,'2021-10-20 13:19:46'),(2016,303,1,0,273,'2021-10-20 17:18:50'),(2017,303,1,0,273,'2021-10-20 17:27:14'),(2018,303,1,0,273,'2021-10-20 17:27:19'),(2019,274,1,0,273,'2021-10-21 04:20:15'),(2020,303,1,0,273,'2021-10-21 04:21:17'),(2021,303,1,0,273,'2021-10-21 18:02:28'),(2022,303,1,0,273,'2021-10-22 13:31:21'),(2023,303,1,0,273,'2021-10-22 13:31:29'),(2024,283,1,0,348,'2021-10-22 14:21:45'),(2025,303,1,0,273,'2021-10-22 14:57:05'),(2026,303,1,0,273,'2021-10-22 15:00:49'),(2027,303,1,0,273,'2021-10-22 16:52:16'),(2028,274,1,0,273,'2021-10-22 16:53:42'),(2029,303,1,0,273,'2021-10-23 07:43:18'),(2030,303,1,0,273,'2021-10-23 08:38:26'),(2031,303,1,0,273,'2021-10-23 08:39:00'),(2032,303,1,0,273,'2021-10-23 08:39:13'),(2033,303,1,0,273,'2021-10-23 08:39:52'),(2034,283,1,0,348,'2021-10-23 08:57:23'),(2035,274,1,0,273,'2021-10-23 10:24:03'),(2036,303,1,0,273,'2021-10-23 13:01:26'),(2037,303,1,0,273,'2021-10-23 14:13:06'),(2038,303,1,0,273,'2021-10-23 14:13:21'),(2039,303,1,0,273,'2021-10-23 14:30:55'),(2040,283,1,0,348,'2021-10-23 19:30:06'),(2041,303,1,0,273,'2021-10-24 07:56:10'),(2042,303,1,0,273,'2021-10-24 07:56:13'),(2043,303,1,0,273,'2021-10-24 09:21:16'),(2044,274,1,0,273,'2021-10-24 16:27:45'),(2045,303,1,0,273,'2021-10-24 16:27:48'),(2046,303,1,0,273,'2021-10-24 16:28:09'),(2047,303,1,0,273,'2021-10-24 17:37:49'),(2048,303,1,0,273,'2021-10-26 14:39:32'),(2049,303,1,0,273,'2021-10-26 15:05:01'),(2050,274,1,0,273,'2021-10-26 15:05:06'),(2051,303,1,0,273,'2021-10-26 15:54:56'),(2052,303,1,0,273,'2021-10-26 15:54:59'),(2053,303,1,0,273,'2021-10-26 17:16:21'),(2054,303,1,0,273,'2021-10-26 17:16:25'),(2055,303,1,0,273,'2021-10-26 17:35:04'),(2056,303,1,0,273,'2021-10-26 17:35:06'),(2057,274,1,0,273,'2021-10-26 17:35:11'),(2058,303,1,0,273,'2021-10-26 18:20:49'),(2059,303,1,0,273,'2021-10-26 20:28:46'),(2060,303,1,0,273,'2021-10-27 10:11:01'),(2061,303,1,0,273,'2021-10-27 18:24:05'),(2062,303,1,0,273,'2021-10-27 18:37:44'),(2063,303,1,0,273,'2021-10-28 03:54:03'),(2064,303,1,0,273,'2021-10-28 03:54:07'),(2065,303,1,0,273,'2021-10-28 03:54:20'),(2066,303,1,0,273,'2021-10-28 12:19:20'),(2067,303,1,0,273,'2021-10-28 14:18:08'),(2068,274,1,0,273,'2021-10-28 14:18:15'),(2069,303,1,0,273,'2021-10-28 17:00:19'),(2070,303,1,0,273,'2021-10-28 17:00:19'),(2071,303,1,0,273,'2021-10-28 17:12:36'),(2072,303,1,0,273,'2021-10-28 17:20:37'),(2073,303,1,0,273,'2021-10-29 04:11:19'),(2074,303,1,0,273,'2021-10-29 06:07:15'),(2075,303,1,0,273,'2021-10-29 10:46:05'),(2076,63,3,0,273,'2021-10-29 14:22:41'),(2077,303,1,0,273,'2021-10-30 06:11:50'),(2078,303,1,0,273,'2021-10-30 06:13:02'),(2079,303,1,0,273,'2021-10-30 07:04:37'),(2080,303,1,0,273,'2021-10-30 07:04:40'),(2081,303,1,0,273,'2021-10-30 10:08:36'),(2082,303,1,0,273,'2021-10-30 17:21:52'),(2083,63,3,0,273,'2021-10-31 02:26:16'),(2084,283,1,0,348,'2021-10-31 06:59:48'),(2085,303,1,0,273,'2021-10-31 11:53:08'),(2086,63,3,0,273,'2021-11-01 05:22:32'),(2087,283,1,0,348,'2021-11-01 05:22:51'),(2088,287,1,0,349,'2021-11-01 05:24:01'),(2089,303,1,0,273,'2021-11-01 06:11:35'),(2090,303,1,0,273,'2021-11-01 15:28:46'),(2091,303,1,0,273,'2021-11-01 18:08:07'),(2092,303,1,0,273,'2021-11-02 09:30:18'),(2093,303,1,0,273,'2021-11-02 11:27:24'),(2094,303,1,0,273,'2021-11-02 23:23:50'),(2095,63,3,0,273,'2021-11-02 23:23:57'),(2096,274,1,0,273,'2021-11-02 23:23:58'),(2097,283,1,0,348,'2021-11-03 06:44:47'),(2098,274,1,0,273,'2021-11-03 07:57:19'),(2099,303,1,0,273,'2021-11-03 07:57:21'),(2100,303,1,0,273,'2021-11-03 07:57:30'),(2101,274,1,0,273,'2021-11-03 07:57:37'),(2102,303,1,0,273,'2021-11-03 10:59:00'),(2103,303,1,0,273,'2021-11-03 10:59:44'),(2104,303,1,0,273,'2021-11-03 11:00:05'),(2105,303,1,0,273,'2021-11-03 11:02:09'),(2106,283,1,0,348,'2021-11-03 11:03:36'),(2107,283,1,0,348,'2021-11-03 11:03:37'),(2108,303,1,0,273,'2021-11-03 17:06:18'),(2109,303,1,0,273,'2021-11-04 13:18:33'),(2110,303,1,0,273,'2021-11-04 15:42:11'),(2111,303,1,0,273,'2021-11-04 15:42:19'),(2112,303,1,0,273,'2021-11-04 20:09:31'),(2113,63,3,0,273,'2021-11-05 08:43:22'),(2114,303,1,0,273,'2021-11-05 08:43:42'),(2115,283,1,0,348,'2021-11-05 08:44:31'),(2116,283,1,0,348,'2021-11-05 08:44:43'),(2117,303,1,0,273,'2021-11-05 08:52:18'),(2118,303,1,0,273,'2021-11-05 08:52:39'),(2119,303,1,0,273,'2021-11-05 08:53:23'),(2120,303,1,0,273,'2021-11-05 08:58:00'),(2121,303,1,0,273,'2021-11-05 08:58:51'),(2122,303,1,0,273,'2021-11-05 09:00:47'),(2123,303,1,0,273,'2021-11-05 18:03:58'),(2124,303,1,0,273,'2021-11-05 18:55:42'),(2125,303,1,0,273,'2021-11-05 18:55:47'),(2126,303,1,0,273,'2021-11-06 09:52:27'),(2127,303,1,0,273,'2021-11-06 16:04:23'),(2128,303,1,0,273,'2021-11-06 16:04:27'),(2129,283,1,0,348,'2021-11-06 19:16:40'),(2130,303,1,0,273,'2021-11-06 21:07:59'),(2131,303,1,0,273,'2021-11-07 09:38:51'),(2132,303,1,0,273,'2021-11-07 09:39:26'),(2133,303,1,0,273,'2021-11-07 09:39:31'),(2134,303,1,0,273,'2021-11-07 12:30:47'),(2135,63,3,0,273,'2021-11-07 15:57:19'),(2136,283,1,0,348,'2021-11-07 15:57:30'),(2137,283,1,0,348,'2021-11-07 16:19:48'),(2138,303,1,0,273,'2021-11-08 14:44:52'),(2139,303,1,0,273,'2021-11-08 14:45:22'),(2140,303,1,0,273,'2021-11-08 14:45:32'),(2141,303,1,0,273,'2021-11-08 14:46:02'),(2142,303,1,0,273,'2021-11-08 14:46:24'),(2143,303,1,0,273,'2021-11-08 14:46:25'),(2144,274,1,0,273,'2021-11-08 14:46:27'),(2145,303,1,0,273,'2021-11-08 15:22:54'),(2146,303,1,0,273,'2021-11-09 09:09:55'),(2147,303,1,0,273,'2021-11-09 09:10:05'),(2148,303,1,0,273,'2021-11-09 16:43:31'),(2149,303,1,0,273,'2021-11-09 16:50:51'),(2150,303,1,0,273,'2021-11-10 11:54:58'),(2151,303,1,0,273,'2021-11-10 11:55:13'),(2152,303,1,0,273,'2021-11-10 16:29:19'),(2153,303,1,0,273,'2021-11-10 17:26:25'),(2154,303,1,0,273,'2021-11-11 14:22:20'),(2155,303,1,0,273,'2021-11-11 15:45:08'),(2156,303,1,0,273,'2021-11-12 09:42:03'),(2157,63,3,0,273,'2021-11-12 13:00:18'),(2158,63,3,0,273,'2021-11-12 15:49:48'),(2159,283,1,0,348,'2021-11-12 15:50:04'),(2160,63,3,0,273,'2021-11-12 16:13:57'),(2161,283,1,0,348,'2021-11-12 16:14:13'),(2162,303,1,0,273,'2021-11-12 17:15:21'),(2163,303,1,0,273,'2021-11-12 17:15:24'),(2164,283,1,0,348,'2021-11-13 08:10:44'),(2165,283,1,0,348,'2021-11-13 14:29:31'),(2166,63,3,0,273,'2021-11-13 14:50:07'),(2167,283,1,0,348,'2021-11-13 14:50:32'),(2168,283,1,0,348,'2021-11-13 14:51:58'),(2169,63,3,0,273,'2021-11-13 23:12:04'),(2170,303,1,0,273,'2021-11-14 20:08:17'),(2171,303,1,0,273,'2021-11-15 14:18:04'),(2172,303,1,0,273,'2021-11-16 17:06:02'),(2173,303,1,0,273,'2021-11-16 17:07:21'),(2174,303,1,0,273,'2021-11-16 17:09:11'),(2175,303,1,0,273,'2021-11-16 17:28:17'),(2176,303,1,0,273,'2021-11-16 17:28:22'),(2177,303,1,0,273,'2021-11-16 18:23:12'),(2178,303,1,0,273,'2021-11-17 10:24:06'),(2179,274,1,0,273,'2021-11-17 10:25:13'),(2180,274,1,0,273,'2021-11-17 10:25:17'),(2181,63,3,0,273,'2021-11-17 14:37:10'),(2182,283,1,0,348,'2021-11-17 15:15:43'),(2183,63,3,0,273,'2021-11-17 15:24:33'),(2184,303,1,0,273,'2021-11-17 17:00:58'),(2185,274,1,0,273,'2021-11-17 17:01:03'),(2186,303,1,0,273,'2021-11-18 08:17:01'),(2187,303,1,0,273,'2021-11-18 17:50:04'),(2188,303,1,0,273,'2021-11-19 15:37:38'),(2189,303,1,0,273,'2021-11-20 12:55:07'),(2190,303,1,0,273,'2021-11-20 13:25:26'),(2191,303,1,0,273,'2021-11-20 15:41:21'),(2192,283,1,0,348,'2021-11-20 16:03:53'),(2193,283,1,0,348,'2021-11-20 18:57:41'),(2194,287,1,0,349,'2021-11-20 19:32:54'),(2195,287,1,0,349,'2021-11-20 19:32:57'),(2196,303,1,0,273,'2021-11-21 13:55:32'),(2197,303,1,0,273,'2021-11-21 15:39:52'),(2198,303,1,0,273,'2021-11-21 15:58:46'),(2199,303,1,0,273,'2021-11-21 16:05:47'),(2200,303,1,0,273,'2021-11-21 16:11:55'),(2201,303,1,0,273,'2021-11-21 16:14:12'),(2202,63,3,0,273,'2021-11-21 23:03:52'),(2203,303,1,0,273,'2021-11-22 11:06:01'),(2204,303,1,0,273,'2021-11-22 11:06:05'),(2205,303,1,0,273,'2021-11-22 11:14:28'),(2206,303,1,0,273,'2021-11-22 11:14:36'),(2207,303,1,0,273,'2021-11-22 11:19:49'),(2208,287,1,0,349,'2021-11-22 13:55:18'),(2209,287,1,0,349,'2021-11-22 13:55:22'),(2210,287,1,0,349,'2021-11-22 13:55:23'),(2211,287,1,0,349,'2021-11-22 13:55:25'),(2212,287,1,0,349,'2021-11-22 13:55:48'),(2213,303,1,0,273,'2021-11-22 14:20:24'),(2214,303,1,0,273,'2021-11-22 14:20:57'),(2215,274,1,0,273,'2021-11-22 14:20:57'),(2216,303,1,0,273,'2021-11-22 15:49:18'),(2217,303,1,0,273,'2021-11-22 15:49:29'),(2218,274,1,0,273,'2021-11-22 17:40:08'),(2219,303,1,0,273,'2021-11-22 17:40:11'),(2220,303,1,0,273,'2021-11-22 17:53:59'),(2221,303,1,0,273,'2021-11-23 10:40:34'),(2222,303,1,0,273,'2021-11-23 10:42:07'),(2223,303,1,0,273,'2021-11-23 11:20:20'),(2224,303,1,0,273,'2021-11-23 11:24:16'),(2225,303,1,0,273,'2021-11-23 11:27:01'),(2226,303,1,0,273,'2021-11-23 11:27:43'),(2227,303,1,0,273,'2021-11-23 11:53:23'),(2228,303,1,0,273,'2021-11-23 11:53:27'),(2229,303,1,0,273,'2021-11-23 11:53:34'),(2230,303,1,0,273,'2021-11-23 11:55:38'),(2231,274,1,0,273,'2021-11-23 11:56:03'),(2232,274,1,0,273,'2021-11-23 14:20:00'),(2233,274,1,0,273,'2021-11-23 14:20:06'),(2234,274,1,0,273,'2021-11-23 14:20:07'),(2235,303,1,0,273,'2021-11-23 14:20:12'),(2236,274,1,0,273,'2021-11-23 18:30:42'),(2237,303,1,0,273,'2021-11-24 10:21:14'),(2238,303,1,0,273,'2021-11-24 17:29:00'),(2239,274,1,0,273,'2021-11-24 17:29:05'),(2240,274,1,0,273,'2021-11-24 17:29:09'),(2241,303,1,0,273,'2021-11-25 09:09:53'),(2242,303,1,0,273,'2021-11-25 14:42:27'),(2243,303,1,0,273,'2021-11-25 16:23:38'),(2244,274,1,0,273,'2021-11-25 17:59:47'),(2245,274,1,0,273,'2021-11-25 17:59:59'),(2246,303,1,0,273,'2021-11-26 08:41:18'),(2247,303,1,0,273,'2021-11-26 09:54:36'),(2248,63,3,0,273,'2021-11-26 12:34:07'),(2249,303,1,0,273,'2021-11-26 13:14:58'),(2250,303,1,0,273,'2021-11-26 13:38:20'),(2251,303,1,0,273,'2021-11-26 14:01:07'),(2252,303,1,0,273,'2021-11-26 14:01:12'),(2253,274,1,0,273,'2021-11-26 15:39:06'),(2254,274,1,0,273,'2021-11-26 15:39:37'),(2255,274,1,0,273,'2021-11-26 15:39:58'),(2256,274,1,0,273,'2021-11-26 15:42:10'),(2257,274,1,0,273,'2021-11-26 15:43:24'),(2258,274,1,0,273,'2021-11-26 16:19:38'),(2259,303,1,0,273,'2021-11-26 17:17:05'),(2260,303,1,0,273,'2021-11-26 17:17:21'),(2261,303,1,0,273,'2021-11-26 17:18:02'),(2262,303,1,0,273,'2021-11-26 17:19:56'),(2263,274,1,0,273,'2021-11-26 17:20:13'),(2264,274,1,0,273,'2021-11-26 17:20:32'),(2265,303,1,0,273,'2021-11-26 17:27:34'),(2266,283,1,0,348,'2021-11-27 09:25:29'),(2267,283,1,0,348,'2021-11-27 09:25:33'),(2268,63,3,0,273,'2021-11-27 23:07:18'),(2269,274,1,0,273,'2021-11-28 06:16:56'),(2270,303,1,0,273,'2021-11-28 06:18:05'),(2271,303,1,0,273,'2021-11-28 06:38:07'),(2272,303,1,0,273,'2021-11-28 16:53:31'),(2273,303,1,0,273,'2021-11-28 17:13:32'),(2274,303,1,0,273,'2021-11-28 17:33:46'),(2275,303,1,0,273,'2021-11-28 17:34:10'),(2276,303,1,0,273,'2021-11-28 17:36:56'),(2277,303,1,0,273,'2021-11-29 04:58:06'),(2278,63,3,0,273,'2021-11-29 07:06:29'),(2279,63,3,0,273,'2021-11-29 07:21:55'),(2280,63,3,0,273,'2021-11-29 07:22:58'),(2281,283,1,0,348,'2021-11-29 07:23:00'),(2282,63,3,0,273,'2021-11-29 07:24:30'),(2283,303,1,0,273,'2021-11-29 09:24:06'),(2284,303,1,0,273,'2021-11-29 09:28:23'),(2285,303,1,0,273,'2021-11-29 13:56:18'),(2286,283,1,0,348,'2021-11-29 14:09:58'),(2287,303,1,0,273,'2021-11-29 14:46:10'),(2288,303,1,0,273,'2021-11-29 14:46:43'),(2289,303,1,0,273,'2021-11-29 14:46:48'),(2290,274,1,0,273,'2021-11-29 19:45:36'),(2291,63,3,0,273,'2021-11-30 03:07:03'),(2292,63,3,0,273,'2021-11-30 11:29:34'),(2293,303,1,0,273,'2021-11-30 11:29:40'),(2294,303,1,0,273,'2021-11-30 11:34:50'),(2295,303,1,0,273,'2021-11-30 12:59:06'),(2296,303,1,0,273,'2021-11-30 12:59:34'),(2297,274,1,0,273,'2021-11-30 12:59:34'),(2298,303,1,0,273,'2021-11-30 12:59:41'),(2299,303,1,0,273,'2021-11-30 13:31:13'),(2300,303,1,0,273,'2021-11-30 13:38:07'),(2301,303,1,0,273,'2021-11-30 13:38:52'),(2302,303,1,0,273,'2021-11-30 13:42:10'),(2303,63,3,0,273,'2021-11-30 13:53:46'),(2304,303,1,0,273,'2021-11-30 15:42:51'),(2305,303,1,0,273,'2021-11-30 16:05:37'),(2306,303,1,0,273,'2021-11-30 16:25:53'),(2307,274,1,0,273,'2021-11-30 16:26:02'),(2308,283,1,0,348,'2021-12-02 08:03:45'),(2309,63,3,0,273,'2021-12-02 13:34:11'),(2310,303,1,0,273,'2021-12-02 14:56:47'),(2311,303,1,0,273,'2021-12-02 15:27:07'),(2312,283,1,0,348,'2021-12-02 15:28:40'),(2313,303,1,0,273,'2021-12-02 15:47:03'),(2314,283,1,0,348,'2021-12-03 03:41:52'),(2315,303,1,0,273,'2021-12-03 13:09:24'),(2316,303,1,0,273,'2021-12-03 13:09:30'),(2317,63,3,0,302,'2021-12-03 16:33:17'),(2318,303,1,0,273,'2021-12-03 18:00:37'),(2319,274,1,0,273,'2021-12-03 18:00:39'),(2320,303,1,0,273,'2021-12-04 06:08:43'),(2321,274,1,0,273,'2021-12-04 06:08:49'),(2322,303,1,0,273,'2021-12-04 13:38:15'),(2323,303,1,0,273,'2021-12-04 13:40:04'),(2324,303,1,0,273,'2021-12-05 06:57:01'),(2325,303,1,0,273,'2021-12-05 07:36:06'),(2326,303,1,0,273,'2021-12-05 07:38:23'),(2327,283,1,0,348,'2021-12-05 10:07:19'),(2328,303,1,0,273,'2021-12-05 15:06:33'),(2329,274,1,0,273,'2021-12-05 15:08:10'),(2330,303,1,0,273,'2021-12-05 17:50:22'),(2331,303,1,0,273,'2021-12-05 17:50:26'),(2332,303,1,0,273,'2021-12-05 18:21:44'),(2333,303,1,0,273,'2021-12-06 05:18:08'),(2334,303,1,0,273,'2021-12-06 11:58:46'),(2335,303,1,0,273,'2021-12-06 12:03:36'),(2336,303,1,0,273,'2021-12-06 12:09:16'),(2337,303,1,0,273,'2021-12-06 15:12:27'),(2338,303,1,0,273,'2021-12-06 15:12:33'),(2339,303,1,0,273,'2021-12-06 17:21:19'),(2340,274,1,0,273,'2021-12-06 23:52:54'),(2341,303,1,0,273,'2021-12-07 12:14:06'),(2342,274,1,0,273,'2021-12-07 14:38:59'),(2343,274,1,0,273,'2021-12-07 14:39:01'),(2344,303,1,0,273,'2021-12-07 14:39:32'),(2345,303,1,0,273,'2021-12-07 14:41:05'),(2346,303,1,0,273,'2021-12-07 15:28:17'),(2347,303,1,0,273,'2021-12-07 18:36:25'),(2348,274,1,0,273,'2021-12-08 07:48:07'),(2349,303,1,0,273,'2021-12-08 10:37:32'),(2350,303,1,0,273,'2021-12-08 12:32:59'),(2351,274,1,0,273,'2021-12-08 16:11:23'),(2352,303,1,0,273,'2021-12-09 09:23:17'),(2353,303,1,0,273,'2021-12-09 12:14:58'),(2354,303,1,0,273,'2021-12-09 14:11:31'),(2355,303,1,0,273,'2021-12-09 14:37:06'),(2356,303,1,0,273,'2021-12-09 14:38:01'),(2357,303,1,0,273,'2021-12-09 14:38:11'),(2358,303,1,0,273,'2021-12-09 14:41:18'),(2359,303,1,0,273,'2021-12-09 16:54:24'),(2360,303,1,0,273,'2021-12-09 17:09:50'),(2361,303,1,0,273,'2021-12-09 17:56:02'),(2362,303,1,0,273,'2021-12-09 18:21:01'),(2363,303,1,0,273,'2021-12-09 18:21:03'),(2364,274,1,0,273,'2021-12-10 10:53:46'),(2365,303,1,0,273,'2021-12-10 14:34:50'),(2366,274,1,0,273,'2021-12-10 14:35:49'),(2367,303,1,0,273,'2021-12-10 14:35:56'),(2368,303,1,0,273,'2021-12-10 14:36:13'),(2369,303,1,0,273,'2021-12-10 14:36:24'),(2370,274,1,0,273,'2021-12-10 14:36:35'),(2371,274,1,0,273,'2021-12-10 14:36:40'),(2372,303,1,0,273,'2021-12-10 14:36:45'),(2373,303,1,0,273,'2021-12-10 15:04:07'),(2374,303,1,0,273,'2021-12-10 19:32:37'),(2375,303,1,0,273,'2021-12-10 19:32:54'),(2376,303,1,0,273,'2021-12-10 19:33:04'),(2377,303,1,0,273,'2021-12-11 07:19:27'),(2378,303,1,0,273,'2021-12-11 07:19:35'),(2379,303,1,0,273,'2021-12-11 07:35:33'),(2380,303,1,0,273,'2021-12-11 08:15:17'),(2381,303,1,0,273,'2021-12-11 08:26:43'),(2382,303,1,0,273,'2021-12-11 09:00:26'),(2383,303,1,0,273,'2021-12-11 15:35:32'),(2384,303,1,0,273,'2021-12-11 18:40:36'),(2385,274,1,0,273,'2021-12-11 19:54:08'),(2386,303,1,0,273,'2021-12-12 05:03:20'),(2387,283,1,0,348,'2021-12-12 06:16:19'),(2388,303,1,0,273,'2021-12-12 07:21:56'),(2389,63,3,0,273,'2021-12-12 08:32:00'),(2390,274,1,0,273,'2021-12-12 09:01:14'),(2391,303,1,0,273,'2021-12-12 10:45:52'),(2392,287,1,0,349,'2021-12-12 12:10:46'),(2393,303,1,0,273,'2021-12-12 12:57:21'),(2394,63,3,0,302,'2021-12-12 13:45:54'),(2395,274,1,0,302,'2021-12-12 14:30:26'),(2396,303,1,0,302,'2021-12-12 15:16:16'),(2397,303,1,0,273,'2021-12-12 15:37:21'),(2398,303,1,0,273,'2021-12-13 05:54:25'),(2399,274,1,0,273,'2021-12-13 09:03:22'),(2400,303,1,0,273,'2021-12-13 15:16:10'),(2401,303,1,0,273,'2021-12-13 17:13:54'),(2402,303,1,0,273,'2021-12-13 18:13:41'),(2403,303,1,0,273,'2021-12-13 18:13:49'),(2404,303,1,0,273,'2021-12-14 10:13:29'),(2405,303,1,0,273,'2021-12-14 11:15:32'),(2406,303,1,0,273,'2021-12-14 11:59:27'),(2407,274,1,0,273,'2021-12-14 11:59:47'),(2408,303,1,0,273,'2021-12-15 12:12:21'),(2409,303,1,0,273,'2021-12-15 13:51:46'),(2410,303,1,0,273,'2021-12-15 13:53:25'),(2411,274,1,0,273,'2021-12-16 12:56:49'),(2412,274,1,0,273,'2021-12-16 13:59:11'),(2413,274,1,0,273,'2021-12-16 15:00:10'),(2414,303,1,0,273,'2021-12-16 15:00:26'),(2415,303,1,0,273,'2021-12-16 15:40:36'),(2416,303,1,0,273,'2021-12-16 16:03:28'),(2417,274,1,0,273,'2021-12-16 17:10:47'),(2418,303,1,0,273,'2021-12-16 17:20:32'),(2419,274,1,0,273,'2021-12-16 17:58:25'),(2420,303,1,0,273,'2021-12-16 17:58:32'),(2421,283,1,0,348,'2021-12-17 01:32:55'),(2422,303,1,0,273,'2021-12-17 12:11:29'),(2423,303,1,0,273,'2021-12-17 15:17:35'),(2424,63,3,0,302,'2021-12-17 15:35:39'),(2425,274,1,0,273,'2021-12-17 16:01:30'),(2426,303,1,0,273,'2021-12-17 16:17:11'),(2427,274,1,0,273,'2021-12-17 16:18:17'),(2428,303,1,0,273,'2021-12-17 16:18:21'),(2429,303,1,0,273,'2021-12-18 04:10:30'),(2430,303,1,0,273,'2021-12-18 06:25:38'),(2431,303,1,0,273,'2021-12-18 06:27:17'),(2432,274,1,0,273,'2021-12-18 08:37:28'),(2433,274,1,0,273,'2021-12-18 09:06:45'),(2434,303,1,0,273,'2021-12-18 10:09:00'),(2435,63,3,0,273,'2021-12-19 00:34:07'),(2436,303,1,0,273,'2021-12-19 05:14:10'),(2437,303,1,0,273,'2021-12-19 07:18:12'),(2438,283,1,0,348,'2021-12-19 09:30:05'),(2439,283,1,0,348,'2021-12-19 09:56:17'),(2440,274,1,0,273,'2021-12-19 16:40:17'),(2441,303,1,0,273,'2021-12-19 16:40:38'),(2442,303,1,0,273,'2021-12-20 09:03:45'),(2443,303,1,0,273,'2021-12-20 10:35:31'),(2444,303,1,0,273,'2021-12-20 10:36:09'),(2445,303,1,0,273,'2021-12-20 16:29:04'),(2446,63,3,0,273,'2021-12-20 18:30:11'),(2447,303,1,0,273,'2021-12-20 18:57:46'),(2448,274,1,0,273,'2021-12-21 06:50:58'),(2449,274,1,0,273,'2021-12-21 07:40:22'),(2450,303,1,0,273,'2021-12-21 10:39:40'),(2451,274,1,0,273,'2021-12-21 18:26:21'),(2452,303,1,0,273,'2021-12-21 18:26:28'),(2453,274,1,0,273,'2021-12-21 18:26:40'),(2454,274,1,0,273,'2021-12-21 19:00:39'),(2455,303,1,0,273,'2021-12-22 04:53:13'),(2456,303,1,0,273,'2021-12-22 12:53:43'),(2457,274,1,0,273,'2021-12-22 13:04:37'),(2458,63,3,0,302,'2021-12-23 00:53:27'),(2459,303,1,0,273,'2021-12-23 05:42:11'),(2460,303,1,0,273,'2021-12-23 15:17:49'),(2461,274,1,0,273,'2021-12-23 17:48:45'),(2462,303,1,0,273,'2021-12-23 18:35:10'),(2463,303,1,0,273,'2021-12-24 04:50:15'),(2464,274,1,0,273,'2021-12-24 08:09:47'),(2465,303,1,0,273,'2021-12-24 10:13:52'),(2466,274,1,0,273,'2021-12-24 10:14:55'),(2467,303,1,0,273,'2021-12-24 10:16:32'),(2468,303,1,0,273,'2021-12-24 12:18:48'),(2469,274,1,0,273,'2021-12-24 13:08:07'),(2470,303,1,0,273,'2021-12-24 15:25:19'),(2471,303,1,0,273,'2021-12-24 17:30:17'),(2472,303,1,0,273,'2021-12-24 17:32:19'),(2473,303,1,0,273,'2021-12-24 18:50:04'),(2474,303,1,0,273,'2021-12-24 18:52:07'),(2475,303,1,0,273,'2021-12-25 11:32:40'),(2476,303,1,0,273,'2021-12-25 11:33:04'),(2477,303,1,0,273,'2021-12-25 11:33:05'),(2478,303,1,0,273,'2021-12-25 11:33:18'),(2479,303,1,0,273,'2021-12-25 11:33:39'),(2480,303,1,0,273,'2021-12-25 11:34:09'),(2481,303,1,0,273,'2021-12-25 14:11:46'),(2482,303,1,0,273,'2021-12-25 14:24:25'),(2483,303,1,0,273,'2021-12-25 16:21:10'),(2484,63,3,0,273,'2021-12-25 17:55:04'),(2485,303,1,0,273,'2021-12-25 19:06:18'),(2486,303,1,0,273,'2021-12-26 08:28:59'),(2487,303,1,0,273,'2021-12-26 10:11:15'),(2488,303,1,0,273,'2021-12-26 14:57:07'),(2489,303,1,0,273,'2021-12-26 16:16:17'),(2490,303,1,0,273,'2021-12-26 16:17:17'),(2491,303,1,0,273,'2021-12-26 16:17:51'),(2492,303,1,0,273,'2021-12-26 16:18:15'),(2493,303,1,0,273,'2021-12-26 16:18:20'),(2494,303,1,0,273,'2021-12-26 16:18:26'),(2495,303,1,0,273,'2021-12-26 16:19:18'),(2496,303,1,0,273,'2021-12-26 16:20:05'),(2497,303,1,0,273,'2021-12-26 16:25:48'),(2498,303,1,0,273,'2021-12-26 16:45:40'),(2499,303,1,0,273,'2021-12-26 16:45:43'),(2500,274,1,0,273,'2021-12-26 16:45:47'),(2501,303,1,0,273,'2021-12-26 17:21:06'),(2502,303,1,0,273,'2021-12-27 03:26:56'),(2503,274,1,0,273,'2021-12-27 07:58:43'),(2504,274,1,0,273,'2021-12-27 16:37:54'),(2505,63,3,0,273,'2021-12-28 00:03:25'),(2506,303,1,0,273,'2021-12-28 08:28:04'),(2507,274,1,0,273,'2021-12-28 10:06:58'),(2508,303,1,0,273,'2021-12-28 12:36:58'),(2509,303,1,0,273,'2021-12-28 12:39:22'),(2510,303,1,0,273,'2021-12-28 12:39:56'),(2511,303,1,0,273,'2021-12-28 12:39:57'),(2512,303,1,0,273,'2021-12-28 12:39:57'),(2513,303,1,0,273,'2021-12-28 12:39:59'),(2514,303,1,0,273,'2021-12-29 12:10:28'),(2515,63,3,0,273,'2021-12-29 15:36:16'),(2516,63,3,0,302,'2021-12-30 00:29:48'),(2517,283,1,0,348,'2021-12-30 05:59:38'),(2518,283,1,0,348,'2021-12-30 05:59:57'),(2519,303,1,0,273,'2021-12-30 06:38:10'),(2520,283,1,0,348,'2021-12-30 07:26:01'),(2521,63,3,0,302,'2021-12-30 08:18:14'),(2522,287,1,0,349,'2021-12-30 08:18:41'),(2523,303,1,0,273,'2021-12-30 11:41:19'),(2524,303,1,0,273,'2021-12-30 11:53:50'),(2525,303,1,0,273,'2021-12-30 16:22:27'),(2526,283,1,0,348,'2021-12-30 22:37:47'),(2527,274,1,0,273,'2021-12-31 07:27:39'),(2528,303,1,0,273,'2021-12-31 07:48:52'),(2529,303,1,0,273,'2021-12-31 08:37:08'),(2530,63,3,0,302,'2021-12-31 08:41:34'),(2531,303,1,0,273,'2021-12-31 13:04:37'),(2532,274,1,0,273,'2021-12-31 13:25:39'),(2533,274,1,0,273,'2021-12-31 21:30:47'),(2534,274,1,0,273,'2022-01-01 09:54:47'),(2535,303,1,0,273,'2022-01-01 16:54:23'),(2536,63,3,0,273,'2022-01-01 21:45:24'),(2537,303,1,0,273,'2022-01-02 05:25:08'),(2538,63,3,0,273,'2022-01-02 08:00:37'),(2539,274,1,0,273,'2022-01-02 09:40:27'),(2540,303,1,0,273,'2022-01-02 16:57:03'),(2541,274,1,0,273,'2022-01-02 23:56:43'),(2542,303,1,0,273,'2022-01-03 13:51:26'),(2543,303,1,0,273,'2022-01-03 13:51:33'),(2544,274,1,0,273,'2022-01-03 14:07:00'),(2545,303,1,0,273,'2022-01-03 14:29:16'),(2546,303,1,0,273,'2022-01-03 19:27:11'),(2547,274,1,0,273,'2022-01-03 19:27:16'),(2548,63,3,0,273,'2022-01-04 02:26:57'),(2549,303,1,0,273,'2022-01-04 16:45:46'),(2550,283,1,0,348,'2022-01-04 22:37:03'),(2551,303,1,0,273,'2022-01-05 04:44:49'),(2552,283,1,0,348,'2022-01-05 10:37:47'),(2553,303,1,0,273,'2022-01-05 12:34:07'),(2554,63,3,0,302,'2022-01-05 22:30:12'),(2555,283,1,0,348,'2022-01-05 23:04:40'),(2556,283,1,0,348,'2022-01-06 01:25:50'),(2557,274,1,0,273,'2022-01-06 12:53:23'),(2558,303,1,0,273,'2022-01-06 13:16:35'),(2559,303,1,0,273,'2022-01-06 14:45:50'),(2560,303,1,0,273,'2022-01-06 14:46:27'),(2561,303,1,0,273,'2022-01-07 09:40:57'),(2562,303,1,0,273,'2022-01-07 18:30:07'),(2563,274,1,0,273,'2022-01-08 10:05:03'),(2564,274,1,0,273,'2022-01-08 10:34:56'),(2565,63,3,0,273,'2022-01-08 12:58:39'),(2566,283,1,0,348,'2022-01-08 14:26:02'),(2567,303,1,0,273,'2022-01-08 16:37:12'),(2568,303,1,0,273,'2022-01-08 19:04:33'),(2569,303,1,0,273,'2022-01-09 09:40:36'),(2570,303,1,0,273,'2022-01-09 09:51:01'),(2571,283,1,0,348,'2022-01-09 09:51:19'),(2572,274,1,0,273,'2022-01-09 09:52:38'),(2573,303,1,0,273,'2022-01-09 12:55:21'),(2574,303,1,0,273,'2022-01-09 12:56:28'),(2575,303,1,0,273,'2022-01-09 12:56:33'),(2576,303,1,0,273,'2022-01-09 12:56:33'),(2577,303,1,0,273,'2022-01-09 12:56:34'),(2578,274,1,0,273,'2022-01-09 12:56:38'),(2579,274,1,0,273,'2022-01-09 12:56:38'),(2580,274,1,0,273,'2022-01-09 12:56:39'),(2581,274,1,0,273,'2022-01-09 12:56:39'),(2582,274,1,0,273,'2022-01-09 12:56:39'),(2583,274,1,0,273,'2022-01-09 12:56:39'),(2584,274,1,0,273,'2022-01-09 12:56:40'),(2585,274,1,0,273,'2022-01-09 12:56:40'),(2586,274,1,0,273,'2022-01-09 12:56:40'),(2587,303,1,0,273,'2022-01-09 15:08:13'),(2588,274,1,0,273,'2022-01-09 15:09:22'),(2589,303,1,0,273,'2022-01-10 06:50:25'),(2590,303,1,0,273,'2022-01-10 10:20:42'),(2591,303,1,0,273,'2022-01-10 10:20:44'),(2592,303,1,0,273,'2022-01-10 10:20:47'),(2593,303,1,0,273,'2022-01-10 12:37:29'),(2594,274,1,0,273,'2022-01-10 13:09:09'),(2595,303,1,0,273,'2022-01-10 13:45:13'),(2596,303,1,0,273,'2022-01-10 14:32:21'),(2597,303,1,0,273,'2022-01-10 18:06:38'),(2598,303,1,0,273,'2022-01-10 20:41:13'),(2599,63,3,0,273,'2022-01-10 22:14:25'),(2600,303,1,0,273,'2022-01-11 04:54:34'),(2601,303,1,0,273,'2022-01-11 09:06:33'),(2602,303,1,0,273,'2022-01-11 12:51:50'),(2603,274,1,0,273,'2022-01-11 12:51:55'),(2604,303,1,0,273,'2022-01-12 08:23:30'),(2605,303,1,0,273,'2022-01-12 11:05:43'),(2606,303,1,0,273,'2022-01-12 11:06:20'),(2607,303,1,0,273,'2022-01-12 11:06:43'),(2608,63,3,0,273,'2022-01-12 12:59:43'),(2609,274,1,0,273,'2022-01-12 16:03:18'),(2610,303,1,0,273,'2022-01-12 17:41:22'),(2611,303,1,0,273,'2022-01-12 18:31:13'),(2612,303,1,0,273,'2022-01-13 02:17:42'),(2613,63,3,0,273,'2022-01-13 16:08:25'),(2614,303,1,0,273,'2022-01-13 16:08:39'),(2615,303,1,0,273,'2022-01-13 18:28:41'),(2616,303,1,0,273,'2022-01-13 18:28:47'),(2617,63,3,0,302,'2022-01-14 05:20:32'),(2618,303,1,0,273,'2022-01-14 07:22:44'),(2619,303,1,0,273,'2022-01-14 18:13:06'),(2620,303,1,0,273,'2022-01-15 08:16:58'),(2621,303,1,0,273,'2022-01-15 09:26:29'),(2622,63,3,0,273,'2022-01-15 21:41:19'),(2623,63,3,0,273,'2022-01-16 06:01:02'),(2624,303,1,0,273,'2022-01-16 09:05:28'),(2625,303,1,0,273,'2022-01-16 15:51:59'),(2626,303,1,0,273,'2022-01-16 17:24:56'),(2627,303,1,0,273,'2022-01-16 17:25:03'),(2628,303,1,0,273,'2022-01-16 17:53:48'),(2629,303,1,0,273,'2022-01-16 17:58:35'),(2630,303,1,0,273,'2022-01-17 03:45:24'),(2631,303,1,0,273,'2022-01-17 06:50:03'),(2632,303,1,0,273,'2022-01-17 12:21:12'),(2633,303,1,0,273,'2022-01-17 12:45:06'),(2634,303,1,0,273,'2022-01-17 13:32:52'),(2635,303,1,0,273,'2022-01-17 16:27:35'),(2636,303,1,0,273,'2022-01-17 16:53:42'),(2637,303,1,0,273,'2022-01-17 17:06:51'),(2638,303,1,0,273,'2022-01-18 08:12:13'),(2639,303,1,0,273,'2022-01-18 08:38:17'),(2640,303,1,0,273,'2022-01-18 12:10:17'),(2641,303,1,0,273,'2022-01-18 12:48:08'),(2642,303,1,0,273,'2022-01-18 14:06:31'),(2643,303,1,0,273,'2022-01-19 11:53:37'),(2644,303,1,0,273,'2022-01-19 11:53:43'),(2645,303,1,0,273,'2022-01-19 17:48:27'),(2646,303,1,0,273,'2022-01-19 17:48:31'),(2647,274,1,0,273,'2022-01-19 17:48:38'),(2648,303,1,0,273,'2022-01-19 17:48:43'),(2649,63,3,0,302,'2022-01-19 21:52:06'),(2650,303,1,0,273,'2022-01-21 04:23:39'),(2651,303,1,0,273,'2022-01-21 04:58:58'),(2652,303,1,0,273,'2022-01-21 06:40:51'),(2653,303,1,0,273,'2022-01-21 07:53:28'),(2654,274,1,0,273,'2022-01-21 13:37:13'),(2655,274,1,0,273,'2022-01-21 13:37:15'),(2656,303,1,0,273,'2022-01-21 16:23:27'),(2657,303,1,0,273,'2022-01-21 16:28:04'),(2658,303,1,0,273,'2022-01-22 05:56:06'),(2659,283,1,0,348,'2022-01-22 07:14:04'),(2660,63,3,0,273,'2022-01-22 12:28:29'),(2661,303,1,0,273,'2022-01-22 16:56:51'),(2662,274,1,0,273,'2022-01-22 16:56:55'),(2663,303,1,0,273,'2022-01-22 16:57:00'),(2664,303,1,0,273,'2022-01-22 17:54:05'),(2665,303,1,0,273,'2022-01-22 17:54:07'),(2666,303,1,0,273,'2022-01-23 04:45:56'),(2667,303,1,0,273,'2022-01-23 06:55:10'),(2668,303,1,0,273,'2022-01-23 07:11:32'),(2669,303,1,0,273,'2022-01-23 07:15:55'),(2670,63,3,0,273,'2022-01-24 22:09:39'),(2671,303,1,0,273,'2022-01-25 09:31:16'),(2672,303,1,0,273,'2022-01-25 09:31:19'),(2673,274,1,0,273,'2022-01-25 09:31:25'),(2674,63,3,0,273,'2022-01-25 15:25:03'),(2675,283,1,0,348,'2022-01-25 15:25:27'),(2676,303,1,0,273,'2022-01-25 15:36:44'),(2677,303,1,0,273,'2022-01-25 15:36:51'),(2678,303,1,0,273,'2022-01-25 15:36:59'),(2679,63,3,0,273,'2022-01-26 12:41:19'),(2680,303,1,0,273,'2022-01-26 15:11:17'),(2681,274,1,0,273,'2022-01-26 15:11:26'),(2682,303,1,0,273,'2022-01-27 11:49:49'),(2683,303,1,0,273,'2022-01-27 12:31:07'),(2684,303,1,0,273,'2022-01-27 12:44:43'),(2685,303,1,0,273,'2022-01-27 15:20:49'),(2686,303,1,0,273,'2022-01-27 18:13:41'),(2687,274,1,0,273,'2022-01-27 18:13:49'),(2688,303,1,0,273,'2022-01-28 12:24:14'),(2689,303,1,0,273,'2022-01-28 12:31:57'),(2690,303,1,0,273,'2022-01-28 15:25:07'),(2691,303,1,0,273,'2022-01-28 20:35:57'),(2692,303,1,0,273,'2022-01-28 20:46:09'),(2693,303,1,0,273,'2022-01-29 08:53:15'),(2694,274,1,0,273,'2022-01-29 08:53:54'),(2695,303,1,0,273,'2022-01-29 10:32:32'),(2696,63,3,0,273,'2022-01-29 14:05:55'),(2697,303,1,0,273,'2022-01-29 14:06:04'),(2698,303,1,0,273,'2022-01-29 15:25:11'),(2699,303,1,0,273,'2022-01-29 17:31:36'),(2700,274,1,0,273,'2022-01-29 17:32:17'),(2701,274,1,0,273,'2022-01-29 17:32:27'),(2702,303,1,0,273,'2022-01-29 17:32:31'),(2703,303,1,0,273,'2022-01-29 18:18:47'),(2704,303,1,0,273,'2022-01-30 04:18:55'),(2705,63,3,0,273,'2022-01-30 05:15:30'),(2706,63,3,0,273,'2022-01-30 06:53:54'),(2707,303,1,0,273,'2022-01-30 07:46:27'),(2708,303,1,0,273,'2022-01-30 08:10:53'),(2709,303,1,0,273,'2022-01-30 11:07:43'),(2710,303,1,0,273,'2022-01-30 11:09:44'),(2711,274,1,0,273,'2022-01-30 19:03:37'),(2712,303,1,0,273,'2022-01-30 19:49:06'),(2713,63,3,0,273,'2022-01-31 02:48:48'),(2714,303,1,0,273,'2022-01-31 15:50:36'),(2715,63,3,0,273,'2022-01-31 22:21:12'),(2716,303,1,0,273,'2022-02-01 08:14:26'),(2717,303,1,0,273,'2022-02-01 08:14:30'),(2718,303,1,0,273,'2022-02-01 09:58:26'),(2719,303,1,0,273,'2022-02-01 20:02:25'),(2720,274,1,0,273,'2022-02-02 09:24:41'),(2721,303,1,0,273,'2022-02-02 09:24:48'),(2722,303,1,0,273,'2022-02-02 12:27:43'),(2723,303,1,0,273,'2022-02-02 16:09:45'),(2724,63,3,0,302,'2022-02-02 21:32:40'),(2725,303,1,0,273,'2022-02-03 08:00:54'),(2726,303,1,0,273,'2022-02-03 08:23:01'),(2727,303,1,0,273,'2022-02-03 08:23:03'),(2728,303,1,0,273,'2022-02-03 09:12:02'),(2729,303,1,0,273,'2022-02-03 09:12:05'),(2730,274,1,0,273,'2022-02-03 09:12:09'),(2731,274,1,0,273,'2022-02-03 09:12:10'),(2732,274,1,0,273,'2022-02-03 09:12:10'),(2733,274,1,0,273,'2022-02-03 09:12:18'),(2734,303,1,0,273,'2022-02-03 12:40:23'),(2735,274,1,0,273,'2022-02-03 17:47:54'),(2736,303,1,0,273,'2022-02-03 19:04:35'),(2737,303,1,0,273,'2022-02-03 19:04:43'),(2738,303,1,0,273,'2022-02-03 19:05:02'),(2739,303,1,0,273,'2022-02-04 06:37:14'),(2740,303,1,0,273,'2022-02-05 11:51:52'),(2741,303,1,0,273,'2022-02-05 12:57:35'),(2742,303,1,0,273,'2022-02-05 12:57:55'),(2743,283,1,0,348,'2022-02-05 12:59:56'),(2744,303,1,0,273,'2022-02-05 14:05:41'),(2745,303,1,0,273,'2022-02-05 17:35:09'),(2746,303,1,0,273,'2022-02-06 07:18:37'),(2747,274,1,0,273,'2022-02-06 07:18:47'),(2748,303,1,0,273,'2022-02-06 07:18:49'),(2749,303,1,0,273,'2022-02-06 07:19:18'),(2750,303,1,0,273,'2022-02-06 07:23:21'),(2751,303,1,0,273,'2022-02-06 07:23:35'),(2752,303,1,0,273,'2022-02-06 07:23:38'),(2753,303,1,0,273,'2022-02-06 08:56:22'),(2754,303,1,0,273,'2022-02-06 09:48:04'),(2755,303,1,0,273,'2022-02-06 09:48:07'),(2756,303,1,0,273,'2022-02-06 09:48:09'),(2757,303,1,0,273,'2022-02-06 09:48:13'),(2758,303,1,0,273,'2022-02-07 06:54:56'),(2759,303,1,0,273,'2022-02-07 08:14:49'),(2760,303,1,0,273,'2022-02-07 09:26:28'),(2761,274,1,0,273,'2022-02-07 09:26:32'),(2762,303,1,0,273,'2022-02-07 14:53:14'),(2763,303,1,0,273,'2022-02-07 16:30:33'),(2764,303,1,0,273,'2022-02-07 17:41:48'),(2765,303,1,0,273,'2022-02-07 17:41:57'),(2766,303,1,0,273,'2022-02-07 17:55:34'),(2767,63,3,0,273,'2022-02-07 22:09:58'),(2768,303,1,0,273,'2022-02-08 05:38:39'),(2769,303,1,0,273,'2022-02-08 09:18:19'),(2770,303,1,0,273,'2022-02-08 09:18:31'),(2771,274,1,0,273,'2022-02-08 09:20:41'),(2772,303,1,0,273,'2022-02-08 09:31:35'),(2773,283,1,0,348,'2022-02-08 09:59:03'),(2774,283,1,0,348,'2022-02-08 09:59:04'),(2775,283,1,0,348,'2022-02-08 10:00:54'),(2776,303,1,0,273,'2022-02-08 10:16:44'),(2777,274,1,0,273,'2022-02-08 11:35:18'),(2778,303,1,0,273,'2022-02-08 12:59:47'),(2779,303,1,0,273,'2022-02-08 13:00:00'),(2780,303,1,0,273,'2022-02-08 13:36:40'),(2781,303,1,0,273,'2022-02-08 13:36:48'),(2782,303,1,0,273,'2022-02-08 13:55:05'),(2783,303,1,0,273,'2022-02-08 19:25:43'),(2784,63,3,0,273,'2022-02-08 20:29:26'),(2785,303,1,0,273,'2022-02-08 20:29:35'),(2786,274,1,0,273,'2022-02-08 20:31:16'),(2787,63,3,0,273,'2022-02-09 07:03:04'),(2788,303,1,0,273,'2022-02-09 09:23:23'),(2789,303,1,0,273,'2022-02-09 09:23:23'),(2790,303,1,0,273,'2022-02-09 09:23:27'),(2791,303,1,0,273,'2022-02-09 16:50:59'),(2792,303,1,0,273,'2022-02-09 18:16:02'),(2793,303,1,0,273,'2022-02-09 18:53:03'),(2794,303,1,0,273,'2022-02-10 07:23:16'),(2795,303,1,0,273,'2022-02-10 07:23:17'),(2796,303,1,0,273,'2022-02-10 07:23:17'),(2797,303,1,0,273,'2022-02-10 08:15:59'),(2798,63,3,0,273,'2022-02-10 08:37:53'),(2799,303,1,0,273,'2022-02-10 11:39:15'),(2800,303,1,0,273,'2022-02-10 11:39:18'),(2801,274,1,0,273,'2022-02-10 11:39:53'),(2802,303,1,0,273,'2022-02-10 16:55:24'),(2803,303,1,0,273,'2022-02-11 05:06:06'),(2804,303,1,0,273,'2022-02-11 11:17:12'),(2805,303,1,0,273,'2022-02-11 19:40:08'),(2806,303,1,0,273,'2022-02-11 19:40:51'),(2807,303,1,0,273,'2022-02-11 19:41:10'),(2808,303,1,0,273,'2022-02-12 04:53:42'),(2809,303,1,0,273,'2022-02-12 09:45:59'),(2810,303,1,0,302,'2022-02-12 11:01:44'),(2811,303,1,0,273,'2022-02-12 19:23:58'),(2812,274,1,0,273,'2022-02-12 19:24:05'),(2813,63,3,0,273,'2022-02-12 20:00:43'),(2814,303,1,0,273,'2022-02-12 20:22:48'),(2815,303,1,0,273,'2022-02-12 22:27:17'),(2816,303,1,0,273,'2022-02-12 22:27:26'),(2817,303,1,0,273,'2022-02-13 06:04:12'),(2818,303,1,0,273,'2022-02-13 10:20:46'),(2819,283,1,0,348,'2022-02-13 14:17:15'),(2820,283,1,0,348,'2022-02-13 14:17:32'),(2821,303,1,0,273,'2022-02-13 16:16:01'),(2822,303,1,0,273,'2022-02-13 16:16:05'),(2823,303,1,0,273,'2022-02-13 17:53:19'),(2824,303,1,0,273,'2022-02-13 21:59:50'),(2825,274,1,0,273,'2022-02-14 04:45:01'),(2826,274,1,0,273,'2022-02-14 05:27:47'),(2827,303,1,0,273,'2022-02-14 06:06:17'),(2828,303,1,0,273,'2022-02-14 09:47:14'),(2829,303,1,0,273,'2022-02-14 14:12:31'),(2830,303,1,0,273,'2022-02-14 17:31:47'),(2831,303,1,0,273,'2022-02-15 05:04:04'),(2832,303,1,0,273,'2022-02-15 06:45:30'),(2833,283,1,0,348,'2022-02-15 06:54:33'),(2834,303,1,0,273,'2022-02-15 14:25:25'),(2835,283,1,0,348,'2022-02-15 14:30:03'),(2836,303,1,0,273,'2022-02-15 14:45:58'),(2837,303,1,0,273,'2022-02-15 17:22:56'),(2838,303,1,0,273,'2022-02-16 13:33:28'),(2839,303,1,0,273,'2022-02-17 11:38:05'),(2840,274,1,0,273,'2022-02-17 11:38:52'),(2841,303,1,0,273,'2022-02-17 11:39:00'),(2842,303,1,0,273,'2022-02-17 11:43:09'),(2843,303,1,0,273,'2022-02-17 11:51:13'),(2844,303,1,0,273,'2022-02-17 12:40:30'),(2845,303,1,0,273,'2022-02-17 12:40:35'),(2846,303,1,0,273,'2022-02-17 12:40:41'),(2847,303,1,0,273,'2022-02-17 12:40:59'),(2848,283,1,0,348,'2022-02-17 15:57:52'),(2849,303,1,0,273,'2022-02-18 09:20:35'),(2850,303,1,0,273,'2022-02-18 12:53:11'),(2851,303,1,0,273,'2022-02-18 13:22:50'),(2852,303,1,0,273,'2022-02-18 14:56:22'),(2853,274,1,0,273,'2022-02-18 14:56:30'),(2854,303,1,0,273,'2022-02-18 19:20:07'),(2855,303,1,0,273,'2022-02-18 19:20:11'),(2856,303,1,0,273,'2022-02-19 04:25:36'),(2857,303,1,0,273,'2022-02-19 04:46:36'),(2858,303,1,0,273,'2022-02-19 08:06:46'),(2859,303,1,0,273,'2022-02-19 13:30:50'),(2860,287,1,0,349,'2022-02-19 18:00:45'),(2861,303,1,0,273,'2022-02-20 10:19:01'),(2862,303,1,0,273,'2022-02-20 12:22:39'),(2863,303,1,0,273,'2022-02-20 12:23:35'),(2864,283,1,0,348,'2022-02-20 13:36:09'),(2865,63,3,0,273,'2022-02-20 23:48:40'),(2866,303,1,0,273,'2022-02-21 03:47:57'),(2867,303,1,0,273,'2022-02-21 14:06:59'),(2868,287,1,0,349,'2022-02-21 22:07:22'),(2869,283,1,0,348,'2022-02-22 09:51:49'),(2870,283,1,0,348,'2022-02-22 09:51:50'),(2871,283,1,0,348,'2022-02-22 09:52:12'),(2872,283,1,0,348,'2022-02-22 09:52:13'),(2873,283,1,0,348,'2022-02-22 09:52:24'),(2874,283,1,0,348,'2022-02-22 09:52:24'),(2875,283,1,0,348,'2022-02-22 09:52:25'),(2876,283,1,0,348,'2022-02-22 09:52:26'),(2877,283,1,0,348,'2022-02-22 09:52:26'),(2878,283,1,0,348,'2022-02-22 09:52:27'),(2879,283,1,0,348,'2022-02-22 09:52:28'),(2880,274,1,0,273,'2022-02-22 11:01:00'),(2881,274,1,0,273,'2022-02-22 11:23:46'),(2882,303,1,0,273,'2022-02-22 13:31:12'),(2883,303,1,0,273,'2022-02-22 16:09:08'),(2884,283,1,0,348,'2022-02-22 17:18:48'),(2885,303,1,0,273,'2022-02-23 15:00:16'),(2886,303,1,0,273,'2022-02-23 17:20:38'),(2887,283,1,0,348,'2022-02-23 17:22:35'),(2888,63,3,0,302,'2022-02-23 20:51:31'),(2889,303,1,0,273,'2022-02-24 10:08:49'),(2890,303,1,0,273,'2022-02-24 14:47:25'),(2891,303,1,0,302,'2022-02-25 03:42:19'),(2892,274,1,0,302,'2022-02-25 07:09:57'),(2893,303,1,0,273,'2022-02-25 16:19:56'),(2894,303,1,0,273,'2022-02-25 19:20:06'),(2895,303,1,0,273,'2022-02-26 11:00:05'),(2896,303,1,0,273,'2022-02-26 12:19:01'),(2897,303,1,0,302,'2022-02-27 07:33:38'),(2898,303,1,0,273,'2022-02-27 08:38:43'),(2899,303,1,0,273,'2022-02-27 09:08:10'),(2900,274,1,0,302,'2022-02-27 11:04:04'),(2901,274,1,0,273,'2022-02-27 14:06:04'),(2902,303,1,0,273,'2022-02-27 15:50:32'),(2903,303,1,0,273,'2022-02-27 18:12:11'),(2904,303,1,0,273,'2022-02-28 03:24:53'),(2905,303,1,0,273,'2022-02-28 05:45:22'),(2906,303,1,0,273,'2022-02-28 05:48:51'),(2907,303,1,0,273,'2022-02-28 10:30:33'),(2908,274,1,0,273,'2022-02-28 10:30:43'),(2909,303,1,0,273,'2022-02-28 10:30:50'),(2910,303,1,0,273,'2022-02-28 20:09:23'),(2911,274,1,0,273,'2022-03-01 07:55:14'),(2912,303,1,0,273,'2022-03-01 07:55:21'),(2913,303,1,0,273,'2022-03-01 09:22:28'),(2914,303,1,0,273,'2022-03-01 11:22:24'),(2915,303,1,0,273,'2022-03-01 11:22:31'),(2916,303,1,0,302,'2022-03-01 11:22:56'),(2917,274,1,0,302,'2022-03-01 14:55:08'),(2918,303,1,0,273,'2022-03-01 15:14:06'),(2919,274,1,0,273,'2022-03-01 15:14:09'),(2920,274,1,0,273,'2022-03-01 15:14:15'),(2921,303,1,0,273,'2022-03-01 16:12:03'),(2922,303,1,0,273,'2022-03-01 16:12:08'),(2923,63,3,0,302,'2022-03-02 05:32:44'),(2924,287,1,0,349,'2022-03-02 05:54:03'),(2925,303,1,0,273,'2022-03-02 06:40:30'),(2926,303,1,0,273,'2022-03-02 09:18:41'),(2927,303,1,0,273,'2022-03-02 12:31:33'),(2928,303,1,0,273,'2022-03-02 12:31:39'),(2929,303,1,0,273,'2022-03-03 12:42:08'),(2930,303,1,0,273,'2022-03-03 19:00:16'),(2931,274,1,0,273,'2022-03-03 19:00:25'),(2932,303,1,0,273,'2022-03-03 19:00:28'),(2933,283,1,0,348,'2022-03-04 00:29:07'),(2934,303,1,0,273,'2022-03-04 03:05:23'),(2935,303,1,0,273,'2022-03-04 03:20:27'),(2936,274,1,0,273,'2022-03-04 04:43:19'),(2937,303,1,0,273,'2022-03-04 04:49:12'),(2938,303,1,0,273,'2022-03-04 07:03:21'),(2939,303,1,0,273,'2022-03-04 09:24:28'),(2940,63,3,0,273,'2022-03-04 13:16:23'),(2941,303,1,0,273,'2022-03-04 17:41:48'),(2942,303,1,0,273,'2022-03-04 17:44:51'),(2943,303,1,0,273,'2022-03-04 17:45:52'),(2944,303,1,0,273,'2022-03-05 07:26:35'),(2945,274,1,0,273,'2022-03-05 07:26:40'),(2946,63,3,0,273,'2022-03-05 09:40:23'),(2947,303,1,0,273,'2022-03-06 09:27:26'),(2948,303,1,0,273,'2022-03-06 11:55:36'),(2949,303,1,0,273,'2022-03-07 13:36:32'),(2950,303,1,0,273,'2022-03-07 13:36:38'),(2951,274,1,0,273,'2022-03-07 13:39:34'),(2952,274,1,0,273,'2022-03-07 13:39:40'),(2953,274,1,0,273,'2022-03-07 13:39:45'),(2954,303,1,0,273,'2022-03-07 17:04:15'),(2955,303,1,0,273,'2022-03-07 17:13:04'),(2956,303,1,0,273,'2022-03-07 18:22:59'),(2957,274,1,0,302,'2022-03-07 21:40:31'),(2958,283,1,0,348,'2022-03-08 13:30:17'),(2959,303,1,0,273,'2022-03-08 15:29:19'),(2960,63,3,0,273,'2022-03-09 15:04:55'),(2961,283,1,0,348,'2022-03-09 15:08:59'),(2962,303,1,0,273,'2022-03-09 17:49:11'),(2963,283,1,0,348,'2022-03-09 18:26:12'),(2964,303,1,0,273,'2022-03-10 04:24:05'),(2965,283,1,0,348,'2022-03-10 06:31:58'),(2966,63,3,0,302,'2022-03-10 10:02:14'),(2967,303,1,0,302,'2022-03-10 10:04:52'),(2968,303,1,0,273,'2022-03-10 10:58:46'),(2969,303,1,0,273,'2022-03-10 17:44:11'),(2970,303,1,0,273,'2022-03-11 17:10:34'),(2971,63,3,0,273,'2022-03-12 13:00:55'),(2972,274,1,0,273,'2022-03-12 13:58:20'),(2973,303,1,0,273,'2022-03-12 14:52:21'),(2974,283,1,0,348,'2022-03-12 16:19:49'),(2975,303,1,0,273,'2022-03-12 17:07:55'),(2976,303,1,0,273,'2022-03-13 15:05:07'),(2977,303,1,0,273,'2022-03-13 15:09:18'),(2978,303,1,0,273,'2022-03-14 04:21:53'),(2979,283,1,0,348,'2022-03-14 11:27:13'),(2980,303,1,0,273,'2022-03-14 15:47:11'),(2981,303,1,0,273,'2022-03-14 21:45:15'),(2982,274,1,0,273,'2022-03-15 12:40:52'),(2983,303,1,0,273,'2022-03-15 12:41:11'),(2984,274,1,0,273,'2022-03-15 12:41:19'),(2985,274,1,0,273,'2022-03-15 12:41:26'),(2986,303,1,0,273,'2022-03-15 13:37:43'),(2987,274,1,0,273,'2022-03-15 13:37:44'),(2988,303,1,0,273,'2022-03-15 14:33:24'),(2989,303,1,0,273,'2022-03-16 03:55:07'),(2990,303,1,0,273,'2022-03-16 08:17:08'),(2991,303,1,0,273,'2022-03-16 16:15:54'),(2992,303,1,0,273,'2022-03-17 11:16:05'),(2993,303,1,0,273,'2022-03-17 15:05:39'),(2994,303,1,0,273,'2022-03-17 19:05:10'),(2995,303,1,0,273,'2022-03-18 09:29:37'),(2996,303,1,0,273,'2022-03-18 11:42:38'),(2997,303,1,0,273,'2022-03-18 11:42:41'),(2998,303,1,0,273,'2022-03-18 11:59:50'),(2999,303,1,0,273,'2022-03-18 16:16:13'),(3000,303,1,0,273,'2022-03-18 16:57:30'),(3001,287,1,0,349,'2022-03-19 03:10:20'),(3002,303,1,0,273,'2022-03-19 07:43:32'),(3003,303,1,0,273,'2022-03-19 07:46:24'),(3004,303,1,0,273,'2022-03-19 08:22:55'),(3005,303,1,0,273,'2022-03-19 08:43:34'),(3006,274,1,0,273,'2022-03-19 08:43:39'),(3007,274,1,0,273,'2022-03-19 08:43:54'),(3008,274,1,0,273,'2022-03-19 08:43:56'),(3009,303,1,0,273,'2022-03-19 12:04:02'),(3010,63,3,0,302,'2022-03-19 17:01:23'),(3011,274,1,0,302,'2022-03-19 17:43:01'),(3012,303,1,0,273,'2022-03-19 18:22:28'),(3013,303,1,0,302,'2022-03-19 18:27:35'),(3014,303,1,0,273,'2022-03-20 13:03:58'),(3015,303,1,0,273,'2022-03-20 17:25:16'),(3016,303,1,0,273,'2022-03-20 18:27:31'),(3017,303,1,0,273,'2022-03-20 18:28:02'),(3018,303,1,0,273,'2022-03-21 04:39:37'),(3019,63,3,0,273,'2022-03-21 06:41:54'),(3020,63,3,0,273,'2022-03-21 11:24:47'),(3021,303,1,0,273,'2022-03-21 16:40:39'),(3022,303,1,0,273,'2022-03-21 16:40:48'),(3023,274,1,0,273,'2022-03-21 16:42:29'),(3024,303,1,0,273,'2022-03-21 16:48:26'),(3025,303,1,0,273,'2022-03-21 16:48:31'),(3026,303,1,0,273,'2022-03-21 16:55:06'),(3027,283,1,0,348,'2022-03-22 01:54:11'),(3028,303,1,0,273,'2022-03-22 05:36:45'),(3029,303,1,0,273,'2022-03-22 10:06:04'),(3030,303,1,0,273,'2022-03-22 17:03:58'),(3031,303,1,0,273,'2022-03-23 03:23:08'),(3032,303,1,0,273,'2022-03-23 09:20:25'),(3033,303,1,0,273,'2022-03-23 15:17:13'),(3034,303,1,0,273,'2022-03-23 15:17:16'),(3035,303,1,0,273,'2022-03-23 17:20:45'),(3036,303,1,0,273,'2022-03-23 17:21:52'),(3037,303,1,0,273,'2022-03-23 17:24:31'),(3038,303,1,0,273,'2022-03-23 17:31:49'),(3039,303,1,0,273,'2022-03-23 17:32:02'),(3040,303,1,0,273,'2022-03-23 17:32:03'),(3041,303,1,0,273,'2022-03-23 17:32:03'),(3042,274,1,0,273,'2022-03-23 17:35:46'),(3043,303,1,0,273,'2022-03-23 17:36:19'),(3044,303,1,0,273,'2022-03-23 17:36:21'),(3045,303,1,0,273,'2022-03-23 17:36:21'),(3046,63,3,0,273,'2022-03-23 18:06:48'),(3047,63,3,0,273,'2022-03-23 18:07:51'),(3048,63,3,0,273,'2022-03-23 18:16:16'),(3049,303,1,0,273,'2022-03-24 04:04:48'),(3050,274,1,0,273,'2022-03-24 04:04:50'),(3051,303,1,0,273,'2022-03-24 06:49:06'),(3052,303,1,0,273,'2022-03-24 06:50:37'),(3053,303,1,0,273,'2022-03-24 10:22:55'),(3054,303,1,0,273,'2022-03-24 13:16:25'),(3055,274,1,0,273,'2022-03-24 13:17:57'),(3056,303,1,0,273,'2022-03-25 03:10:23'),(3057,303,1,0,273,'2022-03-25 09:43:54'),(3058,274,1,0,273,'2022-03-25 10:44:43'),(3059,303,1,0,273,'2022-03-25 10:44:48'),(3060,274,1,0,273,'2022-03-25 10:45:28'),(3061,303,1,0,273,'2022-03-25 19:56:10'),(3062,283,1,0,348,'2022-03-26 11:49:16'),(3063,283,1,0,348,'2022-03-26 11:50:39'),(3064,303,1,0,273,'2022-03-26 16:13:26'),(3065,283,1,0,348,'2022-03-26 23:50:55'),(3066,303,1,0,273,'2022-03-27 11:14:23'),(3067,283,1,0,348,'2022-03-28 01:26:18'),(3068,303,1,0,273,'2022-03-28 06:27:00'),(3069,303,1,0,273,'2022-03-28 08:48:35'),(3070,303,1,0,273,'2022-03-28 08:48:42'),(3071,283,1,0,348,'2022-03-29 08:07:52'),(3072,283,1,0,348,'2022-03-29 08:07:54'),(3073,283,1,0,348,'2022-03-29 09:02:57'),(3074,283,1,0,348,'2022-03-29 09:03:41'),(3075,303,1,0,302,'2022-03-29 09:56:48'),(3076,303,1,0,273,'2022-03-29 13:17:55'),(3077,274,1,0,302,'2022-03-29 13:59:24'),(3078,303,1,0,273,'2022-03-30 02:37:37'),(3079,63,3,0,273,'2022-03-30 06:17:41'),(3080,63,3,0,302,'2022-03-30 06:39:34'),(3081,303,1,0,273,'2022-03-30 08:46:52'),(3082,303,1,0,273,'2022-03-30 15:09:26'),(3083,303,1,0,273,'2022-03-30 15:14:51'),(3084,303,1,0,273,'2022-03-30 18:00:21'),(3085,303,1,0,273,'2022-03-30 19:10:30'),(3086,303,1,0,302,'2022-03-31 13:22:00'),(3087,274,1,0,302,'2022-03-31 17:27:31'),(3088,303,1,0,273,'2022-03-31 18:34:52'),(3089,303,1,0,273,'2022-04-01 04:02:04'),(3090,303,1,0,273,'2022-04-01 04:39:30'),(3091,274,1,0,273,'2022-04-01 04:39:35'),(3092,303,1,0,273,'2022-04-01 04:39:41'),(3093,283,1,0,348,'2022-04-03 02:04:18'),(3094,283,1,0,348,'2022-04-03 07:14:02'),(3095,63,3,0,273,'2022-04-03 07:15:26'),(3096,303,1,0,273,'2022-04-03 07:15:43'),(3097,63,3,0,273,'2022-04-04 06:47:09'),(3098,303,1,0,273,'2022-04-05 11:07:54'),(3099,303,1,0,273,'2022-04-06 12:36:39'),(3100,303,1,0,273,'2022-04-06 12:36:44'),(3101,303,1,0,273,'2022-04-06 17:46:57'),(3102,303,1,0,273,'2022-04-09 15:38:03'),(3103,303,1,0,273,'2022-04-09 15:38:07'),(3104,274,1,0,273,'2022-04-09 16:27:47'),(3105,303,1,0,273,'2022-04-09 17:25:41'),(3106,303,1,0,273,'2022-04-10 14:07:31'),(3107,303,1,0,273,'2022-04-10 14:07:35'),(3108,303,1,0,273,'2022-04-10 15:57:28'),(3109,303,1,0,273,'2022-04-10 15:57:32'),(3110,303,1,0,273,'2022-04-10 15:59:52'),(3111,303,1,0,273,'2022-04-10 16:16:00'),(3112,274,1,0,273,'2022-04-11 03:20:59'),(3113,303,1,0,273,'2022-04-11 04:43:27'),(3114,303,1,0,273,'2022-04-11 18:14:28'),(3115,303,1,0,273,'2022-04-12 14:32:27'),(3116,303,1,0,273,'2022-04-12 14:54:22'),(3117,303,1,0,273,'2022-04-12 14:54:33'),(3118,303,1,0,273,'2022-04-12 17:06:58'),(3119,303,1,0,273,'2022-04-12 17:07:48'),(3120,303,1,0,273,'2022-04-12 17:12:33'),(3121,303,1,0,273,'2022-04-12 17:16:07'),(3122,274,1,0,273,'2022-04-15 09:05:33'),(3123,274,1,0,273,'2022-04-15 13:00:47'),(3124,274,1,0,273,'2022-04-15 13:01:55'),(3125,303,1,0,273,'2022-04-15 15:10:18'),(3126,303,1,0,273,'2022-04-15 16:32:14'),(3127,63,3,0,273,'2022-04-15 16:40:16'),(3128,283,1,0,348,'2022-04-16 03:48:46'),(3129,303,1,0,273,'2022-04-16 06:47:11'),(3130,274,1,0,273,'2022-04-16 16:47:04'),(3131,303,1,0,273,'2022-04-16 17:34:29'),(3132,303,1,0,273,'2022-04-17 07:58:06'),(3133,303,1,0,273,'2022-04-17 10:28:48'),(3134,303,1,0,273,'2022-04-17 10:29:12'),(3135,303,1,0,273,'2022-04-17 16:35:07'),(3136,303,1,0,273,'2022-04-18 06:08:38'),(3137,303,1,0,273,'2022-04-18 06:09:17'),(3138,303,1,0,273,'2022-04-18 12:48:32'),(3139,303,1,0,273,'2022-04-18 12:48:37'),(3140,303,1,0,273,'2022-04-19 09:26:04'),(3141,283,1,0,348,'2022-04-19 14:30:33'),(3142,283,1,0,348,'2022-04-19 14:40:51'),(3143,303,1,0,273,'2022-04-19 15:08:36'),(3144,63,3,0,273,'2022-04-20 14:53:09'),(3145,303,1,0,273,'2022-04-20 16:36:17'),(3146,303,1,0,273,'2022-04-20 16:39:29'),(3147,303,1,0,273,'2022-04-20 16:39:32'),(3148,303,1,0,273,'2022-04-21 16:15:02'),(3149,303,1,0,273,'2022-04-21 16:15:33'),(3150,303,1,0,273,'2022-04-21 16:15:46'),(3151,274,1,0,273,'2022-04-21 17:44:10'),(3152,274,1,0,273,'2022-04-22 04:05:22'),(3153,274,1,0,273,'2022-04-22 04:05:22'),(3154,303,1,0,273,'2022-04-22 04:05:27'),(3155,303,1,0,273,'2022-04-22 04:05:28'),(3156,303,1,0,273,'2022-04-23 06:57:04'),(3157,63,3,0,273,'2022-04-23 18:03:45'),(3158,303,1,0,273,'2022-04-24 12:26:10'),(3159,283,1,0,348,'2022-04-24 15:01:46'),(3160,303,1,0,273,'2022-04-24 15:02:37'),(3161,283,1,0,348,'2022-04-24 15:05:30'),(3162,63,3,0,302,'2022-04-24 15:11:09'),(3163,303,1,0,302,'2022-04-24 15:13:52'),(3164,274,1,0,302,'2022-04-24 15:14:54'),(3165,63,3,0,302,'2022-04-24 15:15:27'),(3166,303,1,0,273,'2022-04-24 15:15:40'),(3167,274,1,0,302,'2022-04-24 15:17:54'),(3168,303,1,0,302,'2022-04-24 15:18:30'),(3169,283,1,0,348,'2022-04-24 23:29:01'),(3170,303,1,0,273,'2022-04-26 15:44:30'),(3171,303,1,0,273,'2022-04-27 15:15:45'),(3172,303,1,0,273,'2022-04-27 15:15:53'),(3173,303,1,0,273,'2022-04-27 18:02:41'),(3174,303,1,0,273,'2022-04-27 18:02:48'),(3175,303,1,0,273,'2022-04-28 13:38:52'),(3176,303,1,0,273,'2022-04-28 17:05:27'),(3177,283,1,0,348,'2022-04-30 08:24:00'),(3178,63,3,0,273,'2022-04-30 16:51:48'),(3179,63,3,0,273,'2022-05-01 00:08:52'),(3180,303,1,0,273,'2022-05-01 06:03:26'),(3181,303,1,0,273,'2022-05-01 06:03:33'),(3182,283,1,0,348,'2022-05-03 10:12:26'),(3183,303,1,0,273,'2022-05-03 11:13:51'),(3184,63,3,0,273,'2022-05-03 13:08:35'),(3185,63,3,0,273,'2022-05-03 14:58:13'),(3186,303,1,0,273,'2022-05-03 16:53:51'),(3187,303,1,0,273,'2022-05-03 16:54:02'),(3188,303,1,0,273,'2022-05-03 17:30:09'),(3189,274,1,0,273,'2022-05-05 16:36:47'),(3190,274,1,0,273,'2022-05-05 16:36:53'),(3191,274,1,0,273,'2022-05-05 16:36:57'),(3192,274,1,0,273,'2022-05-05 16:37:00'),(3193,274,1,0,273,'2022-05-05 16:37:03'),(3194,274,1,0,273,'2022-05-05 16:37:16'),(3195,274,1,0,273,'2022-05-05 16:37:30'),(3196,303,1,0,273,'2022-05-05 18:29:12'),(3197,63,3,0,273,'2022-05-05 18:33:33'),(3198,283,1,0,348,'2022-05-06 02:14:51'),(3199,274,1,0,273,'2022-05-06 11:37:21'),(3200,274,1,0,273,'2022-05-06 11:37:27'),(3201,303,1,0,273,'2022-05-06 11:37:37'),(3202,303,1,0,273,'2022-05-06 11:37:47'),(3203,303,1,0,273,'2022-05-06 11:39:07'),(3204,303,1,0,273,'2022-05-06 11:40:42'),(3205,303,1,0,273,'2022-05-07 04:06:47'),(3206,303,1,0,273,'2022-05-09 10:04:34'),(3207,303,1,0,273,'2022-05-09 10:04:38'),(3208,303,1,0,273,'2022-05-09 10:06:03'),(3209,303,1,0,273,'2022-05-09 10:12:48'),(3210,274,1,0,302,'2022-05-10 02:17:51'),(3211,283,1,0,348,'2022-05-10 07:36:02'),(3212,303,1,0,273,'2022-05-10 09:29:44'),(3213,303,1,0,273,'2022-05-11 16:57:33'),(3214,303,1,0,273,'2022-05-11 18:48:37'),(3215,274,1,0,273,'2022-05-11 18:48:54'),(3216,303,1,0,273,'2022-05-11 18:49:14'),(3217,274,1,0,273,'2022-05-11 18:50:09'),(3218,274,1,0,273,'2022-05-11 18:50:18'),(3219,274,1,0,273,'2022-05-11 18:50:21'),(3220,274,1,0,273,'2022-05-11 18:50:28'),(3221,274,1,0,273,'2022-05-11 18:50:32'),(3222,283,1,0,348,'2022-05-11 22:11:12'),(3223,63,3,0,273,'2022-05-12 05:07:16'),(3224,283,1,0,348,'2022-05-13 12:16:11'),(3225,283,1,0,348,'2022-05-13 15:16:02'),(3226,283,1,0,348,'2022-05-13 15:16:08'),(3227,303,1,0,273,'2022-05-13 15:58:48'),(3228,303,1,0,273,'2022-05-13 15:58:52'),(3229,63,3,0,273,'2022-05-13 18:01:00'),(3230,274,1,0,273,'2022-05-14 05:12:27'),(3231,274,1,0,273,'2022-05-14 05:12:29'),(3232,63,3,0,273,'2022-05-16 12:15:36'),(3233,303,1,0,273,'2022-05-17 15:57:39'),(3234,63,3,0,273,'2022-05-18 02:24:24'),(3235,274,1,0,273,'2022-05-18 16:09:05'),(3236,303,1,0,273,'2022-05-18 16:25:59'),(3237,303,1,0,273,'2022-05-19 09:38:15'),(3238,303,1,0,273,'2022-05-19 10:31:24'),(3239,274,1,0,273,'2022-05-19 10:31:38'),(3240,274,1,0,273,'2022-05-19 10:31:43'),(3241,303,1,0,273,'2022-05-19 10:32:29'),(3242,283,1,0,348,'2022-05-19 19:15:08'),(3243,283,1,0,348,'2022-05-20 00:24:25'),(3244,303,1,0,273,'2022-05-20 13:49:43'),(3245,274,1,0,273,'2022-05-20 13:50:52'),(3246,303,1,0,273,'2022-05-21 09:08:48'),(3247,303,1,0,273,'2022-05-21 09:09:13'),(3248,303,1,0,273,'2022-05-21 11:09:18'),(3249,303,1,0,273,'2022-05-21 12:55:58'),(3250,63,3,0,273,'2022-05-21 21:32:26'),(3251,303,1,0,273,'2022-05-22 07:32:37'),(3252,303,1,0,273,'2022-05-23 08:12:55'),(3253,303,1,0,273,'2022-05-23 10:20:37'),(3254,274,1,0,273,'2022-05-23 10:20:44'),(3255,303,1,0,302,'2022-05-23 16:28:01'),(3256,63,3,0,273,'2022-05-24 15:32:59'),(3257,274,1,0,273,'2022-05-25 17:24:00'),(3258,303,1,0,273,'2022-05-25 17:54:00'),(3259,283,1,0,348,'2022-05-26 00:25:45'),(3260,63,3,0,273,'2022-05-26 07:40:45'),(3261,303,1,0,273,'2022-05-26 10:09:29'),(3262,274,1,0,273,'2022-05-26 10:09:39'),(3263,303,1,0,273,'2022-05-26 14:37:09'),(3264,303,1,0,273,'2022-05-26 14:37:16'),(3265,303,1,0,273,'2022-05-27 11:31:53'),(3266,303,1,0,273,'2022-05-28 14:15:58'),(3267,303,1,0,273,'2022-05-28 19:03:47'),(3268,303,1,0,273,'2022-05-28 19:08:36'),(3269,303,1,0,273,'2022-05-28 19:08:49'),(3270,303,1,0,273,'2022-05-28 19:13:28'),(3271,303,1,0,273,'2022-05-28 19:13:31'),(3272,63,3,0,273,'2022-05-29 02:19:52'),(3273,303,1,0,273,'2022-05-29 03:27:57'),(3274,303,1,0,273,'2022-05-29 12:55:32'),(3275,303,1,0,273,'2022-05-29 12:56:31'),(3276,303,1,0,273,'2022-05-29 17:18:19'),(3277,303,1,0,273,'2022-05-31 11:47:24'),(3278,274,1,0,273,'2022-05-31 11:47:29'),(3279,274,1,0,273,'2022-05-31 11:53:10'),(3280,274,1,0,273,'2022-05-31 11:53:20'),(3281,287,1,0,349,'2022-05-31 21:49:36'),(3282,283,1,0,348,'2022-06-01 14:07:07'),(3283,303,1,0,273,'2022-06-02 11:58:13'),(3284,274,1,0,273,'2022-06-03 18:08:20'),(3285,63,3,0,273,'2022-06-03 21:30:36'),(3286,63,3,0,273,'2022-06-05 03:38:33'),(3287,303,1,0,273,'2022-06-05 07:52:22'),(3288,303,1,0,273,'2022-06-07 09:26:49'),(3289,283,1,0,348,'2022-06-07 09:28:42'),(3290,274,1,0,273,'2022-06-07 22:55:23'),(3291,303,1,0,273,'2022-06-08 06:58:25'),(3292,63,3,0,273,'2022-06-08 08:33:09'),(3293,63,3,0,273,'2022-06-08 15:15:50'),(3294,303,1,0,273,'2022-06-08 15:49:48'),(3295,303,1,0,273,'2022-06-08 15:50:25'),(3296,274,1,0,273,'2022-06-08 15:50:53'),(3297,303,1,0,273,'2022-06-09 15:40:59'),(3298,274,1,0,273,'2022-06-09 18:38:20'),(3299,283,1,0,348,'2022-06-10 04:53:56'),(3300,63,3,0,302,'2022-06-10 05:39:09'),(3301,287,1,0,349,'2022-06-10 14:42:47'),(3302,63,3,0,273,'2022-06-10 15:36:44'),(3303,303,1,0,273,'2022-06-10 15:58:01'),(3304,274,1,0,273,'2022-06-10 20:47:29'),(3305,303,1,0,273,'2022-06-10 20:47:35'),(3306,303,1,0,273,'2022-06-11 16:55:35'),(3307,63,3,0,273,'2022-06-12 06:59:08'),(3308,274,1,0,273,'2022-06-13 07:48:06'),(3309,274,1,0,273,'2022-06-13 07:48:06'),(3310,303,1,0,273,'2022-06-13 07:48:47'),(3311,303,1,0,273,'2022-06-13 07:48:54'),(3312,303,1,0,273,'2022-06-13 07:48:55'),(3313,63,3,0,273,'2022-06-13 13:55:16'),(3314,303,1,0,273,'2022-06-14 15:49:18'),(3315,303,1,0,273,'2022-06-14 18:13:01'),(3316,63,3,0,273,'2022-06-15 00:01:09'),(3317,274,1,0,273,'2022-06-15 03:15:35'),(3318,303,1,0,273,'2022-06-15 10:06:37'),(3319,274,1,0,302,'2022-06-16 05:27:35'),(3320,303,1,0,273,'2022-06-17 15:43:04'),(3321,283,1,0,348,'2022-06-20 21:45:33'),(3322,274,1,0,273,'2022-06-23 09:54:40'),(3323,274,1,0,273,'2022-06-23 09:54:41'),(3324,303,1,0,273,'2022-06-23 09:55:04'),(3325,274,1,0,273,'2022-06-23 09:55:13'),(3326,303,1,0,273,'2022-06-23 14:08:55'),(3327,303,1,0,273,'2022-06-26 00:00:27'),(3328,274,1,0,273,'2022-06-26 00:00:37'),(3329,303,1,0,273,'2022-06-27 07:14:40'),(3330,303,1,0,273,'2022-06-27 07:14:44'),(3331,287,1,0,349,'2022-06-27 13:34:57'),(3332,63,3,0,302,'2022-06-28 18:39:04'),(3333,303,1,0,302,'2022-06-28 19:35:55'),(3334,287,1,0,349,'2022-06-28 20:39:56'),(3335,303,1,0,273,'2022-06-29 08:23:09'),(3336,303,1,0,273,'2022-06-29 08:23:22'),(3337,283,1,0,348,'2022-06-29 15:11:41'),(3338,283,1,0,348,'2022-06-29 15:11:49'),(3339,283,1,0,348,'2022-06-30 14:57:29'),(3340,303,1,0,273,'2022-07-04 16:02:08'),(3341,274,1,0,273,'2022-07-04 16:02:29'),(3342,274,1,0,273,'2022-07-06 17:08:01'),(3343,303,1,0,273,'2022-07-06 17:08:16'),(3344,283,1,0,348,'2022-07-09 05:17:04'),(3345,303,1,0,273,'2022-07-09 07:10:31'),(3346,287,1,0,349,'2022-07-11 00:55:55'),(3347,283,1,0,348,'2022-07-12 06:12:51'),(3348,303,1,0,273,'2022-07-14 18:28:02'),(3349,303,1,0,273,'2022-07-14 18:28:06'),(3350,303,1,0,273,'2022-07-14 18:28:17'),(3351,274,1,0,273,'2022-07-14 18:28:33'),(3352,283,1,0,348,'2022-07-16 16:36:08'),(3353,283,1,0,348,'2022-07-18 06:30:12'),(3354,303,1,0,273,'2022-07-18 11:27:40'),(3355,274,1,0,273,'2022-07-19 18:13:26'),(3356,274,1,0,273,'2022-07-19 18:31:51'),(3357,303,1,0,273,'2022-07-19 18:32:19'),(3358,274,1,0,273,'2022-07-19 18:32:23'),(3359,274,1,0,273,'2022-07-20 04:12:20'),(3360,283,1,0,348,'2022-07-22 01:39:18'),(3361,303,1,0,273,'2022-07-22 19:40:33'),(3362,303,1,0,273,'2022-07-23 06:02:23'),(3363,303,1,0,273,'2022-07-23 08:33:47'),(3364,303,1,0,273,'2022-07-24 09:14:40'),(3365,303,1,0,273,'2022-07-24 18:07:21'),(3366,303,1,0,273,'2022-07-24 18:07:33'),(3367,303,1,0,273,'2022-07-25 07:49:20'),(3368,303,1,0,273,'2022-07-26 08:25:48'),(3369,287,1,0,349,'2022-07-27 01:23:31'),(3370,287,1,0,349,'2022-07-27 01:51:27'),(3371,283,1,0,348,'2022-07-28 09:05:59'),(3372,274,1,0,273,'2022-07-29 07:23:47'),(3373,303,1,0,273,'2022-07-29 07:23:51'),(3374,63,3,0,273,'2022-08-01 09:29:51'),(3375,303,1,0,273,'2022-08-01 14:37:01'),(3376,63,3,0,273,'2022-08-02 21:07:34'),(3377,63,3,0,273,'2022-08-02 21:18:16'),(3378,303,1,0,273,'2022-08-03 10:37:52'),(3379,303,1,0,273,'2022-08-04 11:37:06'),(3380,274,1,0,273,'2022-08-05 20:16:04'),(3381,303,1,0,273,'2022-08-08 06:29:08'),(3382,303,1,0,273,'2022-08-08 06:29:17'),(3383,303,1,0,273,'2022-08-08 06:30:12'),(3384,274,1,0,273,'2022-08-08 06:30:16'),(3385,274,1,0,273,'2022-08-08 06:30:18'),(3386,63,3,0,273,'2022-08-10 06:42:48'),(3387,303,1,0,273,'2022-08-10 09:07:37'),(3388,303,1,0,273,'2022-08-10 12:09:39'),(3389,274,1,0,273,'2022-08-10 12:10:14'),(3390,303,1,0,273,'2022-08-11 10:36:19'),(3391,303,1,0,273,'2022-08-12 08:18:47'),(3392,303,1,0,273,'2022-08-12 08:19:00'),(3393,283,1,0,348,'2022-08-12 18:30:08'),(3394,303,1,0,273,'2022-08-14 18:59:53'),(3395,303,1,0,273,'2022-08-15 16:20:09'),(3396,303,1,0,273,'2022-08-15 16:20:21'),(3397,274,1,0,273,'2022-08-16 05:03:56'),(3398,274,1,0,273,'2022-08-16 13:57:18'),(3399,63,3,0,273,'2022-08-17 07:08:50'),(3400,283,1,0,348,'2022-08-17 07:09:03'),(3401,63,3,0,273,'2022-08-17 07:10:34'),(3402,63,3,0,273,'2022-08-17 10:38:31'),(3403,63,3,0,273,'2022-08-17 10:46:20'),(3404,63,3,0,273,'2022-08-17 11:00:48'),(3405,63,3,0,273,'2022-08-19 12:05:18'),(3406,63,3,0,273,'2022-08-19 12:23:41'),(3407,63,3,0,273,'2022-08-19 14:59:42'),(3408,63,3,1,273,'2022-08-19 15:13:38'),(3409,63,3,1,273,'2022-08-19 15:13:43'),(3410,63,3,1,273,'2022-08-19 15:14:26'),(3411,283,1,0,348,'2022-08-19 17:57:46'),(3412,303,1,0,302,'2022-08-19 17:58:42'),(3413,287,1,0,349,'2022-08-19 17:58:46'),(3414,274,1,0,302,'2022-08-19 17:58:48'),(3415,63,3,0,302,'2022-08-19 17:58:50'),(3416,63,3,0,273,'2022-08-19 18:02:56'),(3417,303,1,0,273,'2022-08-19 18:02:59'),(3418,283,1,0,348,'2022-08-19 18:40:34'),(3419,63,3,0,273,'2022-08-19 20:08:28'),(3420,287,1,0,349,'2022-08-20 06:09:05'),(3421,63,3,0,302,'2022-08-20 16:07:41'),(3422,274,1,0,302,'2022-08-20 18:38:58'),(3423,303,1,0,302,'2022-08-21 04:34:19'),(3424,274,1,0,273,'2022-08-21 06:49:34'),(3425,303,1,0,273,'2022-08-21 08:08:33'),(3426,63,3,0,273,'2022-08-22 14:24:46'),(3427,63,3,1,273,'2022-08-22 14:38:02'),(3428,63,3,1,273,'2022-08-22 14:38:26'),(3429,63,3,1,273,'2022-08-22 14:44:54'),(3430,303,1,0,302,'2022-08-23 07:55:20'),(3431,63,3,0,273,'2022-08-23 14:36:18'),(3432,63,3,1,273,'2022-08-23 14:37:23'),(3433,63,4,1,273,'2022-08-23 14:50:19'),(3434,63,4,1,273,'2022-08-23 14:50:31'),(3435,63,4,1,273,'2022-08-23 14:51:43'),(3436,63,4,1,273,'2022-08-23 14:52:11'),(3437,274,1,0,273,'2022-08-23 17:39:52'),(3438,303,1,0,273,'2022-08-23 21:43:36'),(3439,287,1,0,349,'2022-08-24 03:32:23'),(3440,63,4,0,273,'2022-08-24 07:24:17'),(3441,63,4,1,273,'2022-08-24 07:25:02'),(3442,63,4,1,273,'2022-08-24 07:25:10'),(3443,63,4,1,273,'2022-08-24 07:36:29'),(3444,63,4,1,273,'2022-08-24 07:36:51'),(3445,63,4,1,273,'2022-08-24 07:37:00'),(3446,63,4,1,273,'2022-08-24 07:37:06'),(3447,63,4,1,273,'2022-08-24 07:37:29'),(3448,63,4,1,273,'2022-08-24 07:37:41'),(3449,63,4,1,273,'2022-08-24 07:39:00'),(3450,63,4,1,273,'2022-08-24 10:21:41'),(3451,63,4,1,273,'2022-08-24 13:31:00'),(3452,63,4,1,273,'2022-08-26 13:33:34'),(3453,63,4,1,273,'2022-08-26 13:33:47'),(3454,63,4,1,273,'2022-08-26 13:35:40'),(3455,63,4,1,273,'2022-08-26 13:35:48'),(3456,63,4,1,302,'2022-08-26 15:17:12'),(3457,63,4,1,358,'2022-08-26 15:20:37'),(3458,63,4,1,358,'2022-08-26 15:21:18'),(3459,63,4,1,358,'2022-08-26 15:21:31'),(3460,63,4,1,358,'2022-08-26 15:23:52'),(3461,303,1,1,358,'2022-08-26 15:23:59'),(3462,63,4,1,358,'2022-08-26 15:24:10'),(3463,63,4,1,358,'2022-08-26 15:26:07'),(3464,63,4,1,358,'2022-08-26 15:33:40'),(3465,63,4,1,358,'2022-08-26 15:42:32'),(3466,63,4,1,358,'2022-08-26 16:36:17'),(3467,63,4,0,273,'2022-08-29 08:21:24'),(3468,63,4,0,273,'2022-08-29 08:27:06'),(3469,63,4,0,273,'2022-08-29 08:46:38'),(3470,63,4,1,273,'2022-08-29 08:52:43'),(3471,63,4,1,273,'2022-08-29 08:52:50'),(3472,63,4,1,273,'2022-08-29 08:53:13'),(3473,63,4,0,273,'2022-08-31 05:35:52'),(3474,303,1,0,273,'2022-08-31 05:35:52'),(3475,63,4,0,273,'2022-08-31 05:38:18'),(3476,63,4,0,273,'2022-08-31 05:40:34'),(3477,303,1,0,273,'2022-08-31 05:40:38'),(3478,63,4,0,273,'2022-08-31 05:41:26'),(3479,63,4,0,358,'2022-08-31 05:49:29'),(3480,361,1,0,358,'2022-08-31 05:51:04'),(3481,63,4,0,273,'2022-08-31 05:51:45'),(3482,361,1,0,358,'2022-08-31 05:52:21'),(3483,63,4,0,273,'2022-08-31 05:52:31'),(3484,63,4,0,358,'2022-08-31 05:52:33'),(3485,63,4,0,273,'2022-08-31 18:54:14'),(3486,63,4,0,358,'2022-08-31 18:54:23'),(3487,63,4,0,273,'2022-08-31 18:54:55'),(3488,63,4,0,273,'2022-08-31 18:55:35'),(3489,63,4,1,358,'2022-08-31 18:57:19'),(3490,63,4,1,358,'2022-08-31 18:58:10'),(3491,63,4,1,358,'2022-08-31 18:58:44'),(3492,63,4,1,358,'2022-08-31 18:59:16'),(3493,63,4,0,273,'2022-08-31 19:00:07'),(3494,63,4,0,358,'2022-08-31 19:00:44'),(3495,63,4,0,273,'2022-08-31 19:00:53'),(3496,63,4,0,273,'2022-08-31 19:01:27'),(3497,63,4,0,273,'2022-09-01 01:24:31'),(3498,303,1,0,273,'2022-09-01 01:24:41'),(3499,63,4,0,273,'2022-09-01 06:55:47'),(3500,63,4,0,273,'2022-09-01 06:59:35'),(3501,63,4,0,273,'2022-09-01 07:01:05'),(3502,63,4,0,273,'2022-09-01 07:49:35'),(3503,303,1,0,273,'2022-09-01 08:29:04'),(3504,303,1,0,273,'2022-09-01 08:35:01'),(3505,63,4,0,273,'2022-09-01 08:35:05'),(3506,63,4,0,273,'2022-09-01 09:48:50'),(3507,303,1,0,273,'2022-09-01 10:13:15'),(3508,303,1,0,273,'2022-09-01 11:13:53'),(3509,303,1,0,273,'2022-09-01 11:19:37'),(3510,63,4,0,358,'2022-09-01 14:10:17'),(3511,361,1,0,358,'2022-09-01 14:44:30'),(3512,303,1,0,273,'2022-09-01 18:04:23'),(3513,303,1,0,273,'2022-09-01 18:08:30'),(3514,303,1,0,273,'2022-09-02 11:06:47'),(3515,303,1,0,273,'2022-09-02 12:01:17'),(3516,303,1,0,273,'2022-09-05 16:59:47'),(3517,63,4,0,273,'2022-09-06 10:27:35'),(3518,63,4,0,273,'2022-09-07 08:40:23'),(3519,63,4,0,273,'2022-09-07 11:55:39'),(3520,63,4,0,273,'2022-09-08 18:37:07'),(3521,63,4,0,273,'2022-09-09 00:32:42'),(3522,303,1,0,273,'2022-09-12 14:36:50'),(3523,303,1,0,273,'2022-09-12 14:37:06'),(3524,303,1,0,273,'2022-09-12 14:37:26'),(3525,303,1,0,273,'2022-09-12 18:17:02'),(3526,303,1,0,273,'2022-09-15 19:32:59'),(3527,63,4,0,273,'2022-09-16 01:37:14'),(3528,63,4,0,273,'2022-09-17 11:22:58'),(3529,303,1,0,273,'2022-09-17 14:51:27'),(3530,63,4,0,273,'2022-09-18 09:59:01'),(3531,303,1,0,273,'2022-09-19 07:34:25'),(3532,303,1,0,273,'2022-09-21 16:24:42'),(3533,63,4,0,273,'2022-09-22 01:06:07'),(3534,303,1,0,273,'2022-09-22 12:11:20'),(3535,63,4,0,273,'2022-09-23 09:43:00'),(3536,63,4,0,273,'2022-09-24 15:24:05'),(3537,63,4,0,273,'2022-09-25 10:02:04'),(3538,63,4,0,273,'2022-09-25 20:14:16'),(3539,303,1,0,273,'2022-09-28 19:33:52'),(3540,63,4,0,273,'2022-09-29 09:46:58'),(3541,303,1,0,273,'2022-09-29 18:10:41'),(3542,303,1,0,273,'2022-10-01 16:41:16'),(3543,303,1,0,273,'2022-10-05 15:53:27'),(3544,303,1,0,273,'2022-10-05 15:53:31'),(3545,303,1,0,273,'2022-10-05 15:53:35'),(3546,303,1,0,273,'2022-10-05 15:53:54'),(3547,303,1,0,273,'2022-10-16 14:09:53'),(3548,303,1,0,273,'2022-10-16 14:09:55'),(3549,303,1,0,273,'2022-10-17 09:33:40'),(3550,303,1,0,273,'2022-10-17 09:33:55'),(3551,303,1,0,273,'2022-10-24 15:18:10'),(3552,303,1,0,273,'2022-11-02 13:17:34'),(3553,303,1,0,273,'2022-11-02 13:17:38'),(3554,303,1,0,273,'2022-11-02 17:27:24'),(3555,303,1,0,273,'2022-11-02 17:27:29'),(3556,361,1,0,358,'2022-11-04 22:58:26'),(3557,303,1,0,273,'2022-11-05 14:59:15'),(3558,303,1,0,273,'2022-11-05 15:13:16'),(3559,303,1,0,273,'2022-11-05 15:15:33'),(3560,303,1,0,273,'2022-11-05 23:04:05'),(3561,63,4,0,273,'2022-11-09 01:03:34'),(3562,63,4,0,273,'2022-11-09 01:04:42'),(3563,303,1,0,273,'2022-11-10 17:56:50'),(3564,63,4,0,358,'2022-11-17 03:42:52'),(3565,63,4,0,358,'2022-11-17 08:23:36'),(3566,361,1,0,358,'2022-11-17 08:26:19'),(3567,303,1,0,273,'2022-11-18 17:52:04'),(3568,303,1,0,273,'2022-11-18 18:29:00'),(3569,63,4,0,358,'2022-11-21 08:31:57'),(3570,63,4,0,273,'2022-11-23 17:30:31'),(3571,303,1,0,273,'2022-11-23 17:31:56'),(3572,303,1,0,273,'2022-11-23 17:32:37'),(3573,303,1,0,273,'2022-11-24 06:14:57'),(3574,63,4,0,273,'2022-11-25 01:17:04'),(3575,63,4,0,273,'2022-11-25 12:33:43'),(3576,63,4,0,273,'2022-11-25 17:48:09'),(3577,303,1,0,273,'2022-11-25 17:48:31'),(3578,63,4,0,273,'2022-11-26 01:57:57'),(3579,303,1,0,273,'2022-11-26 17:42:44'),(3580,303,1,0,273,'2022-11-26 17:42:48'),(3581,303,1,0,273,'2022-11-28 18:28:47'),(3582,361,1,0,358,'2022-12-03 00:15:10'),(3583,361,1,0,358,'2022-12-03 00:16:49'),(3584,63,4,0,273,'2022-12-06 09:45:13'),(3585,303,1,0,273,'2022-12-06 12:36:21'),(3586,303,1,0,273,'2022-12-06 15:50:16'),(3587,303,1,0,273,'2022-12-06 15:50:26'),(3588,303,1,0,273,'2022-12-06 15:50:43'),(3589,63,4,0,358,'2022-12-08 11:15:56'),(3590,361,1,0,358,'2022-12-08 15:38:57'),(3591,303,1,0,273,'2022-12-09 16:44:14'),(3592,303,1,0,273,'2022-12-09 16:46:42'),(3593,303,1,0,273,'2022-12-12 09:54:03'),(3594,303,1,0,273,'2022-12-13 12:42:50'),(3595,63,4,0,273,'2022-12-15 13:20:55'),(3596,63,4,0,273,'2022-12-15 13:21:32'),(3597,63,4,0,358,'2022-12-15 13:21:48'),(3598,63,4,0,358,'2022-12-15 13:21:59'),(3599,63,4,0,273,'2022-12-15 13:22:14'),(3600,63,4,1,273,'2022-12-15 13:33:09'),(3601,63,4,0,273,'2023-02-07 22:58:50'),(3602,361,1,0,358,'2023-02-12 23:51:25'),(3603,303,1,0,273,'2023-02-14 22:36:15'),(3604,63,4,0,358,'2023-02-24 17:19:40'),(3605,63,4,0,358,'2023-03-21 11:47:54'),(3606,361,1,0,358,'2023-03-21 16:45:49'),(3607,63,4,0,358,'2023-05-03 08:49:44'),(3608,361,1,0,358,'2023-05-03 08:49:44'),(3609,63,4,0,273,'2023-05-20 03:22:43'),(3610,361,1,0,358,'2023-05-24 04:57:36'),(3611,303,1,0,273,'2023-05-26 05:51:33'),(3612,63,4,0,358,'2023-06-03 22:02:05'),(3613,63,4,0,358,'2023-06-25 11:13:03'),(3614,63,4,0,358,'2023-06-30 01:45:17'),(3615,63,4,0,358,'2023-06-30 01:49:36'),(3616,63,4,0,358,'2023-06-30 01:51:00'),(3617,63,4,0,358,'2023-06-30 01:52:07'),(3618,63,4,0,358,'2023-07-04 00:54:20'),(3619,63,4,0,358,'2023-07-04 00:57:23'),(3620,63,4,0,358,'2023-07-04 00:59:57'),(3621,63,4,0,358,'2023-07-06 05:38:16'),(3622,361,1,0,358,'2023-07-06 05:38:31'),(3623,63,4,0,358,'2023-08-11 19:06:53'),(3624,361,1,0,358,'2023-08-11 19:07:26'),(3625,63,4,0,358,'2023-08-11 19:13:42'),(3626,63,4,0,358,'2023-08-12 05:53:15'),(3627,63,4,0,358,'2023-08-12 05:55:45'),(3628,63,4,0,358,'2023-08-12 05:58:24'),(3629,63,4,0,358,'2023-08-12 12:13:48'),(3630,63,4,0,358,'2023-08-12 12:16:18'),(3631,63,4,0,358,'2023-08-12 12:20:21'),(3632,63,4,0,358,'2023-08-17 08:29:44'),(3633,63,4,0,358,'2023-08-17 08:36:03'),(3634,63,4,0,358,'2023-08-19 05:36:49'),(3635,63,4,0,358,'2023-08-19 05:42:23'),(3636,63,4,0,358,'2023-08-25 04:44:14'),(3637,63,4,0,273,'2023-08-28 10:44:30'),(3638,361,1,0,358,'2023-09-01 08:31:34'),(3639,303,1,0,273,'2023-09-03 09:15:42'),(3640,63,4,0,358,'2023-09-11 16:50:27'),(3641,361,1,0,358,'2023-10-15 13:33:29'),(3642,63,4,0,358,'2023-10-18 05:50:01'),(3643,63,4,0,358,'2023-10-18 05:52:40'),(3644,63,4,0,358,'2023-10-18 05:55:13'),(3645,63,4,0,358,'2023-10-18 23:58:56'),(3646,63,4,0,358,'2023-10-19 00:01:41'),(3647,63,4,0,358,'2023-10-19 00:04:58'),(3648,63,4,0,358,'2023-10-23 00:00:39'),(3649,63,4,0,358,'2023-10-23 00:03:16'),(3650,63,4,0,358,'2023-10-23 00:06:05'),(3651,361,1,0,358,'2023-11-02 17:38:36'),(3652,361,1,0,358,'2023-11-02 17:38:45'),(3653,361,1,0,358,'2023-11-02 17:39:17'),(3654,63,4,0,358,'2023-11-07 12:33:40'),(3655,63,4,0,358,'2023-11-07 13:36:30'),(3656,63,4,0,358,'2023-11-09 17:16:16'),(3657,63,4,0,358,'2023-11-09 17:20:00'),(3658,63,4,0,358,'2023-11-11 12:57:12'),(3659,63,4,0,358,'2023-11-11 13:00:57'),(3660,63,4,0,358,'2023-11-11 13:03:23'),(3661,63,4,0,358,'2023-11-14 14:15:43'),(3662,63,4,0,358,'2023-11-14 14:23:00'),(3663,63,4,0,358,'2023-11-16 15:28:28'),(3664,63,4,0,358,'2023-11-16 15:31:54'),(3665,63,4,0,358,'2023-11-16 15:35:16'),(3666,63,4,0,273,'2023-11-26 16:41:44'),(3667,63,4,0,358,'2023-12-05 15:52:05'),(3668,63,4,0,273,'2023-12-08 16:16:15'),(3669,361,1,0,358,'2023-12-13 17:18:32'),(3670,303,1,0,273,'2023-12-17 18:14:41'),(3671,63,4,0,358,'2023-12-20 10:22:32'),(3672,63,4,0,358,'2023-12-20 10:25:11'),(3673,63,4,0,358,'2023-12-20 10:27:29'),(3674,63,4,0,358,'2023-12-21 14:45:18'),(3675,63,4,0,358,'2023-12-21 14:50:25'),(3676,63,4,0,358,'2023-12-25 19:39:51'),(3677,361,1,0,358,'2024-01-27 05:56:35'),(3678,63,4,0,273,'2024-03-22 19:56:26'),(3679,303,1,0,273,'2024-03-27 23:42:05'),(3680,361,1,0,358,'2024-03-28 12:49:20'),(3681,63,4,0,358,'2024-04-07 13:34:54'),(3682,361,1,0,358,'2024-05-13 08:04:08'),(3683,63,4,0,358,'2024-05-20 08:05:00'),(3684,361,1,0,358,'2024-07-01 01:53:26'),(3685,63,4,0,358,'2024-07-17 15:20:12'),(3686,361,1,0,358,'2024-07-17 18:20:12'),(3687,361,1,0,358,'2024-07-17 19:33:09'),(3688,63,4,0,358,'2024-07-22 20:04:01'),(3689,63,4,0,358,'2024-07-29 10:10:49'),(3690,361,1,0,358,'2024-07-29 11:47:33'),(3691,63,4,0,358,'2024-07-31 15:13:38'),(3692,63,4,0,358,'2024-08-05 15:48:33'),(3693,361,1,0,358,'2024-08-06 07:48:37'),(3694,361,1,0,358,'2024-08-16 09:53:04'),(3695,63,4,0,358,'2024-11-08 11:17:31');

--
-- Table structure for table `ExpressAttributeKeys`
--

CREATE TABLE `ExpressAttributeKeys` (
  `entity_id` char(36) COLLATE utf8mb4_unicode_ci DEFAULT NULL COMMENT '(DC2Type:guid)',
  `akID` int(10) unsigned NOT NULL,
  PRIMARY KEY (`akID`),
  KEY `IDX_8C881F181257D5D` (`entity_id`),
  CONSTRAINT `FK_8C881F181257D5D` FOREIGN KEY (`entity_id`) REFERENCES `ExpressEntities` (`id`),
  CONSTRAINT `FK_8C881F1B6561A7E` FOREIGN KEY (`akID`) REFERENCES `AttributeKeys` (`akID`) ON DELETE CASCADE
) ENGINE=InnoDB DEFAULT CHARSET=utf8mb4 COLLATE=utf8mb4_unicode_ci;

--
-- Dumping data for table `ExpressAttributeKeys`
--

INSERT INTO `ExpressAttributeKeys` VALUES ('83ae65b1-79e8-4ded-bbca-e419bfd19bb6',30),('83ae65b1-79e8-4ded-bbca-e419bfd19bb6',31),('83ae65b1-79e8-4ded-bbca-e419bfd19bb6',32),('83ae65b1-79e8-4ded-bbca-e419bfd19bb6',33),('83ae65b1-79e8-4ded-bbca-e419bfd19bb6',34),('ea184584-eb70-11ea-ac54-fdc8ef59ed99',35),('ea184584-eb70-11ea-ac54-fdc8ef59ed99',36),('ea184584-eb70-11ea-ac54-fdc8ef59ed99',37),('ea184584-eb70-11ea-ac54-fdc8ef59ed99',38),('ea184584-eb70-11ea-ac54-fdc8ef59ed99',39),('ea184584-eb70-11ea-ac54-fdc8ef59ed99',40);

--
-- Table structure for table `ExpressEntities`
--

CREATE TABLE `ExpressEntities` (
  `id` char(36) COLLATE utf8mb4_unicode_ci NOT NULL COMMENT '(DC2Type:guid)',
  `default_view_form_id` char(36) COLLATE utf8mb4_unicode_ci DEFAULT NULL COMMENT '(DC2Type:guid)',
  `default_edit_form_id` char(36) COLLATE utf8mb4_unicode_ci DEFAULT NULL COMMENT '(DC2Type:guid)',
  `name` varchar(255) COLLATE utf8mb4_unicode_ci NOT NULL,
  `handle` varchar(255) COLLATE utf8mb4_unicode_ci NOT NULL,
  `plural_handle` varchar(255) COLLATE utf8mb4_unicode_ci DEFAULT NULL,
  `label_mask` varchar(255) COLLATE utf8mb4_unicode_ci DEFAULT NULL,
  `supports_custom_display_order` tinyint(1) NOT NULL,
  `description` longtext COLLATE utf8mb4_unicode_ci,
  `result_column_set` longtext COLLATE utf8mb4_unicode_ci COMMENT '(DC2Type:object)',
  `include_in_public_list` tinyint(1) NOT NULL,
  `entity_results_node_id` int(11) NOT NULL,
  `items_per_page` int(11) NOT NULL,
  `created_date` datetime NOT NULL,
  `pkgID` int(10) unsigned DEFAULT NULL,
  PRIMARY KEY (`id`),
  UNIQUE KEY `UNIQ_BC772AA6918020D9` (`handle`),
  UNIQUE KEY `UNIQ_BC772AA6547D6B2D` (`default_view_form_id`),
  UNIQUE KEY `UNIQ_BC772AA6C7DEC56D` (`default_edit_form_id`),
  KEY `IDX_BC772AA6CE45CBB0` (`pkgID`),
  CONSTRAINT `FK_BC772AA6547D6B2D` FOREIGN KEY (`default_view_form_id`) REFERENCES `ExpressForms` (`id`),
  CONSTRAINT `FK_BC772AA6C7DEC56D` FOREIGN KEY (`default_edit_form_id`) REFERENCES `ExpressForms` (`id`),
  CONSTRAINT `FK_BC772AA6CE45CBB0` FOREIGN KEY (`pkgID`) REFERENCES `Packages` (`pkgID`)
) ENGINE=InnoDB DEFAULT CHARSET=utf8mb4 COLLATE=utf8mb4_unicode_ci;

--
-- Dumping data for table `ExpressEntities`
--

INSERT INTO `ExpressEntities` VALUES ('83ae65b1-79e8-4ded-bbca-e419bfd19bb6','881b6bde-220f-4482-b8f9-ace40b5d169b','881b6bde-220f-4482-b8f9-ace40b5d169b','Contact','express_form_170','',NULL,0,'','N;',0,43,10,'2020-07-08 14:45:35',NULL),('ea184584-eb70-11ea-ac54-fdc8ef59ed99','ea2d9fd3-eb70-11ea-ac54-fdc8ef59ed99','ea2d9fd3-eb70-11ea-ac54-fdc8ef59ed99','Контакты','kontakty',NULL,NULL,0,NULL,'N;',0,189,10,'2020-08-31 13:01:17',NULL);

--
-- Table structure for table `ExpressEntityAssociationEntries`
--

CREATE TABLE `ExpressEntityAssociationEntries` (
  `id` int(11) NOT NULL AUTO_INCREMENT,
  `association_id` int(11) DEFAULT NULL,
  `displayOrder` int(10) unsigned NOT NULL DEFAULT '0',
  `exEntryID` int(11) DEFAULT NULL,
  PRIMARY KEY (`id`),
  KEY `IDX_9C2BB76C6DCB6296` (`exEntryID`),
  KEY `IDX_9C2BB76CEFB9C8A5` (`association_id`),
  CONSTRAINT `FK_9C2BB76C6DCB6296` FOREIGN KEY (`exEntryID`) REFERENCES `ExpressEntityEntries` (`exEntryID`),
  CONSTRAINT `FK_9C2BB76CEFB9C8A5` FOREIGN KEY (`association_id`) REFERENCES `ExpressEntityEntryAssociations` (`id`)
) ENGINE=InnoDB DEFAULT CHARSET=utf8mb4 COLLATE=utf8mb4_unicode_ci;

--
-- Dumping data for table `ExpressEntityAssociationEntries`
--


--
-- Table structure for table `ExpressEntityAssociations`
--

CREATE TABLE `ExpressEntityAssociations` (
  `id` char(36) COLLATE utf8mb4_unicode_ci NOT NULL COMMENT '(DC2Type:guid)',
  `source_entity_id` char(36) COLLATE utf8mb4_unicode_ci DEFAULT NULL COMMENT '(DC2Type:guid)',
  `target_entity_id` char(36) COLLATE utf8mb4_unicode_ci DEFAULT NULL COMMENT '(DC2Type:guid)',
  `is_owned_by_association` tinyint(1) NOT NULL,
  `is_owning_association` tinyint(1) NOT NULL,
  `target_property_name` varchar(255) COLLATE utf8mb4_unicode_ci DEFAULT NULL,
  `inversed_by_property_name` varchar(255) COLLATE utf8mb4_unicode_ci DEFAULT NULL,
  `type` varchar(255) COLLATE utf8mb4_unicode_ci NOT NULL,
  `association_type` varchar(255) COLLATE utf8mb4_unicode_ci DEFAULT NULL,
  PRIMARY KEY (`id`),
  KEY `IDX_98A0F796E9BBEE93` (`source_entity_id`),
  KEY `IDX_98A0F796B5910F71` (`target_entity_id`),
  CONSTRAINT `FK_98A0F796B5910F71` FOREIGN KEY (`target_entity_id`) REFERENCES `ExpressEntities` (`id`),
  CONSTRAINT `FK_98A0F796E9BBEE93` FOREIGN KEY (`source_entity_id`) REFERENCES `ExpressEntities` (`id`)
) ENGINE=InnoDB DEFAULT CHARSET=utf8mb4 COLLATE=utf8mb4_unicode_ci;

--
-- Dumping data for table `ExpressEntityAssociations`
--


--
-- Table structure for table `ExpressEntityEntries`
--

CREATE TABLE `ExpressEntityEntries` (
  `exEntryID` int(11) NOT NULL AUTO_INCREMENT,
  `exEntryDisplayOrder` int(11) NOT NULL,
  `exEntryDateCreated` datetime NOT NULL,
  `exEntryDateModified` datetime DEFAULT NULL,
  `publicIdentifier` varchar(255) COLLATE utf8mb4_unicode_ci DEFAULT NULL,
  `uID` int(10) unsigned DEFAULT NULL,
  `exEntryEntityID` char(36) COLLATE utf8mb4_unicode_ci DEFAULT NULL COMMENT '(DC2Type:guid)',
  PRIMARY KEY (`exEntryID`),
  KEY `IDX_B8AE3531FD71026C` (`uID`),
  KEY `IDX_B8AE3531AFC87D03` (`exEntryEntityID`),
  CONSTRAINT `FK_B8AE3531AFC87D03` FOREIGN KEY (`exEntryEntityID`) REFERENCES `ExpressEntities` (`id`),
  CONSTRAINT `FK_B8AE3531FD71026C` FOREIGN KEY (`uID`) REFERENCES `Users` (`uID`)
) ENGINE=InnoDB AUTO_INCREMENT=10 DEFAULT CHARSET=utf8mb4 COLLATE=utf8mb4_unicode_ci;

--
-- Dumping data for table `ExpressEntityEntries`
--

INSERT INTO `ExpressEntityEntries` VALUES (1,0,'2021-02-04 09:18:51','2021-02-04 09:18:54','601b91cbb191a135100110',NULL,'ea184584-eb70-11ea-ac54-fdc8ef59ed99'),(2,0,'2021-09-06 16:17:36','2021-09-06 16:17:36','613614f03f363441625883',NULL,'ea184584-eb70-11ea-ac54-fdc8ef59ed99'),(3,0,'2021-11-02 17:04:27','2021-11-02 17:04:28','6181456bc1494890628364',NULL,'ea184584-eb70-11ea-ac54-fdc8ef59ed99'),(4,0,'2021-11-02 17:07:17','2021-11-02 17:07:17','61814615441fd115408121',NULL,'ea184584-eb70-11ea-ac54-fdc8ef59ed99'),(5,0,'2021-11-02 17:08:09','2021-11-02 17:08:09','61814649d5f81220032490',NULL,'ea184584-eb70-11ea-ac54-fdc8ef59ed99'),(6,0,'2022-02-05 21:17:28','2022-02-05 21:17:30','61febf38bb756151261993',NULL,'ea184584-eb70-11ea-ac54-fdc8ef59ed99'),(7,0,'2022-02-17 18:36:12','2022-02-17 18:36:18','620e6b6ceb11e376711377',NULL,'ea184584-eb70-11ea-ac54-fdc8ef59ed99'),(8,0,'2022-02-17 18:36:47','2022-02-17 18:36:47','620e6b8f3ddaa368399323',NULL,'ea184584-eb70-11ea-ac54-fdc8ef59ed99'),(9,0,'2023-01-17 09:34:33','2023-01-17 09:34:36','63c641791ac14952893959',NULL,'ea184584-eb70-11ea-ac54-fdc8ef59ed99');

--
-- Table structure for table `ExpressEntityEntryAssociations`
--

CREATE TABLE `ExpressEntityEntryAssociations` (
  `id` int(11) NOT NULL AUTO_INCREMENT,
  `association_id` char(36) COLLATE utf8mb4_unicode_ci DEFAULT NULL COMMENT '(DC2Type:guid)',
  `exEntryID` int(11) DEFAULT NULL,
  `type` varchar(255) COLLATE utf8mb4_unicode_ci NOT NULL,
  PRIMARY KEY (`id`),
  KEY `IDX_25B3A0826DCB6296` (`exEntryID`),
  KEY `IDX_25B3A082EFB9C8A5` (`association_id`),
  CONSTRAINT `FK_25B3A0826DCB6296` FOREIGN KEY (`exEntryID`) REFERENCES `ExpressEntityEntries` (`exEntryID`),
  CONSTRAINT `FK_25B3A082EFB9C8A5` FOREIGN KEY (`association_id`) REFERENCES `ExpressEntityAssociations` (`id`)
) ENGINE=InnoDB DEFAULT CHARSET=utf8mb4 COLLATE=utf8mb4_unicode_ci;

--
-- Dumping data for table `ExpressEntityEntryAssociations`
--


--
-- Table structure for table `ExpressEntityEntryAttributeValues`
--

CREATE TABLE `ExpressEntityEntryAttributeValues` (
  `exEntryID` int(11) NOT NULL,
  `akID` int(10) unsigned NOT NULL,
  `avID` int(10) unsigned DEFAULT NULL,
  PRIMARY KEY (`exEntryID`,`akID`),
  KEY `IDX_6DB641546DCB6296` (`exEntryID`),
  KEY `IDX_6DB64154B6561A7E` (`akID`),
  KEY `IDX_6DB64154A2A82A5D` (`avID`)
) ENGINE=InnoDB DEFAULT CHARSET=utf8mb4 COLLATE=utf8mb4_unicode_ci;

--
-- Dumping data for table `ExpressEntityEntryAttributeValues`
--

INSERT INTO `ExpressEntityEntryAttributeValues` VALUES (1,35,965),(1,36,966),(1,37,967),(1,38,968),(1,39,969),(1,40,970),(2,35,1061),(2,36,1062),(2,37,1063),(2,38,1064),(2,39,1065),(2,40,1066),(3,35,1067),(3,36,1068),(3,37,1069),(3,38,1070),(3,39,1071),(3,40,1072),(4,35,1073),(4,36,1074),(4,37,1075),(4,38,1076),(4,39,1077),(4,40,1078),(5,35,1079),(5,36,1080),(5,37,1081),(5,38,1082),(5,39,1083),(5,40,1084),(6,35,1085),(6,36,1086),(6,37,1087),(6,38,1088),(6,39,1089),(6,40,1090),(7,35,1091),(7,36,1092),(7,37,1093),(7,38,1094),(7,39,1095),(7,40,1096),(8,35,1097),(8,36,1098),(8,37,1099),(8,38,1100),(8,39,1101),(8,40,1102),(9,35,1247),(9,36,1248),(9,37,1249),(9,38,1250),(9,39,1251),(9,40,1252);

--
-- Table structure for table `ExpressForm170ExpressSearchIndexAttributes`
--

CREATE TABLE `ExpressForm170ExpressSearchIndexAttributes` (
  `exEntryID` int(11) NOT NULL,
  `ak_contact_question_first_name` longtext COLLATE utf8mb4_unicode_ci,
  `ak_contact_question_last_name` longtext COLLATE utf8mb4_unicode_ci,
  `ak_contact_question_email_address` longtext COLLATE utf8mb4_unicode_ci,
  `ak_contact_question_subject` longtext COLLATE utf8mb4_unicode_ci,
  `ak_contact_question_message` longtext COLLATE utf8mb4_unicode_ci,
  PRIMARY KEY (`exEntryID`)
) ENGINE=InnoDB DEFAULT CHARSET=utf8mb4 COLLATE=utf8mb4_unicode_ci;

--
-- Dumping data for table `ExpressForm170ExpressSearchIndexAttributes`
--


--
-- Table structure for table `ExpressFormFieldSetAssociationControls`
--

CREATE TABLE `ExpressFormFieldSetAssociationControls` (
  `id` char(36) COLLATE utf8mb4_unicode_ci NOT NULL COMMENT '(DC2Type:guid)',
  `association_id` char(36) COLLATE utf8mb4_unicode_ci DEFAULT NULL COMMENT '(DC2Type:guid)',
  `association_entity_label_mask` varchar(255) COLLATE utf8mb4_unicode_ci DEFAULT NULL,
  `entry_selector_mode` int(10) unsigned NOT NULL DEFAULT '0',
  `enable_entry_reordering` tinyint(1) NOT NULL,
  PRIMARY KEY (`id`),
  KEY `IDX_E6DF21BBEFB9C8A5` (`association_id`),
  CONSTRAINT `FK_E6DF21BBBF396750` FOREIGN KEY (`id`) REFERENCES `ExpressFormFieldSetControls` (`id`) ON DELETE CASCADE,
  CONSTRAINT `FK_E6DF21BBEFB9C8A5` FOREIGN KEY (`association_id`) REFERENCES `ExpressEntityAssociations` (`id`)
) ENGINE=InnoDB DEFAULT CHARSET=utf8mb4 COLLATE=utf8mb4_unicode_ci;

--
-- Dumping data for table `ExpressFormFieldSetAssociationControls`
--


--
-- Table structure for table `ExpressFormFieldSetAttributeKeyControls`
--

CREATE TABLE `ExpressFormFieldSetAttributeKeyControls` (
  `id` char(36) COLLATE utf8mb4_unicode_ci NOT NULL COMMENT '(DC2Type:guid)',
  `akID` int(10) unsigned DEFAULT NULL,
  PRIMARY KEY (`id`),
  KEY `IDX_8481F9D1B6561A7E` (`akID`),
  CONSTRAINT `FK_8481F9D1B6561A7E` FOREIGN KEY (`akID`) REFERENCES `AttributeKeys` (`akID`),
  CONSTRAINT `FK_8481F9D1BF396750` FOREIGN KEY (`id`) REFERENCES `ExpressFormFieldSetControls` (`id`) ON DELETE CASCADE
) ENGINE=InnoDB DEFAULT CHARSET=utf8mb4 COLLATE=utf8mb4_unicode_ci;

--
-- Dumping data for table `ExpressFormFieldSetAttributeKeyControls`
--

INSERT INTO `ExpressFormFieldSetAttributeKeyControls` VALUES ('f68175ca-634c-11e6-a245-62e65b165d8e',30),('fbc62d32-634c-11e6-a245-62e65b165d8e',31),('02181ae2-634d-11e6-a245-62e65b165d8e',32),('b3c4ee52-6350-11e6-a245-62e65b165d8e',33),('bf4cdc08-6350-11e6-a245-62e65b165d8e',34),('794ef6f1-eb70-11ea-ac54-fdc8ef59ed99',35),('5673e524-eb70-11ea-ac54-fdc8ef59ed99',36),('602c465a-eb70-11ea-ac54-fdc8ef59ed99',37),('974f8825-eb70-11ea-ac54-fdc8ef59ed99',38),('a706ed60-eb70-11ea-ac54-fdc8ef59ed99',39),('8dc1a17e-eb70-11ea-ac54-fdc8ef59ed99',40);

--
-- Table structure for table `ExpressFormFieldSetAuthorControls`
--

CREATE TABLE `ExpressFormFieldSetAuthorControls` (
  `id` char(36) COLLATE utf8mb4_unicode_ci NOT NULL COMMENT '(DC2Type:guid)',
  PRIMARY KEY (`id`),
  CONSTRAINT `FK_CF378786BF396750` FOREIGN KEY (`id`) REFERENCES `ExpressFormFieldSetControls` (`id`) ON DELETE CASCADE
) ENGINE=InnoDB DEFAULT CHARSET=utf8mb4 COLLATE=utf8mb4_unicode_ci;

--
-- Dumping data for table `ExpressFormFieldSetAuthorControls`
--


--
-- Table structure for table `ExpressFormFieldSetControls`
--

CREATE TABLE `ExpressFormFieldSetControls` (
  `id` char(36) COLLATE utf8mb4_unicode_ci NOT NULL COMMENT '(DC2Type:guid)',
  `field_set_id` int(11) DEFAULT NULL,
  `is_required` tinyint(1) NOT NULL,
  `position` int(11) NOT NULL,
  `custom_label` longtext COLLATE utf8mb4_unicode_ci,
  `type` varchar(255) COLLATE utf8mb4_unicode_ci NOT NULL,
  PRIMARY KEY (`id`),
  KEY `IDX_E42868A43ABF811A` (`field_set_id`),
  CONSTRAINT `FK_E42868A43ABF811A` FOREIGN KEY (`field_set_id`) REFERENCES `ExpressFormFieldSets` (`id`)
) ENGINE=InnoDB DEFAULT CHARSET=utf8mb4 COLLATE=utf8mb4_unicode_ci;

--
-- Dumping data for table `ExpressFormFieldSetControls`
--

INSERT INTO `ExpressFormFieldSetControls` VALUES ('02181ae2-634d-11e6-a245-62e65b165d8e',1,1,2,'','attributekeycontrol'),('32a6369e-65a0-11e6-9add-e0995e0a1653',1,0,3,'','textcontrol'),('5673e524-eb70-11ea-ac54-fdc8ef59ed99',2,1,1,NULL,'attributekeycontrol'),('602c465a-eb70-11ea-ac54-fdc8ef59ed99',2,1,2,NULL,'attributekeycontrol'),('794ef6f1-eb70-11ea-ac54-fdc8ef59ed99',2,1,0,NULL,'attributekeycontrol'),('8dc1a17e-eb70-11ea-ac54-fdc8ef59ed99',2,0,5,NULL,'attributekeycontrol'),('974f8825-eb70-11ea-ac54-fdc8ef59ed99',2,1,3,NULL,'attributekeycontrol'),('a706ed60-eb70-11ea-ac54-fdc8ef59ed99',2,0,4,NULL,'attributekeycontrol'),('b3c4ee52-6350-11e6-a245-62e65b165d8e',1,0,4,'','attributekeycontrol'),('bf4cdc08-6350-11e6-a245-62e65b165d8e',1,1,5,'','attributekeycontrol'),('f68175ca-634c-11e6-a245-62e65b165d8e',1,1,0,'','attributekeycontrol'),('fbc62d32-634c-11e6-a245-62e65b165d8e',1,1,1,'','attributekeycontrol');

--
-- Table structure for table `ExpressFormFieldSetPublicIdentifierControls`
--

CREATE TABLE `ExpressFormFieldSetPublicIdentifierControls` (
  `id` char(36) COLLATE utf8mb4_unicode_ci NOT NULL COMMENT '(DC2Type:guid)',
  PRIMARY KEY (`id`),
  CONSTRAINT `FK_67180C04BF396750` FOREIGN KEY (`id`) REFERENCES `ExpressFormFieldSetControls` (`id`) ON DELETE CASCADE
) ENGINE=InnoDB DEFAULT CHARSET=utf8mb4 COLLATE=utf8mb4_unicode_ci;

--
-- Dumping data for table `ExpressFormFieldSetPublicIdentifierControls`
--


--
-- Table structure for table `ExpressFormFieldSetTextControls`
--

CREATE TABLE `ExpressFormFieldSetTextControls` (
  `id` char(36) COLLATE utf8mb4_unicode_ci NOT NULL COMMENT '(DC2Type:guid)',
  `headline` varchar(255) COLLATE utf8mb4_unicode_ci DEFAULT NULL,
  `body` longtext COLLATE utf8mb4_unicode_ci,
  PRIMARY KEY (`id`),
  CONSTRAINT `FK_DB5A209ABF396750` FOREIGN KEY (`id`) REFERENCES `ExpressFormFieldSetControls` (`id`) ON DELETE CASCADE
) ENGINE=InnoDB DEFAULT CHARSET=utf8mb4 COLLATE=utf8mb4_unicode_ci;

--
-- Dumping data for table `ExpressFormFieldSetTextControls`
--

INSERT INTO `ExpressFormFieldSetTextControls` VALUES ('32a6369e-65a0-11e6-9add-e0995e0a1653','','<div class=\"alert alert-info\">Don&#39;t worry &ndash;&nbsp;we won&#39;t add you to any email list. This is just so we can contact you in case you have questions.</div>\n');

--
-- Table structure for table `ExpressFormFieldSets`
--

CREATE TABLE `ExpressFormFieldSets` (
  `id` int(11) NOT NULL AUTO_INCREMENT,
  `form_id` char(36) COLLATE utf8mb4_unicode_ci DEFAULT NULL COMMENT '(DC2Type:guid)',
  `position` int(11) NOT NULL,
  `title` varchar(255) COLLATE utf8mb4_unicode_ci DEFAULT NULL,
  `description` longtext COLLATE utf8mb4_unicode_ci,
  PRIMARY KEY (`id`),
  KEY `IDX_A33BBBEC5FF69B7D` (`form_id`),
  CONSTRAINT `FK_A33BBBEC5FF69B7D` FOREIGN KEY (`form_id`) REFERENCES `ExpressForms` (`id`)
) ENGINE=InnoDB AUTO_INCREMENT=3 DEFAULT CHARSET=utf8mb4 COLLATE=utf8mb4_unicode_ci;

--
-- Dumping data for table `ExpressFormFieldSets`
--

INSERT INTO `ExpressFormFieldSets` VALUES (1,'881b6bde-220f-4482-b8f9-ace40b5d169b',0,'',''),(2,'ea2d9fd3-eb70-11ea-ac54-fdc8ef59ed99',0,NULL,NULL);

--
-- Table structure for table `ExpressForms`
--

CREATE TABLE `ExpressForms` (
  `id` char(36) COLLATE utf8mb4_unicode_ci NOT NULL COMMENT '(DC2Type:guid)',
  `entity_id` char(36) COLLATE utf8mb4_unicode_ci DEFAULT NULL COMMENT '(DC2Type:guid)',
  `name` varchar(255) COLLATE utf8mb4_unicode_ci DEFAULT NULL,
  PRIMARY KEY (`id`),
  KEY `IDX_8D09031A81257D5D` (`entity_id`),
  CONSTRAINT `FK_8D09031A81257D5D` FOREIGN KEY (`entity_id`) REFERENCES `ExpressEntities` (`id`)
) ENGINE=InnoDB DEFAULT CHARSET=utf8mb4 COLLATE=utf8mb4_unicode_ci;

--
-- Dumping data for table `ExpressForms`
--

INSERT INTO `ExpressForms` VALUES ('881b6bde-220f-4482-b8f9-ace40b5d169b','83ae65b1-79e8-4ded-bbca-e419bfd19bb6','Form'),('ea2d9fd3-eb70-11ea-ac54-fdc8ef59ed99','ea184584-eb70-11ea-ac54-fdc8ef59ed99','Форма');

--
-- Table structure for table `FeatureAssignments`
--

CREATE TABLE `FeatureAssignments` (
  `faID` int(10) unsigned NOT NULL AUTO_INCREMENT,
  `feID` int(10) unsigned DEFAULT NULL,
  `fcID` int(10) unsigned DEFAULT NULL,
  `fdObject` longtext COLLATE utf8mb4_unicode_ci,
  PRIMARY KEY (`faID`),
  KEY `feID` (`feID`),
  KEY `fcID` (`fcID`)
) ENGINE=InnoDB AUTO_INCREMENT=107 DEFAULT CHARSET=utf8mb4 COLLATE=utf8mb4_unicode_ci;

--
-- Dumping data for table `FeatureAssignments`
--

INSERT INTO `FeatureAssignments` VALUES (1,6,1,'O:47:\"Concrete\\Core\\Feature\\Detail\\ConversationDetail\":3:{s:8:\"\0*\0cnvID\";s:1:\"1\";s:7:\"\0*\0item\";N;s:5:\"error\";s:0:\"\";}'),(2,5,1,'O:40:\"Concrete\\Core\\Feature\\Detail\\ImageDetail\":5:{s:6:\"\0*\0src\";s:44:\"/application/files/9115/9420/8732/blank2.png\";s:8:\"\0*\0width\";s:3:\"250\";s:9:\"\0*\0height\";s:3:\"252\";s:7:\"\0*\0item\";N;s:5:\"error\";s:0:\"\";}'),(3,6,1,'O:47:\"Concrete\\Core\\Feature\\Detail\\ConversationDetail\":3:{s:8:\"\0*\0cnvID\";s:1:\"2\";s:7:\"\0*\0item\";N;s:5:\"error\";s:0:\"\";}'),(4,6,1,'O:47:\"Concrete\\Core\\Feature\\Detail\\ConversationDetail\":3:{s:8:\"\0*\0cnvID\";s:1:\"3\";s:7:\"\0*\0item\";N;s:5:\"error\";s:0:\"\";}'),(5,6,1,'O:47:\"Concrete\\Core\\Feature\\Detail\\ConversationDetail\":3:{s:8:\"\0*\0cnvID\";s:1:\"4\";s:7:\"\0*\0item\";N;s:5:\"error\";s:0:\"\";}'),(6,5,1,'O:40:\"Concrete\\Core\\Feature\\Detail\\ImageDetail\":5:{s:6:\"\0*\0src\";s:52:\"/application/files/7815/9420/8732/chinese_house2.jpg\";s:8:\"\0*\0width\";s:3:\"200\";s:9:\"\0*\0height\";s:3:\"200\";s:7:\"\0*\0item\";N;s:5:\"error\";s:0:\"\";}'),(7,5,1,'O:40:\"Concrete\\Core\\Feature\\Detail\\ImageDetail\":5:{s:6:\"\0*\0src\";s:43:\"/application/files/6215/9420/8733/blank.png\";s:8:\"\0*\0width\";s:3:\"592\";s:9:\"\0*\0height\";s:3:\"397\";s:7:\"\0*\0item\";N;s:5:\"error\";s:0:\"\";}'),(8,5,1,'O:40:\"Concrete\\Core\\Feature\\Detail\\ImageDetail\":5:{s:6:\"\0*\0src\";s:43:\"/application/files/6215/9420/8733/blank.png\";s:8:\"\0*\0width\";s:3:\"592\";s:9:\"\0*\0height\";s:3:\"397\";s:7:\"\0*\0item\";N;s:5:\"error\";s:0:\"\";}'),(9,5,1,'O:40:\"Concrete\\Core\\Feature\\Detail\\ImageDetail\":5:{s:6:\"\0*\0src\";s:44:\"/application/files/9115/9420/8732/blank2.png\";s:8:\"\0*\0width\";s:3:\"250\";s:9:\"\0*\0height\";s:3:\"252\";s:7:\"\0*\0item\";N;s:5:\"error\";s:0:\"\";}'),(10,5,1,'O:40:\"Concrete\\Core\\Feature\\Detail\\ImageDetail\":5:{s:6:\"\0*\0src\";s:46:\"/application/files/9515/9420/8733/masthead.png\";s:8:\"\0*\0width\";s:4:\"1100\";s:9:\"\0*\0height\";s:3:\"263\";s:7:\"\0*\0item\";N;s:5:\"error\";s:0:\"\";}'),(11,6,1,'O:47:\"Concrete\\Core\\Feature\\Detail\\ConversationDetail\":3:{s:8:\"\0*\0cnvID\";s:1:\"5\";s:7:\"\0*\0item\";N;s:5:\"error\";s:0:\"\";}'),(13,6,1,'O:47:\"Concrete\\Core\\Feature\\Detail\\ConversationDetail\":3:{s:8:\"\0*\0cnvID\";s:1:\"7\";s:7:\"\0*\0item\";N;s:5:\"error\";s:0:\"\";}'),(14,5,1,'O:40:\"Concrete\\Core\\Feature\\Detail\\ImageDetail\":5:{s:6:\"\0*\0src\";s:49:\"/application/files/2715/9818/0334/2_innopolis.jpg\";s:8:\"\0*\0width\";s:4:\"2400\";s:9:\"\0*\0height\";s:4:\"1000\";s:7:\"\0*\0item\";N;s:5:\"error\";s:0:\"\";}'),(15,5,1,'O:40:\"Concrete\\Core\\Feature\\Detail\\ImageDetail\":5:{s:6:\"\0*\0src\";s:45:\"/application/files/5815/9818/3723/default.jpg\";s:8:\"\0*\0width\";s:4:\"1200\";s:9:\"\0*\0height\";s:3:\"500\";s:7:\"\0*\0item\";N;s:5:\"error\";s:0:\"\";}'),(17,5,1,'O:40:\"Concrete\\Core\\Feature\\Detail\\ImageDetail\":5:{s:6:\"\0*\0src\";s:49:\"/application/files/2715/9818/0334/2_innopolis.jpg\";s:8:\"\0*\0width\";s:4:\"2400\";s:9:\"\0*\0height\";s:4:\"1000\";s:7:\"\0*\0item\";N;s:5:\"error\";s:0:\"\";}'),(18,5,1,'O:40:\"Concrete\\Core\\Feature\\Detail\\ImageDetail\":5:{s:6:\"\0*\0src\";s:45:\"/application/files/5815/9818/3723/default.jpg\";s:8:\"\0*\0width\";s:4:\"1200\";s:9:\"\0*\0height\";s:3:\"500\";s:7:\"\0*\0item\";N;s:5:\"error\";s:0:\"\";}'),(19,5,1,'O:40:\"Concrete\\Core\\Feature\\Detail\\ImageDetail\":5:{s:6:\"\0*\0src\";s:48:\"/application/files/3515/9821/1969/logo-tassr.png\";s:8:\"\0*\0width\";s:3:\"156\";s:9:\"\0*\0height\";s:2:\"52\";s:7:\"\0*\0item\";N;s:5:\"error\";s:0:\"\";}'),(20,5,1,'O:40:\"Concrete\\Core\\Feature\\Detail\\ImageDetail\":5:{s:6:\"\0*\0src\";s:48:\"/application/files/3515/9821/1969/logo-tassr.png\";s:8:\"\0*\0width\";s:3:\"156\";s:9:\"\0*\0height\";s:2:\"52\";s:7:\"\0*\0item\";N;s:5:\"error\";s:0:\"\";}'),(21,5,1,'O:40:\"Concrete\\Core\\Feature\\Detail\\ImageDetail\":5:{s:6:\"\0*\0src\";s:48:\"/application/files/3515/9821/1969/logo-tassr.png\";s:8:\"\0*\0width\";s:3:\"156\";s:9:\"\0*\0height\";s:2:\"52\";s:7:\"\0*\0item\";N;s:5:\"error\";s:0:\"\";}'),(27,5,1,'O:40:\"Concrete\\Core\\Feature\\Detail\\ImageDetail\":5:{s:6:\"\0*\0src\";s:52:\"/application/files/6715/9874/1774/block_mobile-2.png\";s:8:\"\0*\0width\";s:3:\"225\";s:9:\"\0*\0height\";s:3:\"450\";s:7:\"\0*\0item\";N;s:5:\"error\";s:0:\"\";}'),(28,5,1,'O:40:\"Concrete\\Core\\Feature\\Detail\\ImageDetail\":5:{s:6:\"\0*\0src\";s:52:\"/application/files/6815/9874/1773/block_mobile-3.png\";s:8:\"\0*\0width\";s:3:\"226\";s:9:\"\0*\0height\";s:3:\"450\";s:7:\"\0*\0item\";N;s:5:\"error\";s:0:\"\";}'),(29,5,1,'O:40:\"Concrete\\Core\\Feature\\Detail\\ImageDetail\":5:{s:6:\"\0*\0src\";s:52:\"/application/files/3215/9874/1489/block_mobile-1.png\";s:8:\"\0*\0width\";s:3:\"303\";s:9:\"\0*\0height\";s:3:\"600\";s:7:\"\0*\0item\";N;s:5:\"error\";s:0:\"\";}'),(32,5,1,'O:40:\"Concrete\\Core\\Feature\\Detail\\ImageDetail\":5:{s:6:\"\0*\0src\";s:45:\"/application/files/5815/9818/3723/default.jpg\";s:8:\"\0*\0width\";s:4:\"1200\";s:9:\"\0*\0height\";s:3:\"500\";s:7:\"\0*\0item\";N;s:5:\"error\";s:0:\"\";}'),(33,5,1,'O:40:\"Concrete\\Core\\Feature\\Detail\\ImageDetail\":5:{s:6:\"\0*\0src\";s:45:\"/application/files/5815/9818/3723/default.jpg\";s:8:\"\0*\0width\";s:4:\"1200\";s:9:\"\0*\0height\";s:3:\"500\";s:7:\"\0*\0item\";N;s:5:\"error\";s:0:\"\";}'),(36,5,1,'O:40:\"Concrete\\Core\\Feature\\Detail\\ImageDetail\":5:{s:6:\"\0*\0src\";s:52:\"/application/files/3215/9874/1489/block_mobile-1.png\";s:8:\"\0*\0width\";s:3:\"303\";s:9:\"\0*\0height\";s:3:\"600\";s:7:\"\0*\0item\";N;s:5:\"error\";s:0:\"\";}'),(37,5,1,'O:40:\"Concrete\\Core\\Feature\\Detail\\ImageDetail\":5:{s:6:\"\0*\0src\";s:52:\"/application/files/3215/9874/1489/block_mobile-1.png\";s:8:\"\0*\0width\";s:3:\"303\";s:9:\"\0*\0height\";s:3:\"600\";s:7:\"\0*\0item\";N;s:5:\"error\";s:0:\"\";}'),(38,5,1,'O:40:\"Concrete\\Core\\Feature\\Detail\\ImageDetail\":5:{s:6:\"\0*\0src\";s:73:\"/application/files/8815/9887/4438/Heshteg_Innopolis_pered_Tehnoparkom.jpg\";s:8:\"\0*\0width\";s:4:\"1200\";s:9:\"\0*\0height\";s:3:\"798\";s:7:\"\0*\0item\";N;s:5:\"error\";s:0:\"\";}'),(45,5,1,'O:40:\"Concrete\\Core\\Feature\\Detail\\ImageDetail\":5:{s:6:\"\0*\0src\";s:71:\"/application/files/9915/9887/4979/Sportivnyj_kompleks_i_Universitet.jpg\";s:8:\"\0*\0width\";s:4:\"1200\";s:9:\"\0*\0height\";s:3:\"796\";s:7:\"\0*\0item\";N;s:5:\"error\";s:0:\"\";}'),(46,5,1,'O:40:\"Concrete\\Core\\Feature\\Detail\\ImageDetail\":5:{s:6:\"\0*\0src\";s:62:\"/application/files/1415/9887/5182/150807-DSC_9367-Platonov.jpg\";s:8:\"\0*\0width\";s:4:\"1200\";s:9:\"\0*\0height\";s:3:\"801\";s:7:\"\0*\0item\";N;s:5:\"error\";s:0:\"\";}'),(48,5,1,'O:40:\"Concrete\\Core\\Feature\\Detail\\ImageDetail\":5:{s:6:\"\0*\0src\";s:60:\"/application/files/5715/9887/4917/Gorodskoe_meropriyatie.jpg\";s:8:\"\0*\0width\";s:4:\"1200\";s:9:\"\0*\0height\";s:3:\"798\";s:7:\"\0*\0item\";N;s:5:\"error\";s:0:\"\";}'),(49,5,1,'O:40:\"Concrete\\Core\\Feature\\Detail\\ImageDetail\":5:{s:6:\"\0*\0src\";s:72:\"/application/files/4515/9887/4840/Vypusknoj_v_Universitete_Innopolis.jpg\";s:8:\"\0*\0width\";s:4:\"1200\";s:9:\"\0*\0height\";s:3:\"798\";s:7:\"\0*\0item\";N;s:5:\"error\";s:0:\"\";}'),(50,5,1,'O:40:\"Concrete\\Core\\Feature\\Detail\\ImageDetail\":5:{s:6:\"\0*\0src\";s:45:\"/application/files/5815/9818/3723/default.jpg\";s:8:\"\0*\0width\";s:4:\"1200\";s:9:\"\0*\0height\";s:3:\"500\";s:7:\"\0*\0item\";N;s:5:\"error\";s:0:\"\";}'),(51,5,1,'O:40:\"Concrete\\Core\\Feature\\Detail\\ImageDetail\":5:{s:6:\"\0*\0src\";s:43:\"/application/files/2315/9888/7760/424_7.jpg\";s:8:\"\0*\0width\";s:4:\"2076\";s:9:\"\0*\0height\";s:4:\"1332\";s:7:\"\0*\0item\";N;s:5:\"error\";s:0:\"\";}'),(53,5,1,'O:40:\"Concrete\\Core\\Feature\\Detail\\ImageDetail\":5:{s:6:\"\0*\0src\";s:45:\"/application/files/5815/9818/3723/default.jpg\";s:8:\"\0*\0width\";s:4:\"1200\";s:9:\"\0*\0height\";s:3:\"500\";s:7:\"\0*\0item\";N;s:5:\"error\";s:0:\"\";}'),(54,5,1,'O:40:\"Concrete\\Core\\Feature\\Detail\\ImageDetail\":5:{s:6:\"\0*\0src\";s:45:\"/application/files/5815/9818/3723/default.jpg\";s:8:\"\0*\0width\";s:4:\"1200\";s:9:\"\0*\0height\";s:3:\"500\";s:7:\"\0*\0item\";N;s:5:\"error\";s:0:\"\";}'),(55,5,1,'O:40:\"Concrete\\Core\\Feature\\Detail\\ImageDetail\":5:{s:6:\"\0*\0src\";s:45:\"/application/files/5815/9818/3723/default.jpg\";s:8:\"\0*\0width\";s:4:\"1200\";s:9:\"\0*\0height\";s:3:\"500\";s:7:\"\0*\0item\";N;s:5:\"error\";s:0:\"\";}'),(56,5,1,'O:40:\"Concrete\\Core\\Feature\\Detail\\ImageDetail\":5:{s:6:\"\0*\0src\";s:45:\"/application/files/5815/9818/3723/default.jpg\";s:8:\"\0*\0width\";s:4:\"1200\";s:9:\"\0*\0height\";s:3:\"500\";s:7:\"\0*\0item\";N;s:5:\"error\";s:0:\"\";}'),(57,5,1,'O:40:\"Concrete\\Core\\Feature\\Detail\\ImageDetail\":5:{s:6:\"\0*\0src\";s:45:\"/application/files/5815/9818/3723/default.jpg\";s:8:\"\0*\0width\";s:4:\"1200\";s:9:\"\0*\0height\";s:3:\"500\";s:7:\"\0*\0item\";N;s:5:\"error\";s:0:\"\";}'),(58,5,1,'O:40:\"Concrete\\Core\\Feature\\Detail\\ImageDetail\":5:{s:6:\"\0*\0src\";s:45:\"/application/files/5815/9818/3723/default.jpg\";s:8:\"\0*\0width\";s:4:\"1200\";s:9:\"\0*\0height\";s:3:\"500\";s:7:\"\0*\0item\";N;s:5:\"error\";s:0:\"\";}'),(59,5,1,'O:40:\"Concrete\\Core\\Feature\\Detail\\ImageDetail\":5:{s:6:\"\0*\0src\";s:45:\"/application/files/5815/9818/3723/default.jpg\";s:8:\"\0*\0width\";s:4:\"1200\";s:9:\"\0*\0height\";s:3:\"500\";s:7:\"\0*\0item\";N;s:5:\"error\";s:0:\"\";}'),(60,5,1,'O:40:\"Concrete\\Core\\Feature\\Detail\\ImageDetail\":5:{s:6:\"\0*\0src\";s:45:\"/application/files/5815/9818/3723/default.jpg\";s:8:\"\0*\0width\";s:4:\"1200\";s:9:\"\0*\0height\";s:3:\"500\";s:7:\"\0*\0item\";N;s:5:\"error\";s:0:\"\";}'),(61,5,1,'O:40:\"Concrete\\Core\\Feature\\Detail\\ImageDetail\":5:{s:6:\"\0*\0src\";s:45:\"/application/files/5815/9818/3723/default.jpg\";s:8:\"\0*\0width\";s:4:\"1200\";s:9:\"\0*\0height\";s:3:\"500\";s:7:\"\0*\0item\";N;s:5:\"error\";s:0:\"\";}'),(62,5,1,'O:40:\"Concrete\\Core\\Feature\\Detail\\ImageDetail\":5:{s:6:\"\0*\0src\";s:44:\"/application/files/7615/9819/2384/1_gimn.jpg\";s:8:\"\0*\0width\";s:4:\"2400\";s:9:\"\0*\0height\";s:4:\"1000\";s:7:\"\0*\0item\";N;s:5:\"error\";s:0:\"\";}'),(63,5,1,'O:40:\"Concrete\\Core\\Feature\\Detail\\ImageDetail\":5:{s:6:\"\0*\0src\";s:49:\"/application/files/2715/9818/0334/2_innopolis.jpg\";s:8:\"\0*\0width\";s:4:\"2400\";s:9:\"\0*\0height\";s:4:\"1000\";s:7:\"\0*\0item\";N;s:5:\"error\";s:0:\"\";}'),(64,5,1,'O:40:\"Concrete\\Core\\Feature\\Detail\\ImageDetail\":5:{s:6:\"\0*\0src\";s:47:\"/application/files/1515/9887/7019/3_dzhalil.jpg\";s:8:\"\0*\0width\";s:4:\"2400\";s:9:\"\0*\0height\";s:4:\"1000\";s:7:\"\0*\0item\";N;s:5:\"error\";s:0:\"\";}'),(65,5,1,'O:40:\"Concrete\\Core\\Feature\\Detail\\ImageDetail\":5:{s:6:\"\0*\0src\";s:49:\"/application/files/8915/9882/8798/4_transport.jpg\";s:8:\"\0*\0width\";s:4:\"2400\";s:9:\"\0*\0height\";s:4:\"1000\";s:7:\"\0*\0item\";N;s:5:\"error\";s:0:\"\";}'),(66,5,1,'O:40:\"Concrete\\Core\\Feature\\Detail\\ImageDetail\":5:{s:6:\"\0*\0src\";s:53:\"/application/files/2515/9882/7753/5_KAMAZ._str_29.jpg\";s:8:\"\0*\0width\";s:4:\"2400\";s:9:\"\0*\0height\";s:4:\"1000\";s:7:\"\0*\0item\";N;s:5:\"error\";s:0:\"\";}'),(67,5,1,'O:40:\"Concrete\\Core\\Feature\\Detail\\ImageDetail\":5:{s:6:\"\0*\0src\";s:54:\"/application/files/4515/9888/7985/6_neft._st_34-35.jpg\";s:8:\"\0*\0width\";s:4:\"2400\";s:9:\"\0*\0height\";s:4:\"1000\";s:7:\"\0*\0item\";N;s:5:\"error\";s:0:\"\";}'),(68,5,1,'O:40:\"Concrete\\Core\\Feature\\Detail\\ImageDetail\":5:{s:6:\"\0*\0src\";s:46:\"/application/files/1215/9888/8113/7_geroi2.jpg\";s:8:\"\0*\0width\";s:4:\"2400\";s:9:\"\0*\0height\";s:4:\"1000\";s:7:\"\0*\0item\";N;s:5:\"error\";s:0:\"\";}'),(69,5,1,'O:40:\"Concrete\\Core\\Feature\\Detail\\ImageDetail\":5:{s:6:\"\0*\0src\";s:55:\"/application/files/2315/9888/8819/8_medicina_str_51.jpg\";s:8:\"\0*\0width\";s:4:\"2400\";s:9:\"\0*\0height\";s:4:\"1000\";s:7:\"\0*\0item\";N;s:5:\"error\";s:0:\"\";}'),(70,5,1,'O:40:\"Concrete\\Core\\Feature\\Detail\\ImageDetail\":5:{s:6:\"\0*\0src\";s:49:\"/application/files/4115/9888/9298/9_dendrarij.jpg\";s:8:\"\0*\0width\";s:4:\"2400\";s:9:\"\0*\0height\";s:4:\"1000\";s:7:\"\0*\0item\";N;s:5:\"error\";s:0:\"\";}'),(71,5,1,'O:40:\"Concrete\\Core\\Feature\\Detail\\ImageDetail\":5:{s:6:\"\0*\0src\";s:67:\"/application/files/6915/9888/9374/10_selskoe_hozyajstvo._str_57.jpg\";s:8:\"\0*\0width\";s:4:\"2400\";s:9:\"\0*\0height\";s:4:\"1000\";s:7:\"\0*\0item\";N;s:5:\"error\";s:0:\"\";}'),(72,5,1,'O:40:\"Concrete\\Core\\Feature\\Detail\\ImageDetail\":5:{s:6:\"\0*\0src\";s:56:\"/application/files/3915/9888/9563/11_kultura_str._63.jpg\";s:8:\"\0*\0width\";s:4:\"2400\";s:9:\"\0*\0height\";s:4:\"1000\";s:7:\"\0*\0item\";N;s:5:\"error\";s:0:\"\";}'),(73,5,1,'O:40:\"Concrete\\Core\\Feature\\Detail\\ImageDetail\":5:{s:6:\"\0*\0src\";s:46:\"/application/files/7515/9888/9791/12_tukaj.jpg\";s:8:\"\0*\0width\";s:4:\"2400\";s:9:\"\0*\0height\";s:4:\"1000\";s:7:\"\0*\0item\";N;s:5:\"error\";s:0:\"\";}'),(74,5,1,'O:40:\"Concrete\\Core\\Feature\\Detail\\ImageDetail\":5:{s:6:\"\0*\0src\";s:57:\"/application/files/7915/9888/9905/13_sabantuj._str.69.jpg\";s:8:\"\0*\0width\";s:4:\"2400\";s:9:\"\0*\0height\";s:4:\"1000\";s:7:\"\0*\0item\";N;s:5:\"error\";s:0:\"\";}'),(75,5,1,'O:40:\"Concrete\\Core\\Feature\\Detail\\ImageDetail\":5:{s:6:\"\0*\0src\";s:47:\"/application/files/6915/9889/0181/14_kosmos.jpg\";s:8:\"\0*\0width\";s:4:\"2400\";s:9:\"\0*\0height\";s:4:\"1000\";s:7:\"\0*\0item\";N;s:5:\"error\";s:0:\"\";}'),(77,5,1,'O:40:\"Concrete\\Core\\Feature\\Detail\\ImageDetail\":5:{s:6:\"\0*\0src\";s:52:\"/application/files/3215/9874/1489/block_mobile-1.png\";s:8:\"\0*\0width\";s:3:\"303\";s:9:\"\0*\0height\";s:3:\"600\";s:7:\"\0*\0item\";N;s:5:\"error\";s:0:\"\";}'),(78,5,1,'O:40:\"Concrete\\Core\\Feature\\Detail\\ImageDetail\":5:{s:6:\"\0*\0src\";s:52:\"/application/files/6715/9874/1774/block_mobile-2.png\";s:8:\"\0*\0width\";s:3:\"225\";s:9:\"\0*\0height\";s:3:\"450\";s:7:\"\0*\0item\";N;s:5:\"error\";s:0:\"\";}'),(79,5,1,'O:40:\"Concrete\\Core\\Feature\\Detail\\ImageDetail\":5:{s:6:\"\0*\0src\";s:52:\"/application/files/6815/9874/1773/block_mobile-3.png\";s:8:\"\0*\0width\";s:3:\"226\";s:9:\"\0*\0height\";s:3:\"450\";s:7:\"\0*\0item\";N;s:5:\"error\";s:0:\"\";}'),(80,5,1,'O:40:\"Concrete\\Core\\Feature\\Detail\\ImageDetail\":5:{s:6:\"\0*\0src\";s:57:\"/application/files/4416/3016/8402/2021-08-28_19-32-48.jpg\";s:8:\"\0*\0width\";s:3:\"396\";s:9:\"\0*\0height\";s:3:\"292\";s:7:\"\0*\0item\";N;s:5:\"error\";s:0:\"\";}'),(81,5,1,'O:40:\"Concrete\\Core\\Feature\\Detail\\ImageDetail\":5:{s:6:\"\0*\0src\";s:59:\"/application/files/3916/3024/9373/Free_Book_Mockup_8-01.jpg\";s:8:\"\0*\0width\";s:4:\"1200\";s:9:\"\0*\0height\";s:3:\"900\";s:7:\"\0*\0item\";N;s:5:\"error\";s:0:\"\";}'),(83,5,1,'O:40:\"Concrete\\Core\\Feature\\Detail\\ImageDetail\":5:{s:6:\"\0*\0src\";s:42:\"/application/files/4616/3048/0563/b-01.png\";s:8:\"\0*\0width\";s:3:\"496\";s:9:\"\0*\0height\";s:3:\"235\";s:7:\"\0*\0item\";N;s:5:\"error\";s:0:\"\";}'),(84,5,1,'O:40:\"Concrete\\Core\\Feature\\Detail\\ImageDetail\":5:{s:6:\"\0*\0src\";s:57:\"/application/files/4416/3016/8402/2021-08-28_19-32-48.jpg\";s:8:\"\0*\0width\";s:3:\"396\";s:9:\"\0*\0height\";s:3:\"292\";s:7:\"\0*\0item\";N;s:5:\"error\";s:0:\"\";}'),(85,5,1,'O:40:\"Concrete\\Core\\Feature\\Detail\\ImageDetail\":5:{s:6:\"\0*\0src\";s:57:\"/application/files/4416/3016/8402/2021-08-28_19-32-48.jpg\";s:8:\"\0*\0width\";s:3:\"396\";s:9:\"\0*\0height\";s:3:\"292\";s:7:\"\0*\0item\";N;s:5:\"error\";s:0:\"\";}'),(86,5,1,'O:40:\"Concrete\\Core\\Feature\\Detail\\ImageDetail\":5:{s:6:\"\0*\0src\";s:54:\"/application/files/5316/6091/4977/LOGO-GOD-COLOR-1.png\";s:8:\"\0*\0width\";s:3:\"165\";s:9:\"\0*\0height\";s:3:\"134\";s:7:\"\0*\0item\";N;s:5:\"error\";s:0:\"\";}'),(87,5,1,'O:40:\"Concrete\\Core\\Feature\\Detail\\ImageDetail\":5:{s:6:\"\0*\0src\";s:54:\"/application/files/5316/6091/4977/LOGO-GOD-COLOR-1.png\";s:8:\"\0*\0width\";s:3:\"165\";s:9:\"\0*\0height\";s:3:\"134\";s:7:\"\0*\0item\";N;s:5:\"error\";s:0:\"\";}'),(88,5,1,'O:40:\"Concrete\\Core\\Feature\\Detail\\ImageDetail\":5:{s:6:\"\0*\0src\";s:54:\"/application/files/5316/6091/4977/LOGO-GOD-COLOR-1.png\";s:8:\"\0*\0width\";s:3:\"165\";s:9:\"\0*\0height\";s:3:\"134\";s:7:\"\0*\0item\";N;s:5:\"error\";s:0:\"\";}'),(89,5,1,'O:40:\"Concrete\\Core\\Feature\\Detail\\ImageDetail\":5:{s:6:\"\0*\0src\";s:57:\"/application/files/6116/6143/7350/Glavnyj-ekran-baner.jpg\";s:8:\"\0*\0width\";s:4:\"1920\";s:9:\"\0*\0height\";s:3:\"800\";s:7:\"\0*\0item\";N;s:5:\"error\";s:0:\"\";}'),(90,5,1,'O:40:\"Concrete\\Core\\Feature\\Detail\\ImageDetail\":5:{s:6:\"\0*\0src\";s:57:\"/application/files/6116/6143/7350/Glavnyj-ekran-baner.jpg\";s:8:\"\0*\0width\";s:4:\"1920\";s:9:\"\0*\0height\";s:3:\"800\";s:7:\"\0*\0item\";N;s:5:\"error\";s:0:\"\";}'),(92,5,1,'O:40:\"Concrete\\Core\\Feature\\Detail\\ImageDetail\":5:{s:6:\"\0*\0src\";s:44:\"/application/files/8916/6152/1246/people.jpg\";s:8:\"\0*\0width\";s:4:\"1318\";s:9:\"\0*\0height\";s:3:\"464\";s:7:\"\0*\0item\";N;s:5:\"error\";s:0:\"\";}'),(93,5,1,'O:40:\"Concrete\\Core\\Feature\\Detail\\ImageDetail\":5:{s:6:\"\0*\0src\";s:44:\"/application/files/8916/6152/1246/people.jpg\";s:8:\"\0*\0width\";s:4:\"1318\";s:9:\"\0*\0height\";s:3:\"464\";s:7:\"\0*\0item\";N;s:5:\"error\";s:0:\"\";}'),(94,5,1,'O:40:\"Concrete\\Core\\Feature\\Detail\\ImageDetail\":5:{s:6:\"\0*\0src\";s:44:\"/application/files/8916/6152/1246/people.jpg\";s:8:\"\0*\0width\";s:4:\"1318\";s:9:\"\0*\0height\";s:3:\"464\";s:7:\"\0*\0item\";N;s:5:\"error\";s:0:\"\";}'),(95,5,1,'O:40:\"Concrete\\Core\\Feature\\Detail\\ImageDetail\":5:{s:6:\"\0*\0src\";s:45:\"/application/files/8216/6152/3038/people3.jpg\";s:8:\"\0*\0width\";s:4:\"1325\";s:9:\"\0*\0height\";s:3:\"470\";s:7:\"\0*\0item\";N;s:5:\"error\";s:0:\"\";}'),(100,5,1,'O:40:\"Concrete\\Core\\Feature\\Detail\\ImageDetail\":5:{s:6:\"\0*\0src\";s:42:\"/application/files/4616/3048/0563/b-01.png\";s:8:\"\0*\0width\";s:3:\"496\";s:9:\"\0*\0height\";s:3:\"235\";s:7:\"\0*\0item\";N;s:5:\"error\";s:0:\"\";}'),(101,5,1,'O:40:\"Concrete\\Core\\Feature\\Detail\\ImageDetail\":5:{s:6:\"\0*\0src\";s:44:\"/application/files/8916/6152/1246/people.jpg\";s:8:\"\0*\0width\";s:4:\"1318\";s:9:\"\0*\0height\";s:3:\"464\";s:7:\"\0*\0item\";N;s:5:\"error\";s:0:\"\";}'),(102,5,1,'O:40:\"Concrete\\Core\\Feature\\Detail\\ImageDetail\":5:{s:6:\"\0*\0src\";s:44:\"/application/files/8916/6152/1246/people.jpg\";s:8:\"\0*\0width\";s:4:\"1318\";s:9:\"\0*\0height\";s:3:\"464\";s:7:\"\0*\0item\";N;s:5:\"error\";s:0:\"\";}'),(103,5,1,'O:40:\"Concrete\\Core\\Feature\\Detail\\ImageDetail\":5:{s:6:\"\0*\0src\";s:48:\"/application/files/4216/6184/5961/logo-cifra.png\";s:8:\"\0*\0width\";s:3:\"355\";s:9:\"\0*\0height\";s:3:\"118\";s:7:\"\0*\0item\";N;s:5:\"error\";s:0:\"\";}'),(104,5,1,'O:40:\"Concrete\\Core\\Feature\\Detail\\ImageDetail\":5:{s:6:\"\0*\0src\";s:48:\"/application/files/1916/6184/6041/logo-cifra.png\";s:8:\"\0*\0width\";s:3:\"355\";s:9:\"\0*\0height\";s:3:\"123\";s:7:\"\0*\0item\";N;s:5:\"error\";s:0:\"\";}'),(105,5,1,'O:40:\"Concrete\\Core\\Feature\\Detail\\ImageDetail\":5:{s:6:\"\0*\0src\";s:45:\"/application/files/2116/6152/2720/people2.jpg\";s:8:\"\0*\0width\";s:4:\"1920\";s:9:\"\0*\0height\";s:3:\"500\";s:7:\"\0*\0item\";N;s:5:\"error\";s:0:\"\";}'),(106,5,1,'O:40:\"Concrete\\Core\\Feature\\Detail\\ImageDetail\":5:{s:6:\"\0*\0src\";s:45:\"/application/files/2116/6152/2720/people2.jpg\";s:8:\"\0*\0width\";s:4:\"1920\";s:9:\"\0*\0height\";s:3:\"500\";s:7:\"\0*\0item\";N;s:5:\"error\";s:0:\"\";}');

--
-- Table structure for table `FeatureCategories`
--

CREATE TABLE `FeatureCategories` (
  `fcID` int(10) unsigned NOT NULL AUTO_INCREMENT,
  `fcHandle` varchar(255) COLLATE utf8mb4_unicode_ci NOT NULL,
  `pkgID` int(10) unsigned DEFAULT NULL,
  PRIMARY KEY (`fcID`),
  UNIQUE KEY `fcHandle` (`fcHandle`),
  KEY `pkgID` (`pkgID`,`fcID`)
) ENGINE=InnoDB AUTO_INCREMENT=3 DEFAULT CHARSET=utf8mb4 COLLATE=utf8mb4_unicode_ci;

--
-- Dumping data for table `FeatureCategories`
--

INSERT INTO `FeatureCategories` VALUES (1,'collection_version',0),(2,'gathering_item',0);

--
-- Table structure for table `Features`
--

CREATE TABLE `Features` (
  `feID` int(10) unsigned NOT NULL AUTO_INCREMENT,
  `feHandle` varchar(255) COLLATE utf8mb4_unicode_ci NOT NULL,
  `feScore` int(11) NOT NULL DEFAULT '1',
  `feHasCustomClass` tinyint(1) NOT NULL DEFAULT '0',
  `pkgID` int(10) unsigned DEFAULT NULL,
  PRIMARY KEY (`feID`),
  UNIQUE KEY `feHandle` (`feHandle`),
  KEY `pkgID` (`pkgID`,`feID`)
) ENGINE=InnoDB AUTO_INCREMENT=9 DEFAULT CHARSET=utf8mb4 COLLATE=utf8mb4_unicode_ci;

--
-- Dumping data for table `Features`
--

INSERT INTO `Features` VALUES (1,'title',1,0,0),(2,'link',1,0,0),(3,'author',1,0,0),(4,'date_time',1,0,0),(5,'image',500,1,0),(6,'conversation',10,1,0),(7,'description',1,0,0),(8,'featured',1000,0,0);

--
-- Table structure for table `FileAttributeKeys`
--

CREATE TABLE `FileAttributeKeys` (
  `akID` int(10) unsigned NOT NULL,
  PRIMARY KEY (`akID`),
  CONSTRAINT `FK_BC5C7BBB6561A7E` FOREIGN KEY (`akID`) REFERENCES `AttributeKeys` (`akID`) ON DELETE CASCADE
) ENGINE=InnoDB DEFAULT CHARSET=utf8mb4 COLLATE=utf8mb4_unicode_ci;

--
-- Dumping data for table `FileAttributeKeys`
--

INSERT INTO `FileAttributeKeys` VALUES (16),(17),(19),(41),(42),(43),(44);

--
-- Table structure for table `FileAttributeValues`
--

CREATE TABLE `FileAttributeValues` (
  `fID` int(10) unsigned NOT NULL,
  `fvID` int(10) unsigned NOT NULL,
  `akID` int(10) unsigned NOT NULL,
  `avID` int(10) unsigned DEFAULT NULL,
  PRIMARY KEY (`fID`,`fvID`,`akID`),
  KEY `IDX_BBECEAA4B6561A7E` (`akID`),
  KEY `IDX_BBECEAA4A2A82A5D` (`avID`),
  CONSTRAINT `FK_BBECEAA4A2A82A5D` FOREIGN KEY (`avID`) REFERENCES `AttributeValues` (`avID`),
  CONSTRAINT `FK_BBECEAA4B6561A7E` FOREIGN KEY (`akID`) REFERENCES `AttributeKeys` (`akID`)
) ENGINE=InnoDB DEFAULT CHARSET=utf8mb4 COLLATE=utf8mb4_unicode_ci;

--
-- Dumping data for table `FileAttributeValues`
--

INSERT INTO `FileAttributeValues` VALUES (20,1,16,304),(20,1,17,305),(39,1,16,348),(39,1,17,349),(40,1,16,350),(40,1,17,351),(41,1,16,356),(41,1,17,357),(44,1,16,358),(44,1,17,359),(45,1,16,360),(45,1,17,361),(57,1,16,378),(57,1,17,379),(45,2,16,382),(45,2,17,383),(58,1,16,384),(58,1,17,385),(59,1,16,386),(59,1,17,387),(60,1,16,388),(60,1,17,389),(61,1,16,390),(61,1,17,391),(62,1,16,392),(62,1,17,393),(64,1,16,394),(64,1,17,395),(65,1,16,396),(65,1,17,397),(66,1,16,398),(66,1,17,399),(67,1,16,400),(67,1,17,401),(68,1,16,402),(68,1,17,403),(69,1,16,404),(69,1,17,405),(69,2,16,406),(69,2,17,407),(69,3,16,408),(69,3,17,409),(70,1,16,410),(70,1,17,411),(70,2,16,412),(70,2,17,413),(71,1,16,414),(71,1,17,415),(75,1,16,428),(75,1,17,429),(76,1,16,430),(76,1,17,431),(78,1,16,436),(78,1,17,437),(78,2,16,438),(78,2,17,439),(79,1,16,440),(79,1,17,441),(154,1,16,599),(154,1,17,600),(154,2,16,601),(154,2,17,602),(154,3,16,603),(154,3,17,604),(157,1,16,669),(157,1,17,670),(165,1,17,690),(165,1,16,691),(261,1,16,836),(261,1,17,837),(262,1,16,838),(262,1,17,839),(263,1,16,840),(263,1,17,841),(264,1,16,842),(264,1,17,843),(266,1,16,844),(266,1,17,845),(266,2,16,846),(266,2,17,847),(268,1,16,900),(268,1,17,901),(270,1,16,971),(270,1,17,972),(45,3,16,973),(45,3,17,974),(41,2,16,977),(41,2,17,978),(271,1,16,979),(271,1,17,980),(272,1,16,985),(272,1,17,986),(273,1,16,987),(273,1,17,988),(275,1,16,990),(275,1,17,991),(276,1,16,992),(276,1,17,993),(277,1,16,994),(277,1,17,995),(278,1,16,996),(278,1,17,997),(279,1,16,998),(279,1,17,999),(280,1,16,1000),(280,1,17,1001),(281,1,16,1002),(281,1,17,1003),(282,1,16,1004),(282,1,17,1005),(71,2,16,1008),(71,2,17,1009),(284,1,16,1010),(284,1,17,1011),(285,1,16,1012),(285,1,17,1013),(286,1,16,1014),(286,1,17,1015),(288,1,16,1031),(288,1,17,1032),(288,2,16,1033),(288,2,17,1034),(297,1,16,1035),(297,1,17,1036),(298,1,16,1037),(298,1,17,1038),(299,1,16,1047),(299,1,17,1048),(300,1,16,1049),(300,1,17,1050),(301,1,16,1051),(301,1,17,1052),(302,1,16,1059),(302,1,17,1060),(41,3,16,1103),(41,3,17,1104),(268,2,16,1105),(268,2,17,1106),(270,2,16,1107),(270,2,17,1108),(271,2,16,1109),(271,2,17,1110),(271,3,16,1111),(271,3,17,1112),(304,1,16,1113),(304,1,17,1114),(305,1,16,1115),(305,1,17,1116),(306,1,16,1117),(306,1,17,1118),(307,1,16,1119),(307,2,16,1119),(307,1,17,1120),(307,2,17,1120),(284,2,16,1121),(284,2,17,1122),(308,1,16,1123),(308,2,16,1123),(308,1,17,1124),(308,2,17,1124),(302,2,16,1131),(302,2,17,1132),(323,1,16,1133),(323,1,17,1134),(324,1,16,1135),(324,1,17,1136),(325,1,16,1137),(325,1,17,1138),(326,1,16,1139),(326,1,17,1140),(327,1,16,1141),(327,1,17,1142),(328,1,16,1143),(328,1,17,1144),(329,1,16,1145),(329,1,17,1146),(330,1,16,1147),(330,1,17,1148),(331,1,16,1149),(331,1,17,1150),(332,1,16,1151),(332,1,17,1152),(332,2,16,1153),(332,2,17,1154),(333,1,16,1155),(333,1,17,1156),(334,1,16,1157),(334,1,17,1158),(335,1,16,1159),(335,1,17,1160),(336,1,16,1161),(336,2,16,1161),(336,1,17,1162),(336,2,17,1162),(337,1,16,1163),(337,2,16,1163),(337,1,17,1164),(337,2,17,1164),(338,1,16,1165),(338,2,16,1165),(338,1,17,1166),(338,2,17,1166),(339,1,16,1167),(339,2,16,1167),(339,1,17,1168),(339,2,17,1168),(340,1,16,1169),(340,2,16,1169),(340,1,17,1170),(340,2,17,1170),(341,1,16,1171),(341,2,16,1171),(341,1,17,1172),(341,2,17,1172),(342,1,16,1173),(342,2,16,1173),(342,1,17,1174),(342,2,17,1174),(343,1,16,1175),(343,2,16,1175),(343,1,17,1176),(343,2,17,1176),(344,1,16,1177),(344,2,16,1177),(344,1,17,1178),(344,2,17,1178),(345,1,16,1179),(345,2,16,1179),(345,1,17,1180),(345,2,17,1180),(346,1,16,1181),(346,2,16,1181),(346,1,17,1182),(346,2,17,1182),(348,1,16,1185),(348,2,16,1185),(348,1,17,1186),(348,2,17,1186),(349,1,16,1187),(349,2,16,1187),(349,1,17,1188),(349,2,17,1188),(350,1,16,1189),(350,1,17,1190),(351,1,16,1191),(351,1,17,1192),(284,3,16,1193),(284,3,17,1194),(352,1,16,1195),(352,1,17,1196),(353,1,16,1197),(353,1,17,1198),(354,1,16,1199),(354,1,17,1200),(355,1,16,1205),(355,1,17,1206),(356,1,16,1207),(356,1,17,1208),(358,1,16,1209),(358,1,17,1210),(359,1,16,1211),(359,1,17,1212),(360,1,16,1213),(360,1,17,1214),(362,1,16,1223),(362,1,17,1224),(363,1,16,1225),(363,1,17,1226),(364,1,16,1227),(364,1,17,1228),(365,1,16,1229),(365,1,17,1230),(366,1,16,1231),(366,1,17,1232),(367,1,16,1233),(367,1,17,1234),(368,1,16,1235),(368,1,17,1236),(369,1,16,1237),(369,1,17,1238),(370,1,16,1239),(370,1,17,1240),(371,1,16,1241),(371,1,17,1242),(371,2,16,1243),(371,2,17,1244),(372,1,16,1245),(372,1,17,1246),(373,1,16,1253),(373,1,17,1254),(374,1,16,1255),(374,1,17,1256),(375,1,16,1257),(375,1,17,1258),(376,1,16,1259),(376,1,17,1260),(377,1,16,1261),(377,1,17,1262),(378,1,16,1263),(378,1,17,1264),(379,1,16,1265),(379,1,17,1266),(380,1,16,1267),(380,1,17,1268),(381,1,16,1269),(381,1,17,1270),(382,1,16,1271),(382,1,17,1272),(383,1,16,1273),(383,1,17,1274),(384,1,16,1275),(384,1,17,1276),(385,1,16,1277),(385,1,17,1278),(386,1,16,1279),(386,1,17,1280),(387,1,16,1281),(387,1,17,1282),(388,1,16,1283),(388,1,17,1284),(390,1,16,1287),(390,1,17,1288),(391,1,16,1289),(391,1,17,1290),(392,1,16,1291),(392,1,17,1292),(393,1,16,1293),(393,1,17,1294),(394,1,16,1295),(394,1,17,1296),(395,1,16,1297),(395,1,17,1298),(396,1,16,1301),(396,1,17,1302),(397,1,16,1304),(397,1,17,1305),(398,1,16,1306),(398,1,17,1307),(399,1,16,1308),(399,1,17,1309),(400,1,16,1310),(400,1,17,1311),(401,1,16,1312),(401,1,17,1313),(402,1,16,1314),(402,1,17,1315),(403,1,16,1316),(403,1,17,1317),(404,1,16,1318),(404,1,17,1319),(405,1,16,1320),(405,1,17,1321),(406,1,16,1322),(406,1,17,1323),(407,1,16,1324),(407,1,17,1325),(408,1,16,1326),(408,1,17,1327),(410,1,16,1330),(410,1,17,1331),(411,1,16,1332),(411,1,17,1333),(412,1,16,1334),(412,1,17,1335),(413,1,16,1336),(413,1,17,1337),(373,2,16,1338),(373,2,17,1339),(414,1,16,1340),(414,1,17,1341),(415,1,16,1342),(415,1,17,1343),(416,1,16,1344),(416,1,17,1345),(417,1,16,1346),(417,1,17,1347),(418,1,16,1348),(418,1,17,1349),(419,1,16,1350),(419,1,17,1351),(420,1,16,1352),(420,1,17,1353),(421,1,16,1354),(421,1,17,1355),(422,1,16,1356),(422,1,17,1357),(423,1,16,1358),(423,1,17,1359),(424,1,16,1360),(424,1,17,1361),(425,1,16,1362),(425,1,17,1363),(426,1,16,1364),(426,1,17,1365),(427,1,16,1366),(427,1,17,1367),(383,2,16,1368),(383,2,17,1369),(383,3,16,1370),(383,3,17,1371),(411,2,16,1372),(411,2,17,1373),(410,2,16,1374),(410,2,17,1375),(401,2,16,1376),(401,2,17,1377),(382,2,16,1378),(382,2,17,1379),(413,2,16,1380),(413,2,17,1381),(408,2,16,1382),(408,2,17,1383),(402,2,16,1384),(402,2,17,1385),(381,2,16,1386),(381,2,17,1387),(390,2,16,1388),(390,2,17,1389),(392,2,16,1390),(392,2,17,1391),(393,2,16,1392),(393,2,17,1393),(406,2,16,1394),(406,2,17,1395),(404,2,16,1396),(404,2,17,1397);

--
-- Table structure for table `FileImageThumbnailPaths`
--

CREATE TABLE `FileImageThumbnailPaths` (
  `fileID` int(10) unsigned NOT NULL,
  `fileVersionID` int(10) unsigned NOT NULL,
  `thumbnailTypeHandle` varchar(255) COLLATE utf8mb4_unicode_ci NOT NULL,
  `storageLocationID` int(10) unsigned NOT NULL,
  `thumbnailFormat` varchar(5) COLLATE utf8mb4_unicode_ci NOT NULL,
  `path` longtext COLLATE utf8mb4_unicode_ci NOT NULL,
  `isBuilt` tinyint(1) NOT NULL,
  `lockID` varchar(255) COLLATE utf8mb4_unicode_ci DEFAULT NULL,
  `lockExpires` datetime DEFAULT NULL,
  PRIMARY KEY (`fileID`,`fileVersionID`,`thumbnailTypeHandle`,`storageLocationID`,`thumbnailFormat`),
  KEY `thumbnailPathIsBuilt` (`isBuilt`)
) ENGINE=InnoDB DEFAULT CHARSET=utf8mb4 COLLATE=utf8mb4_unicode_ci;

--
-- Dumping data for table `FileImageThumbnailPaths`
--

INSERT INTO `FileImageThumbnailPaths` VALUES (336,2,'file_manager_detail',1,'jpeg','/thumbnails/file_manager_detail/5516/6151/0543/01.jpg',1,NULL,NULL),(337,2,'file_manager_detail',1,'jpeg','/thumbnails/file_manager_detail/8516/6151/0545/2a924f24-88ab-4911-aabb-e4490182a5a1.jpg',1,NULL,NULL),(338,2,'file_manager_detail',1,'jpeg','/thumbnails/file_manager_detail/9316/6151/0546/5f6dc26c-f27a-4c8d-a316-8a3b638723e6.jpg',1,NULL,NULL),(339,2,'file_manager_detail',1,'jpeg','/thumbnails/file_manager_detail/4416/6151/0547/6b7b020b-858e-47b8-98ed-a9e807336c2b.jpg',1,NULL,NULL),(340,2,'file_manager_detail',1,'jpeg','/thumbnails/file_manager_detail/5916/6151/0548/7a75ddf0-07ea-49f2-bb4c-a6587699db13.jpg',1,NULL,NULL),(341,2,'file_manager_detail',1,'jpeg','/thumbnails/file_manager_detail/6516/6151/0549/8d121818-6b8d-4c81-8c30-61d651032af8.jpg',1,NULL,NULL),(342,2,'file_manager_detail',1,'jpeg','/thumbnails/file_manager_detail/3016/6151/0550/9c5fa828-ee22-4082-9e0c-78a4127f1f1a.jpg',1,NULL,NULL),(343,2,'file_manager_detail',1,'jpeg','/thumbnails/file_manager_detail/1916/6151/0551/b5e424a2-0bf6-4fb7-9184-a3c27d5be2e7.jpg',1,NULL,NULL),(344,2,'file_manager_detail',1,'jpeg','/thumbnails/file_manager_detail/4316/6151/0553/bd78c019-dcf7-4a5a-9195-979473e2bf76.jpg',1,NULL,NULL),(345,2,'file_manager_detail',1,'jpeg','/thumbnails/file_manager_detail/9216/6151/0554/c179235b-f047-48c9-8360-21d2f0f6f6c0.jpg',1,NULL,NULL),(346,2,'file_manager_detail',1,'jpeg','/thumbnails/file_manager_detail/2516/6151/0554/d3dd91a0-e343-4d9f-a238-014201dea572.jpg',1,NULL,NULL),(348,2,'file_manager_detail',1,'jpeg','/thumbnails/file_manager_detail/7416/6151/0556/f33328b1-7320-4e9e-9af0-fc7518d52cb3.jpg',1,NULL,NULL),(349,2,'file_manager_detail',1,'jpeg','/thumbnails/file_manager_detail/4816/6151/0558/ff753d63-bfcd-40b0-8495-d075a4155ac4.jpg',1,NULL,NULL),(352,1,'large',1,'jpeg','/thumbnails/large/8916/6152/1246/people.jpg',1,NULL,NULL),(352,1,'medium',1,'jpeg','/thumbnails/medium/8916/6152/1246/people.jpg',1,NULL,NULL),(352,1,'small',1,'jpeg','/thumbnails/small/8916/6152/1246/people.jpg',1,NULL,NULL),(354,1,'large',1,'jpeg','/thumbnails/large/2116/6152/2720/people2.jpg',1,NULL,NULL),(354,1,'medium',1,'jpeg','/thumbnails/medium/2116/6152/2720/people2.jpg',1,NULL,NULL),(354,1,'small',1,'jpeg','/thumbnails/small/2116/6152/2720/people2.jpg',1,NULL,NULL),(373,2,'file_manager_detail',1,'jpeg','/thumbnails/file_manager_detail/2516/9598/6365/1.jpg',1,NULL,NULL),(373,2,'file_manager_listing',1,'jpeg','/thumbnails/file_manager_listing/2516/9598/6365/1.jpg',1,NULL,NULL),(374,1,'file_manager_detail',1,'jpeg','/thumbnails/file_manager_detail/2416/9581/7237/Garif_Rafikov_uchitel_zaveduyushij_KONO_g._Bugulmy._1920-e_gody.jpg',1,NULL,NULL),(374,1,'file_manager_listing',1,'jpeg','/thumbnails/file_manager_listing/2416/9581/7237/Garif_Rafikov_uchitel_zaveduyushij_KONO_g._Bugulmy._1920-e_gody.jpg',1,NULL,NULL),(375,1,'file_manager_detail',1,'jpeg','/thumbnails/file_manager_detail/3216/9581/7238/Delegaty_II_Vserossijskogo_sezda_uchitelej-musulman._1918_god.jpg',1,NULL,NULL),(375,1,'file_manager_listing',1,'jpeg','/thumbnails/file_manager_listing/3216/9581/7238/Delegaty_II_Vserossijskogo_sezda_uchitelej-musulman._1918_god.jpg',1,NULL,NULL),(376,1,'file_manager_detail',1,'jpeg','/thumbnails/file_manager_detail/5016/9581/7239/Delegaciya_TASSR_na_Vsesoyuznoj_konferencii_po_perevodu_tatarskoj_pismennosti_1928.jpg',1,NULL,NULL),(376,1,'file_manager_listing',1,'jpeg','/thumbnails/file_manager_listing/5016/9581/7239/Delegaciya_TASSR_na_Vsesoyuznoj_konferencii_po_perevodu_tatarskoj_pismennosti_1928.jpg',1,NULL,NULL),(377,1,'file_manager_detail',1,'jpeg','/thumbnails/file_manager_detail/2616/9581/7241/Zakir_Hadi_18631933_pisatel_prosvetitel_pedagog.jpg',1,NULL,NULL),(377,1,'file_manager_listing',1,'jpeg','/thumbnails/file_manager_listing/2616/9581/7241/Zakir_Hadi_18631933_pisatel_prosvetitel_pedagog.jpg',1,NULL,NULL),(378,1,'file_manager_detail',1,'jpeg','/thumbnails/file_manager_detail/2416/9581/7241/Mandat_delegata_Vsesoyuznoj_konferencii_po_perevodu_tatarskoj_pismennosti_na_latinskij_alfavit._1928_god.jpg',1,NULL,NULL),(378,1,'file_manager_listing',1,'jpeg','/thumbnails/file_manager_listing/2416/9581/7241/Mandat_delegata_Vsesoyuznoj_konferencii_po_perevodu_tatarskoj_pismennosti_na_latinskij_alfavit._1928_god.jpg',1,NULL,NULL),(379,1,'file_manager_detail',1,'jpeg','/thumbnails/file_manager_detail/7716/9581/7242/Otryvok_iz_doklada_zav._otdelom_narodnogo_obrazovaniya_Kazanskoj_gubernii_A.A._Maksimova._1919_god.jpg',1,NULL,NULL),(379,1,'file_manager_listing',1,'jpeg','/thumbnails/file_manager_listing/7716/9581/7242/Otryvok_iz_doklada_zav._otdelom_narodnogo_obrazovaniya_Kazanskoj_gubernii_A.A._Maksimova._1919_god.jpg',1,NULL,NULL),(380,1,'file_manager_detail',1,'jpeg','/thumbnails/file_manager_detail/7016/9581/7243/Uchenicheskie_i_uchitelskie_prinadlezhnosti_nachala_HH_veka.jpg',1,NULL,NULL),(380,1,'file_manager_listing',1,'jpeg','/thumbnails/file_manager_listing/7016/9581/7243/Uchenicheskie_i_uchitelskie_prinadlezhnosti_nachala_HH_veka.jpg',1,NULL,NULL),(381,2,'file_manager_detail',1,'jpeg','/thumbnails/file_manager_detail/9216/9599/0281/2023-09-27_15-29-02.jpg',1,NULL,NULL),(381,2,'file_manager_listing',1,'jpeg','/thumbnails/file_manager_listing/9216/9599/0281/2023-09-27_15-29-02.jpg',1,NULL,NULL),(382,2,'file_manager_detail',1,'jpeg','/thumbnails/file_manager_detail/7116/9598/7327/2023-09-27_15-29-17.jpg',1,NULL,NULL),(382,2,'file_manager_listing',1,'jpeg','/thumbnails/file_manager_listing/7116/9598/7327/2023-09-27_15-29-17.jpg',1,NULL,NULL),(383,3,'file_manager_detail',1,'jpeg','/thumbnails/file_manager_detail/5616/9598/6843/2023-09-27_15-29-26.jpg',1,NULL,NULL),(383,3,'file_manager_listing',1,'jpeg','/thumbnails/file_manager_listing/5616/9598/6843/2023-09-27_15-29-26.jpg',1,NULL,NULL),(384,1,'file_manager_detail',1,'jpeg','/thumbnails/file_manager_detail/6016/9581/7974/2023-09-27_15-26-27.jpg',1,NULL,NULL),(384,1,'file_manager_listing',1,'jpeg','/thumbnails/file_manager_listing/6016/9581/7974/2023-09-27_15-26-27.jpg',1,NULL,NULL),(386,1,'file_manager_detail',1,'jpeg','/thumbnails/file_manager_detail/4916/9581/7976/2023-09-27_15-27-06.jpg',1,NULL,NULL),(386,1,'file_manager_listing',1,'jpeg','/thumbnails/file_manager_listing/4916/9581/7976/2023-09-27_15-27-06.jpg',1,NULL,NULL),(387,1,'file_manager_detail',1,'jpeg','/thumbnails/file_manager_detail/6916/9581/7976/2023-09-27_15-27-24.jpg',1,NULL,NULL),(387,1,'file_manager_listing',1,'jpeg','/thumbnails/file_manager_listing/6916/9581/7976/2023-09-27_15-27-24.jpg',1,NULL,NULL),(393,2,'file_manager_detail',1,'jpeg','/thumbnails/file_manager_detail/3116/9599/0304/2023-09-27_15-28-46.jpg',1,NULL,NULL),(393,2,'file_manager_listing',1,'jpeg','/thumbnails/file_manager_listing/3116/9599/0304/2023-09-27_15-28-46.jpg',1,NULL,NULL),(395,1,'large',1,'jpeg','/thumbnails/large/4116/9581/8997/2023-09-26_16-22-42.jpg',1,NULL,NULL),(395,1,'medium',1,'jpeg','/thumbnails/medium/4116/9581/8997/2023-09-26_16-22-42.jpg',1,NULL,NULL),(395,1,'small',1,'jpeg','/thumbnails/small/4116/9581/8997/2023-09-26_16-22-42.jpg',1,NULL,NULL),(396,1,'large',1,'jpeg','/thumbnails/large/3816/9581/9404/2023-09-27_15-53-14.jpg',1,NULL,NULL),(396,1,'medium',1,'jpeg','/thumbnails/medium/3816/9581/9404/2023-09-27_15-53-14.jpg',1,NULL,NULL),(396,1,'small',1,'jpeg','/thumbnails/small/3816/9581/9404/2023-09-27_15-53-14.jpg',1,NULL,NULL),(401,2,'file_manager_detail',1,'jpeg','/thumbnails/file_manager_detail/2216/9598/7294/2023-09-27_16-02-15.jpg',1,NULL,NULL),(401,2,'file_manager_listing',1,'jpeg','/thumbnails/file_manager_listing/2216/9598/7294/2023-09-27_16-02-15.jpg',1,NULL,NULL),(402,2,'file_manager_detail',1,'jpeg','/thumbnails/file_manager_detail/6016/9598/9386/2023-09-27_16-02-32.jpg',1,NULL,NULL),(402,2,'file_manager_listing',1,'jpeg','/thumbnails/file_manager_listing/6016/9598/9386/2023-09-27_16-02-32.jpg',1,NULL,NULL),(403,1,'file_manager_detail',1,'jpeg','/thumbnails/file_manager_detail/8216/9582/0044/2023-09-27_16-02-49.jpg',1,NULL,NULL),(403,1,'file_manager_listing',1,'jpeg','/thumbnails/file_manager_listing/8216/9582/0044/2023-09-27_16-02-49.jpg',1,NULL,NULL),(403,1,'file_manager_listing_2x',1,'jpeg','/thumbnails/file_manager_listing_2x/8216/9582/0044/2023-09-27_16-02-49.jpg',1,NULL,NULL),(404,2,'file_manager_detail',1,'jpeg','/thumbnails/file_manager_detail/7816/9599/0375/2023-09-27_16-03-00.jpg',1,NULL,NULL),(404,2,'file_manager_listing',1,'jpeg','/thumbnails/file_manager_listing/7816/9599/0375/2023-09-27_16-03-00.jpg',1,NULL,NULL),(405,1,'file_manager_detail',1,'jpeg','/thumbnails/file_manager_detail/4416/9582/0045/2023-09-27_16-03-19.jpg',1,NULL,NULL),(405,1,'file_manager_listing',1,'jpeg','/thumbnails/file_manager_listing/4416/9582/0045/2023-09-27_16-03-19.jpg',1,NULL,NULL),(405,1,'file_manager_listing_2x',1,'jpeg','/thumbnails/file_manager_listing_2x/4416/9582/0045/2023-09-27_16-03-19.jpg',1,NULL,NULL),(406,2,'file_manager_detail',1,'jpeg','/thumbnails/file_manager_detail/1616/9599/0332/2023-09-27_15-27-24.jpg',1,NULL,NULL),(406,2,'file_manager_listing',1,'jpeg','/thumbnails/file_manager_listing/1616/9599/0332/2023-09-27_15-27-24.jpg',1,NULL,NULL),(408,2,'file_manager_detail',1,'jpeg','/thumbnails/file_manager_detail/4316/9598/9257/2023-09-27_16-03-42.jpg',1,NULL,NULL),(408,2,'file_manager_listing',1,'jpeg','/thumbnails/file_manager_listing/4316/9598/9257/2023-09-27_16-03-42.jpg',1,NULL,NULL),(410,2,'file_manager_detail',1,'jpeg','/thumbnails/file_manager_detail/7616/9598/7273/2023-09-27_16-01-27.jpg',1,NULL,NULL),(410,2,'file_manager_listing',1,'jpeg','/thumbnails/file_manager_listing/7616/9598/7273/2023-09-27_16-01-27.jpg',1,NULL,NULL),(411,2,'file_manager_detail',1,'jpeg','/thumbnails/file_manager_detail/1616/9598/6995/2023-09-27_16-01-35.jpg',1,NULL,NULL),(411,2,'file_manager_listing',1,'jpeg','/thumbnails/file_manager_listing/1616/9598/6995/2023-09-27_16-01-35.jpg',1,NULL,NULL),(411,2,'file_manager_listing_2x',1,'jpeg','/thumbnails/file_manager_listing_2x/1616/9598/6995/2023-09-27_16-01-35.jpg',1,NULL,NULL),(412,1,'file_manager_detail',1,'jpeg','/thumbnails/file_manager_detail/5216/9582/0049/2023-09-27_16-01-49.jpg',1,NULL,NULL),(412,1,'file_manager_listing',1,'jpeg','/thumbnails/file_manager_listing/5216/9582/0049/2023-09-27_16-01-49.jpg',1,NULL,NULL),(413,2,'file_manager_detail',1,'jpeg','/thumbnails/file_manager_detail/1716/9598/8197/2023-09-27_16-02-01.jpg',1,NULL,NULL),(413,2,'file_manager_listing',1,'jpeg','/thumbnails/file_manager_listing/1716/9598/8197/2023-09-27_16-02-01.jpg',1,NULL,NULL),(414,1,'file_manager_detail',1,'jpeg','/thumbnails/file_manager_detail/4616/9598/6471/2023-09-29_14-07-45.jpg',1,NULL,NULL),(414,1,'file_manager_listing',1,'jpeg','/thumbnails/file_manager_listing/4616/9598/6471/2023-09-29_14-07-45.jpg',1,NULL,NULL),(415,1,'file_manager_detail',1,'jpeg','/thumbnails/file_manager_detail/6716/9598/6472/2023-09-29_14-07-19.jpg',1,NULL,NULL),(415,1,'file_manager_listing',1,'jpeg','/thumbnails/file_manager_listing/6716/9598/6472/2023-09-29_14-07-19.jpg',1,NULL,NULL),(416,1,'file_manager_detail',1,'jpeg','/thumbnails/file_manager_detail/5916/9598/6473/2023-09-29_14-08-25.jpg',1,NULL,NULL),(416,1,'file_manager_listing',1,'jpeg','/thumbnails/file_manager_listing/5916/9598/6473/2023-09-29_14-08-25.jpg',1,NULL,NULL),(417,1,'file_manager_detail',1,'jpeg','/thumbnails/file_manager_detail/1816/9598/6474/2023-09-29_14-10-29.jpg',1,NULL,NULL),(417,1,'file_manager_listing',1,'jpeg','/thumbnails/file_manager_listing/1816/9598/6474/2023-09-29_14-10-29.jpg',1,NULL,NULL),(418,1,'file_manager_detail',1,'jpeg','/thumbnails/file_manager_detail/3016/9598/6475/2023-09-29_14-10-46.jpg',1,NULL,NULL),(418,1,'file_manager_listing',1,'jpeg','/thumbnails/file_manager_listing/3016/9598/6475/2023-09-29_14-10-46.jpg',1,NULL,NULL),(419,1,'file_manager_detail',1,'jpeg','/thumbnails/file_manager_detail/8616/9598/6476/2023-09-29_14-11-25.jpg',1,NULL,NULL),(419,1,'file_manager_listing',1,'jpeg','/thumbnails/file_manager_listing/8616/9598/6476/2023-09-29_14-11-25.jpg',1,NULL,NULL),(420,1,'file_manager_detail',1,'jpeg','/thumbnails/file_manager_detail/5616/9598/6477/2023-09-29_14-11-42.jpg',1,NULL,NULL),(420,1,'file_manager_listing',1,'jpeg','/thumbnails/file_manager_listing/5616/9598/6477/2023-09-29_14-11-42.jpg',1,NULL,NULL),(421,1,'file_manager_detail',1,'jpeg','/thumbnails/file_manager_detail/5916/9598/6478/2023-09-29_14-11-58.jpg',1,NULL,NULL),(421,1,'file_manager_listing',1,'jpeg','/thumbnails/file_manager_listing/5916/9598/6478/2023-09-29_14-11-58.jpg',1,NULL,NULL),(422,1,'file_manager_detail',1,'jpeg','/thumbnails/file_manager_detail/4516/9598/6479/2023-09-29_14-12-20.jpg',1,NULL,NULL),(422,1,'file_manager_listing',1,'jpeg','/thumbnails/file_manager_listing/4516/9598/6479/2023-09-29_14-12-20.jpg',1,NULL,NULL),(423,1,'file_manager_detail',1,'jpeg','/thumbnails/file_manager_detail/2716/9598/6479/2023-09-29_14-12-41.jpg',1,NULL,NULL),(423,1,'file_manager_listing',1,'jpeg','/thumbnails/file_manager_listing/2716/9598/6479/2023-09-29_14-12-41.jpg',1,NULL,NULL),(424,1,'file_manager_detail',1,'jpeg','/thumbnails/file_manager_detail/1216/9598/6480/2023-09-29_14-13-17.jpg',1,NULL,NULL),(424,1,'file_manager_listing',1,'jpeg','/thumbnails/file_manager_listing/1216/9598/6480/2023-09-29_14-13-17.jpg',1,NULL,NULL),(425,1,'file_manager_detail',1,'jpeg','/thumbnails/file_manager_detail/9916/9598/6481/2023-09-29_14-13-36.jpg',1,NULL,NULL),(425,1,'file_manager_listing',1,'jpeg','/thumbnails/file_manager_listing/9916/9598/6481/2023-09-29_14-13-36.jpg',1,NULL,NULL),(426,1,'file_manager_detail',1,'jpeg','/thumbnails/file_manager_detail/7216/9598/6482/2023-09-29_14-14-07.jpg',1,NULL,NULL),(426,1,'file_manager_listing',1,'jpeg','/thumbnails/file_manager_listing/7216/9598/6482/2023-09-29_14-14-07.jpg',1,NULL,NULL),(427,1,'file_manager_detail',1,'jpeg','/thumbnails/file_manager_detail/4316/9598/6483/2023-09-29_14-14-44.jpg',1,NULL,NULL),(427,1,'file_manager_listing',1,'jpeg','/thumbnails/file_manager_listing/4316/9598/6483/2023-09-29_14-14-44.jpg',1,NULL,NULL);

--
-- Table structure for table `FileImageThumbnailTypeFileSets`
--

CREATE TABLE `FileImageThumbnailTypeFileSets` (
  `ftfsFileSetID` int(10) unsigned NOT NULL,
  `ftfsThumbnailType` int(11) NOT NULL,
  PRIMARY KEY (`ftfsThumbnailType`,`ftfsFileSetID`),
  KEY `IDX_BD75F88D480660E5` (`ftfsThumbnailType`)
) ENGINE=InnoDB DEFAULT CHARSET=utf8mb4 COLLATE=utf8mb4_unicode_ci;

--
-- Dumping data for table `FileImageThumbnailTypeFileSets`
--


--
-- Table structure for table `FileImageThumbnailTypes`
--

CREATE TABLE `FileImageThumbnailTypes` (
  `ftTypeID` int(11) NOT NULL AUTO_INCREMENT,
  `ftTypeHandle` varchar(255) COLLATE utf8mb4_unicode_ci NOT NULL,
  `ftTypeName` varchar(255) COLLATE utf8mb4_unicode_ci NOT NULL,
  `ftTypeWidth` int(11) DEFAULT NULL,
  `ftTypeHeight` int(11) DEFAULT NULL,
  `ftTypeIsRequired` tinyint(1) NOT NULL,
  `ftTypeSizingMode` varchar(255) COLLATE utf8mb4_unicode_ci NOT NULL,
  `ftUpscalingEnabled` tinyint(1) NOT NULL,
  `ftLimitedToFileSets` tinyint(1) NOT NULL,
  `ftKeepAnimations` tinyint(1) NOT NULL,
  `ftSaveAreaBackgroundColor` varchar(255) COLLATE utf8mb4_unicode_ci NOT NULL,
  PRIMARY KEY (`ftTypeID`)
) ENGINE=InnoDB AUTO_INCREMENT=6 DEFAULT CHARSET=utf8mb4 COLLATE=utf8mb4_unicode_ci;

--
-- Dumping data for table `FileImageThumbnailTypes`
--

INSERT INTO `FileImageThumbnailTypes` VALUES (1,'small','Small Image',740,NULL,0,'proportional',0,0,0,''),(2,'medium','Medium Image',940,NULL,0,'proportional',0,0,0,''),(3,'large','Large Image',1140,NULL,0,'proportional',0,0,0,''),(4,'file_manager_listing','File Manager Thumbnails',60,60,1,'exact',1,0,0,''),(5,'file_manager_detail','File Manager Detail Thumbnails',400,400,1,'exact',0,0,0,'');

--
-- Table structure for table `FilePermissionAssignments`
--

CREATE TABLE `FilePermissionAssignments` (
  `fID` int(10) unsigned NOT NULL DEFAULT '0',
  `pkID` int(10) unsigned NOT NULL DEFAULT '0',
  `paID` int(10) unsigned NOT NULL DEFAULT '0',
  PRIMARY KEY (`fID`,`pkID`,`paID`),
  KEY `pkID` (`pkID`),
  KEY `paID` (`paID`)
) ENGINE=InnoDB DEFAULT CHARSET=utf8mb4 COLLATE=utf8mb4_unicode_ci;

--
-- Dumping data for table `FilePermissionAssignments`
--


--
-- Table structure for table `FilePermissionFileTypeAccessList`
--

CREATE TABLE `FilePermissionFileTypeAccessList` (
  `paID` int(10) unsigned NOT NULL DEFAULT '0',
  `peID` int(10) unsigned NOT NULL DEFAULT '0',
  `permission` varchar(1) COLLATE utf8mb4_unicode_ci NOT NULL DEFAULT '1',
  PRIMARY KEY (`paID`,`peID`),
  KEY `peID` (`peID`)
) ENGINE=InnoDB DEFAULT CHARSET=utf8mb4 COLLATE=utf8mb4_unicode_ci;

--
-- Dumping data for table `FilePermissionFileTypeAccessList`
--


--
-- Table structure for table `FilePermissionFileTypeAccessListCustom`
--

CREATE TABLE `FilePermissionFileTypeAccessListCustom` (
  `extension` varchar(64) COLLATE utf8mb4_unicode_ci NOT NULL,
  `paID` int(10) unsigned NOT NULL DEFAULT '0',
  `peID` int(10) unsigned NOT NULL DEFAULT '0',
  PRIMARY KEY (`paID`,`peID`,`extension`),
  KEY `peID` (`peID`)
) ENGINE=InnoDB DEFAULT CHARSET=utf8mb4 COLLATE=utf8mb4_unicode_ci;

--
-- Dumping data for table `FilePermissionFileTypeAccessListCustom`
--


--
-- Table structure for table `FilePermissionFileTypes`
--

CREATE TABLE `FilePermissionFileTypes` (
  `extension` varchar(32) COLLATE utf8mb4_unicode_ci NOT NULL,
  `fsID` int(10) unsigned NOT NULL DEFAULT '0',
  `gID` int(10) unsigned NOT NULL DEFAULT '0',
  `uID` int(10) unsigned NOT NULL DEFAULT '0',
  PRIMARY KEY (`fsID`,`gID`,`uID`,`extension`),
  KEY `gID` (`gID`),
  KEY `uID` (`uID`)
) ENGINE=InnoDB DEFAULT CHARSET=utf8mb4 COLLATE=utf8mb4_unicode_ci;

--
-- Dumping data for table `FilePermissionFileTypes`
--


--
-- Table structure for table `FileSearchIndexAttributes`
--

CREATE TABLE `FileSearchIndexAttributes` (
  `fID` int(10) unsigned NOT NULL,
  `ak_width` decimal(14,4) DEFAULT '0.0000',
  `ak_height` decimal(14,4) DEFAULT '0.0000',
  `ak_duration` decimal(14,4) DEFAULT '0.0000',
  `ak_image_link` longtext COLLATE utf8mb4_unicode_ci,
  `ak_image_link_text` longtext COLLATE utf8mb4_unicode_ci,
  `ak_image_thumbnail_width` longtext COLLATE utf8mb4_unicode_ci,
  `ak_image_bg_color` longtext COLLATE utf8mb4_unicode_ci,
  PRIMARY KEY (`fID`)
) ENGINE=InnoDB DEFAULT CHARSET=utf8mb4 COLLATE=utf8mb4_unicode_ci;

--
-- Dumping data for table `FileSearchIndexAttributes`
--

INSERT INTO `FileSearchIndexAttributes` VALUES (20,138.0000,50.0000,0.0000,NULL,NULL,NULL,NULL),(39,221.0000,80.0000,0.0000,NULL,NULL,NULL,NULL),(40,276.0000,100.0000,0.0000,NULL,NULL,NULL,NULL),(41,165.0000,134.0000,0.0000,NULL,NULL,NULL,NULL),(44,16.0000,16.0000,0.0000,NULL,NULL,NULL,NULL),(45,57.0000,57.0000,0.0000,NULL,NULL,NULL,NULL),(57,144.0000,144.0000,0.0000,NULL,NULL,NULL,NULL),(58,1100.0000,458.0000,0.0000,NULL,NULL,NULL,NULL),(59,1100.0000,458.0000,0.0000,NULL,NULL,NULL,NULL),(60,1200.0000,500.0000,0.0000,NULL,NULL,NULL,NULL),(61,1200.0000,500.0000,0.0000,NULL,NULL,NULL,NULL),(62,1200.0000,500.0000,0.0000,NULL,NULL,NULL,NULL),(64,303.0000,600.0000,0.0000,NULL,NULL,NULL,NULL),(65,226.0000,450.0000,0.0000,NULL,NULL,NULL,NULL),(66,225.0000,450.0000,0.0000,NULL,NULL,NULL,NULL),(67,320.0000,90.0000,0.0000,NULL,NULL,NULL,NULL),(68,304.0000,90.0000,0.0000,NULL,NULL,NULL,NULL),(69,1200.0000,690.0000,0.0000,NULL,NULL,NULL,NULL),(70,943.0000,662.0000,0.0000,NULL,NULL,NULL,NULL),(71,1200.0000,900.0000,0.0000,NULL,NULL,NULL,NULL),(75,250.0000,250.0000,0.0000,NULL,NULL,NULL,NULL),(76,250.0000,250.0000,0.0000,NULL,NULL,NULL,NULL),(78,374.0000,251.0000,0.0000,NULL,NULL,NULL,NULL),(79,1280.0000,720.0000,0.0000,NULL,NULL,NULL,NULL),(154,474.0000,251.0000,0.0000,NULL,NULL,NULL,NULL),(157,502.0000,369.0000,0.0000,NULL,NULL,NULL,NULL),(165,1100.0000,1067.0000,0.0000,NULL,NULL,NULL,NULL),(261,1200.0000,798.0000,0.0000,NULL,NULL,NULL,NULL),(262,1200.0000,800.0000,0.0000,NULL,NULL,NULL,NULL),(263,1200.0000,798.0000,0.0000,NULL,NULL,NULL,NULL),(264,1200.0000,800.0000,0.0000,NULL,NULL,NULL,NULL),(266,1280.0000,720.0000,0.0000,NULL,NULL,NULL,NULL),(268,923.0000,180.0000,0.0000,NULL,NULL,NULL,NULL),(270,923.0000,180.0000,0.0000,NULL,NULL,NULL,NULL),(271,923.0000,180.0000,0.0000,NULL,NULL,NULL,NULL),(272,615.0000,814.0000,0.0000,NULL,NULL,NULL,NULL),(273,1200.0000,500.0000,0.0000,NULL,NULL,NULL,NULL),(275,1200.0000,500.0000,0.0000,NULL,NULL,NULL,NULL),(276,1200.0000,500.0000,0.0000,NULL,NULL,NULL,NULL),(277,1200.0000,500.0000,0.0000,NULL,NULL,NULL,NULL),(278,1200.0000,500.0000,0.0000,NULL,NULL,NULL,NULL),(279,1200.0000,500.0000,0.0000,NULL,NULL,NULL,NULL),(280,1200.0000,500.0000,0.0000,NULL,NULL,NULL,NULL),(281,1200.0000,500.0000,0.0000,NULL,NULL,NULL,NULL),(282,304.0000,90.0000,0.0000,NULL,NULL,NULL,NULL),(284,1200.0000,900.0000,0.0000,NULL,NULL,NULL,NULL),(285,1200.0000,500.0000,0.0000,NULL,NULL,NULL,NULL),(286,1200.0000,500.0000,0.0000,NULL,NULL,NULL,NULL),(288,1200.0000,900.0000,0.0000,NULL,NULL,NULL,NULL),(297,1200.0000,500.0000,0.0000,NULL,NULL,NULL,NULL),(298,1200.0000,500.0000,0.0000,NULL,NULL,NULL,NULL),(299,496.0000,235.0000,0.0000,NULL,NULL,NULL,NULL),(300,496.0000,235.0000,0.0000,NULL,NULL,NULL,NULL),(301,496.0000,235.0000,0.0000,NULL,NULL,NULL,NULL),(302,700.0000,394.0000,0.0000,NULL,NULL,NULL,NULL),(304,656.0000,239.0000,0.0000,NULL,NULL,NULL,NULL),(305,1200.0000,500.0000,0.0000,NULL,NULL,NULL,NULL),(306,1200.0000,500.0000,0.0000,NULL,NULL,NULL,NULL),(307,1200.0000,500.0000,0.0000,NULL,NULL,NULL,NULL),(308,2688.0000,1440.0000,0.0000,NULL,NULL,NULL,NULL),(323,700.0000,394.0000,0.0000,NULL,NULL,NULL,NULL),(324,700.0000,394.0000,0.0000,NULL,NULL,NULL,NULL),(325,700.0000,394.0000,0.0000,NULL,NULL,NULL,NULL),(326,700.0000,394.0000,0.0000,NULL,NULL,NULL,NULL),(327,700.0000,394.0000,0.0000,NULL,NULL,NULL,NULL),(328,700.0000,394.0000,0.0000,NULL,NULL,NULL,NULL),(329,700.0000,394.0000,0.0000,NULL,NULL,NULL,NULL),(330,1920.0000,1080.0000,0.0000,NULL,NULL,NULL,NULL),(331,1920.0000,1080.0000,0.0000,NULL,NULL,NULL,NULL),(332,1920.0000,1080.0000,0.0000,NULL,NULL,NULL,NULL),(333,1920.0000,800.0000,0.0000,NULL,NULL,NULL,NULL),(334,1920.0000,800.0000,0.0000,NULL,NULL,NULL,NULL),(335,1920.0000,800.0000,0.0000,NULL,NULL,NULL,NULL),(336,1600.0000,720.0000,0.0000,NULL,NULL,NULL,NULL),(337,1200.0000,540.0000,0.0000,NULL,NULL,NULL,NULL),(338,1600.0000,720.0000,0.0000,NULL,NULL,NULL,NULL),(339,1600.0000,720.0000,0.0000,NULL,NULL,NULL,NULL),(340,1200.0000,540.0000,0.0000,NULL,NULL,NULL,NULL),(341,1200.0000,540.0000,0.0000,NULL,NULL,NULL,NULL),(342,1200.0000,540.0000,0.0000,NULL,NULL,NULL,NULL),(343,1600.0000,720.0000,0.0000,NULL,NULL,NULL,NULL),(344,1200.0000,540.0000,0.0000,NULL,NULL,NULL,NULL),(345,1200.0000,540.0000,0.0000,NULL,NULL,NULL,NULL),(346,1200.0000,540.0000,0.0000,NULL,NULL,NULL,NULL),(348,1600.0000,720.0000,0.0000,NULL,NULL,NULL,NULL),(349,1600.0000,720.0000,0.0000,NULL,NULL,NULL,NULL),(350,800.0000,811.0000,0.0000,NULL,NULL,NULL,NULL),(351,800.0000,811.0000,0.0000,NULL,NULL,NULL,NULL),(352,1318.0000,464.0000,0.0000,NULL,NULL,NULL,NULL),(353,250.0000,500.0000,0.0000,NULL,NULL,NULL,NULL),(354,1920.0000,500.0000,0.0000,NULL,NULL,NULL,NULL),(355,1325.0000,470.0000,0.0000,NULL,NULL,NULL,NULL),(356,16.0000,16.0000,0.0000,NULL,NULL,NULL,NULL),(358,578.0000,168.0000,0.0000,NULL,NULL,NULL,NULL),(359,582.0000,150.0000,0.0000,NULL,NULL,NULL,NULL),(360,516.0000,150.0000,0.0000,NULL,NULL,NULL,NULL),(362,720.0000,405.0000,0.0000,NULL,NULL,NULL,NULL),(363,720.0000,405.0000,0.0000,NULL,NULL,NULL,NULL),(364,720.0000,405.0000,0.0000,NULL,NULL,NULL,NULL),(365,720.0000,405.0000,0.0000,NULL,NULL,NULL,NULL),(366,720.0000,405.0000,0.0000,NULL,NULL,NULL,NULL),(367,720.0000,405.0000,0.0000,NULL,NULL,NULL,NULL),(368,720.0000,405.0000,0.0000,NULL,NULL,NULL,NULL),(369,516.0000,150.0000,0.0000,NULL,NULL,NULL,NULL),(370,646.0000,250.0000,0.0000,NULL,NULL,NULL,NULL),(371,355.0000,123.0000,0.0000,NULL,NULL,NULL,NULL),(372,500.0000,643.0000,0.0000,NULL,NULL,NULL,NULL),(373,541.0000,758.0000,0.0000,NULL,NULL,NULL,NULL),(374,518.0000,839.0000,0.0000,NULL,NULL,NULL,NULL),(375,1227.0000,769.0000,0.0000,NULL,NULL,NULL,NULL),(376,1358.0000,903.0000,0.0000,NULL,NULL,NULL,NULL),(377,618.0000,852.0000,0.0000,NULL,NULL,NULL,NULL),(378,1129.0000,727.0000,0.0000,NULL,NULL,NULL,NULL),(379,1140.0000,762.0000,0.0000,NULL,NULL,NULL,NULL),(380,1135.0000,762.0000,0.0000,NULL,NULL,NULL,NULL),(381,1358.0000,710.0000,0.0000,NULL,NULL,NULL,NULL),(382,1136.0000,745.0000,0.0000,NULL,NULL,NULL,NULL),(383,1135.0000,702.0000,0.0000,NULL,NULL,NULL,NULL),(384,943.0000,1077.0000,0.0000,NULL,NULL,NULL,NULL),(385,651.0000,1018.0000,0.0000,NULL,NULL,NULL,NULL),(386,647.0000,1056.0000,0.0000,NULL,NULL,NULL,NULL),(387,648.0000,988.0000,0.0000,NULL,NULL,NULL,NULL),(388,937.0000,765.0000,0.0000,NULL,NULL,NULL,NULL),(390,1072.0000,733.0000,0.0000,NULL,NULL,NULL,NULL),(391,653.0000,1109.0000,0.0000,NULL,NULL,NULL,NULL),(392,1041.0000,790.0000,0.0000,NULL,NULL,NULL,NULL),(393,874.0000,735.0000,0.0000,NULL,NULL,NULL,NULL),(394,1276.0000,885.0000,0.0000,NULL,NULL,NULL,NULL),(395,1182.0000,882.0000,0.0000,NULL,NULL,NULL,NULL),(396,1474.0000,1093.0000,0.0000,NULL,NULL,NULL,NULL),(397,984.0000,726.0000,0.0000,NULL,NULL,NULL,NULL),(398,998.0000,725.0000,0.0000,NULL,NULL,NULL,NULL),(399,989.0000,729.0000,0.0000,NULL,NULL,NULL,NULL),(400,983.0000,727.0000,0.0000,NULL,NULL,NULL,NULL),(401,904.0000,519.0000,0.0000,NULL,NULL,NULL,NULL),(402,1084.0000,750.0000,0.0000,NULL,NULL,NULL,NULL),(403,680.0000,981.0000,0.0000,NULL,NULL,NULL,NULL),(404,639.0000,936.0000,0.0000,NULL,NULL,NULL,NULL),(405,708.0000,1011.0000,0.0000,NULL,NULL,NULL,NULL),(406,616.0000,924.0000,0.0000,NULL,NULL,NULL,NULL),(407,832.0000,654.0000,0.0000,NULL,NULL,NULL,NULL),(408,787.0000,623.0000,0.0000,NULL,NULL,NULL,NULL),(410,903.0000,627.0000,0.0000,NULL,NULL,NULL,NULL),(411,910.0000,622.0000,0.0000,NULL,NULL,NULL,NULL),(412,988.0000,844.0000,0.0000,NULL,NULL,NULL,NULL),(413,1016.0000,717.0000,0.0000,NULL,NULL,NULL,NULL),(414,603.0000,896.0000,0.0000,NULL,NULL,NULL,NULL),(415,1133.0000,870.0000,0.0000,NULL,NULL,NULL,NULL),(416,1133.0000,621.0000,0.0000,NULL,NULL,NULL,NULL),(417,1135.0000,692.0000,0.0000,NULL,NULL,NULL,NULL),(418,1360.0000,903.0000,0.0000,NULL,NULL,NULL,NULL),(419,1055.0000,638.0000,0.0000,NULL,NULL,NULL,NULL),(420,1126.0000,769.0000,0.0000,NULL,NULL,NULL,NULL),(421,1131.0000,695.0000,0.0000,NULL,NULL,NULL,NULL),(422,1133.0000,745.0000,0.0000,NULL,NULL,NULL,NULL),(423,1171.0000,676.0000,0.0000,NULL,NULL,NULL,NULL),(424,897.0000,594.0000,0.0000,NULL,NULL,NULL,NULL),(425,1130.0000,624.0000,0.0000,NULL,NULL,NULL,NULL),(426,1326.0000,764.0000,0.0000,NULL,NULL,NULL,NULL),(427,1335.0000,837.0000,0.0000,NULL,NULL,NULL,NULL);

--
-- Table structure for table `FileSetFiles`
--

CREATE TABLE `FileSetFiles` (
  `fsfID` int(10) unsigned NOT NULL AUTO_INCREMENT,
  `fID` int(10) unsigned NOT NULL,
  `fsID` int(10) unsigned NOT NULL,
  `timestamp` timestamp NOT NULL DEFAULT CURRENT_TIMESTAMP,
  `fsDisplayOrder` int(10) unsigned NOT NULL,
  PRIMARY KEY (`fsfID`),
  KEY `fID` (`fID`),
  KEY `fsID` (`fsID`)
) ENGINE=InnoDB AUTO_INCREMENT=130 DEFAULT CHARSET=utf8mb4 COLLATE=utf8mb4_unicode_ci;

--
-- Dumping data for table `FileSetFiles`
--

INSERT INTO `FileSetFiles` VALUES (1,39,1,'2020-08-23 14:35:22',0),(2,40,1,'2020-08-23 14:43:28',1),(3,58,2,'2020-08-25 21:13:21',0),(4,59,2,'2020-08-25 21:21:24',1),(5,60,2,'2020-08-25 21:32:05',2),(6,61,2,'2020-08-25 21:37:26',3),(7,62,2,'2020-08-25 21:40:27',4),(8,71,1,'2020-08-30 13:07:29',2),(64,265,6,'2020-09-01 11:36:34',0),(65,299,7,'2021-09-01 07:30:48',0),(66,300,7,'2021-09-01 07:30:56',1),(67,301,7,'2021-09-01 07:31:07',2),(68,336,3,'2022-08-26 10:42:48',3),(69,337,3,'2022-08-26 10:42:48',4),(70,338,3,'2022-08-26 10:42:48',5),(71,339,3,'2022-08-26 10:42:48',6),(72,340,3,'2022-08-26 10:42:48',7),(73,341,3,'2022-08-26 10:42:48',8),(74,342,3,'2022-08-26 10:42:48',9),(75,343,3,'2022-08-26 10:42:48',10),(76,344,3,'2022-08-26 10:42:48',11),(77,345,3,'2022-08-26 10:42:48',12),(78,346,3,'2022-08-26 10:42:48',13),(80,348,3,'2022-08-26 10:42:48',15),(81,349,3,'2022-08-26 10:42:48',16),(82,373,9,'2023-09-27 12:20:56',1),(83,374,9,'2023-09-27 12:20:56',2),(84,375,9,'2023-09-27 12:20:56',3),(85,376,9,'2023-09-27 12:20:56',4),(86,377,9,'2023-09-27 12:20:56',5),(87,378,9,'2023-09-27 12:20:56',6),(88,379,9,'2023-09-27 12:20:56',7),(89,380,9,'2023-09-27 12:20:56',8),(90,381,9,'2023-09-27 12:33:20',9),(91,382,9,'2023-09-27 12:33:20',0),(92,383,9,'2023-09-27 12:33:20',10),(93,384,9,'2023-09-27 12:33:20',11),(95,386,9,'2023-09-27 12:33:20',13),(96,387,9,'2023-09-27 12:33:20',14),(102,393,9,'2023-09-27 12:33:20',21),(103,401,9,'2023-09-27 13:07:38',17),(104,402,9,'2023-09-27 13:07:38',22),(106,404,9,'2023-09-27 13:07:38',24),(108,406,9,'2023-09-27 13:07:38',26),(110,408,9,'2023-09-27 13:07:38',28),(112,410,9,'2023-09-27 13:07:38',30),(114,412,9,'2023-09-27 13:07:38',32),(115,413,9,'2023-09-27 13:07:38',33),(116,414,9,'2023-09-29 11:21:43',34),(117,415,9,'2023-09-29 11:21:43',35),(118,416,9,'2023-09-29 11:21:43',36),(119,417,9,'2023-09-29 11:21:43',37),(120,418,9,'2023-09-29 11:21:43',38),(121,419,9,'2023-09-29 11:21:43',39),(122,420,9,'2023-09-29 11:21:43',40),(123,421,9,'2023-09-29 11:21:43',41),(124,422,9,'2023-09-29 11:21:43',42),(125,423,9,'2023-09-29 11:21:43',43),(126,424,9,'2023-09-29 11:21:43',44),(127,425,9,'2023-09-29 11:21:43',45),(128,426,9,'2023-09-29 11:21:43',46),(129,427,9,'2023-09-29 11:21:43',47);

--
-- Table structure for table `FileSetSavedSearches`
--

CREATE TABLE `FileSetSavedSearches` (
  `fsID` int(10) unsigned NOT NULL DEFAULT '0',
  `fsSearchRequest` text COLLATE utf8mb4_unicode_ci,
  `fsResultColumns` text COLLATE utf8mb4_unicode_ci,
  PRIMARY KEY (`fsID`)
) ENGINE=InnoDB DEFAULT CHARSET=utf8mb4 COLLATE=utf8mb4_unicode_ci;

--
-- Dumping data for table `FileSetSavedSearches`
--


--
-- Table structure for table `FileSets`
--

CREATE TABLE `FileSets` (
  `fsID` int(10) unsigned NOT NULL AUTO_INCREMENT,
  `fsName` varchar(64) COLLATE utf8mb4_unicode_ci NOT NULL,
  `uID` int(10) unsigned NOT NULL DEFAULT '0',
  `fsType` smallint(6) NOT NULL,
  `fsOverrideGlobalPermissions` smallint(6) DEFAULT NULL,
  PRIMARY KEY (`fsID`),
  KEY `uID` (`uID`,`fsType`,`fsName`),
  KEY `fsName` (`fsName`),
  KEY `fsType` (`fsType`)
) ENGINE=InnoDB AUTO_INCREMENT=10 DEFAULT CHARSET=utf8mb4 COLLATE=utf8mb4_unicode_ci;

--
-- Dumping data for table `FileSets`
--

INSERT INTO `FileSets` VALUES (1,'system',1,1,NULL),(2,'slider',1,1,NULL),(3,'slider-games',0,1,NULL),(4,'qr-codes',0,1,NULL),(5,'stati',1,1,NULL),(6,'PDF,doc',1,1,NULL),(7,'ban-mob',1,1,NULL),(8,'bb-game',0,1,NULL),(9,'1',0,1,NULL);

--
-- Table structure for table `FileStorageLocationTypes`
--

CREATE TABLE `FileStorageLocationTypes` (
  `fslTypeHandle` longtext COLLATE utf8mb4_unicode_ci NOT NULL,
  `fslTypeName` longtext COLLATE utf8mb4_unicode_ci NOT NULL,
  `fslTypeID` int(11) NOT NULL AUTO_INCREMENT,
  `pkgID` int(11) NOT NULL,
  PRIMARY KEY (`fslTypeID`)
) ENGINE=InnoDB AUTO_INCREMENT=3 DEFAULT CHARSET=utf8mb4 COLLATE=utf8mb4_unicode_ci;

--
-- Dumping data for table `FileStorageLocationTypes`
--

INSERT INTO `FileStorageLocationTypes` VALUES ('default','Default',1,0),('local','Local',2,0);

--
-- Table structure for table `FileStorageLocations`
--

CREATE TABLE `FileStorageLocations` (
  `fslName` varchar(255) COLLATE utf8mb4_unicode_ci NOT NULL,
  `fslConfiguration` longtext COLLATE utf8mb4_unicode_ci NOT NULL COMMENT '(DC2Type:object)',
  `fslID` int(10) unsigned NOT NULL AUTO_INCREMENT,
  `fslIsDefault` tinyint(1) NOT NULL,
  PRIMARY KEY (`fslID`)
) ENGINE=InnoDB AUTO_INCREMENT=2 DEFAULT CHARSET=utf8mb4 COLLATE=utf8mb4_unicode_ci;

--
-- Dumping data for table `FileStorageLocations`
--

INSERT INTO `FileStorageLocations` VALUES ('Default','O:69:\"Concrete\\Core\\File\\StorageLocation\\Configuration\\DefaultConfiguration\":1:{s:10:\"\0*\0default\";b:1;}',1,1);

--
