--
-- Host: localhost    Database: bezberge
-- ------------------------------------------------------


--
-- Table structure for table `AreaLayoutColumns`
--

CREATE TABLE `AreaLayoutColumns` (
  `arLayoutColumnID` int(10) unsigned NOT NULL AUTO_INCREMENT,
  `arLayoutID` int(10) unsigned NOT NULL DEFAULT '0',
  `arLayoutColumnIndex` int(10) unsigned NOT NULL DEFAULT '0',
  `arID` int(10) unsigned NOT NULL DEFAULT '0',
  `arLayoutColumnDisplayID` int(11) DEFAULT '0',
  PRIMARY KEY (`arLayoutColumnID`),
  KEY `arLayoutID` (`arLayoutID`,`arLayoutColumnIndex`),
  KEY `arID` (`arID`),
  KEY `arLayoutColumnDisplayID` (`arLayoutColumnDisplayID`)
) ENGINE=InnoDB AUTO_INCREMENT=178 DEFAULT CHARSET=utf8mb4 COLLATE=utf8mb4_unicode_ci;

--
-- Dumping data for table `AreaLayoutColumns`
--

INSERT INTO `AreaLayoutColumns` VALUES (1,1,0,2,1),(2,1,1,3,2),(3,1,2,4,3),(4,2,0,5,4),(5,2,1,6,5),(6,3,0,7,6),(7,3,1,8,7),(8,3,2,9,8),(9,4,0,11,9),(10,5,0,12,10),(11,6,0,14,11),(12,7,0,15,12),(13,8,0,35,13),(14,8,1,36,14),(23,12,0,49,23),(24,12,1,50,24),(25,12,2,51,25),(26,12,3,52,26),(27,13,0,53,27),(28,13,1,54,28),(29,14,0,56,29),(30,14,1,57,30),(31,15,0,84,31),(32,15,1,85,32),(33,16,0,86,33),(34,16,1,87,34),(35,16,2,88,35),(36,17,0,89,36),(37,17,1,90,37),(38,18,0,105,38),(39,18,1,106,39),(40,19,0,107,40),(41,19,1,108,41),(42,19,2,109,42),(43,20,0,112,43),(44,20,1,113,44),(45,21,0,114,45),(46,21,1,115,46),(47,22,0,116,47),(48,22,1,117,48),(49,23,0,119,49),(50,23,1,120,50),(51,23,2,121,51),(52,24,0,122,52),(53,24,1,123,53),(73,33,0,476,60),(74,33,1,477,61),(75,33,2,478,62),(76,34,0,479,63),(90,47,0,474,58),(92,49,0,483,64),(95,52,0,475,59),(96,53,0,514,65),(97,54,0,514,65),(98,55,0,525,66),(99,55,1,526,67),(100,56,0,602,68),(101,56,1,603,69),(102,57,0,614,70),(103,57,1,615,71),(104,57,2,616,72),(105,58,0,614,70),(106,58,1,615,71),(107,58,2,616,72),(108,59,0,1021,73),(109,59,1,1022,74),(110,59,2,1023,75),(114,61,0,1024,76),(115,62,0,1025,77),(116,62,1,1026,78),(117,62,2,1027,79),(118,63,0,1063,80),(120,65,0,1064,81),(127,68,0,1071,88),(128,69,0,1072,89),(129,69,1,1073,90),(130,69,2,1074,91),(131,70,0,1063,80),(132,71,0,1064,81),(133,72,0,1075,92),(134,73,0,483,64),(135,74,0,1076,93),(140,77,0,474,58),(142,79,0,1194,94),(143,80,0,1195,95),(144,81,0,1194,94),(149,84,0,1202,94),(150,85,0,1202,94),(151,86,0,1234,96),(152,86,1,1235,97),(156,88,0,1234,96),(157,88,1,1235,97),(158,89,0,474,58),(159,90,0,474,58),(160,91,0,475,59),(161,92,0,474,58),(164,95,0,475,59),(165,96,0,475,59),(166,97,0,475,59),(167,98,0,475,59),(168,99,0,474,58),(169,100,0,474,58),(170,101,0,474,58),(171,102,0,475,59),(172,103,0,474,58),(175,106,0,1075,92),(176,107,0,1063,80),(177,108,0,1064,81);

--
-- Table structure for table `AreaLayoutCustomColumns`
--

CREATE TABLE `AreaLayoutCustomColumns` (
  `arLayoutColumnID` int(10) unsigned NOT NULL AUTO_INCREMENT,
  `arLayoutColumnWidth` varchar(64) COLLATE utf8mb4_unicode_ci NOT NULL,
  PRIMARY KEY (`arLayoutColumnID`)
) ENGINE=InnoDB AUTO_INCREMENT=118 DEFAULT CHARSET=utf8mb4 COLLATE=utf8mb4_unicode_ci;

--
-- Dumping data for table `AreaLayoutCustomColumns`
--

INSERT INTO `AreaLayoutCustomColumns` VALUES (115,'380'),(116,'380'),(117,'380');

--
-- Table structure for table `AreaLayoutPresets`
--

CREATE TABLE `AreaLayoutPresets` (
  `arLayoutPresetID` int(10) unsigned NOT NULL AUTO_INCREMENT,
  `arLayoutID` int(10) unsigned NOT NULL DEFAULT '0',
  `arLayoutPresetName` varchar(255) COLLATE utf8mb4_unicode_ci DEFAULT NULL,
  PRIMARY KEY (`arLayoutPresetID`),
  KEY `arLayoutID` (`arLayoutID`),
  KEY `arLayoutPresetName` (`arLayoutPresetName`)
) ENGINE=InnoDB AUTO_INCREMENT=2 DEFAULT CHARSET=utf8mb4 COLLATE=utf8mb4_unicode_ci;

--
-- Dumping data for table `AreaLayoutPresets`
--

INSERT INTO `AreaLayoutPresets` VALUES (1,52,'pred1');

--
-- Table structure for table `AreaLayoutThemeGridColumns`
--

CREATE TABLE `AreaLayoutThemeGridColumns` (
  `arLayoutColumnID` int(10) unsigned NOT NULL AUTO_INCREMENT,
  `arLayoutColumnSpan` int(10) unsigned DEFAULT '0',
  `arLayoutColumnOffset` int(10) unsigned DEFAULT '0',
  PRIMARY KEY (`arLayoutColumnID`)
) ENGINE=InnoDB AUTO_INCREMENT=178 DEFAULT CHARSET=utf8mb4 COLLATE=utf8mb4_unicode_ci;

--
-- Dumping data for table `AreaLayoutThemeGridColumns`
--

INSERT INTO `AreaLayoutThemeGridColumns` VALUES (1,4,0),(2,4,0),(3,4,0),(4,4,0),(5,8,0),(6,4,0),(7,4,0),(8,4,0),(9,12,0),(10,12,0),(11,12,0),(12,12,0),(13,8,0),(14,3,1),(23,3,0),(24,3,0),(25,3,0),(26,3,0),(27,6,0),(28,6,0),(29,5,0),(30,5,2),(31,6,0),(32,6,0),(33,4,0),(34,4,0),(35,4,0),(36,4,0),(37,7,1),(38,7,0),(39,4,1),(40,2,0),(41,4,0),(42,6,0),(43,7,0),(44,5,0),(45,4,0),(46,7,1),(47,4,0),(48,7,1),(49,4,0),(50,4,0),(51,4,0),(52,4,0),(53,8,0),(73,4,0),(74,4,0),(75,4,0),(76,12,0),(90,12,0),(92,12,0),(95,12,0),(96,12,0),(97,12,0),(98,6,0),(99,6,0),(102,4,0),(103,4,0),(104,4,0),(105,4,0),(106,4,0),(107,4,0),(108,4,0),(109,4,0),(110,4,0),(118,12,0),(120,12,0),(127,12,0),(128,4,0),(129,4,0),(130,4,0),(131,12,0),(132,12,0),(133,12,0),(134,12,0),(135,12,0),(140,12,0),(142,12,0),(143,12,0),(144,12,0),(149,12,0),(150,12,0),(151,6,0),(152,6,0),(156,6,0),(157,6,0),(158,12,0),(159,12,0),(160,12,0),(161,12,0),(164,12,0),(165,12,0),(166,12,0),(167,12,0),(168,12,0),(169,12,0),(170,12,0),(171,12,0),(172,12,0),(175,12,0),(176,12,0),(177,12,0);

--
-- Table structure for table `AreaLayouts`
--

CREATE TABLE `AreaLayouts` (
  `arLayoutID` int(10) unsigned NOT NULL AUTO_INCREMENT,
  `arLayoutSpacing` int(10) unsigned NOT NULL DEFAULT '0',
  `arLayoutIsCustom` tinyint(1) NOT NULL DEFAULT '0',
  `arLayoutIsPreset` tinyint(1) NOT NULL DEFAULT '0',
  `arLayoutMaxColumns` int(10) unsigned NOT NULL DEFAULT '0',
  `arLayoutUsesThemeGridFramework` tinyint(1) NOT NULL DEFAULT '0',
  PRIMARY KEY (`arLayoutID`)
) ENGINE=InnoDB AUTO_INCREMENT=109 DEFAULT CHARSET=utf8mb4 COLLATE=utf8mb4_unicode_ci;

--
-- Dumping data for table `AreaLayouts`
--

INSERT INTO `AreaLayouts` VALUES (1,0,0,0,12,1),(2,0,0,0,12,1),(3,0,0,0,12,1),(4,0,0,0,12,1),(5,0,0,0,12,1),(6,0,0,0,12,1),(7,0,0,0,12,1),(8,0,0,0,12,1),(12,0,0,0,12,1),(13,0,0,0,12,1),(14,0,0,0,12,1),(15,0,0,0,12,1),(16,0,0,0,12,1),(17,0,0,0,12,1),(18,0,0,0,12,1),(19,0,0,0,12,1),(20,0,0,0,12,1),(21,0,0,0,12,1),(22,0,0,0,12,1),(23,0,0,0,12,1),(24,0,0,0,12,1),(33,0,0,0,12,1),(34,0,0,0,12,1),(47,0,0,0,12,1),(49,0,0,0,12,1),(52,0,0,0,12,1),(53,0,0,0,12,1),(54,0,0,0,12,1),(55,0,0,0,12,1),(56,0,0,1,0,0),(57,0,0,0,12,1),(58,0,0,0,12,1),(59,0,0,0,12,1),(61,0,0,1,0,0),(62,10,1,0,0,0),(63,0,0,0,12,1),(65,0,0,0,12,1),(68,0,0,0,12,1),(69,0,0,0,12,1),(70,0,0,0,12,1),(71,0,0,0,12,1),(72,0,0,0,12,1),(73,0,0,0,12,1),(74,0,0,0,12,1),(77,0,0,0,12,1),(79,0,0,0,12,1),(80,0,0,0,12,1),(81,0,0,0,12,1),(84,0,0,0,12,1),(85,0,0,0,12,1),(86,0,0,0,12,1),(88,0,0,0,12,1),(89,0,0,0,12,1),(90,0,0,0,12,1),(91,0,0,0,12,1),(92,0,0,0,12,1),(95,0,0,0,12,1),(96,0,0,0,12,1),(97,0,0,0,12,1),(98,0,0,0,12,1),(99,0,0,0,12,1),(100,0,0,0,12,1),(101,0,0,0,12,1),(102,0,0,0,12,1),(103,0,0,0,12,1),(106,0,0,0,12,1),(107,0,0,0,12,1),(108,0,0,0,12,1);

--
-- Table structure for table `AreaLayoutsUsingPresets`
--

CREATE TABLE `AreaLayoutsUsingPresets` (
  `arLayoutID` int(10) unsigned NOT NULL,
  `preset` varchar(255) COLLATE utf8mb4_unicode_ci NOT NULL DEFAULT '',
  PRIMARY KEY (`arLayoutID`)
) ENGINE=InnoDB DEFAULT CHARSET=utf8mb4 COLLATE=utf8mb4_unicode_ci;

--
-- Dumping data for table `AreaLayoutsUsingPresets`
--

INSERT INTO `AreaLayoutsUsingPresets` VALUES (56,'theme_elemental_right_sidebar'),(61,'52');

--
-- Table structure for table `AreaPermissionAssignments`
--

CREATE TABLE `AreaPermissionAssignments` (
  `cID` int(10) unsigned NOT NULL DEFAULT '0',
  `arHandle` varchar(255) COLLATE utf8mb4_unicode_ci NOT NULL,
  `pkID` int(10) unsigned NOT NULL DEFAULT '0',
  `paID` int(10) unsigned NOT NULL DEFAULT '0',
  PRIMARY KEY (`cID`,`arHandle`,`pkID`,`paID`),
  KEY `paID` (`paID`),
  KEY `pkID` (`pkID`)
) ENGINE=InnoDB DEFAULT CHARSET=utf8mb4 COLLATE=utf8mb4_unicode_ci;

--
-- Dumping data for table `AreaPermissionAssignments`
--


--
-- Table structure for table `AreaPermissionBlockTypeAccessList`
--

CREATE TABLE `AreaPermissionBlockTypeAccessList` (
  `paID` int(10) unsigned NOT NULL DEFAULT '0',
  `peID` int(10) unsigned NOT NULL DEFAULT '0',
  `permission` varchar(1) COLLATE utf8mb4_unicode_ci NOT NULL DEFAULT '1',
  PRIMARY KEY (`paID`,`peID`),
  KEY `peID` (`peID`)
) ENGINE=InnoDB DEFAULT CHARSET=utf8mb4 COLLATE=utf8mb4_unicode_ci;

--
-- Dumping data for table `AreaPermissionBlockTypeAccessList`
--


--
-- Table structure for table `AreaPermissionBlockTypeAccessListCustom`
--

CREATE TABLE `AreaPermissionBlockTypeAccessListCustom` (
  `paID` int(10) unsigned NOT NULL DEFAULT '0',
  `peID` int(10) unsigned NOT NULL DEFAULT '0',
  `btID` int(10) unsigned NOT NULL DEFAULT '0',
  PRIMARY KEY (`paID`,`peID`,`btID`),
  KEY `peID` (`peID`),
  KEY `btID` (`btID`)
) ENGINE=InnoDB DEFAULT CHARSET=utf8mb4 COLLATE=utf8mb4_unicode_ci;

--
-- Dumping data for table `AreaPermissionBlockTypeAccessListCustom`
--


--
-- Table structure for table `Areas`
--

CREATE TABLE `Areas` (
  `arID` int(10) unsigned NOT NULL AUTO_INCREMENT,
  `cID` int(10) unsigned NOT NULL DEFAULT '0',
  `arHandle` varchar(255) COLLATE utf8mb4_unicode_ci NOT NULL,
  `arOverrideCollectionPermissions` tinyint(1) NOT NULL DEFAULT '0',
  `arInheritPermissionsFromAreaOnCID` int(10) unsigned NOT NULL DEFAULT '0',
  `arIsGlobal` tinyint(1) NOT NULL DEFAULT '0',
  `arParentID` int(10) unsigned NOT NULL DEFAULT '0',
  PRIMARY KEY (`arID`),
  KEY `arIsGlobal` (`arIsGlobal`),
  KEY `cID` (`cID`),
  KEY `arHandle` (`arHandle`),
  KEY `arParentID` (`arParentID`)
) ENGINE=InnoDB AUTO_INCREMENT=1373 DEFAULT CHARSET=utf8mb4 COLLATE=utf8mb4_unicode_ci;

--
-- Dumping data for table `Areas`
--

INSERT INTO `Areas` VALUES (1,169,'Main',0,0,0,0),(2,169,'Main : 1',0,0,0,1),(3,169,'Main : 2',0,0,0,1),(4,169,'Main : 3',0,0,0,1),(5,169,'Main : 4',0,0,0,1),(6,169,'Main : 5',0,0,0,1),(7,169,'Main : 6',0,0,0,1),(8,169,'Main : 7',0,0,0,1),(9,169,'Main : 8',0,0,0,1),(10,170,'Main',0,0,0,0),(11,170,'Main : 9',0,0,0,10),(12,170,'Main : 10',0,0,0,10),(13,183,'Main',0,0,0,0),(14,183,'Main : 11',0,0,0,13),(15,183,'Main : 12',0,0,0,13),(16,184,'Main',0,0,0,0),(17,185,'Main',0,0,0,0),(18,186,'Main',0,0,0,0),(19,187,'Main',0,0,0,0),(20,188,'Main',0,0,0,0),(21,189,'Main',0,0,0,0),(22,190,'Main',0,0,0,0),(23,191,'Main',0,0,0,0),(24,209,'Main',0,0,0,0),(25,209,'Sidebar',0,0,0,0),(26,209,'Page Footer',0,0,0,0),(27,216,'Page Header',0,0,0,0),(28,216,'Sidebar',0,0,0,0),(29,216,'Main',0,0,0,0),(30,202,'Page Header',0,0,0,0),(31,202,'Sidebar',0,0,0,0),(32,202,'Main',0,0,0,0),(33,202,'Page Footer',0,0,0,0),(34,197,'Main',0,0,0,0),(35,197,'Main : 13',0,0,0,34),(36,197,'Main : 14',0,0,0,34),(37,194,'Main',0,0,0,0),(38,1,'Main',0,0,0,0),(47,1,'Page Footer',0,0,0,0),(48,193,'Main',0,0,0,0),(49,193,'Main : 23',0,0,0,48),(50,193,'Main : 24',0,0,0,48),(51,193,'Main : 25',0,0,0,48),(52,193,'Main : 26',0,0,0,48),(53,193,'Main : 27',0,0,0,48),(54,193,'Main : 28',0,0,0,48),(55,193,'Page Footer',0,0,0,0),(56,193,'Page Footer : 29',0,0,0,55),(57,193,'Page Footer : 30',0,0,0,55),(58,195,'Main',0,0,0,0),(59,203,'Page Header',0,0,0,0),(60,203,'Main',0,0,0,0),(61,203,'Sidebar',0,0,0,0),(62,203,'Page Footer',0,0,0,0),(63,204,'Page Header',0,0,0,0),(64,204,'Main',0,0,0,0),(65,204,'Sidebar',0,0,0,0),(66,204,'Page Footer',0,0,0,0),(67,205,'Page Header',0,0,0,0),(68,205,'Main',0,0,0,0),(69,205,'Sidebar',0,0,0,0),(70,205,'Page Footer',0,0,0,0),(71,206,'Page Header',0,0,0,0),(72,206,'Main',0,0,0,0),(73,206,'Sidebar',0,0,0,0),(74,206,'Page Footer',0,0,0,0),(75,207,'Page Header',0,0,0,0),(76,207,'Main',0,0,0,0),(77,207,'Sidebar',0,0,0,0),(78,207,'Page Footer',0,0,0,0),(79,208,'Page Header',0,0,0,0),(80,208,'Main',0,0,0,0),(81,208,'Sidebar',0,0,0,0),(82,208,'Page Footer',0,0,0,0),(83,196,'Main',0,0,0,0),(84,196,'Main : 31',0,0,0,83),(85,196,'Main : 32',0,0,0,83),(86,196,'Main : 33',0,0,0,83),(87,196,'Main : 34',0,0,0,83),(88,196,'Main : 35',0,0,0,83),(89,196,'Main : 36',0,0,0,83),(90,196,'Main : 37',0,0,0,83),(91,198,'Main',0,0,0,0),(92,198,'Main : 13',0,0,0,91),(93,198,'Main : 14',0,0,0,91),(94,210,'Page Footer',0,0,0,0),(95,210,'Main',0,0,0,0),(96,210,'Sidebar',0,0,0,0),(97,211,'Page Footer',0,0,0,0),(98,211,'Main',0,0,0,0),(99,211,'Sidebar',0,0,0,0),(100,212,'Page Footer',0,0,0,0),(101,212,'Main',0,0,0,0),(102,212,'Sidebar',0,0,0,0),(103,199,'Main',0,0,0,0),(104,200,'Main',0,0,0,0),(105,200,'Main : 38',0,0,0,104),(106,200,'Main : 39',0,0,0,104),(107,200,'Main : 40',0,0,0,104),(108,200,'Main : 41',0,0,0,104),(109,200,'Main : 42',0,0,0,104),(110,201,'Main',0,0,0,0),(111,213,'Main',0,0,0,0),(112,213,'Main : 43',0,0,0,111),(113,213,'Main : 44',0,0,0,111),(114,213,'Main : 45',0,0,0,111),(115,213,'Main : 46',0,0,0,111),(116,213,'Main : 47',0,0,0,111),(117,213,'Main : 48',0,0,0,111),(118,214,'Main',0,0,0,0),(119,214,'Main : 49',0,0,0,118),(120,214,'Main : 50',0,0,0,118),(121,214,'Main : 51',0,0,0,118),(122,214,'Main : 52',0,0,0,118),(123,214,'Main : 53',0,0,0,118),(124,217,'Main',0,0,0,0),(125,217,'Page Header',0,0,0,0),(126,217,'Sidebar',0,0,0,0),(127,218,'Main',0,0,0,0),(128,218,'Page Header',0,0,0,0),(129,218,'Sidebar',0,0,0,0),(130,215,'Main',0,0,0,0),(131,1,'Header Site Title',0,0,1,0),(132,1,'Header Navigation',0,0,1,0),(133,1,'Header Search',0,0,1,0),(134,1,'Footer Site Title',0,0,1,0),(135,1,'Footer Social',0,0,1,0),(136,1,'Footer Legal',0,0,1,0),(137,1,'Footer Navigation',0,0,1,0),(138,1,'Footer Contact',0,0,1,0),(139,193,'Header Site Title',0,0,1,0),(140,193,'Header Navigation',0,0,1,0),(141,193,'Header Search',0,0,1,0),(142,193,'Footer Site Title',0,0,1,0),(143,193,'Footer Social',0,0,1,0),(144,193,'Footer Legal',0,0,1,0),(145,193,'Footer Navigation',0,0,1,0),(146,193,'Footer Contact',0,0,1,0),(147,195,'Header Site Title',0,0,1,0),(148,195,'Header Navigation',0,0,1,0),(149,195,'Header Search',0,0,1,0),(150,195,'Page Footer',0,0,0,0),(151,195,'Footer Site Title',0,0,1,0),(152,195,'Footer Social',0,0,1,0),(153,195,'Footer Legal',0,0,1,0),(154,195,'Footer Navigation',0,0,1,0),(155,195,'Footer Contact',0,0,1,0),(156,172,'Header Site Title',0,0,1,0),(157,172,'Header Navigation',0,0,1,0),(158,172,'Header Search',0,0,1,0),(159,172,'Footer Site Title',0,0,1,0),(160,172,'Footer Social',0,0,1,0),(161,172,'Footer Legal',0,0,1,0),(162,172,'Footer Navigation',0,0,1,0),(163,172,'Footer Contact',0,0,1,0),(164,174,'Disclaimer',0,0,0,0),(165,203,'Header Site Title',0,0,1,0),(166,203,'Header Navigation',0,0,1,0),(167,203,'Header Search',0,0,1,0),(168,203,'Footer Site Title',0,0,1,0),(169,203,'Footer Social',0,0,1,0),(170,203,'Footer Legal',0,0,1,0),(171,203,'Footer Navigation',0,0,1,0),(172,203,'Footer Contact',0,0,1,0),(173,213,'Header Site Title',0,0,1,0),(174,213,'Header Navigation',0,0,1,0),(175,213,'Header Search',0,0,1,0),(176,213,'Page Footer',0,0,0,0),(177,213,'Footer Site Title',0,0,1,0),(178,213,'Footer Social',0,0,1,0),(179,213,'Footer Legal',0,0,1,0),(180,213,'Footer Navigation',0,0,1,0),(181,213,'Footer Contact',0,0,1,0),(182,196,'Header Site Title',0,0,1,0),(183,196,'Header Navigation',0,0,1,0),(184,196,'Header Search',0,0,1,0),(185,196,'Page Footer',0,0,0,0),(186,196,'Footer Site Title',0,0,1,0),(187,196,'Footer Social',0,0,1,0),(188,196,'Footer Legal',0,0,1,0),(189,196,'Footer Navigation',0,0,1,0),(190,196,'Footer Contact',0,0,1,0),(191,214,'Header Site Title',0,0,1,0),(192,214,'Header Navigation',0,0,1,0),(193,214,'Header Search',0,0,1,0),(194,214,'Page Footer',0,0,0,0),(195,214,'Footer Site Title',0,0,1,0),(196,214,'Footer Social',0,0,1,0),(197,214,'Footer Legal',0,0,1,0),(198,214,'Footer Navigation',0,0,1,0),(199,214,'Footer Contact',0,0,1,0),(200,198,'Header Site Title',0,0,1,0),(201,198,'Header Navigation',0,0,1,0),(202,198,'Header Search',0,0,1,0),(203,198,'Page Footer',0,0,0,0),(204,198,'Footer Site Title',0,0,1,0),(205,198,'Footer Social',0,0,1,0),(206,198,'Footer Legal',0,0,1,0),(207,198,'Footer Navigation',0,0,1,0),(208,198,'Footer Contact',0,0,1,0),(209,223,'Main',0,0,0,0),(210,223,'Main : 13',0,0,0,209),(211,223,'Main : 14',0,0,0,209),(212,224,'Page Footer',0,0,0,0),(213,224,'Main',0,0,0,0),(214,224,'Sidebar',0,0,0,0),(215,223,'Header Site Title',0,0,1,0),(216,223,'Header Navigation',0,0,1,0),(217,223,'Header Search',0,0,1,0),(218,223,'Page Footer',0,0,0,0),(219,223,'Footer Site Title',0,0,1,0),(220,223,'Footer Social',0,0,1,0),(221,223,'Footer Legal',0,0,1,0),(222,223,'Footer Navigation',0,0,1,0),(223,223,'Footer Contact',0,0,1,0),(224,212,'Header Site Title',0,0,1,0),(225,212,'Header Navigation',0,0,1,0),(226,212,'Header Search',0,0,1,0),(227,212,'Page Header',0,0,0,0),(228,212,'Sidebar Footer',0,0,0,0),(229,212,'Footer Site Title',0,0,1,0),(230,212,'Footer Social',0,0,1,0),(231,212,'Footer Legal',0,0,1,0),(232,212,'Footer Navigation',0,0,1,0),(233,212,'Footer Contact',0,0,1,0),(244,225,'Header Site Title',0,0,1,0),(245,225,'Header Navigation',0,0,1,0),(246,225,'Header Search',0,0,1,0),(247,225,'Main',0,0,0,0),(248,225,'Main : 23',0,0,0,247),(249,225,'Main : 24',0,0,0,247),(250,225,'Main : 25',0,0,0,247),(251,225,'Main : 26',0,0,0,247),(252,225,'Main : 27',0,0,0,247),(253,225,'Main : 28',0,0,0,247),(254,225,'Page Footer',0,0,0,0),(255,225,'Page Footer : 29',0,0,0,254),(256,225,'Page Footer : 30',0,0,0,254),(257,225,'Footer Site Title',0,0,1,0),(258,225,'Footer Social',0,0,1,0),(259,225,'Footer Legal',0,0,1,0),(260,225,'Footer Navigation',0,0,1,0),(261,225,'Footer Contact',0,0,1,0),(262,226,'Header Site Title',0,0,1,0),(263,226,'Header Navigation',0,0,1,0),(264,226,'Header Search',0,0,1,0),(265,226,'Main',0,0,0,0),(266,226,'Page Footer',0,0,0,0),(267,226,'Footer Site Title',0,0,1,0),(268,226,'Footer Social',0,0,1,0),(269,226,'Footer Legal',0,0,1,0),(270,226,'Footer Navigation',0,0,1,0),(271,226,'Footer Contact',0,0,1,0),(272,245,'Main',0,0,0,0),(273,245,'Main : 13',0,0,0,272),(274,245,'Main : 14',0,0,0,272),(275,245,'Header Site Title',0,0,1,0),(276,245,'Header Navigation',0,0,1,0),(277,245,'Header Search',0,0,1,0),(278,245,'Page Footer',0,0,0,0),(279,245,'Footer Site Title',0,0,1,0),(280,245,'Footer Social',0,0,1,0),(281,245,'Footer Legal',0,0,1,0),(282,245,'Footer Navigation',0,0,1,0),(283,245,'Footer Contact',0,0,1,0),(284,246,'Header Site Title',0,0,1,0),(285,246,'Header Navigation',0,0,1,0),(286,246,'Header Search',0,0,1,0),(287,246,'Main',0,0,0,0),(288,246,'Page Footer',0,0,0,0),(289,246,'Footer Site Title',0,0,1,0),(290,246,'Footer Social',0,0,1,0),(291,246,'Footer Legal',0,0,1,0),(292,246,'Footer Navigation',0,0,1,0),(293,246,'Footer Contact',0,0,1,0),(294,229,'Header Site Title',0,0,1,0),(295,229,'Header Navigation',0,0,1,0),(296,229,'Header Search',0,0,1,0),(297,229,'Main',0,0,0,0),(298,229,'Main : 38',0,0,0,297),(299,229,'Main : 39',0,0,0,297),(300,229,'Main : 40',0,0,0,297),(301,229,'Main : 41',0,0,0,297),(302,229,'Main : 42',0,0,0,297),(303,229,'Page Footer',0,0,0,0),(304,229,'Footer Site Title',0,0,1,0),(305,229,'Footer Social',0,0,1,0),(306,229,'Footer Legal',0,0,1,0),(307,229,'Footer Navigation',0,0,1,0),(308,229,'Footer Contact',0,0,1,0),(309,227,'Header Site Title',0,0,1,0),(310,227,'Header Navigation',0,0,1,0),(311,227,'Header Search',0,0,1,0),(312,227,'Main',0,0,0,0),(313,227,'Main : 31',0,0,0,312),(314,227,'Main : 32',0,0,0,312),(315,227,'Main : 33',0,0,0,312),(316,227,'Main : 34',0,0,0,312),(317,227,'Main : 35',0,0,0,312),(318,227,'Main : 36',0,0,0,312),(319,227,'Main : 37',0,0,0,312),(320,227,'Page Footer',0,0,0,0),(321,227,'Footer Site Title',0,0,1,0),(322,227,'Footer Social',0,0,1,0),(323,227,'Footer Legal',0,0,1,0),(324,227,'Footer Navigation',0,0,1,0),(325,227,'Footer Contact',0,0,1,0),(339,248,'Page Footer',0,0,0,0),(340,248,'Main',0,0,0,0),(341,248,'Header Site Title',0,0,1,0),(342,248,'Header Navigation',0,0,1,0),(343,248,'Header Search',0,0,1,0),(344,248,'Page Header',0,0,0,0),(345,248,'Sidebar',0,0,0,0),(346,248,'Sidebar Footer',0,0,0,0),(347,248,'Footer Site Title',0,0,1,0),(348,248,'Footer Social',0,0,1,0),(349,248,'Footer Legal',0,0,1,0),(350,248,'Footer Navigation',0,0,1,0),(351,248,'Footer Contact',0,0,1,0),(352,250,'Header Site Title',0,0,1,0),(353,250,'Header Navigation',0,0,1,0),(354,250,'Header Search',0,0,1,0),(355,250,'Main',0,0,0,0),(356,250,'Page Footer',0,0,0,0),(357,250,'Footer Site Title',0,0,1,0),(358,250,'Footer Social',0,0,1,0),(359,250,'Footer Legal',0,0,1,0),(360,250,'Footer Navigation',0,0,1,0),(361,250,'Footer Contact',0,0,1,0),(362,192,'Header Site Title',0,0,1,0),(363,192,'Header Navigation',0,0,1,0),(364,192,'Header Search',0,0,1,0),(365,192,'Main',0,0,0,0),(366,192,'Page Footer',0,0,0,0),(367,192,'Footer Site Title',0,0,1,0),(368,192,'Footer Social',0,0,1,0),(369,192,'Footer Legal',0,0,1,0),(370,192,'Footer Navigation',0,0,1,0),(371,192,'Footer Contact',0,0,1,0),(372,251,'Header Site Title',0,0,1,0),(373,251,'Header Navigation',0,0,1,0),(374,251,'Header Search',0,0,1,0),(375,251,'Main',0,0,0,0),(376,251,'Page Footer',0,0,0,0),(377,251,'Footer Site Title',0,0,1,0),(378,251,'Footer Social',0,0,1,0),(379,251,'Footer Legal',0,0,1,0),(380,251,'Footer Navigation',0,0,1,0),(381,251,'Footer Contact',0,0,1,0),(382,249,'Header Site Title',0,0,1,0),(383,249,'Header Navigation',0,0,1,0),(384,249,'Header Search',0,0,1,0),(385,249,'Main',0,0,0,0),(386,249,'Page Footer',0,0,0,0),(387,249,'Footer Site Title',0,0,1,0),(388,249,'Footer Social',0,0,1,0),(389,249,'Footer Legal',0,0,1,0),(390,249,'Footer Navigation',0,0,1,0),(391,249,'Footer Contact',0,0,1,0),(398,249,'Header',0,0,0,0),(414,192,'Header',0,0,0,0),(421,250,'Header',0,0,0,0),(429,1,'Header',0,0,0,0),(435,250,'Page Header',0,0,0,0),(439,1,'Page Header',0,0,0,0),(442,192,'Page Header',0,0,0,0),(444,261,'Header Site Title',0,0,1,0),(445,261,'Header Navigation',0,0,1,0),(446,261,'Header Search',0,0,1,0),(447,261,'Main',0,0,0,0),(448,261,'Page Footer',0,0,0,0),(449,261,'Footer Site Title',0,0,1,0),(450,261,'Footer Social',0,0,1,0),(451,261,'Footer Legal',0,0,1,0),(452,261,'Footer Navigation',0,0,1,0),(453,261,'Footer Contact',0,0,1,0),(454,262,'Header Site Title',0,0,1,0),(455,262,'Header Navigation',0,0,1,0),(456,262,'Header Search',0,0,1,0),(457,262,'Main',0,0,0,0),(458,262,'Page Footer',0,0,0,0),(459,262,'Footer Site Title',0,0,1,0),(460,262,'Footer Social',0,0,1,0),(461,262,'Footer Legal',0,0,1,0),(462,262,'Footer Navigation',0,0,1,0),(463,262,'Footer Contact',0,0,1,0),(464,273,'Header Site Title',0,0,1,0),(465,273,'Header Navigation',0,0,1,0),(466,273,'Header Search',0,0,1,0),(467,273,'Main',0,0,0,0),(468,273,'Page Footer',0,0,0,0),(469,273,'Footer Site Title',0,0,1,0),(470,273,'Footer Social',0,0,1,0),(471,273,'Footer Legal',0,0,1,0),(472,273,'Footer Navigation',0,0,1,0),(473,273,'Footer Contact',0,0,1,0),(474,1,'Main : 58',0,0,0,38),(475,1,'Main : 59',0,0,0,38),(476,1,'Main : 59 : 60',0,0,0,475),(477,1,'Main : 59 : 61',0,0,0,475),(478,1,'Main : 59 : 62',0,0,0,475),(479,1,'Main : 59 : 63',0,0,0,475),(483,1,'Main : 64',0,0,0,38),(484,275,'Header Site Title',0,0,1,0),(485,275,'Header Navigation',0,0,1,0),(486,275,'Header Search',0,0,1,0),(487,275,'Main',0,0,0,0),(488,275,'Page Footer',0,0,0,0),(489,275,'Footer Site Title',0,0,1,0),(490,275,'Footer Social',0,0,1,0),(491,275,'Footer Legal',0,0,1,0),(492,275,'Footer Navigation',0,0,1,0),(493,275,'Footer Contact',0,0,1,0),(494,276,'Header Site Title',0,0,1,0),(495,276,'Header Navigation',0,0,1,0),(496,276,'Header Search',0,0,1,0),(497,276,'Main',0,0,0,0),(498,276,'Page Footer',0,0,0,0),(499,276,'Footer Site Title',0,0,1,0),(500,276,'Footer Social',0,0,1,0),(501,276,'Footer Legal',0,0,1,0),(502,276,'Footer Navigation',0,0,1,0),(503,276,'Footer Contact',0,0,1,0),(504,277,'Header Site Title',0,0,1,0),(505,277,'Header Navigation',0,0,1,0),(506,277,'Header Search',0,0,1,0),(507,277,'Main',0,0,0,0),(508,277,'Page Footer',0,0,0,0),(509,277,'Footer Site Title',0,0,1,0),(510,277,'Footer Social',0,0,1,0),(511,277,'Footer Legal',0,0,1,0),(512,277,'Footer Navigation',0,0,1,0),(513,277,'Footer Contact',0,0,1,0),(514,277,'Main : 65',0,0,0,507),(515,278,'Header Site Title',0,0,1,0),(516,278,'Header Navigation',0,0,1,0),(517,278,'Header Search',0,0,1,0),(518,278,'Main',0,0,0,0),(519,278,'Page Footer',0,0,0,0),(520,278,'Footer Site Title',0,0,1,0),(521,278,'Footer Social',0,0,1,0),(522,278,'Footer Legal',0,0,1,0),(523,278,'Footer Navigation',0,0,1,0),(524,278,'Footer Contact',0,0,1,0),(525,249,'Main : 66',0,0,0,385),(526,249,'Main : 67',0,0,0,385),(527,279,'Header Site Title',0,0,1,0),(528,279,'Header Navigation',0,0,1,0),(529,279,'Header Search',0,0,1,0),(530,279,'Main',0,0,0,0),(531,279,'Page Footer',0,0,0,0),(532,279,'Footer Site Title',0,0,1,0),(533,279,'Footer Social',0,0,1,0),(534,279,'Footer Legal',0,0,1,0),(535,279,'Footer Navigation',0,0,1,0),(536,279,'Footer Contact',0,0,1,0),(537,280,'Header Site Title',0,0,1,0),(538,280,'Header Navigation',0,0,1,0),(539,280,'Header Search',0,0,1,0),(540,280,'Main',0,0,0,0),(541,280,'Page Footer',0,0,0,0),(542,280,'Footer Site Title',0,0,1,0),(543,280,'Footer Social',0,0,1,0),(544,280,'Footer Legal',0,0,1,0),(545,280,'Footer Navigation',0,0,1,0),(546,280,'Footer Contact',0,0,1,0),(547,281,'Main',0,0,0,0),(548,281,'Page Footer',0,0,0,0),(549,282,'Main',0,0,0,0),(550,282,'Page Footer',0,0,0,0),(551,283,'Main',0,0,0,0),(552,283,'Page Footer',0,0,0,0),(553,284,'Main',0,0,0,0),(554,284,'Page Footer',0,0,0,0),(555,285,'Main',0,0,0,0),(556,285,'Page Footer',0,0,0,0),(557,286,'Main',0,0,0,0),(558,286,'Page Footer',0,0,0,0),(559,287,'Main',0,0,0,0),(560,287,'Page Footer',0,0,0,0),(561,288,'Main',0,0,0,0),(562,288,'Page Footer',0,0,0,0),(563,289,'Main',0,0,0,0),(564,289,'Page Footer',0,0,0,0),(565,290,'Main',0,0,0,0),(566,290,'Page Footer',0,0,0,0),(567,291,'Main',0,0,0,0),(568,291,'Page Footer',0,0,0,0),(569,284,'Header Site Title',0,0,1,0),(570,284,'Header Navigation',0,0,1,0),(571,284,'Header Search',0,0,1,0),(572,284,'Footer Site Title',0,0,1,0),(573,284,'Footer Social',0,0,1,0),(574,284,'Footer Legal',0,0,1,0),(575,284,'Footer Navigation',0,0,1,0),(576,284,'Footer Contact',0,0,1,0),(589,293,'Header Site Title',0,0,1,0),(590,293,'Header Navigation',0,0,1,0),(591,293,'Header Search',0,0,1,0),(592,293,'Main',0,0,0,0),(593,293,'Page Footer',0,0,0,0),(594,293,'Footer Site Title',0,0,1,0),(595,293,'Footer Social',0,0,1,0),(596,293,'Footer Legal',0,0,1,0),(597,293,'Footer Navigation',0,0,1,0),(598,293,'Footer Contact',0,0,1,0),(599,293,'Page Header',0,0,0,0),(600,293,'Sidebar',0,0,0,0),(601,293,'Sidebar Footer',0,0,0,0),(602,293,'Main : 68',0,0,0,592),(603,293,'Main : 69',0,0,0,592),(604,295,'Header Site Title',0,0,1,0),(605,295,'Header Navigation',0,0,1,0),(606,295,'Header Search',0,0,1,0),(607,295,'Main',0,0,0,0),(608,295,'Page Footer',0,0,0,0),(609,295,'Footer Site Title',0,0,1,0),(610,295,'Footer Social',0,0,1,0),(611,295,'Footer Legal',0,0,1,0),(612,295,'Footer Navigation',0,0,1,0),(613,295,'Footer Contact',0,0,1,0),(614,295,'Main : 70',0,0,0,607),(615,295,'Main : 71',0,0,0,607),(616,295,'Main : 72',0,0,0,607),(617,281,'Header Site Title',0,0,1,0),(618,281,'Header Navigation',0,0,1,0),(619,281,'Header Search',0,0,1,0),(620,281,'Footer Site Title',0,0,1,0),(621,281,'Footer Social',0,0,1,0),(622,281,'Footer Legal',0,0,1,0),(623,281,'Footer Navigation',0,0,1,0),(624,281,'Footer Contact',0,0,1,0),(625,282,'Header Site Title',0,0,1,0),(626,282,'Header Navigation',0,0,1,0),(627,282,'Header Search',0,0,1,0),(628,282,'Footer Site Title',0,0,1,0),(629,282,'Footer Social',0,0,1,0),(630,282,'Footer Legal',0,0,1,0),(631,282,'Footer Navigation',0,0,1,0),(632,282,'Footer Contact',0,0,1,0),(633,283,'Header Site Title',0,0,1,0),(634,283,'Header Navigation',0,0,1,0),(635,283,'Header Search',0,0,1,0),(636,283,'Footer Site Title',0,0,1,0),(637,283,'Footer Social',0,0,1,0),(638,283,'Footer Legal',0,0,1,0),(639,283,'Footer Navigation',0,0,1,0),(640,283,'Footer Contact',0,0,1,0),(641,285,'Header Site Title',0,0,1,0),(642,285,'Header Navigation',0,0,1,0),(643,285,'Header Search',0,0,1,0),(644,285,'Footer Site Title',0,0,1,0),(645,285,'Footer Social',0,0,1,0),(646,285,'Footer Legal',0,0,1,0),(647,285,'Footer Navigation',0,0,1,0),(648,285,'Footer Contact',0,0,1,0),(649,286,'Header Site Title',0,0,1,0),(650,286,'Header Navigation',0,0,1,0),(651,286,'Header Search',0,0,1,0),(652,286,'Footer Site Title',0,0,1,0),(653,286,'Footer Social',0,0,1,0),(654,286,'Footer Legal',0,0,1,0),(655,286,'Footer Navigation',0,0,1,0),(656,286,'Footer Contact',0,0,1,0),(657,288,'Header Site Title',0,0,1,0),(658,288,'Header Navigation',0,0,1,0),(659,288,'Header Search',0,0,1,0),(660,288,'Footer Site Title',0,0,1,0),(661,288,'Footer Social',0,0,1,0),(662,288,'Footer Legal',0,0,1,0),(663,288,'Footer Navigation',0,0,1,0),(664,288,'Footer Contact',0,0,1,0),(665,287,'Header Site Title',0,0,1,0),(666,287,'Header Navigation',0,0,1,0),(667,287,'Header Search',0,0,1,0),(668,287,'Footer Site Title',0,0,1,0),(669,287,'Footer Social',0,0,1,0),(670,287,'Footer Legal',0,0,1,0),(671,287,'Footer Navigation',0,0,1,0),(672,287,'Footer Contact',0,0,1,0),(673,290,'Header Site Title',0,0,1,0),(674,290,'Header Navigation',0,0,1,0),(675,290,'Header Search',0,0,1,0),(676,290,'Footer Site Title',0,0,1,0),(677,290,'Footer Social',0,0,1,0),(678,290,'Footer Legal',0,0,1,0),(679,290,'Footer Navigation',0,0,1,0),(680,290,'Footer Contact',0,0,1,0),(681,291,'Header Site Title',0,0,1,0),(682,291,'Header Navigation',0,0,1,0),(683,291,'Header Search',0,0,1,0),(684,291,'Footer Site Title',0,0,1,0),(685,291,'Footer Social',0,0,1,0),(686,291,'Footer Legal',0,0,1,0),(687,291,'Footer Navigation',0,0,1,0),(688,291,'Footer Contact',0,0,1,0),(689,296,'Main',0,0,0,0),(691,297,'Main',0,0,0,0),(692,249,'Header Site lang',0,0,1,0),(694,261,'Header Site lang',0,0,1,0),(696,273,'Header Site lang',0,0,1,0),(700,1,'Header Site lang',0,0,1,0),(702,285,'Header Site lang',0,0,1,0),(704,287,'Header Site lang',0,0,1,0),(706,172,'Header Site lang',0,0,1,0),(708,286,'Header Site lang',0,0,1,0),(710,288,'Header Site lang',0,0,1,0),(712,250,'Header Site lang',0,0,1,0),(714,280,'Header Site lang',0,0,1,0),(716,291,'Header Site lang',0,0,1,0),(718,279,'Header Site lang',0,0,1,0),(720,290,'Header Site lang',0,0,1,0),(722,282,'Header Site lang',0,0,1,0),(724,284,'Header Site lang',0,0,1,0),(726,246,'Header Site lang',0,0,1,0),(740,1,'Header Site menu',0,0,1,0),(741,299,'Header Site menu',0,0,1,0),(742,299,'Header Site lang',0,0,1,0),(743,299,'Header Site Title',0,0,1,0),(744,299,'Header Navigation',0,0,1,0),(745,299,'Header Search',0,0,1,0),(746,299,'Main',0,0,0,0),(747,299,'Page Footer',0,0,0,0),(748,299,'Footer Site Title',0,0,1,0),(749,299,'Footer Social',0,0,1,0),(750,299,'Footer Legal',0,0,1,0),(751,299,'Footer Navigation',0,0,1,0),(752,299,'Footer Contact',0,0,1,0),(753,172,'Header Site menu',0,0,1,0),(754,246,'Header Site menu',0,0,1,0),(755,300,'Header Site menu',0,0,1,0),(756,300,'Header Site lang',0,0,1,0),(757,300,'Header Site Title',0,0,1,0),(758,300,'Header Navigation',0,0,1,0),(759,300,'Header Search',0,0,1,0),(760,300,'Main',0,0,0,0),(761,300,'Main : 66',0,0,0,760),(762,300,'Main : 67',0,0,0,760),(763,300,'Page Footer',0,0,0,0),(764,300,'Footer Site Title',0,0,1,0),(765,300,'Footer Social',0,0,1,0),(766,300,'Footer Legal',0,0,1,0),(767,300,'Footer Navigation',0,0,1,0),(768,300,'Footer Contact',0,0,1,0),(769,306,'Header Site menu',0,0,1,0),(770,306,'Header Site lang',0,0,1,0),(771,306,'Header Site Title',0,0,1,0),(772,306,'Header Navigation',0,0,1,0),(773,306,'Header Search',0,0,1,0),(774,306,'Main',0,0,0,0),(775,306,'Page Footer',0,0,0,0),(776,306,'Footer Site Title',0,0,1,0),(777,306,'Footer Social',0,0,1,0),(778,306,'Footer Legal',0,0,1,0),(779,306,'Footer Navigation',0,0,1,0),(780,306,'Footer Contact',0,0,1,0),(781,307,'Header Site menu',0,0,1,0),(782,307,'Header Site lang',0,0,1,0),(783,307,'Header Site Title',0,0,1,0),(784,307,'Header Navigation',0,0,1,0),(785,307,'Header Search',0,0,1,0),(786,307,'Main',0,0,0,0),(787,307,'Main : 65',0,0,0,786),(788,307,'Page Footer',0,0,0,0),(789,307,'Footer Site Title',0,0,1,0),(790,307,'Footer Social',0,0,1,0),(791,307,'Footer Legal',0,0,1,0),(792,307,'Footer Navigation',0,0,1,0),(793,307,'Footer Contact',0,0,1,0),(794,308,'Header Site menu',0,0,1,0),(795,308,'Header Site lang',0,0,1,0),(796,308,'Header Site Title',0,0,1,0),(797,308,'Header Navigation',0,0,1,0),(798,308,'Header Search',0,0,1,0),(799,308,'Main',0,0,0,0),(800,308,'Page Footer',0,0,0,0),(801,308,'Footer Site Title',0,0,1,0),(802,308,'Footer Social',0,0,1,0),(803,308,'Footer Legal',0,0,1,0),(804,308,'Footer Navigation',0,0,1,0),(805,308,'Footer Contact',0,0,1,0),(806,261,'Header Site menu',0,0,1,0),(807,250,'Header Site menu',0,0,1,0),(808,291,'Header Site menu',0,0,1,0),(809,290,'Header Site menu',0,0,1,0),(810,287,'Header Site menu',0,0,1,0),(811,273,'Header Site menu',0,0,1,0),(812,249,'Header Site menu',0,0,1,0),(813,283,'Header Site menu',0,0,1,0),(814,283,'Header Site lang',0,0,1,0),(815,282,'Header Site menu',0,0,1,0),(816,288,'Header Site menu',0,0,1,0),(817,281,'Header Site menu',0,0,1,0),(818,281,'Header Site lang',0,0,1,0),(819,284,'Header Site menu',0,0,1,0),(820,285,'Header Site menu',0,0,1,0),(821,286,'Header Site menu',0,0,1,0),(822,277,'Header Site menu',0,0,1,0),(823,277,'Header Site lang',0,0,1,0),(824,310,'Header Site menu',0,0,1,0),(825,310,'Header Site lang',0,0,1,0),(826,310,'Header Site Title',0,0,1,0),(827,310,'Header Navigation',0,0,1,0),(828,310,'Header Search',0,0,1,0),(829,310,'Main',0,0,0,0),(830,310,'Page Footer',0,0,0,0),(831,310,'Footer Site Title',0,0,1,0),(832,310,'Footer Social',0,0,1,0),(833,310,'Footer Legal',0,0,1,0),(834,310,'Footer Navigation',0,0,1,0),(835,310,'Footer Contact',0,0,1,0),(836,314,'Main',0,0,0,0),(837,314,'Page Footer',0,0,0,0),(838,316,'Main',0,0,0,0),(839,316,'Page Footer',0,0,0,0),(840,317,'Main',0,0,0,0),(841,317,'Page Footer',0,0,0,0),(842,318,'Main',0,0,0,0),(843,318,'Page Footer',0,0,0,0),(844,320,'Main',0,0,0,0),(845,320,'Page Footer',0,0,0,0),(846,321,'Main',0,0,0,0),(847,321,'Page Footer',0,0,0,0),(848,279,'Header Site menu',0,0,1,0),(849,280,'Header Site menu',0,0,1,0),(850,303,'Header Site menu',0,0,1,0),(851,303,'Header Site lang',0,0,1,0),(852,303,'Header Site Title',0,0,1,0),(853,303,'Header Navigation',0,0,1,0),(854,303,'Header Search',0,0,1,0),(855,303,'Main',0,0,0,0),(856,303,'Page Footer',0,0,0,0),(857,303,'Footer Site Title',0,0,1,0),(858,303,'Footer Social',0,0,1,0),(859,303,'Footer Legal',0,0,1,0),(860,303,'Footer Navigation',0,0,1,0),(861,303,'Footer Contact',0,0,1,0),(862,293,'Header Site menu',0,0,1,0),(863,293,'Header Site lang',0,0,1,0),(864,295,'Header Site menu',0,0,1,0),(865,295,'Header Site lang',0,0,1,0),(866,309,'Header Site menu',0,0,1,0),(867,309,'Header Site lang',0,0,1,0),(868,309,'Header Site Title',0,0,1,0),(869,309,'Header Navigation',0,0,1,0),(870,309,'Header Search',0,0,1,0),(871,309,'Main',0,0,0,0),(872,309,'Page Footer',0,0,0,0),(873,309,'Footer Site Title',0,0,1,0),(874,309,'Footer Social',0,0,1,0),(875,309,'Footer Legal',0,0,1,0),(876,309,'Footer Navigation',0,0,1,0),(877,309,'Footer Contact',0,0,1,0),(878,311,'Header Site menu',0,0,1,0),(879,311,'Header Site lang',0,0,1,0),(880,311,'Header Site Title',0,0,1,0),(881,311,'Header Navigation',0,0,1,0),(882,311,'Header Search',0,0,1,0),(883,311,'Main',0,0,0,0),(884,311,'Page Footer',0,0,0,0),(885,311,'Footer Site Title',0,0,1,0),(886,311,'Footer Social',0,0,1,0),(887,311,'Footer Legal',0,0,1,0),(888,311,'Footer Navigation',0,0,1,0),(889,311,'Footer Contact',0,0,1,0),(890,312,'Header Site menu',0,0,1,0),(891,312,'Header Site lang',0,0,1,0),(892,312,'Header Site Title',0,0,1,0),(893,312,'Header Navigation',0,0,1,0),(894,312,'Header Search',0,0,1,0),(895,312,'Main',0,0,0,0),(896,312,'Page Footer',0,0,0,0),(897,312,'Footer Site Title',0,0,1,0),(898,312,'Footer Social',0,0,1,0),(899,312,'Footer Legal',0,0,1,0),(900,312,'Footer Navigation',0,0,1,0),(901,312,'Footer Contact',0,0,1,0),(902,313,'Header Site menu',0,0,1,0),(903,313,'Header Site lang',0,0,1,0),(904,313,'Header Site Title',0,0,1,0),(905,313,'Header Navigation',0,0,1,0),(906,313,'Header Search',0,0,1,0),(907,313,'Main',0,0,0,0),(908,313,'Page Footer',0,0,0,0),(909,313,'Footer Site Title',0,0,1,0),(910,313,'Footer Social',0,0,1,0),(911,313,'Footer Legal',0,0,1,0),(912,313,'Footer Navigation',0,0,1,0),(913,313,'Footer Contact',0,0,1,0),(914,314,'Header Site menu',0,0,1,0),(915,314,'Header Site lang',0,0,1,0),(916,314,'Header Site Title',0,0,1,0),(917,314,'Header Navigation',0,0,1,0),(918,314,'Header Search',0,0,1,0),(919,314,'Footer Site Title',0,0,1,0),(920,314,'Footer Social',0,0,1,0),(921,314,'Footer Legal',0,0,1,0),(922,314,'Footer Navigation',0,0,1,0),(923,314,'Footer Contact',0,0,1,0),(924,302,'Main',0,0,0,0),(937,278,'Header Site menu',0,0,1,0),(938,278,'Header Site lang',0,0,1,0),(939,315,'Header Site menu',0,0,1,0),(940,315,'Header Site lang',0,0,1,0),(941,315,'Header Site Title',0,0,1,0),(942,315,'Header Navigation',0,0,1,0),(943,315,'Header Search',0,0,1,0),(944,315,'Main',0,0,0,0),(945,315,'Page Footer',0,0,0,0),(946,315,'Footer Site Title',0,0,1,0),(947,315,'Footer Social',0,0,1,0),(948,315,'Footer Legal',0,0,1,0),(949,315,'Footer Navigation',0,0,1,0),(950,315,'Footer Contact',0,0,1,0),(951,316,'Header Site menu',0,0,1,0),(952,316,'Header Site lang',0,0,1,0),(953,316,'Header Site Title',0,0,1,0),(954,316,'Header Navigation',0,0,1,0),(955,316,'Header Search',0,0,1,0),(956,316,'Footer Site Title',0,0,1,0),(957,316,'Footer Social',0,0,1,0),(958,316,'Footer Legal',0,0,1,0),(959,316,'Footer Navigation',0,0,1,0),(960,316,'Footer Contact',0,0,1,0),(961,317,'Header Site menu',0,0,1,0),(962,317,'Header Site lang',0,0,1,0),(963,317,'Header Site Title',0,0,1,0),(964,317,'Header Navigation',0,0,1,0),(965,317,'Header Search',0,0,1,0),(966,317,'Footer Site Title',0,0,1,0),(967,317,'Footer Social',0,0,1,0),(968,317,'Footer Legal',0,0,1,0),(969,317,'Footer Navigation',0,0,1,0),(970,317,'Footer Contact',0,0,1,0),(971,318,'Header Site menu',0,0,1,0),(972,318,'Header Site lang',0,0,1,0),(973,318,'Header Site Title',0,0,1,0),(974,318,'Header Navigation',0,0,1,0),(975,318,'Header Search',0,0,1,0),(976,318,'Footer Site Title',0,0,1,0),(977,318,'Footer Social',0,0,1,0),(978,318,'Footer Legal',0,0,1,0),(979,318,'Footer Navigation',0,0,1,0),(980,318,'Footer Contact',0,0,1,0),(981,319,'Header Site menu',0,0,1,0),(982,319,'Header Site lang',0,0,1,0),(983,319,'Header Site Title',0,0,1,0),(984,319,'Header Navigation',0,0,1,0),(985,319,'Header Search',0,0,1,0),(986,319,'Main',0,0,0,0),(987,319,'Page Footer',0,0,0,0),(988,319,'Footer Site Title',0,0,1,0),(989,319,'Footer Social',0,0,1,0),(990,319,'Footer Legal',0,0,1,0),(991,319,'Footer Navigation',0,0,1,0),(992,319,'Footer Contact',0,0,1,0),(993,320,'Header Site menu',0,0,1,0),(994,320,'Header Site lang',0,0,1,0),(995,320,'Header Site Title',0,0,1,0),(996,320,'Header Navigation',0,0,1,0),(997,320,'Header Search',0,0,1,0),(998,320,'Footer Site Title',0,0,1,0),(999,320,'Footer Social',0,0,1,0),(1000,320,'Footer Legal',0,0,1,0),(1001,320,'Footer Navigation',0,0,1,0),(1002,320,'Footer Contact',0,0,1,0),(1003,321,'Header Site menu',0,0,1,0),(1004,321,'Header Site lang',0,0,1,0),(1005,321,'Header Site Title',0,0,1,0),(1006,321,'Header Navigation',0,0,1,0),(1007,321,'Header Search',0,0,1,0),(1008,321,'Footer Site Title',0,0,1,0),(1009,321,'Footer Social',0,0,1,0),(1010,321,'Footer Legal',0,0,1,0),(1011,321,'Footer Navigation',0,0,1,0),(1012,321,'Footer Contact',0,0,1,0),(1013,304,'Main : 68',0,0,0,1014),(1014,304,'Main',0,0,0,0),(1015,304,'Page Footer',0,0,0,0),(1016,305,'Main : 70',0,0,0,1019),(1017,305,'Main : 72',0,0,0,1019),(1018,305,'Main : 71',0,0,0,1019),(1019,305,'Main',0,0,0,0),(1020,305,'Page Footer',0,0,0,0),(1021,299,'Main : 73',0,0,0,746),(1022,299,'Main : 74',0,0,0,746),(1023,299,'Main : 75',0,0,0,746),(1024,299,'Main : 76',0,0,0,746),(1025,299,'Main : 76 : 77',0,0,0,1024),(1026,299,'Main : 76 : 78',0,0,0,1024),(1027,299,'Main : 76 : 79',0,0,0,1024),(1028,302,'Header Site menu',0,0,1,0),(1029,302,'Header Site lang',0,0,1,0),(1030,302,'Header Site Title',0,0,1,0),(1031,302,'Header Navigation',0,0,1,0),(1032,302,'Header Search',0,0,1,0),(1033,302,'Page Footer',0,0,0,0),(1034,302,'Footer Site Title',0,0,1,0),(1035,302,'Footer Social',0,0,1,0),(1036,302,'Footer Legal',0,0,1,0),(1037,302,'Footer Navigation',0,0,1,0),(1038,302,'Footer Contact',0,0,1,0),(1039,324,'Header Site menu',0,0,1,0),(1040,324,'Header Site lang',0,0,0,0),(1041,324,'Header Site Title',0,0,1,0),(1042,324,'Header Navigation',0,0,1,0),(1043,324,'Header Search',0,0,1,0),(1044,324,'Main',0,0,0,0),(1045,324,'Page Footer',0,0,0,0),(1046,324,'Footer Site Title',0,0,1,0),(1047,324,'Footer Social',0,0,1,0),(1048,324,'Footer Legal',0,0,1,0),(1049,324,'Footer Navigation',0,0,1,0),(1050,324,'Footer Contact',0,0,1,0),(1051,328,'Header Site menu',0,0,1,0),(1052,328,'Header Site lang',0,0,0,0),(1053,328,'Header Site Title',0,0,1,0),(1054,328,'Header Navigation',0,0,1,0),(1055,328,'Header Search',0,0,1,0),(1056,328,'Main',0,0,0,0),(1057,328,'Page Footer',0,0,0,0),(1058,328,'Footer Site Title',0,0,1,0),(1059,328,'Footer Social',0,0,1,0),(1060,328,'Footer Legal',0,0,1,0),(1061,328,'Footer Navigation',0,0,1,0),(1062,328,'Footer Contact',0,0,1,0),(1063,299,'Main : 80',0,0,0,746),(1064,299,'Main : 80 : 81',0,0,0,1063),(1071,299,'Main : 80 : 81 : 88',0,0,0,1064),(1072,299,'Main : 80 : 81 : 89',0,0,0,1064),(1073,299,'Main : 80 : 81 : 90',0,0,0,1064),(1074,299,'Main : 80 : 81 : 91',0,0,0,1064),(1075,299,'Main : 92',0,0,0,746),(1076,299,'Main : 93',0,0,0,746),(1077,1,'Header logo',0,0,1,0),(1078,249,'Header logo',0,0,1,0),(1079,273,'Header logo',0,0,1,0),(1080,246,'Header logo',0,0,1,0),(1081,261,'Header logo',0,0,1,0),(1082,329,'Main',0,0,0,0),(1083,330,'Main',0,0,0,0),(1084,282,'Header logo',0,0,1,0),(1085,331,'Main',0,0,0,0),(1086,299,'Header logo',0,0,1,0),(1087,332,'Main',0,0,0,0),(1088,283,'Header logo',0,0,1,0),(1089,172,'Header logo',0,0,1,0),(1090,302,'Header logo',0,0,1,0),(1091,250,'Header logo',0,0,1,0),(1092,333,'Main',0,0,0,0),(1093,334,'Main',0,0,0,0),(1094,335,'Main',0,0,0,0),(1095,336,'Main',0,0,0,0),(1096,337,'Main',0,0,0,0),(1097,338,'Main',0,0,0,0),(1098,295,'Header logo',0,0,1,0),(1099,305,'Header Site menu',0,0,1,0),(1100,305,'Header Site lang',0,0,1,0),(1101,305,'Header logo',0,0,1,0),(1102,305,'Header Navigation',0,0,1,0),(1103,305,'Header Search',0,0,1,0),(1104,305,'Footer Site Title',0,0,1,0),(1105,305,'Footer Social',0,0,1,0),(1106,305,'Footer Legal',0,0,1,0),(1107,305,'Footer Navigation',0,0,1,0),(1108,305,'Footer Contact',0,0,1,0),(1109,339,'Main',0,0,0,0),(1110,340,'Main',0,0,0,0),(1111,341,'Main',0,0,0,0),(1112,304,'Header Site menu',0,0,1,0),(1113,304,'Header Site lang',0,0,1,0),(1114,304,'Header logo',0,0,1,0),(1115,304,'Header Navigation',0,0,1,0),(1116,304,'Header Search',0,0,1,0),(1117,304,'Main : 69',0,0,0,1014),(1118,304,'Footer Site Title',0,0,1,0),(1119,304,'Footer Social',0,0,1,0),(1120,304,'Footer Legal',0,0,1,0),(1121,304,'Footer Navigation',0,0,1,0),(1122,304,'Footer Contact',0,0,1,0),(1123,342,'Main',0,0,0,0),(1124,343,'Main',0,0,0,0),(1125,344,'Main',0,0,0,0),(1126,303,'Header logo',0,0,1,0),(1127,300,'Header logo',0,0,1,0),(1128,309,'Header logo',0,0,1,0),(1129,279,'Header logo',0,0,1,0),(1130,286,'Header logo',0,0,1,0),(1131,288,'Header logo',0,0,1,0),(1132,290,'Header logo',0,0,1,0),(1133,281,'Header logo',0,0,1,0),(1134,280,'Header logo',0,0,1,0),(1135,277,'Header logo',0,0,1,0),(1136,291,'Header logo',0,0,1,0),(1137,284,'Header logo',0,0,1,0),(1138,287,'Header logo',0,0,1,0),(1139,285,'Header logo',0,0,1,0),(1140,278,'Header logo',0,0,1,0),(1141,293,'Header logo',0,0,1,0),(1142,308,'Header logo',0,0,1,0),(1143,313,'Header logo',0,0,1,0),(1144,312,'Header logo',0,0,1,0),(1145,306,'Header logo',0,0,1,0),(1146,310,'Header logo',0,0,1,0),(1147,319,'Header logo',0,0,1,0),(1148,314,'Header logo',0,0,1,0),(1149,317,'Header logo',0,0,1,0),(1150,318,'Header logo',0,0,1,0),(1151,320,'Header logo',0,0,1,0),(1152,321,'Header logo',0,0,1,0),(1153,316,'Header logo',0,0,1,0),(1154,315,'Header logo',0,0,1,0),(1155,311,'Header logo',0,0,1,0),(1156,307,'Header logo',0,0,1,0),(1157,345,'Header Site menu',0,0,1,0),(1158,345,'Header Site lang',0,0,1,0),(1159,345,'Header logo',0,0,1,0),(1160,345,'Header Navigation',0,0,1,0),(1161,345,'Header Search',0,0,1,0),(1162,345,'Main',0,0,0,0),(1163,345,'Page Footer',0,0,0,0),(1164,345,'Footer Site Title',0,0,1,0),(1165,345,'Footer Social',0,0,1,0),(1166,345,'Footer Legal',0,0,1,0),(1167,345,'Footer Navigation',0,0,1,0),(1168,345,'Footer Contact',0,0,1,0),(1169,346,'Header Site menu',0,0,1,0),(1170,346,'Header Site lang',0,0,1,0),(1171,346,'Header logo',0,0,1,0),(1172,346,'Header Navigation',0,0,1,0),(1173,346,'Header Search',0,0,1,0),(1174,346,'Main',0,0,0,0),(1175,346,'Page Footer',0,0,0,0),(1176,346,'Footer Site Title',0,0,1,0),(1177,346,'Footer Social',0,0,1,0),(1178,346,'Footer Legal',0,0,1,0),(1179,346,'Footer Navigation',0,0,1,0),(1180,346,'Footer Contact',0,0,1,0),(1181,348,'Header Site menu',0,0,1,0),(1182,348,'Header Site lang',0,0,1,0),(1183,348,'Header logo',0,0,1,0),(1184,348,'Header Navigation',0,0,1,0),(1185,348,'Header Search',0,0,1,0),(1186,348,'Main',0,0,0,0),(1187,348,'Page Footer',0,0,0,0),(1188,348,'Footer Site Title',0,0,1,0),(1189,348,'Footer Social',0,0,1,0),(1190,348,'Footer Legal',0,0,1,0),(1191,348,'Footer Navigation',0,0,1,0),(1192,348,'Footer Contact',0,0,1,0),(1194,348,'Main : 94',0,0,0,1186),(1195,348,'Main : 95',0,0,0,1186),(1196,349,'Header Site menu',0,0,1,0),(1197,349,'Header Site lang',0,0,1,0),(1198,349,'Header logo',0,0,1,0),(1199,349,'Header Navigation',0,0,1,0),(1200,349,'Header Search',0,0,1,0),(1201,349,'Main',0,0,0,0),(1202,349,'Main : 94',0,0,0,1201),(1203,349,'Main : 95',0,0,0,1201),(1204,349,'Page Footer',0,0,0,0),(1205,349,'Footer Site Title',0,0,1,0),(1206,349,'Footer Social',0,0,1,0),(1207,349,'Footer Legal',0,0,1,0),(1208,349,'Footer Navigation',0,0,1,0),(1209,349,'Footer Contact',0,0,1,0),(1210,350,'Header Site menu',0,0,1,0),(1211,350,'Header Site lang',0,0,1,0),(1212,350,'Header logo',0,0,1,0),(1213,350,'Header Navigation',0,0,1,0),(1214,350,'Header Search',0,0,1,0),(1215,350,'Main',0,0,0,0),(1216,350,'Page Footer',0,0,0,0),(1217,350,'Footer Site Title',0,0,1,0),(1218,350,'Footer Social',0,0,1,0),(1219,350,'Footer Legal',0,0,1,0),(1220,350,'Footer Navigation',0,0,1,0),(1221,350,'Footer Contact',0,0,1,0),(1222,351,'Main',0,0,0,0),(1223,351,'Page Footer',0,0,0,0),(1224,351,'Header Site menu',0,0,1,0),(1225,351,'Header Site lang',0,0,1,0),(1226,351,'Header logo',0,0,1,0),(1227,351,'Header Navigation',0,0,1,0),(1228,351,'Header Search',0,0,1,0),(1229,351,'Footer Site Title',0,0,1,0),(1230,351,'Footer Social',0,0,1,0),(1231,351,'Footer Legal',0,0,1,0),(1232,351,'Footer Navigation',0,0,1,0),(1233,351,'Footer Contact',0,0,1,0),(1234,295,'Main : 96',0,0,0,607),(1235,295,'Main : 97',0,0,0,607),(1236,353,'Header Site menu',0,0,1,0),(1237,353,'Header Site lang',0,0,1,0),(1238,353,'Header logo',0,0,1,0),(1239,353,'Header Navigation',0,0,1,0),(1240,353,'Header Search',0,0,1,0),(1241,353,'Main',0,0,0,0),(1242,353,'Page Footer',0,0,0,0),(1243,353,'Footer Site Title',0,0,1,0),(1244,353,'Footer Social',0,0,1,0),(1245,353,'Footer Legal',0,0,1,0),(1246,353,'Footer Navigation',0,0,1,0),(1247,353,'Footer Contact',0,0,1,0),(1248,354,'Main',0,0,0,0),(1249,354,'Page Footer',0,0,0,0),(1250,354,'Header Site menu',0,0,1,0),(1251,354,'Header Site lang',0,0,1,0),(1252,354,'Header logo',0,0,1,0),(1253,354,'Header Navigation',0,0,1,0),(1254,354,'Header Search',0,0,1,0),(1255,354,'Footer Site Title',0,0,1,0),(1256,354,'Footer Social',0,0,1,0),(1257,354,'Footer Legal',0,0,1,0),(1258,354,'Footer Navigation',0,0,1,0),(1259,354,'Footer Contact',0,0,1,0),(1263,356,'Main',0,0,0,0),(1264,355,'Main',0,0,0,0),(1265,358,'Main',0,0,0,0),(1266,358,'Header logo',0,0,1,0),(1267,358,'Header Site menu',0,0,1,0),(1268,358,'Header Site lang',0,0,1,0),(1269,358,'Header Navigation',0,0,1,0),(1270,358,'Header Search',0,0,1,0),(1271,358,'Page Footer',0,0,0,0),(1272,358,'Footer Site Title',0,0,1,0),(1273,358,'Footer Social',0,0,1,0),(1274,358,'Footer Legal',0,0,1,0),(1275,358,'Footer Navigation',0,0,1,0),(1276,358,'Footer Contact',0,0,1,0),(1277,359,'Header Site menu',0,0,1,0),(1278,359,'Header Site lang',0,0,1,0),(1279,359,'Header logo',0,0,1,0),(1280,359,'Header Navigation',0,0,1,0),(1281,359,'Header Search',0,0,1,0),(1282,359,'Main',0,0,0,0),(1283,359,'Page Footer',0,0,0,0),(1284,359,'Footer Site Title',0,0,1,0),(1285,359,'Footer Social',0,0,1,0),(1286,359,'Footer Legal',0,0,1,0),(1287,359,'Footer Navigation',0,0,1,0),(1288,359,'Footer Contact',0,0,1,0),(1289,360,'Main',0,0,0,0),(1290,360,'Page Footer',0,0,0,0),(1291,355,'Header Site menu',0,0,1,0),(1292,355,'Header Site lang',0,0,1,0),(1293,355,'Header logo',0,0,1,0),(1294,355,'Header Navigation',0,0,1,0),(1295,355,'Header Search',0,0,1,0),(1296,355,'Page Footer',0,0,0,0),(1297,355,'Footer Site Title',0,0,1,0),(1298,355,'Footer Social',0,0,1,0),(1299,355,'Footer Legal',0,0,1,0),(1300,355,'Footer Navigation',0,0,1,0),(1301,355,'Footer Contact',0,0,1,0),(1302,356,'Header Site menu',0,0,1,0),(1303,356,'Header Site lang',0,0,1,0),(1304,356,'Header logo',0,0,1,0),(1305,356,'Header Navigation',0,0,1,0),(1306,356,'Header Search',0,0,1,0),(1307,356,'Page Footer',0,0,0,0),(1308,356,'Footer Site Title',0,0,1,0),(1309,356,'Footer Social',0,0,1,0),(1310,356,'Footer Legal',0,0,1,0),(1311,356,'Footer Navigation',0,0,1,0),(1312,356,'Footer Contact',0,0,1,0),(1313,361,'Header Site menu',0,0,1,0),(1314,361,'Header Site lang',0,0,1,0),(1315,361,'Header logo',0,0,1,0),(1316,361,'Header Navigation',0,0,1,0),(1317,361,'Header Search',0,0,1,0),(1318,361,'Main',0,0,0,0),(1319,361,'Page Footer',0,0,0,0),(1320,361,'Footer Site Title',0,0,1,0),(1321,361,'Footer Social',0,0,1,0),(1322,361,'Footer Legal',0,0,1,0),(1323,361,'Footer Navigation',0,0,1,0),(1324,361,'Footer Contact',0,0,1,0),(1325,362,'Header Site menu',0,0,1,0),(1326,362,'Header Site lang',0,0,1,0),(1327,362,'Header logo',0,0,1,0),(1328,362,'Header Navigation',0,0,1,0),(1329,362,'Header Search',0,0,1,0),(1330,362,'Main',0,0,0,0),(1331,362,'Page Footer',0,0,0,0),(1332,362,'Footer Site Title',0,0,1,0),(1333,362,'Footer Social',0,0,1,0),(1334,362,'Footer Legal',0,0,1,0),(1335,362,'Footer Navigation',0,0,1,0),(1336,362,'Footer Contact',0,0,1,0),(1337,363,'Header Site menu',0,0,1,0),(1338,363,'Header Site lang',0,0,1,0),(1339,363,'Header logo',0,0,1,0),(1340,363,'Header Navigation',0,0,1,0),(1341,363,'Header Search',0,0,1,0),(1342,363,'Main',0,0,0,0),(1343,363,'Page Footer',0,0,0,0),(1344,363,'Footer Site Title',0,0,1,0),(1345,363,'Footer Social',0,0,1,0),(1346,363,'Footer Legal',0,0,1,0),(1347,363,'Footer Navigation',0,0,1,0),(1348,363,'Footer Contact',0,0,1,0),(1349,364,'Header Site menu',0,0,1,0),(1350,364,'Header Site lang',0,0,1,0),(1351,364,'Header logo',0,0,1,0),(1352,364,'Header Navigation',0,0,1,0),(1353,364,'Header Search',0,0,1,0),(1354,364,'Main',0,0,0,0),(1355,364,'Page Footer',0,0,0,0),(1356,364,'Footer Site Title',0,0,1,0),(1357,364,'Footer Social',0,0,1,0),(1358,364,'Footer Legal',0,0,1,0),(1359,364,'Footer Navigation',0,0,1,0),(1360,364,'Footer Contact',0,0,1,0),(1361,365,'Header Site menu',0,0,1,0),(1362,365,'Header Site lang',0,0,1,0),(1363,365,'Header logo',0,0,1,0),(1364,365,'Header Navigation',0,0,1,0),(1365,365,'Header Search',0,0,1,0),(1366,365,'Main',0,0,0,0),(1367,365,'Page Footer',0,0,0,0),(1368,365,'Footer Site Title',0,0,1,0),(1369,365,'Footer Social',0,0,1,0),(1370,365,'Footer Legal',0,0,1,0),(1371,365,'Footer Navigation',0,0,1,0),(1372,365,'Footer Contact',0,0,1,0);

--
-- Table structure for table `AttributeKeyCategories`
--

CREATE TABLE `AttributeKeyCategories` (
  `akCategoryID` int(10) unsigned NOT NULL AUTO_INCREMENT,
  `akCategoryHandle` varchar(255) COLLATE utf8mb4_unicode_ci NOT NULL,
  `akCategoryAllowSets` int(11) NOT NULL,
  `pkgID` int(10) unsigned DEFAULT NULL,
  PRIMARY KEY (`akCategoryID`),
  UNIQUE KEY `UNIQ_A2A0CC67FA0337B` (`akCategoryHandle`),
  KEY `IDX_A2A0CC67CE45CBB0` (`pkgID`),
  KEY `pkgID` (`pkgID`,`akCategoryID`),
  KEY `akCategoryHandle` (`akCategoryHandle`),
  CONSTRAINT `FK_A2A0CC67CE45CBB0` FOREIGN KEY (`pkgID`) REFERENCES `Packages` (`pkgID`)
) ENGINE=InnoDB AUTO_INCREMENT=7 DEFAULT CHARSET=utf8mb4 COLLATE=utf8mb4_unicode_ci;

--
-- Dumping data for table `AttributeKeyCategories`
--

INSERT INTO `AttributeKeyCategories` VALUES (1,'collection',1,NULL),(2,'user',1,NULL),(3,'file',1,NULL),(4,'site',1,NULL),(5,'event',1,NULL),(6,'site_type',1,NULL);

--
-- Table structure for table `AttributeKeys`
--

CREATE TABLE `AttributeKeys` (
  `akID` int(10) unsigned NOT NULL AUTO_INCREMENT,
  `akHandle` varchar(255) COLLATE utf8mb4_unicode_ci NOT NULL,
  `akName` varchar(255) COLLATE utf8mb4_unicode_ci NOT NULL,
  `akIsSearchable` tinyint(1) NOT NULL,
  `akIsInternal` tinyint(1) NOT NULL,
  `akIsSearchableIndexed` tinyint(1) NOT NULL,
  `atID` int(10) unsigned DEFAULT NULL,
  `akCategoryID` int(10) unsigned DEFAULT NULL,
  `pkgID` int(10) unsigned DEFAULT NULL,
  `akCategory` varchar(255) COLLATE utf8mb4_unicode_ci NOT NULL,
  PRIMARY KEY (`akID`),
  KEY `IDX_DCA32C62A12CFE33` (`atID`),
  KEY `IDX_DCA32C62B059B76B` (`akCategoryID`),
  KEY `pkgID` (`pkgID`),
  CONSTRAINT `FK_DCA32C62A12CFE33` FOREIGN KEY (`atID`) REFERENCES `AttributeTypes` (`atID`),
  CONSTRAINT `FK_DCA32C62B059B76B` FOREIGN KEY (`akCategoryID`) REFERENCES `AttributeKeyCategories` (`akCategoryID`),
  CONSTRAINT `FK_DCA32C62CE45CBB0` FOREIGN KEY (`pkgID`) REFERENCES `Packages` (`pkgID`)
) ENGINE=InnoDB AUTO_INCREMENT=45 DEFAULT CHARSET=utf8mb4 COLLATE=utf8mb4_unicode_ci;

--
-- Dumping data for table `AttributeKeys`
--

INSERT INTO `AttributeKeys` VALUES (1,'meta_title','Meta Title',1,0,0,1,1,NULL,'pagekey'),(2,'meta_description','Meta Description',1,0,0,2,1,NULL,'pagekey'),(3,'meta_keywords','Meta Keywords',1,0,0,2,1,NULL,'pagekey'),(4,'desktop_priority','Desktop Priority',1,1,0,6,1,NULL,'pagekey'),(5,'is_desktop','Is Desktop',1,1,0,3,1,NULL,'pagekey'),(6,'icon_dashboard','Dashboard Icon',1,1,0,2,1,NULL,'pagekey'),(7,'exclude_nav','Exclude From Nav',1,0,0,3,1,NULL,'pagekey'),(8,'exclude_page_list','Exclude From Page List',1,0,0,3,1,NULL,'pagekey'),(9,'header_extra_content','Header Extra Content',1,0,0,2,1,NULL,'pagekey'),(10,'tags','Tags',1,0,1,7,1,NULL,'pagekey'),(11,'is_featured','Is Featured',1,0,0,3,1,NULL,'pagekey'),(12,'exclude_search_index','Exclude From Search Index',1,0,0,3,1,NULL,'pagekey'),(13,'exclude_sitemapxml','Exclude From sitemap.xml',1,0,0,3,1,NULL,'pagekey'),(14,'profile_private_messages_enabled','I would like to receive private messages.',1,0,0,3,2,NULL,'userkey'),(15,'profile_private_messages_notification_enabled','Send me email notifications when I receive a private message.',1,0,0,3,2,NULL,'userkey'),(16,'width','Width',1,0,0,6,3,NULL,'filekey'),(17,'height','Height',1,0,0,6,3,NULL,'filekey'),(18,'account_profile_links','Personal Links',1,0,0,14,2,NULL,'userkey'),(19,'duration','Duration',1,0,0,6,3,NULL,'filekey'),(20,'job_posting_department','Department',1,0,1,7,1,NULL,'pagekey'),(21,'job_location','Location',1,0,1,2,1,NULL,'pagekey'),(22,'exclude_subpages_from_nav','Exclude Sub-Pages From Nav',1,0,1,3,1,NULL,'pagekey'),(23,'thumbnail','Thumbnail',1,0,1,5,1,NULL,'pagekey'),(24,'blog_entry_topics','Blog Entry Topics',1,0,1,13,1,NULL,'pagekey'),(25,'project_topics','Project Topics',1,0,1,13,1,NULL,'pagekey'),(26,'event_categories','Event Categories',1,0,1,13,5,NULL,'eventkey'),(27,'project_client','Client',1,0,1,1,1,NULL,'pagekey'),(28,'project_tasks','Task',1,0,1,7,1,NULL,'pagekey'),(29,'project_skills','Skills',1,0,1,7,1,NULL,'pagekey'),(30,'contact_question_first_name','First Name',1,0,1,1,NULL,NULL,'expresskey'),(31,'contact_question_last_name','Last Name',1,0,1,1,NULL,NULL,'expresskey'),(32,'contact_question_email_address','Email Address',1,0,1,11,NULL,NULL,'expresskey'),(33,'contact_question_subject','Subject',1,0,1,7,NULL,NULL,'expresskey'),(34,'contact_question_message','Message',1,0,1,2,NULL,NULL,'expresskey'),(35,'soobshenie','Сообщение',1,0,0,2,NULL,NULL,'expresskey'),(36,'imya','Имя',1,0,0,1,NULL,NULL,'expresskey'),(37,'familiya','Фамилия',1,0,0,1,NULL,NULL,'expresskey'),(38,'email','Email',1,0,0,11,NULL,NULL,'expresskey'),(39,'telefon','Телефон',1,0,0,9,NULL,NULL,'expresskey'),(40,'skrinshot','Скриншот',1,0,0,5,NULL,NULL,'expresskey'),(41,'image_link','Image Tags',1,0,1,1,3,29,'filekey'),(42,'image_link_text','Image Link Text',1,0,1,1,3,29,'filekey'),(43,'image_thumbnail_width','Image Thumbnail Width',1,0,1,1,3,29,'filekey'),(44,'image_bg_color','Image Background Color',1,0,0,1,3,29,'filekey');

--
-- Table structure for table `AttributeSetKeys`
--

CREATE TABLE `AttributeSetKeys` (
  `asDisplayOrder` int(10) unsigned NOT NULL,
  `akID` int(10) unsigned NOT NULL,
  `asID` int(10) unsigned NOT NULL,
  PRIMARY KEY (`akID`,`asID`),
  KEY `IDX_222F72D8B6561A7E` (`akID`),
  KEY `IDX_222F72D8A463E8B6` (`asID`),
  CONSTRAINT `FK_222F72D8A463E8B6` FOREIGN KEY (`asID`) REFERENCES `AttributeSets` (`asID`),
  CONSTRAINT `FK_222F72D8B6561A7E` FOREIGN KEY (`akID`) REFERENCES `AttributeKeys` (`akID`)
) ENGINE=InnoDB DEFAULT CHARSET=utf8mb4 COLLATE=utf8mb4_unicode_ci;

--
-- Dumping data for table `AttributeSetKeys`
--

INSERT INTO `AttributeSetKeys` VALUES (0,1,1),(1,2,1),(1,7,2),(2,8,2),(2,9,1),(4,10,2),(0,11,2),(3,12,2),(3,13,1),(6,22,2),(5,23,2),(0,24,4),(0,26,6),(0,41,7),(1,42,7),(2,43,7),(3,44,7);

--
-- Table structure for table `AttributeSets`
--

CREATE TABLE `AttributeSets` (
  `asID` int(10) unsigned NOT NULL AUTO_INCREMENT,
  `asHandle` varchar(255) COLLATE utf8mb4_unicode_ci NOT NULL,
  `asName` varchar(255) COLLATE utf8mb4_unicode_ci NOT NULL,
  `asDisplayOrder` int(10) unsigned NOT NULL,
  `asIsLocked` tinyint(1) NOT NULL,
  `akCategoryID` int(10) unsigned DEFAULT NULL,
  `pkgID` int(10) unsigned DEFAULT NULL,
  PRIMARY KEY (`asID`),
  KEY `IDX_FCA02D5FB059B76B` (`akCategoryID`),
  KEY `asHandle` (`asHandle`),
  KEY `pkgID` (`pkgID`),
  CONSTRAINT `FK_FCA02D5FB059B76B` FOREIGN KEY (`akCategoryID`) REFERENCES `AttributeKeyCategories` (`akCategoryID`),
  CONSTRAINT `FK_FCA02D5FCE45CBB0` FOREIGN KEY (`pkgID`) REFERENCES `Packages` (`pkgID`)
) ENGINE=InnoDB AUTO_INCREMENT=8 DEFAULT CHARSET=utf8mb4 COLLATE=utf8mb4_unicode_ci;

--
-- Dumping data for table `AttributeSets`
--

INSERT INTO `AttributeSets` VALUES (1,'seo','SEO',0,0,1,NULL),(2,'navigation','Navigation and Indexing',1,0,1,NULL),(4,'blog','Blog',3,0,1,NULL),(6,'event_categories','Categories',0,0,5,NULL),(7,'easy_image_slider','Easy Image Slider',0,0,3,29);

--
-- Table structure for table `AttributeTypeCategories`
--

CREATE TABLE `AttributeTypeCategories` (
  `akCategoryID` int(10) unsigned NOT NULL,
  `atID` int(10) unsigned NOT NULL,
  PRIMARY KEY (`akCategoryID`,`atID`),
  KEY `IDX_49A9CABEB059B76B` (`akCategoryID`),
  KEY `IDX_49A9CABEA12CFE33` (`atID`),
  CONSTRAINT `FK_49A9CABEA12CFE33` FOREIGN KEY (`atID`) REFERENCES `AttributeTypes` (`atID`),
  CONSTRAINT `FK_49A9CABEB059B76B` FOREIGN KEY (`akCategoryID`) REFERENCES `AttributeKeyCategories` (`akCategoryID`)
) ENGINE=InnoDB DEFAULT CHARSET=utf8mb4 COLLATE=utf8mb4_unicode_ci;

--
-- Dumping data for table `AttributeTypeCategories`
--

INSERT INTO `AttributeTypeCategories` VALUES (1,1),(1,2),(1,3),(1,4),(1,5),(1,6),(1,7),(1,9),(1,10),(1,11),(1,12),(1,13),(1,15),(1,16),(1,17),(1,18),(1,19),(1,20),(2,1),(2,2),(2,3),(2,4),(2,6),(2,7),(2,8),(2,9),(2,10),(2,11),(2,13),(2,14),(2,17),(2,19),(2,20),(3,1),(3,2),(3,3),(3,4),(3,6),(3,7),(3,9),(3,10),(3,11),(3,12),(3,13),(3,17),(3,19),(3,20),(4,1),(4,2),(4,3),(4,4),(4,5),(4,6),(4,7),(4,8),(4,9),(4,10),(4,11),(4,13),(4,15),(4,17),(4,18),(4,19),(4,21),(5,1),(5,2),(5,3),(5,4),(5,5),(5,6),(5,7),(5,8),(5,9),(5,10),(5,11),(5,13),(5,19),(6,1),(6,2),(6,3),(6,4),(6,5),(6,6),(6,7),(6,8),(6,9),(6,10),(6,11),(6,13),(6,15),(6,17),(6,18),(6,19),(6,21);

--
-- Table structure for table `AttributeTypes`
--

CREATE TABLE `AttributeTypes` (
  `atID` int(10) unsigned NOT NULL AUTO_INCREMENT,
  `atHandle` varchar(255) COLLATE utf8mb4_unicode_ci NOT NULL,
  `atName` varchar(255) COLLATE utf8mb4_unicode_ci NOT NULL,
  `pkgID` int(10) unsigned DEFAULT NULL,
  PRIMARY KEY (`atID`),
  UNIQUE KEY `UNIQ_53580A7F46AA0F38` (`atHandle`),
  KEY `IDX_53580A7FCE45CBB0` (`pkgID`),
  KEY `pkgID` (`pkgID`,`atID`),
  CONSTRAINT `FK_53580A7FCE45CBB0` FOREIGN KEY (`pkgID`) REFERENCES `Packages` (`pkgID`)
) ENGINE=InnoDB AUTO_INCREMENT=22 DEFAULT CHARSET=utf8mb4 COLLATE=utf8mb4_unicode_ci;

--
-- Dumping data for table `AttributeTypes`
--

INSERT INTO `AttributeTypes` VALUES (1,'text','Text',NULL),(2,'textarea','Text Area',NULL),(3,'boolean','Checkbox',NULL),(4,'date_time','Date/Time',NULL),(5,'image_file','Image/File',NULL),(6,'number','Number',NULL),(7,'select','Option List',NULL),(8,'address','Address',NULL),(9,'telephone','Phone Number',NULL),(10,'url','URL',NULL),(11,'email','Email',NULL),(12,'rating','Rating',NULL),(13,'topics','Topics',NULL),(14,'social_links','Social Links',NULL),(15,'calendar','Calendar',NULL),(16,'calendar_event','Calendar Event',NULL),(17,'express','Express Entity',NULL),(18,'page_selector','Page Selector',NULL),(19,'user_selector','User Selector',NULL),(20,'site','Site',NULL),(21,'user_group','User Group',NULL);

--
-- Table structure for table `AttributeValues`
--

CREATE TABLE `AttributeValues` (
  `avID` int(10) unsigned NOT NULL AUTO_INCREMENT,
  `akID` int(10) unsigned DEFAULT NULL,
  PRIMARY KEY (`avID`),
  KEY `IDX_DCCE7864B6561A7E` (`akID`),
  CONSTRAINT `FK_DCCE7864B6561A7E` FOREIGN KEY (`akID`) REFERENCES `AttributeKeys` (`akID`) ON DELETE CASCADE
) ENGINE=InnoDB AUTO_INCREMENT=1398 DEFAULT CHARSET=utf8mb4 COLLATE=utf8mb4_unicode_ci;

--
-- Dumping data for table `AttributeValues`
--

INSERT INTO `AttributeValues` VALUES (220,1),(231,1),(238,1),(245,1),(255,1),(259,1),(275,1),(279,1),(285,1),(352,1),(665,1),(908,1),(912,1),(916,1),(920,1),(924,1),(928,1),(932,1),(936,1),(940,1),(944,1),(948,1),(952,1),(956,1),(960,1),(981,1),(1006,1),(1019,1),(1028,1),(1039,1),(1043,1),(1053,1),(1125,1),(1201,1),(1215,1),(1219,1),(221,2),(232,2),(239,2),(246,2),(256,2),(260,2),(276,2),(280,2),(286,2),(353,2),(625,2),(627,2),(628,2),(631,2),(633,2),(635,2),(637,2),(639,2),(641,2),(643,2),(645,2),(647,2),(649,2),(651,2),(652,2),(666,2),(848,2),(851,2),(854,2),(857,2),(860,2),(863,2),(866,2),(869,2),(872,2),(875,2),(878,2),(881,2),(884,2),(887,2),(890,2),(909,2),(913,2),(917,2),(921,2),(925,2),(929,2),(933,2),(937,2),(941,2),(945,2),(949,2),(953,2),(957,2),(961,2),(982,2),(1007,2),(1020,2),(1029,2),(1040,2),(1044,2),(1054,2),(1126,2),(1202,2),(1216,2),(1220,2),(2,3),(3,3),(4,3),(5,3),(6,3),(7,3),(8,3),(10,3),(11,3),(12,3),(13,3),(14,3),(15,3),(16,3),(18,3),(20,3),(21,3),(22,3),(23,3),(24,3),(27,3),(28,3),(29,3),(30,3),(31,3),(40,3),(41,3),(42,3),(48,3),(51,3),(52,3),(53,3),(54,3),(55,3),(56,3),(58,3),(59,3),(60,3),(61,3),(62,3),(63,3),(64,3),(65,3),(66,3),(67,3),(69,3),(70,3),(73,3),(84,3),(85,3),(86,3),(87,3),(88,3),(89,3),(90,3),(91,3),(92,3),(94,3),(95,3),(96,3),(97,3),(98,3),(99,3),(100,3),(101,3),(102,3),(103,3),(106,3),(107,3),(108,3),(109,3),(110,3),(111,3),(112,3),(113,3),(114,3),(115,3),(116,3),(117,3),(118,3),(119,3),(120,3),(121,3),(122,3),(123,3),(124,3),(125,3),(126,3),(127,3),(128,3),(129,3),(131,3),(132,3),(133,3),(134,3),(135,3),(136,3),(137,3),(138,3),(139,3),(222,3),(233,3),(240,3),(247,3),(142,4),(149,4),(143,5),(150,5),(1,6),(47,6),(145,6),(146,6),(147,6),(148,6),(9,7),(17,7),(19,7),(25,7),(32,7),(33,7),(34,7),(35,7),(36,7),(37,7),(38,7),(39,7),(43,7),(45,7),(49,7),(57,7),(68,7),(71,7),(74,7),(76,7),(78,7),(80,7),(82,7),(93,7),(104,7),(105,7),(140,7),(144,7),(151,7),(234,7),(237,7),(263,7),(267,7),(284,7),(433,7),(445,7),(596,7),(664,7),(676,7),(893,7),(899,7),(902,7),(905,7),(989,7),(1016,7),(1017,7),(1021,7),(1030,7),(1058,7),(1129,7),(432,8),(446,8),(597,8),(662,8),(675,8),(894,8),(903,8),(906,8),(1022,8),(223,9),(235,9),(241,9),(248,9),(257,9),(261,9),(277,9),(281,9),(287,9),(354,9),(667,9),(850,9),(853,9),(855,9),(858,9),(862,9),(865,9),(868,9),(871,9),(874,9),(877,9),(880,9),(883,9),(886,9),(889,9),(892,9),(898,9),(910,9),(914,9),(918,9),(922,9),(926,9),(930,9),(934,9),(938,9),(942,9),(946,9),(950,9),(954,9),(958,9),(962,9),(983,9),(1023,9),(1041,9),(1045,9),(1055,9),(1127,9),(1203,9),(1217,9),(1221,9),(186,11),(197,11),(203,11),(289,11),(26,12),(44,12),(46,12),(50,12),(72,12),(75,12),(77,12),(79,12),(81,12),(83,12),(130,12),(141,12),(264,12),(268,12),(661,12),(674,12),(895,12),(1024,12),(224,13),(236,13),(242,13),(249,13),(258,13),(262,13),(266,13),(269,13),(278,13),(282,13),(288,13),(355,13),(668,13),(911,13),(915,13),(919,13),(923,13),(927,13),(931,13),(935,13),(939,13),(943,13),(947,13),(951,13),(955,13),(959,13),(963,13),(984,13),(1018,13),(1025,13),(1042,13),(1046,13),(1056,13),(1057,13),(1128,13),(1130,13),(1204,13),(1218,13),(1222,13),(304,16),(348,16),(350,16),(356,16),(358,16),(360,16),(378,16),(382,16),(384,16),(386,16),(388,16),(390,16),(392,16),(394,16),(396,16),(398,16),(400,16),(402,16),(404,16),(406,16),(408,16),(410,16),(412,16),(414,16),(428,16),(430,16),(436,16),(438,16),(440,16),(599,16),(601,16),(603,16),(669,16),(691,16),(836,16),(838,16),(840,16),(842,16),(844,16),(846,16),(900,16),(971,16),(973,16),(977,16),(979,16),(985,16),(987,16),(990,16),(992,16),(994,16),(996,16),(998,16),(1000,16),(1002,16),(1004,16),(1008,16),(1010,16),(1012,16),(1014,16),(1031,16),(1033,16),(1035,16),(1037,16),(1047,16),(1049,16),(1051,16),(1059,16),(1103,16),(1105,16),(1107,16),(1109,16),(1111,16),(1113,16),(1115,16),(1117,16),(1119,16),(1121,16),(1123,16),(1131,16),(1133,16),(1135,16),(1137,16),(1139,16),(1141,16),(1143,16),(1145,16),(1147,16),(1149,16),(1151,16),(1153,16),(1155,16),(1157,16),(1159,16),(1161,16),(1163,16),(1165,16),(1167,16),(1169,16),(1171,16),(1173,16),(1175,16),(1177,16),(1179,16),(1181,16),(1185,16),(1187,16),(1189,16),(1191,16),(1193,16),(1195,16),(1197,16),(1199,16),(1205,16),(1207,16),(1209,16),(1211,16),(1213,16),(1223,16),(1225,16),(1227,16),(1229,16),(1231,16),(1233,16),(1235,16),(1237,16),(1239,16),(1241,16),(1243,16),(1245,16),(1253,16),(1255,16),(1257,16),(1259,16),(1261,16),(1263,16),(1265,16),(1267,16),(1269,16),(1271,16),(1273,16),(1275,16),(1277,16),(1279,16),(1281,16),(1283,16),(1287,16),(1289,16),(1291,16),(1293,16),(1295,16),(1297,16),(1301,16),(1304,16),(1306,16),(1308,16),(1310,16),(1312,16),(1314,16),(1316,16),(1318,16),(1320,16),(1322,16),(1324,16),(1326,16),(1330,16),(1332,16),(1334,16),(1336,16),(1338,16),(1340,16),(1342,16),(1344,16),(1346,16),(1348,16),(1350,16),(1352,16),(1354,16),(1356,16),(1358,16),(1360,16),(1362,16),(1364,16),(1366,16),(1368,16),(1370,16),(1372,16),(1374,16),(1376,16),(1378,16),(1380,16),(1382,16),(1384,16),(1386,16),(1388,16),(1390,16),(1392,16),(1394,16),(1396,16),(305,17),(349,17),(351,17),(357,17),(359,17),(361,17),(379,17),(383,17),(385,17),(387,17),(389,17),(391,17),(393,17),(395,17),(397,17),(399,17),(401,17),(403,17),(405,17),(407,17),(409,17),(411,17),(413,17),(415,17),(429,17),(431,17),(437,17),(439,17),(441,17),(600,17),(602,17),(604,17),(670,17),(690,17),(837,17),(839,17),(841,17),(843,17),(845,17),(847,17),(901,17),(972,17),(974,17),(978,17),(980,17),(986,17),(988,17),(991,17),(993,17),(995,17),(997,17),(999,17),(1001,17),(1003,17),(1005,17),(1009,17),(1011,17),(1013,17),(1015,17),(1032,17),(1034,17),(1036,17),(1038,17),(1048,17),(1050,17),(1052,17),(1060,17),(1104,17),(1106,17),(1108,17),(1110,17),(1112,17),(1114,17),(1116,17),(1118,17),(1120,17),(1122,17),(1124,17),(1132,17),(1134,17),(1136,17),(1138,17),(1140,17),(1142,17),(1144,17),(1146,17),(1148,17),(1150,17),(1152,17),(1154,17),(1156,17),(1158,17),(1160,17),(1162,17),(1164,17),(1166,17),(1168,17),(1170,17),(1172,17),(1174,17),(1176,17),(1178,17),(1180,17),(1182,17),(1186,17),(1188,17),(1190,17),(1192,17),(1194,17),(1196,17),(1198,17),(1200,17),(1206,17),(1208,17),(1210,17),(1212,17),(1214,17),(1224,17),(1226,17),(1228,17),(1230,17),(1232,17),(1234,17),(1236,17),(1238,17),(1240,17),(1242,17),(1244,17),(1246,17),(1254,17),(1256,17),(1258,17),(1260,17),(1262,17),(1264,17),(1266,17),(1268,17),(1270,17),(1272,17),(1274,17),(1276,17),(1278,17),(1280,17),(1282,17),(1284,17),(1288,17),(1290,17),(1292,17),(1294,17),(1296,17),(1298,17),(1302,17),(1305,17),(1307,17),(1309,17),(1311,17),(1313,17),(1315,17),(1317,17),(1319,17),(1321,17),(1323,17),(1325,17),(1327,17),(1331,17),(1333,17),(1335,17),(1337,17),(1339,17),(1341,17),(1343,17),(1345,17),(1347,17),(1349,17),(1351,17),(1353,17),(1355,17),(1357,17),(1359,17),(1361,17),(1363,17),(1365,17),(1367,17),(1369,17),(1371,17),(1373,17),(1375,17),(1377,17),(1379,17),(1381,17),(1383,17),(1385,17),(1387,17),(1389,17),(1391,17),(1393,17),(1395,17),(1397,17),(243,20),(250,20),(244,21),(251,21),(185,22),(219,22),(252,22),(265,22),(270,22),(447,22),(598,22),(663,22),(673,22),(896,22),(904,22),(907,22),(1026,22),(187,23),(192,23),(198,23),(204,23),(209,23),(214,23),(225,23),(227,23),(229,23),(302,23),(303,23),(308,23),(339,23),(342,23),(345,23),(607,23),(610,23),(611,23),(612,23),(613,23),(614,23),(615,23),(616,23),(617,23),(618,23),(619,23),(620,23),(621,23),(622,23),(623,23),(624,23),(626,23),(629,23),(630,23),(632,23),(634,23),(636,23),(638,23),(640,23),(642,23),(644,23),(646,23),(648,23),(650,23),(653,23),(659,23),(660,23),(672,23),(849,23),(852,23),(856,23),(859,23),(861,23),(864,23),(867,23),(870,23),(873,23),(876,23),(879,23),(882,23),(885,23),(888,23),(891,23),(897,23),(964,23),(1027,23),(1300,23),(1303,23),(226,24),(228,24),(230,24),(253,24),(296,24),(188,25),(193,25),(199,25),(205,25),(210,25),(215,25),(189,27),(194,27),(200,27),(206,27),(211,27),(216,27),(190,28),(195,28),(201,28),(207,28),(212,28),(217,28),(191,29),(196,29),(202,29),(208,29),(213,29),(218,29),(965,35),(1061,35),(1067,35),(1073,35),(1079,35),(1085,35),(1091,35),(1097,35),(1247,35),(966,36),(1062,36),(1068,36),(1074,36),(1080,36),(1086,36),(1092,36),(1098,36),(1248,36),(967,37),(1063,37),(1069,37),(1075,37),(1081,37),(1087,37),(1093,37),(1099,37),(1249,37),(968,38),(1064,38),(1070,38),(1076,38),(1082,38),(1088,38),(1094,38),(1100,38),(1250,38),(969,39),(1065,39),(1071,39),(1077,39),(1083,39),(1089,39),(1095,39),(1101,39),(1251,39),(970,40),(1066,40),(1072,40),(1078,40),(1084,40),(1090,40),(1096,40),(1102,40),(1252,40);

--
-- Table structure for table `AuthenticationTypes`
--

CREATE TABLE `AuthenticationTypes` (
  `authTypeID` int(10) unsigned NOT NULL AUTO_INCREMENT,
  `authTypeHandle` varchar(255) COLLATE utf8mb4_unicode_ci NOT NULL,
  `authTypeName` varchar(255) COLLATE utf8mb4_unicode_ci NOT NULL,
  `authTypeIsEnabled` tinyint(1) NOT NULL,
  `authTypeDisplayOrder` int(10) unsigned DEFAULT NULL,
  `pkgID` int(10) unsigned DEFAULT NULL,
  PRIMARY KEY (`authTypeID`),
  UNIQUE KEY `authTypeHandle` (`authTypeHandle`),
  KEY `pkgID` (`pkgID`)
) ENGINE=InnoDB AUTO_INCREMENT=7 DEFAULT CHARSET=utf8mb4 COLLATE=utf8mb4_unicode_ci;

--
-- Dumping data for table `AuthenticationTypes`
--

INSERT INTO `AuthenticationTypes` VALUES (1,'concrete','Standard',1,0,0),(2,'community','concrete5.org',0,0,0),(3,'facebook','Facebook',0,0,0),(4,'twitter','Twitter',0,0,0),(5,'google','Google',0,0,0),(6,'external_concrete5','External concrete5',0,0,0);

--
-- Table structure for table `BannedWords`
--

CREATE TABLE `BannedWords` (
  `bwID` int(10) unsigned NOT NULL AUTO_INCREMENT,
  `bannedWord` longtext COLLATE utf8mb4_unicode_ci NOT NULL,
  PRIMARY KEY (`bwID`)
) ENGINE=InnoDB AUTO_INCREMENT=5 DEFAULT CHARSET=utf8mb4 COLLATE=utf8mb4_unicode_ci;

--
-- Dumping data for table `BannedWords`
--

INSERT INTO `BannedWords` VALUES (1,'fuck'),(2,'shit'),(3,'bitch'),(4,'ass');

--
-- Table structure for table `BasicWorkflowPermissionAssignments`
--

CREATE TABLE `BasicWorkflowPermissionAssignments` (
  `wfID` int(10) unsigned NOT NULL DEFAULT '0',
  `pkID` int(10) unsigned NOT NULL DEFAULT '0',
  `paID` int(10) unsigned NOT NULL DEFAULT '0',
  PRIMARY KEY (`wfID`,`pkID`,`paID`),
  KEY `pkID` (`pkID`),
  KEY `paID` (`paID`)
) ENGINE=InnoDB DEFAULT CHARSET=utf8mb4 COLLATE=utf8mb4_unicode_ci;

--
-- Dumping data for table `BasicWorkflowPermissionAssignments`
--


--
-- Table structure for table `BasicWorkflowProgressData`
--

CREATE TABLE `BasicWorkflowProgressData` (
  `wpID` int(10) unsigned NOT NULL DEFAULT '0',
  `uIDStarted` int(10) unsigned NOT NULL DEFAULT '0',
  `uIDCompleted` int(10) unsigned NOT NULL DEFAULT '0',
  `wpDateCompleted` datetime DEFAULT NULL,
  PRIMARY KEY (`wpID`),
  KEY `uIDStarted` (`uIDStarted`),
  KEY `uIDCompleted` (`uIDCompleted`)
) ENGINE=InnoDB DEFAULT CHARSET=utf8mb4 COLLATE=utf8mb4_unicode_ci;

--
-- Dumping data for table `BasicWorkflowProgressData`
--


--
-- Table structure for table `BlockFeatureAssignments`
--

CREATE TABLE `BlockFeatureAssignments` (
  `cID` int(10) unsigned NOT NULL DEFAULT '0',
  `cvID` int(10) unsigned NOT NULL DEFAULT '0',
  `bID` int(10) unsigned NOT NULL DEFAULT '0',
  `faID` int(10) unsigned NOT NULL DEFAULT '0',
  PRIMARY KEY (`cID`,`cvID`,`bID`,`faID`),
  KEY `faID` (`faID`,`cID`,`cvID`),
  KEY `bID` (`bID`)
) ENGINE=InnoDB DEFAULT CHARSET=utf8mb4 COLLATE=utf8mb4_unicode_ci;

--
-- Dumping data for table `BlockFeatureAssignments`
--

INSERT INTO `BlockFeatureAssignments` VALUES (209,1,29,1),(196,1,123,2),(196,2,123,2),(227,1,123,2),(227,2,123,2),(210,1,125,3),(232,1,125,3),(211,1,127,4),(235,1,127,4),(212,1,129,5),(238,1,129,5),(200,1,138,6),(229,1,138,6),(213,1,145,7),(233,1,145,7),(213,1,152,8),(233,1,152,8),(213,1,156,9),(233,1,156,9),(214,1,159,10),(236,1,159,10),(224,1,176,11),(248,1,184,13),(248,2,184,13),(250,20,236,14),(250,21,236,14),(250,22,236,14),(250,23,236,14),(250,24,236,14),(250,25,236,14),(250,26,236,14),(250,27,236,14),(309,20,236,14),(309,21,236,14),(309,22,236,14),(309,23,236,14),(309,24,236,14),(309,25,236,14),(309,26,236,14),(309,27,236,14),(250,26,240,15),(261,7,240,15),(261,8,240,15),(262,1,240,15),(275,1,240,15),(277,1,240,15),(277,2,240,15),(277,3,240,15),(277,4,240,15),(277,5,240,15),(280,1,240,15),(281,1,240,15),(281,2,240,15),(281,3,240,15),(281,4,240,15),(281,5,240,15),(281,6,240,15),(282,1,240,15),(282,2,240,15),(282,3,240,15),(282,4,240,15),(282,5,240,15),(282,6,240,15),(283,1,240,15),(283,2,240,15),(283,3,240,15),(284,1,240,15),(284,2,240,15),(284,3,240,15),(284,4,240,15),(285,1,240,15),(285,2,240,15),(285,3,240,15),(286,1,240,15),(286,2,240,15),(286,3,240,15),(286,4,240,15),(287,1,240,15),(287,2,240,15),(287,3,240,15),(287,4,240,15),(287,5,240,15),(287,6,240,15),(288,1,240,15),(288,2,240,15),(288,3,240,15),(288,4,240,15),(289,1,240,15),(290,1,240,15),(290,2,240,15),(291,1,240,15),(291,2,240,15),(291,3,240,15),(293,1,240,15),(304,1,240,15),(307,1,240,15),(307,2,240,15),(307,3,240,15),(307,4,240,15),(307,5,240,15),(308,7,240,15),(308,8,240,15),(309,26,240,15),(310,1,240,15),(310,2,240,15),(310,3,240,15),(310,4,240,15),(312,1,240,15),(313,1,240,15),(313,2,240,15),(313,3,240,15),(313,4,240,15),(313,5,240,15),(313,6,240,15),(314,1,240,15),(314,2,240,15),(314,3,240,15),(314,4,240,15),(314,5,240,15),(314,6,240,15),(315,1,240,15),(315,2,240,15),(315,3,240,15),(316,1,240,15),(316,2,240,15),(316,3,240,15),(317,1,240,15),(317,2,240,15),(317,3,240,15),(317,4,240,15),(318,1,240,15),(318,2,240,15),(318,3,240,15),(318,4,240,15),(318,5,240,15),(318,6,240,15),(319,1,240,15),(319,2,240,15),(319,3,240,15),(319,4,240,15),(320,1,240,15),(320,2,240,15),(321,1,240,15),(321,2,240,15),(321,3,240,15),(345,1,240,15),(250,28,256,17),(250,29,256,17),(250,30,256,17),(250,31,256,17),(250,32,256,17),(250,33,256,17),(250,34,256,17),(250,35,256,17),(250,36,256,17),(250,37,256,17),(250,38,256,17),(250,39,256,17),(309,28,256,17),(309,29,256,17),(309,30,256,17),(309,31,256,17),(309,32,256,17),(309,33,256,17),(309,34,256,17),(309,35,256,17),(309,36,256,17),(309,37,256,17),(309,38,256,17),(309,39,256,17),(309,40,256,17),(261,9,258,18),(261,10,258,18),(261,11,258,18),(261,12,258,18),(261,13,258,18),(261,14,258,18),(261,15,258,18),(261,16,258,18),(261,17,258,18),(261,18,258,18),(261,19,258,18),(261,20,258,18),(261,21,258,18),(261,22,258,18),(261,23,258,18),(261,24,258,18),(261,25,258,18),(261,26,258,18),(261,27,258,18),(261,28,258,18),(261,29,258,18),(261,30,258,18),(261,31,258,18),(261,32,258,18),(261,33,258,18),(308,9,258,18),(308,10,258,18),(308,11,258,18),(308,12,258,18),(308,13,258,18),(308,14,258,18),(308,15,258,18),(308,16,258,18),(308,17,258,18),(308,18,258,18),(308,19,258,18),(308,20,258,18),(308,21,258,18),(308,22,258,18),(308,23,258,18),(308,24,258,18),(308,25,258,18),(308,26,258,18),(308,27,258,18),(308,28,258,18),(308,29,258,18),(308,30,258,18),(308,31,258,18),(308,32,258,18),(308,33,258,18),(308,34,258,18),(190,3,286,19),(190,4,287,20),(190,5,288,21),(1,98,355,27),(1,99,355,27),(1,100,355,27),(1,101,355,27),(1,102,355,27),(1,103,355,27),(1,104,355,27),(1,105,355,27),(1,106,355,27),(1,107,355,27),(1,108,355,27),(1,109,355,27),(1,110,355,27),(1,111,355,27),(1,112,355,27),(1,113,355,27),(1,114,355,27),(1,115,355,27),(1,116,355,27),(1,117,355,27),(1,118,355,27),(1,119,355,27),(1,120,355,27),(1,121,355,27),(1,122,355,27),(1,123,355,27),(1,124,355,27),(1,125,355,27),(1,126,355,27),(1,127,355,27),(1,128,355,27),(1,129,355,27),(1,130,355,27),(1,131,355,27),(1,132,355,27),(1,133,355,27),(1,134,355,27),(1,135,355,27),(1,136,355,27),(1,137,355,27),(1,138,355,27),(1,139,355,27),(1,140,355,27),(1,141,355,27),(1,142,355,27),(1,143,355,27),(1,144,355,27),(1,145,355,27),(1,146,355,27),(1,147,355,27),(1,148,355,27),(1,149,355,27),(1,150,355,27),(1,151,355,27),(1,152,355,27),(1,153,355,27),(1,154,355,27),(1,155,355,27),(1,156,355,27),(1,157,355,27),(1,158,355,27),(1,159,355,27),(1,160,355,27),(1,161,355,27),(1,162,355,27),(1,163,355,27),(1,164,355,27),(1,165,355,27),(1,166,355,27),(1,167,355,27),(1,168,355,27),(1,169,355,27),(1,170,355,27),(1,171,355,27),(1,172,355,27),(1,173,355,27),(1,174,355,27),(1,175,355,27),(1,176,355,27),(1,177,355,27),(1,178,355,27),(1,179,355,27),(1,180,355,27),(1,181,355,27),(1,182,355,27),(1,183,355,27),(1,184,355,27),(1,185,355,27),(1,186,355,27),(1,187,355,27),(1,188,355,27),(1,98,356,28),(1,99,356,28),(1,100,356,28),(1,101,356,28),(1,102,356,28),(1,103,356,28),(1,104,356,28),(1,105,356,28),(1,106,356,28),(1,107,356,28),(1,108,356,28),(1,109,356,28),(1,110,356,28),(1,111,356,28),(1,112,356,28),(1,113,356,28),(1,114,356,28),(1,115,356,28),(1,116,356,28),(1,117,356,28),(1,118,356,28),(1,119,356,28),(1,120,356,28),(1,121,356,28),(1,122,356,28),(1,123,356,28),(1,124,356,28),(1,125,356,28),(1,126,356,28),(1,127,356,28),(1,128,356,28),(1,129,356,28),(1,130,356,28),(1,131,356,28),(1,132,356,28),(1,133,356,28),(1,134,356,28),(1,135,356,28),(1,136,356,28),(1,137,356,28),(1,138,356,28),(1,139,356,28),(1,140,356,28),(1,141,356,28),(1,142,356,28),(1,143,356,28),(1,144,356,28),(1,145,356,28),(1,146,356,28),(1,147,356,28),(1,148,356,28),(1,149,356,28),(1,150,356,28),(1,151,356,28),(1,152,356,28),(1,153,356,28),(1,154,356,28),(1,155,356,28),(1,156,356,28),(1,157,356,28),(1,158,356,28),(1,159,356,28),(1,160,356,28),(1,161,356,28),(1,162,356,28),(1,163,356,28),(1,164,356,28),(1,165,356,28),(1,166,356,28),(1,167,356,28),(1,168,356,28),(1,169,356,28),(1,170,356,28),(1,171,356,28),(1,172,356,28),(1,173,356,28),(1,174,356,28),(1,175,356,28),(1,176,356,28),(1,177,356,28),(1,178,356,28),(1,179,356,28),(1,180,356,28),(1,181,356,28),(1,182,356,28),(1,183,356,28),(1,184,356,28),(1,185,356,28),(1,186,356,28),(1,187,356,28),(1,188,356,28),(1,98,436,29),(1,99,436,29),(1,100,436,29),(1,101,436,29),(1,102,436,29),(1,103,436,29),(1,104,436,29),(1,105,436,29),(1,106,436,29),(1,107,436,29),(1,108,436,29),(1,109,436,29),(1,110,436,29),(1,111,436,29),(1,112,436,29),(1,113,436,29),(1,114,436,29),(1,115,436,29),(1,116,436,29),(1,117,436,29),(1,118,436,29),(1,119,436,29),(1,120,436,29),(1,121,436,29),(1,122,436,29),(1,123,436,29),(1,124,436,29),(1,125,436,29),(1,126,436,29),(1,127,436,29),(1,128,436,29),(1,129,436,29),(1,130,436,29),(1,131,436,29),(1,132,436,29),(1,133,436,29),(1,134,436,29),(1,135,436,29),(1,136,436,29),(1,137,436,29),(1,138,436,29),(1,139,436,29),(1,140,436,29),(1,141,436,29),(1,142,436,29),(1,143,436,29),(1,144,436,29),(1,145,436,29),(1,146,436,29),(1,147,436,29),(1,148,436,29),(1,149,436,29),(1,150,436,29),(1,151,436,29),(1,152,436,29),(1,153,436,29),(1,154,436,29),(1,155,436,29),(1,156,436,29),(1,157,436,29),(1,158,436,29),(1,159,436,29),(1,160,436,29),(1,161,436,29),(1,162,436,29),(1,163,436,29),(1,164,436,29),(1,165,436,29),(1,166,436,29),(1,167,436,29),(1,168,436,29),(1,169,436,29),(1,170,436,29),(1,171,436,29),(1,172,436,29),(1,173,436,29),(1,174,436,29),(1,175,436,29),(1,176,436,29),(1,177,436,29),(1,178,436,29),(1,179,436,29),(1,180,436,29),(1,181,436,29),(1,182,436,29),(1,183,436,29),(1,184,436,29),(1,185,436,29),(1,186,436,29),(1,187,436,29),(1,188,436,29),(279,1,494,32),(279,2,494,32),(279,3,494,32),(279,4,494,32),(279,5,494,32),(279,6,494,32),(279,7,494,32),(279,8,494,32),(279,9,494,32),(279,10,494,32),(279,11,494,32),(279,12,494,32),(279,13,494,32),(279,14,494,32),(279,15,494,32),(279,16,494,32),(279,17,494,32),(279,18,494,32),(279,19,494,32),(279,20,494,32),(279,21,494,32),(311,1,494,32),(311,2,494,32),(311,3,494,32),(311,4,494,32),(311,5,494,32),(311,6,494,32),(311,7,494,32),(311,8,494,32),(311,9,494,32),(311,10,494,32),(311,11,494,32),(311,12,494,32),(311,13,494,32),(311,14,494,32),(311,15,494,32),(311,16,494,32),(311,17,494,32),(311,18,494,32),(311,19,494,32),(280,2,503,33),(280,3,503,33),(280,4,503,33),(280,5,503,33),(280,6,503,33),(280,7,503,33),(280,8,503,33),(280,9,503,33),(280,10,503,33),(280,11,503,33),(280,12,503,33),(280,13,503,33),(280,14,503,33),(280,15,503,33),(280,16,503,33),(280,17,503,33),(312,2,503,33),(312,3,503,33),(312,4,503,33),(312,5,503,33),(312,6,503,33),(312,7,503,33),(312,8,503,33),(312,9,503,33),(312,10,503,33),(312,11,503,33),(312,12,503,33),(312,13,503,33),(312,14,503,33),(312,15,503,33),(312,16,503,33),(312,17,503,33),(312,18,503,33),(295,5,548,36),(295,6,548,36),(295,7,548,36),(305,5,548,36),(305,6,548,36),(305,7,548,36),(295,8,558,37),(295,9,558,37),(295,10,558,37),(295,11,558,37),(295,12,558,37),(295,13,558,37),(295,14,558,37),(295,15,558,37),(305,8,558,37),(305,9,558,37),(305,10,558,37),(305,11,558,37),(305,12,558,37),(305,13,558,37),(305,14,558,37),(305,15,558,37),(250,31,565,38),(250,32,565,38),(250,33,565,38),(309,31,565,38),(309,32,565,38),(309,33,565,38),(250,32,572,45),(250,33,572,45),(309,32,572,45),(309,33,572,45),(250,32,573,46),(309,32,573,46),(250,33,575,48),(309,33,575,48),(250,33,576,49),(309,33,576,49),(284,5,586,50),(284,6,586,50),(284,7,586,50),(284,8,586,50),(284,9,586,50),(284,10,586,50),(284,11,586,50),(284,12,586,50),(284,13,586,50),(284,14,586,50),(284,15,586,50),(284,16,586,50),(284,17,586,50),(284,18,586,50),(284,19,586,50),(284,20,586,50),(310,5,586,50),(310,6,586,50),(310,7,586,50),(310,8,586,50),(310,9,586,50),(310,10,586,50),(310,11,586,50),(310,12,586,50),(310,13,586,50),(310,14,586,50),(310,15,586,50),(310,16,586,50),(310,17,586,50),(310,18,586,50),(310,19,586,50),(310,20,586,50),(310,21,586,50),(310,22,586,50),(287,4,698,51),(318,4,698,51),(281,7,702,53),(281,8,702,53),(281,9,702,53),(281,10,702,53),(281,11,702,53),(281,12,702,53),(281,13,702,53),(281,14,702,53),(281,15,702,53),(281,16,702,53),(313,7,702,53),(313,8,702,53),(313,9,702,53),(313,10,702,53),(313,11,702,53),(313,12,702,53),(313,13,702,53),(313,14,702,53),(313,15,702,53),(313,16,702,53),(313,17,702,53),(282,7,707,54),(282,8,707,54),(282,9,707,54),(282,10,707,54),(282,11,707,54),(282,12,707,54),(282,13,707,54),(282,14,707,54),(282,15,707,54),(282,16,707,54),(282,17,707,54),(282,18,707,54),(282,19,707,54),(282,20,707,54),(282,21,707,54),(314,7,707,54),(314,8,707,54),(314,9,707,54),(314,10,707,54),(314,11,707,54),(314,12,707,54),(314,13,707,54),(314,14,707,54),(314,15,707,54),(314,16,707,54),(314,17,707,54),(314,18,707,54),(314,19,707,54),(314,20,707,54),(283,4,717,55),(283,5,717,55),(283,6,717,55),(283,7,717,55),(283,8,717,55),(283,9,717,55),(283,10,717,55),(283,11,717,55),(315,4,717,55),(315,5,717,55),(315,6,717,55),(315,7,717,55),(315,8,717,55),(315,9,717,55),(285,4,719,56),(285,5,719,56),(285,6,719,56),(285,7,719,56),(316,4,719,56),(316,5,719,56),(316,6,719,56),(316,7,719,56),(316,8,719,56),(286,5,722,57),(286,6,722,57),(286,7,722,57),(286,8,722,57),(286,9,722,57),(286,10,722,57),(286,11,722,57),(286,12,722,57),(317,5,722,57),(317,6,722,57),(317,7,722,57),(317,8,722,57),(317,9,722,57),(317,10,722,57),(317,11,722,57),(287,7,728,58),(287,8,728,58),(287,9,728,58),(287,10,728,58),(287,11,728,58),(287,12,728,58),(287,13,728,58),(287,14,728,58),(287,15,728,58),(318,7,728,58),(318,8,728,58),(318,9,728,58),(318,10,728,58),(318,11,728,58),(318,12,728,58),(288,5,731,59),(288,6,731,59),(288,7,731,59),(288,8,731,59),(288,9,731,59),(288,10,731,59),(288,11,731,59),(288,12,731,59),(288,13,731,59),(319,5,731,59),(319,6,731,59),(319,7,731,59),(319,8,731,59),(319,9,731,59),(319,10,731,59),(319,11,731,59),(319,12,731,59),(290,3,734,60),(290,4,734,60),(290,5,734,60),(320,3,734,60),(320,4,734,60),(320,5,734,60),(320,6,734,60),(320,7,734,60),(291,4,746,61),(291,5,746,61),(291,6,746,61),(291,7,746,61),(291,8,746,61),(321,4,746,61),(321,5,746,61),(321,6,746,61),(321,7,746,61),(321,8,746,61),(321,9,746,61),(308,35,1031,62),(308,36,1031,62),(309,41,1037,63),(310,23,1042,64),(310,24,1042,64),(312,19,1048,65),(312,20,1048,65),(311,20,1052,66),(311,21,1052,66),(313,18,1061,67),(314,21,1066,68),(314,22,1066,68),(314,23,1066,68),(315,10,1072,69),(316,9,1078,70),(316,10,1078,70),(317,12,1085,71),(318,13,1097,72),(318,14,1097,72),(319,13,1105,73),(320,8,1107,74),(321,10,1110,75),(299,13,1191,77),(299,14,1191,77),(299,15,1191,77),(299,16,1191,77),(299,17,1191,77),(299,18,1191,77),(299,19,1191,77),(299,20,1191,77),(299,21,1191,77),(299,22,1191,77),(299,23,1191,77),(299,24,1191,77),(299,25,1191,77),(299,26,1191,77),(299,27,1191,77),(299,28,1191,77),(299,29,1191,77),(299,30,1191,77),(299,31,1191,77),(299,32,1191,77),(299,33,1191,77),(299,34,1191,77),(299,35,1191,77),(299,36,1191,77),(299,37,1191,77),(299,38,1191,77),(299,39,1191,77),(299,40,1191,77),(299,41,1191,77),(299,42,1191,77),(299,43,1191,77),(299,44,1191,77),(299,13,1192,78),(299,14,1192,78),(299,15,1192,78),(299,16,1192,78),(299,17,1192,78),(299,18,1192,78),(299,19,1192,78),(299,20,1192,78),(299,21,1192,78),(299,22,1192,78),(299,23,1192,78),(299,24,1192,78),(299,25,1192,78),(299,26,1192,78),(299,27,1192,78),(299,28,1192,78),(299,29,1192,78),(299,30,1192,78),(299,31,1192,78),(299,32,1192,78),(299,33,1192,78),(299,34,1192,78),(299,35,1192,78),(299,36,1192,78),(299,37,1192,78),(299,38,1192,78),(299,39,1192,78),(299,40,1192,78),(299,41,1192,78),(299,42,1192,78),(299,43,1192,78),(299,44,1192,78),(299,13,1193,79),(299,14,1193,79),(299,15,1193,79),(299,16,1193,79),(299,17,1193,79),(299,18,1193,79),(299,19,1193,79),(299,20,1193,79),(299,21,1193,79),(299,22,1193,79),(299,23,1193,79),(299,24,1193,79),(299,25,1193,79),(299,26,1193,79),(299,27,1193,79),(299,28,1193,79),(299,29,1193,79),(299,30,1193,79),(299,31,1193,79),(299,32,1193,79),(299,33,1193,79),(299,34,1193,79),(299,35,1193,79),(299,36,1193,79),(299,37,1193,79),(299,38,1193,79),(299,39,1193,79),(299,40,1193,79),(299,41,1193,79),(299,42,1193,79),(299,43,1193,79),(299,44,1193,79),(190,6,1268,80),(348,9,1330,81),(348,10,1330,81),(349,9,1330,81),(349,10,1330,81),(295,22,1383,83),(295,23,1383,83),(190,7,1408,84),(190,8,1424,85),(190,9,1427,86),(190,10,1428,87),(190,11,1429,88),(1,140,1479,89),(1,141,1480,90),(246,10,1522,92),(359,10,1522,92),(246,11,1524,93),(246,12,1524,93),(359,11,1524,93),(359,12,1524,93),(1,169,1525,94),(1,170,1525,94),(1,171,1525,94),(1,172,1525,94),(1,173,1525,94),(1,174,1525,94),(1,175,1525,94),(1,176,1525,94),(1,177,1525,94),(1,178,1525,94),(1,179,1525,94),(1,180,1525,94),(1,181,1525,94),(1,182,1525,94),(1,171,1527,95),(295,24,1553,100),(246,13,1555,101),(359,13,1555,101),(359,14,1555,101),(359,15,1555,101),(359,16,1555,101),(359,17,1583,102),(188,5,1666,103),(188,6,1667,104),(299,35,1669,105),(299,36,1669,105),(299,37,1669,105),(299,38,1669,105),(299,39,1669,105),(299,40,1669,105),(299,41,1669,105),(299,42,1669,105),(299,43,1669,105),(299,44,1669,105),(1,183,1674,106),(1,184,1674,106),(1,185,1674,106),(1,186,1674,106),(1,187,1674,106),(1,188,1674,106);

--
-- Table structure for table `BlockPermissionAssignments`
--

CREATE TABLE `BlockPermissionAssignments` (
  `cID` int(10) unsigned NOT NULL DEFAULT '0',
  `cvID` int(10) unsigned NOT NULL DEFAULT '0',
  `bID` int(10) unsigned NOT NULL DEFAULT '0',
  `pkID` int(10) unsigned NOT NULL DEFAULT '0',
  `paID` int(10) unsigned NOT NULL DEFAULT '0',
  PRIMARY KEY (`cID`,`cvID`,`bID`,`pkID`,`paID`),
  KEY `bID` (`bID`),
  KEY `pkID` (`pkID`),
  KEY `paID` (`paID`)
) ENGINE=InnoDB DEFAULT CHARSET=utf8mb4 COLLATE=utf8mb4_unicode_ci;

--
-- Dumping data for table `BlockPermissionAssignments`
--


--
-- Table structure for table `BlockTypePermissionBlockTypeAccessList`
--

CREATE TABLE `BlockTypePermissionBlockTypeAccessList` (
  `paID` int(10) unsigned NOT NULL DEFAULT '0',
  `peID` int(10) unsigned NOT NULL DEFAULT '0',
  `permission` varchar(1) COLLATE utf8mb4_unicode_ci NOT NULL DEFAULT '1',
  PRIMARY KEY (`paID`,`peID`),
  KEY `peID` (`peID`)
) ENGINE=InnoDB DEFAULT CHARSET=utf8mb4 COLLATE=utf8mb4_unicode_ci;

--
-- Dumping data for table `BlockTypePermissionBlockTypeAccessList`
--


--
-- Table structure for table `BlockTypePermissionBlockTypeAccessListCustom`
--

CREATE TABLE `BlockTypePermissionBlockTypeAccessListCustom` (
  `paID` int(10) unsigned NOT NULL DEFAULT '0',
  `peID` int(10) unsigned NOT NULL DEFAULT '0',
  `btID` int(10) unsigned NOT NULL DEFAULT '0',
  PRIMARY KEY (`paID`,`peID`,`btID`),
  KEY `peID` (`peID`),
  KEY `btID` (`btID`)
) ENGINE=InnoDB DEFAULT CHARSET=utf8mb4 COLLATE=utf8mb4_unicode_ci;

--
-- Dumping data for table `BlockTypePermissionBlockTypeAccessListCustom`
--


--
-- Table structure for table `BlockTypeSetBlockTypes`
--

CREATE TABLE `BlockTypeSetBlockTypes` (
  `btID` int(10) unsigned NOT NULL DEFAULT '0',
  `btsID` int(10) unsigned NOT NULL DEFAULT '0',
  `displayOrder` int(10) unsigned NOT NULL DEFAULT '0',
  PRIMARY KEY (`btID`,`btsID`),
  KEY `btsID` (`btsID`,`displayOrder`)
) ENGINE=InnoDB DEFAULT CHARSET=utf8mb4 COLLATE=utf8mb4_unicode_ci;

--
-- Dumping data for table `BlockTypeSetBlockTypes`
--

INSERT INTO `BlockTypeSetBlockTypes` VALUES (1,1,0),(2,1,1),(3,1,2),(4,1,3),(5,1,4),(6,1,5),(57,1,6),(58,1,7),(68,1,8),(69,1,9),(7,2,0),(8,2,1),(9,2,2),(10,2,3),(11,2,4),(12,2,5),(13,2,6),(14,2,7),(15,2,8),(16,2,9),(59,2,10),(79,2,11),(17,3,0),(18,3,1),(19,3,2),(20,4,0),(21,4,1),(22,5,0),(23,5,1),(24,5,2),(25,5,3),(26,5,4),(27,6,0),(28,6,1),(29,6,2),(30,7,0),(31,7,1),(32,7,2),(33,7,3),(34,7,4),(35,7,5),(49,7,6),(51,7,7),(52,7,8),(53,7,9),(56,7,10),(75,7,11),(76,7,12),(77,7,13),(78,7,14),(80,7,15),(81,7,16),(36,8,0),(37,8,1),(38,8,2),(39,8,3),(40,8,4),(41,8,5),(42,8,6),(43,8,7),(64,10,0),(65,10,1),(66,10,2),(70,11,0),(71,11,1),(72,11,2),(73,11,3);

--
-- Table structure for table `BlockTypeSets`
--

CREATE TABLE `BlockTypeSets` (
  `btsID` int(10) unsigned NOT NULL AUTO_INCREMENT,
  `btsName` varchar(255) COLLATE utf8mb4_unicode_ci DEFAULT NULL,
  `btsHandle` varchar(255) COLLATE utf8mb4_unicode_ci NOT NULL,
  `pkgID` int(10) unsigned NOT NULL DEFAULT '0',
  `btsDisplayOrder` int(10) unsigned NOT NULL DEFAULT '0',
  PRIMARY KEY (`btsID`),
  UNIQUE KEY `btsHandle` (`btsHandle`),
  KEY `btsDisplayOrder` (`btsDisplayOrder`),
  KEY `pkgID` (`pkgID`)
) ENGINE=InnoDB AUTO_INCREMENT=12 DEFAULT CHARSET=utf8mb4 COLLATE=utf8mb4_unicode_ci;

--
-- Dumping data for table `BlockTypeSets`
--

INSERT INTO `BlockTypeSets` VALUES (1,'Basic','basic',0,0),(2,'Navigation','navigation',0,0),(3,'Forms','form',0,0),(4,'Express','express',0,0),(5,'Social Networking','social',0,0),(6,'Calendar & Events','calendar',0,0),(7,'Multimedia','multimedia',0,0),(8,'Desktop','core_desktop',0,0),(10,'Stucco','theme_stucco',14,0),(11,'Fruitful','fruitful',18,0);

--
-- Table structure for table `BlockTypes`
--

CREATE TABLE `BlockTypes` (
  `btIgnorePageThemeGridFrameworkContainer` tinyint(1) NOT NULL,
  `btID` int(11) NOT NULL AUTO_INCREMENT,
  `btHandle` varchar(128) COLLATE utf8mb4_unicode_ci NOT NULL,
  `btName` varchar(128) COLLATE utf8mb4_unicode_ci NOT NULL,
  `btDescription` longtext COLLATE utf8mb4_unicode_ci NOT NULL,
  `btCopyWhenPropagate` tinyint(1) NOT NULL,
  `btIncludeAll` tinyint(1) NOT NULL,
  `btIsInternal` tinyint(1) NOT NULL,
  `btSupportsInlineEdit` tinyint(1) NOT NULL,
  `btSupportsInlineAdd` tinyint(1) NOT NULL,
  `btDisplayOrder` int(11) NOT NULL,
  `btInterfaceHeight` int(11) NOT NULL,
  `btInterfaceWidth` int(11) NOT NULL,
  `pkgID` int(10) unsigned NOT NULL,
  PRIMARY KEY (`btID`)
) ENGINE=InnoDB AUTO_INCREMENT=82 DEFAULT CHARSET=utf8mb4 COLLATE=utf8mb4_unicode_ci;

--
-- Dumping data for table `BlockTypes`
--

INSERT INTO `BlockTypes` VALUES (0,1,'content','Content','HTML/WYSIWYG Editor Content.',0,0,0,1,1,45,465,600,0),(1,2,'html','HTML','For adding HTML by hand.',0,0,0,0,0,44,500,600,0),(0,3,'image','Image','Adds images and onstates from the library to pages.',0,0,0,0,0,43,550,400,0),(0,4,'file','File','Link to files stored in the asset library.',0,0,0,0,0,42,320,300,0),(1,5,'horizontal_rule','Horizontal Rule','Adds a thin hairline horizontal divider to the page.',0,0,0,0,0,41,400,400,0),(0,6,'feature','Feature','Displays an icon, a title, and a short paragraph description.',0,0,0,0,0,40,520,400,0),(0,7,'autonav','Auto-Nav','Creates navigation trees and sitemaps.',0,0,0,0,0,39,525,700,0),(0,8,'page_title','Page Title','Displays a Page\'s Title',0,0,0,0,0,38,500,470,0),(0,9,'faq','FAQ','Frequently Asked Questions Block',0,0,0,0,0,28,465,600,0),(0,10,'page_list','Page List','List pages based on type, area.',0,0,0,0,0,36,525,700,0),(0,11,'next_previous','Next & Previous Nav','Navigate through sibling pages.',0,0,0,0,0,35,400,430,0),(0,12,'date_navigation','Date Navigation','Displays a list of months to filter a page list by.',0,0,0,0,0,34,450,400,0),(0,13,'tags','Tags','List pages based on type, area.',0,0,0,0,0,33,439,450,0),(0,14,'topic_list','Topic List','Displays a list of your site\'s topics, allowing you to click on them to filter a page list.',0,0,0,0,0,32,400,400,0),(0,15,'rss_displayer','RSS Displayer','Fetch, parse and display the contents of an RSS or Atom feed.',0,0,0,0,0,31,550,400,0),(0,16,'switch_language','Switch Language','Adds a front-end language switcher to your website.',0,0,0,0,0,30,150,500,0),(0,17,'express_form','Form','Build simple forms and surveys.',0,0,0,0,0,29,700,640,0),(0,18,'search','Search','Add a search box to your site.',0,0,0,0,0,37,420,400,0),(0,19,'external_form','External Form','Include external forms in the filesystem and place them on pages.',0,0,0,0,0,46,175,420,0),(0,20,'express_entry_list','Express Entry List','Add a searchable Express entry list to a page.',0,0,0,0,0,47,400,640,0),(0,21,'express_entry_detail','Express Entry Detail','Add an Express entry detail display to a page.',0,0,0,0,0,48,400,640,0),(0,22,'survey','Survey','Provide a simple survey, along with results in a pie chart format.',0,0,0,0,0,49,500,500,0),(0,23,'core_conversation','Conversation','Displays conversations on a page.',1,0,0,0,0,50,400,450,0),(0,24,'social_links','Social Links','Allows users to add social icons to their website',0,0,0,0,0,51,400,400,0),(0,25,'testimonial','Testimonial','Displays a quote or paragraph next to biographical information and a person\'s picture.',0,0,0,0,0,52,560,450,0),(0,26,'share_this_page','Share This Page','Allows users to share this page with social networks.',0,0,0,0,0,53,400,400,0),(0,27,'calendar','Calendar','Displays a month view calendar on a page.',0,0,0,0,0,54,475,500,0),(0,28,'event_list','Event List','Displays a list of events from a calendar.',0,0,0,0,0,55,340,500,0),(0,29,'calendar_event','Calendar Event','Displays a calendar event on a page.',0,0,0,0,0,56,400,550,0),(0,30,'page_attribute_display','Page Attribute Display','Displays the value of a page attribute for the current page.',0,0,0,0,0,57,365,500,0),(1,31,'image_slider','Image Slider','Display your images and captions in an attractive slideshow format.',0,0,0,0,0,58,550,600,0),(0,32,'video','Video Player','Embeds uploaded video into a web page. Supports WebM, Ogg, and Quicktime/MPEG4 formats.',0,0,0,0,0,59,440,450,0),(0,33,'document_library','Document Library','Add a searchable document library to a page.',0,0,0,0,0,60,400,640,0),(0,34,'youtube','YouTube Video','Embeds a YouTube Video in your web page.',0,0,0,0,0,20,490,400,0),(0,35,'google_map','Google Map','Enter an address and a Google Map of that location will be placed in your page.',0,0,0,0,0,14,550,525,0),(0,36,'desktop_app_status','concrete5 Status Messages','Displays alerts about your concrete5 site and package updates.',0,0,0,0,0,13,400,400,0),(0,37,'desktop_site_activity','Site Activity','Displays a graph of recent activity on your site.',0,0,0,0,0,12,560,450,0),(0,38,'desktop_featured_addon','Dashboard Featured Add-On','Features an add-on from concrete5.org.',0,0,0,0,0,11,100,300,0),(0,39,'desktop_featured_theme','Dashboard Featured Theme','Features a theme from concrete5.org.',0,0,0,0,0,10,100,300,0),(0,40,'desktop_latest_form','Latest Form','Shows the latest form submission.',0,0,0,0,0,9,400,400,0),(0,41,'desktop_waiting_for_me','Waiting for Me','Displays workflow actions waiting for you.',0,0,0,0,0,8,560,450,0),(0,42,'desktop_draft_list','Draft List','Displays a list of all drafts.',0,0,0,0,0,2,400,400,0),(0,43,'desktop_newsflow_latest','Dashboard Newsflow Latest','Grabs the latest newsflow data from concrete5.org.',0,0,0,0,0,6,400,400,0),(0,44,'core_area_layout','Area Layout','Proxy block for area layouts.',0,0,1,1,1,0,400,400,0),(0,45,'core_page_type_composer_control_output','Composer Control','Proxy block for blocks that need to be output through composer.',0,0,1,0,0,0,400,400,0),(0,46,'core_scrapbook_display','Scrapbook Display','Proxy block for blocks pasted through the scrapbook.',0,0,1,0,0,0,400,400,0),(0,47,'core_stack_display','Stack Display','Proxy block for stacks added through the UI.',0,0,1,0,0,0,400,400,0),(0,48,'form','Legacy Form','Build simple forms and surveys.',1,0,0,0,0,5,430,420,0),(0,49,'html5_audio_player_basic','HTML5 Audio Player Basic','Basic HTML5/flash audio player built using the jPlayer jQuery plugin',0,0,0,0,0,4,500,600,1),(0,50,'pdf_viewer','PDF Viewer','Block for viewing PDF Files',0,0,0,0,0,3,400,370,3),(0,51,'photowall_gallery','Photowall Gallery','A responsive justified image gallery.',0,0,0,0,0,7,445,600,4),(0,52,'image_wall','Image Wall','A masonry-based responsive image gallery.',0,0,0,0,0,27,445,600,4),(0,53,'wall_gallery','Wall Gallery','A masonry-based responsive image gallery.',0,0,0,0,0,26,445,600,4),(0,54,'daily_message','Daily Message','Display a message for every day of the week.',0,0,0,0,0,25,465,600,5),(0,55,'pure_cookies_notice','Cookies Notice','Cookies Notice allows you to inform users that your site uses cookies.',0,0,0,0,0,24,465,600,7),(0,56,'simple_gallery','Simple Gallery','Create image gallery based on File Set.',0,0,0,0,0,23,650,800,8),(0,57,'ab_spacer','Block Spacer','Add Block Spacer block',0,0,0,0,0,22,400,600,9),(0,59,'ab_nav_menu','Simple Nav Menu','Add Simple Nav Menu block',0,0,0,0,0,21,600,600,12),(0,64,'stucco_anchor_block','Link anchor point','Set an anchor point to jump to specific point on this page.',0,0,0,0,0,19,400,400,14),(0,65,'stucco_description_list_block','Description List','Add a description list.',0,0,0,0,0,18,500,400,14),(0,66,'stucco_heading','Advanced Heading','Displays a heading with style options.',0,0,0,0,0,17,500,400,14),(0,67,'quick_tabs','Quick Tabs','Add Tabs to the Page',0,0,0,0,0,16,365,400,15),(0,68,'ab_show_hide','Content Show/Hide','Add Content Show/Hide block',0,0,0,0,0,15,400,600,16),(0,69,'ab_show_hide_link','Show/Hide Link','Add Show/Hide Link block',0,0,0,0,0,1,400,600,17),(0,70,'simple_button_fruitful','Simple Button','Add a Button',0,0,0,0,0,0,350,370,18),(1,71,'hero_featurette_fruitful','Hero Featurette','Display a Large Featurette',0,0,0,0,0,0,465,600,18),(0,72,'intro_cta_fruitful','Intro CTA','Add a CTA',0,0,0,0,0,0,350,370,18),(1,73,'full_width_content_fruitful','Featured Content','',0,0,0,0,0,0,350,370,18),(0,74,'navigator','Navigator','Add Navigation to Internal/External Links',0,0,0,0,0,0,465,650,19),(0,75,'responsive_embed','Responsively embed','Embeds a external content (iframe) responsively in your web page.',0,0,0,0,0,0,350,400,20),(1,76,'background_image_overlay','Background Image and Overlay','Add a full screen background image and overlay on your pages.',0,0,0,0,0,0,650,485,21),(0,77,'d3_random_image','Random Image','Display a random image from a file set',0,0,0,0,0,0,300,400,22),(0,78,'simple_audio_player','Simple Audio Player','Allow users to play audio files you select from the file manager.',0,0,0,0,0,0,450,640,23),(0,79,'whale_manual_nav','Nestable Manual Nav','Whale Manual Nav',0,0,0,0,0,0,600,700,24),(0,80,'jero_cycle','Cycle2 Slide Show','Yet another image slide show, this one uses the amazing responsive cycle2 plugin',0,0,0,0,0,0,600,600,30),(0,81,'easy_image_slider','Easy Images Slider','A OWL Carousel made easy for concrete5',0,0,0,1,1,0,465,600,29);

--
-- Table structure for table `Blocks`
--

CREATE TABLE `Blocks` (
  `bID` int(10) unsigned NOT NULL AUTO_INCREMENT,
  `bName` varchar(60) COLLATE utf8mb4_unicode_ci DEFAULT NULL,
  `bDateAdded` datetime NOT NULL DEFAULT '1000-01-01 00:00:00',
  `bDateModified` datetime NOT NULL DEFAULT '1000-01-01 00:00:00',
  `bFilename` varchar(255) COLLATE utf8mb4_unicode_ci DEFAULT NULL,
  `bIsActive` varchar(1) COLLATE utf8mb4_unicode_ci NOT NULL DEFAULT '1',
  `btID` int(10) unsigned NOT NULL DEFAULT '0',
  `uID` int(10) unsigned DEFAULT NULL,
  `btCachedBlockRecord` longtext COLLATE utf8mb4_unicode_ci,
  PRIMARY KEY (`bID`),
  KEY `btID` (`btID`),
  KEY `uID` (`uID`)
) ENGINE=InnoDB AUTO_INCREMENT=1720 DEFAULT CHARSET=utf8mb4 COLLATE=utf8mb4_unicode_ci;

--
-- Dumping data for table `Blocks`
--

INSERT INTO `Blocks` VALUES (1,'','2020-07-08 14:45:28','2020-07-08 14:45:28',NULL,'0',36,1,NULL),(2,'','2020-07-08 14:45:28','2020-07-08 14:45:28',NULL,'0',44,1,'TzozMjoiQ29uY3JldGVcQ29yZVxMZWdhY3lcQmxvY2tSZWNvcmQiOjM6e3M6MzoiYklEIjtzOjE6IjIiO3M6OToiACoAX3RhYmxlIjtzOjE2OiJidENvcmVBcmVhTGF5b3V0IjtzOjEwOiJhckxheW91dElEIjtzOjE6IjEiO30='),(3,'','2020-07-08 14:45:28','2020-07-08 14:45:28',NULL,'0',40,1,NULL),(4,'','2020-07-08 14:45:28','2020-07-08 14:45:28',NULL,'0',38,1,NULL),(5,'','2020-07-08 14:45:28','2020-07-08 14:45:28',NULL,'0',37,1,'TzozMjoiQ29uY3JldGVcQ29yZVxMZWdhY3lcQmxvY2tSZWNvcmQiOjM6e3M6MzoiYklEIjtzOjE6IjUiO3M6OToiACoAX3RhYmxlIjtzOjIxOiJidERlc2t0b3BTaXRlQWN0aXZpdHkiO3M6NToidHlwZXMiO3M6ODI6IlsiZm9ybV9zdWJtaXNzaW9ucyIsInN1cnZleV9yZXN1bHRzIiwic2lnbnVwcyIsImNvbnZlcnNhdGlvbl9tZXNzYWdlcyIsIndvcmtmbG93Il0iO30='),(6,'','2020-07-08 14:45:28','2020-07-08 14:45:28',NULL,'0',44,1,'TzozMjoiQ29uY3JldGVcQ29yZVxMZWdhY3lcQmxvY2tSZWNvcmQiOjM6e3M6MzoiYklEIjtzOjE6IjYiO3M6OToiACoAX3RhYmxlIjtzOjE2OiJidENvcmVBcmVhTGF5b3V0IjtzOjEwOiJhckxheW91dElEIjtzOjE6IjIiO30='),(7,'','2020-07-08 14:45:28','2020-07-08 14:45:28',NULL,'0',15,1,'TzozMjoiQ29uY3JldGVcQ29yZVxMZWdhY3lcQmxvY2tSZWNvcmQiOjg6e3M6MzoiYklEIjtzOjE6IjciO3M6OToiACoAX3RhYmxlIjtzOjEyOiJidFJzc0Rpc3BsYXkiO3M6NToidGl0bGUiO3M6OToiVHV0b3JpYWxzIjtzOjM6InVybCI7czo0ODoiaHR0cDovL2RvY3VtZW50YXRpb24uY29uY3JldGU1Lm9yZy9yc3MvdHV0b3JpYWxzIjtzOjEwOiJkYXRlRm9ybWF0IjtzOjA6IiI7czoxNDoiaXRlbXNUb0Rpc3BsYXkiO3M6MToiMSI7czoxMToic2hvd1N1bW1hcnkiO3M6MToiMSI7czoxNzoibGF1bmNoSW5OZXdXaW5kb3ciO3M6MToiMSI7fQ=='),(8,'','2020-07-08 14:45:28','2020-07-08 14:45:28',NULL,'0',39,1,NULL),(9,'','2020-07-08 14:45:28','2020-07-08 14:45:28',NULL,'0',44,1,'TzozMjoiQ29uY3JldGVcQ29yZVxMZWdhY3lcQmxvY2tSZWNvcmQiOjM6e3M6MzoiYklEIjtzOjE6IjkiO3M6OToiACoAX3RhYmxlIjtzOjE2OiJidENvcmVBcmVhTGF5b3V0IjtzOjEwOiJhckxheW91dElEIjtzOjE6IjMiO30='),(10,'','2020-07-08 14:45:28','2020-07-08 14:45:28',NULL,'0',43,1,'TzozMjoiQ29uY3JldGVcQ29yZVxMZWdhY3lcQmxvY2tSZWNvcmQiOjM6e3M6MzoiYklEIjtzOjI6IjEwIjtzOjk6IgAqAF90YWJsZSI7czoyMzoiYnREZXNrdG9wTmV3c2Zsb3dMYXRlc3QiO3M6NDoic2xvdCI7czoxOiJBIjt9'),(11,'','2020-07-08 14:45:28','2020-07-08 14:45:28',NULL,'0',43,1,'TzozMjoiQ29uY3JldGVcQ29yZVxMZWdhY3lcQmxvY2tSZWNvcmQiOjM6e3M6MzoiYklEIjtzOjI6IjExIjtzOjk6IgAqAF90YWJsZSI7czoyMzoiYnREZXNrdG9wTmV3c2Zsb3dMYXRlc3QiO3M6NDoic2xvdCI7czoxOiJCIjt9'),(12,'','2020-07-08 14:45:28','2020-07-08 14:45:28',NULL,'0',43,1,'TzozMjoiQ29uY3JldGVcQ29yZVxMZWdhY3lcQmxvY2tSZWNvcmQiOjM6e3M6MzoiYklEIjtzOjI6IjEyIjtzOjk6IgAqAF90YWJsZSI7czoyMzoiYnREZXNrdG9wTmV3c2Zsb3dMYXRlc3QiO3M6NDoic2xvdCI7czoxOiJDIjt9'),(13,'','2020-07-08 14:45:28','2020-07-08 14:45:28',NULL,'0',15,1,'TzozMjoiQ29uY3JldGVcQ29yZVxMZWdhY3lcQmxvY2tSZWNvcmQiOjg6e3M6MzoiYklEIjtzOjI6IjEzIjtzOjk6IgAqAF90YWJsZSI7czoxMjoiYnRSc3NEaXNwbGF5IjtzOjU6InRpdGxlIjtzOjIzOiJOZXdzIGZyb20gY29uY3JldGU1Lm9yZyI7czozOiJ1cmwiO3M6MzM6Imh0dHA6Ly93d3cuY29uY3JldGU1Lm9yZy9yc3MvYmxvZyI7czoxMDoiZGF0ZUZvcm1hdCI7czowOiIiO3M6MTQ6Iml0ZW1zVG9EaXNwbGF5IjtzOjE6IjMiO3M6MTE6InNob3dTdW1tYXJ5IjtzOjE6IjEiO3M6MTc6ImxhdW5jaEluTmV3V2luZG93IjtzOjE6IjEiO30='),(14,'','2020-07-08 14:45:28','2020-07-08 14:45:28',NULL,'0',44,1,NULL),(15,'','2020-07-08 14:45:28','2020-07-08 14:45:28',NULL,'0',41,1,NULL),(16,'','2020-07-08 14:45:28','2020-07-08 14:45:28',NULL,'0',44,1,NULL),(17,'','2020-07-08 14:45:29','2020-07-08 14:45:29',NULL,'0',42,1,NULL),(18,'','2020-07-08 14:45:30','2020-07-08 14:45:30',NULL,'0',44,1,NULL),(19,'','2020-07-08 14:45:30','2020-07-08 14:45:30',NULL,'0',41,1,NULL),(20,'','2020-07-08 14:45:30','2020-07-08 14:45:30',NULL,'0',44,1,NULL),(21,'','2020-07-08 14:45:30','2020-07-08 14:45:30',NULL,'0',42,1,NULL),(22,'','2020-07-08 14:45:39','2020-07-08 14:45:39','byline.php','0',8,1,NULL),(23,'','2020-07-08 14:45:39','2020-07-08 14:45:39',NULL,'0',45,1,NULL),(24,'','2020-07-08 14:45:39','2020-07-08 14:45:39',NULL,'0',11,1,NULL),(25,'','2020-07-08 14:45:39','2020-07-08 14:45:39',NULL,'0',26,1,NULL),(26,'','2020-07-08 14:45:39','2020-07-08 14:45:39',NULL,'0',14,1,NULL),(27,'','2020-07-08 14:45:39','2020-07-08 14:45:39',NULL,'0',10,1,NULL),(28,'','2020-07-08 14:45:39','2020-07-08 14:45:39',NULL,'0',5,1,NULL),(29,'','2020-07-08 14:45:39','2020-07-08 14:45:39',NULL,'0',23,1,NULL),(30,'','2020-07-08 14:45:39','2020-07-08 14:45:39',NULL,'0',8,1,NULL),(31,'','2020-07-08 14:45:39','2020-07-08 14:45:39',NULL,'0',10,1,NULL),(32,'','2020-07-08 14:45:40','2020-07-08 14:45:40',NULL,'0',1,1,NULL),(33,'','2020-07-08 14:45:40','2020-07-08 14:45:40',NULL,'0',1,1,NULL),(34,'','2020-07-08 14:45:40','2020-07-08 14:45:40',NULL,'0',30,1,NULL),(35,'','2020-07-08 14:45:40','2020-07-08 14:45:40',NULL,'0',1,1,NULL),(36,'','2020-07-08 14:45:40','2020-07-08 14:45:40',NULL,'0',30,1,NULL),(37,'','2020-07-08 14:45:40','2020-07-08 14:45:40',NULL,'0',1,1,NULL),(38,'','2020-07-08 14:45:40','2020-07-08 14:45:40',NULL,'0',45,1,NULL),(39,'','2020-07-08 14:45:40','2020-07-08 14:45:40',NULL,'0',1,1,NULL),(40,'','2020-07-08 14:45:40','2020-07-08 14:45:40',NULL,'0',8,1,NULL),(41,'','2020-07-08 14:45:40','2020-07-08 14:45:40',NULL,'0',45,1,NULL),(42,'','2020-07-08 14:45:40','2020-07-08 14:45:40',NULL,'0',30,1,NULL),(43,'','2020-07-08 14:45:40','2020-07-08 14:45:40',NULL,'0',30,1,NULL),(44,'','2020-07-08 14:45:40','2020-07-08 14:45:40',NULL,'0',30,1,NULL),(45,'','2020-07-08 14:45:40','2020-07-08 14:45:40',NULL,'0',45,1,NULL),(46,'','2020-07-08 14:45:40','2020-07-08 14:45:40',NULL,'0',5,1,NULL),(47,'','2020-07-08 14:45:40','2020-07-08 14:45:40','thumbnail_grid','0',10,1,NULL),(48,'','2020-07-08 14:45:40','2020-07-08 14:45:40','archive.php','0',8,1,NULL),(49,'','2020-07-08 14:45:40','2020-07-08 14:45:40',NULL,'0',44,1,NULL),(50,'','2020-07-08 14:45:40','2020-07-08 14:45:40',NULL,'0',10,1,NULL),(51,'','2020-07-08 14:45:40','2020-07-08 14:45:40',NULL,'0',14,1,NULL),(52,'','2020-07-08 14:45:41','2020-07-08 14:45:41',NULL,'0',12,1,NULL),(53,'','2020-07-08 14:45:41','2020-07-08 14:45:41',NULL,'0',8,1,NULL),(54,'','2020-07-08 14:45:41','2020-07-08 14:45:41','flat_filter.php','0',14,1,NULL),(55,'','2020-07-08 14:45:41','2020-07-08 14:45:41','thumbnail_grid','0',10,1,NULL),(56,'','2020-07-08 14:45:41','2020-07-08 14:45:41',NULL,'0',1,1,NULL),(57,'','2020-07-08 14:45:41','2020-07-08 14:45:41',NULL,'0',1,1,NULL),(58,'','2020-07-08 14:45:41','2020-07-08 14:45:41',NULL,'0',1,1,NULL),(59,'','2020-07-08 14:45:41','2020-07-08 14:45:41',NULL,'0',1,1,NULL),(60,'','2020-07-08 14:45:41','2020-07-08 14:45:41',NULL,'0',24,1,NULL),(61,'','2020-07-08 14:45:41','2020-07-08 14:45:41','responsive_header_navigation','0',7,1,NULL),(62,'','2020-07-08 14:45:41','2020-07-08 14:45:41',NULL,'0',18,1,NULL),(63,'','2020-07-08 14:45:41','2020-07-08 14:45:41',NULL,'0',1,1,NULL),(81,'','2020-07-08 14:45:42','2020-07-08 14:45:42',NULL,'0',8,1,NULL),(82,'','2020-07-08 14:45:42','2020-07-08 14:45:42',NULL,'0',44,1,NULL),(83,'','2020-07-08 14:45:43','2020-07-08 14:45:43','hover_description','0',6,1,NULL),(84,'','2020-07-08 14:45:43','2020-07-08 14:45:43','hover_description','0',6,1,NULL),(85,'','2020-07-08 14:45:43','2020-07-08 14:45:43','hover_description','0',6,1,NULL),(86,'','2020-07-08 14:45:43','2020-07-08 14:45:43','hover_description','0',6,1,NULL),(87,'','2020-07-08 14:45:43','2020-07-08 14:45:43',NULL,'0',5,1,NULL),(88,'','2020-07-08 14:45:43','2020-07-08 14:45:43',NULL,'0',44,1,NULL),(89,'','2020-07-08 14:45:43','2020-07-08 14:45:43',NULL,'0',1,1,NULL),(90,'','2020-07-08 14:45:43','2020-07-08 14:45:43',NULL,'0',1,1,NULL),(91,'','2020-07-08 14:45:43','2020-07-08 14:45:43',NULL,'0',1,1,NULL),(92,'','2020-07-08 14:45:43','2020-07-08 14:45:43',NULL,'0',44,1,NULL),(93,'','2020-07-08 14:45:43','2020-07-08 14:45:43',NULL,'0',25,1,NULL),(94,'','2020-07-08 14:45:43','2020-07-08 14:45:43',NULL,'0',25,1,NULL),(95,'','2020-07-08 14:45:43','2020-07-08 14:45:43',NULL,'0',25,1,NULL),(96,'','2020-07-08 14:45:43','2020-07-08 14:45:43',NULL,'0',25,1,NULL),(97,'','2020-07-08 14:45:44','2020-07-08 14:45:44',NULL,'0',31,1,NULL),(98,'','2020-07-08 14:45:44','2020-07-08 14:45:44',NULL,'0',1,1,NULL),(99,'','2020-07-08 14:45:44','2020-07-08 14:45:44',NULL,'0',31,1,NULL),(100,'','2020-07-08 14:45:44','2020-07-08 14:45:44',NULL,'0',1,1,NULL),(101,'','2020-07-08 14:45:45','2020-07-08 14:45:45',NULL,'0',31,1,NULL),(102,'','2020-07-08 14:45:45','2020-07-08 14:45:45',NULL,'0',1,1,NULL),(103,'','2020-07-08 14:45:45','2020-07-08 14:45:45',NULL,'0',31,1,NULL),(104,'','2020-07-08 14:45:45','2020-07-08 14:45:45',NULL,'0',1,1,NULL),(105,'','2020-07-08 14:45:45','2020-07-08 14:45:45',NULL,'0',31,1,NULL),(106,'','2020-07-08 14:45:46','2020-07-08 14:45:46',NULL,'0',1,1,NULL),(107,'','2020-07-08 14:45:46','2020-07-08 14:45:46',NULL,'0',31,1,NULL),(108,'','2020-07-08 14:45:46','2020-07-08 14:45:46',NULL,'0',1,1,NULL),(109,'','2020-07-08 14:45:46','2020-07-08 14:45:46',NULL,'0',8,1,NULL),(110,'','2020-07-08 14:45:46','2020-07-08 14:45:46',NULL,'0',44,1,NULL),(111,'','2020-07-08 14:45:46','2020-07-08 14:45:46',NULL,'0',25,1,NULL),(112,'','2020-07-08 14:45:47','2020-07-08 14:45:47',NULL,'0',25,1,NULL),(113,'','2020-07-08 14:45:47','2020-07-08 14:45:47',NULL,'0',5,1,NULL),(114,'','2020-07-08 14:45:47','2020-07-08 14:45:47',NULL,'0',44,1,NULL),(115,'','2020-07-08 14:45:47','2020-07-08 14:45:47',NULL,'0',25,1,NULL),(116,'','2020-07-08 14:45:47','2020-07-08 14:45:47',NULL,'0',25,1,NULL),(117,'','2020-07-08 14:45:47','2020-07-08 14:45:47',NULL,'0',25,1,NULL),(118,'','2020-07-08 14:45:47','2020-07-08 14:45:47',NULL,'0',25,1,NULL),(119,'','2020-07-08 14:45:47','2020-07-08 14:45:47',NULL,'0',25,1,NULL),(120,'','2020-07-08 14:45:47','2020-07-08 14:45:47',NULL,'0',25,1,NULL),(121,'','2020-07-08 14:45:47','2020-07-08 14:45:47',NULL,'0',5,1,NULL),(122,'','2020-07-08 14:45:47','2020-07-08 14:45:47',NULL,'0',44,1,NULL),(123,'','2020-07-08 14:45:47','2020-07-08 14:45:47',NULL,'0',3,1,NULL),(124,'','2020-07-08 14:45:47','2020-07-08 14:45:47',NULL,'0',1,1,NULL),(125,'','2020-07-08 14:45:48','2020-07-08 14:45:48',NULL,'0',23,1,NULL),(126,'','2020-07-08 14:45:48','2020-07-08 14:45:48',NULL,'0',1,1,NULL),(127,'','2020-07-08 14:45:48','2020-07-08 14:45:48',NULL,'0',23,1,NULL),(128,'','2020-07-08 14:45:48','2020-07-08 14:45:48',NULL,'0',1,1,NULL),(129,'','2020-07-08 14:45:49','2020-07-08 14:45:49',NULL,'0',23,1,NULL),(130,'','2020-07-08 14:45:49','2020-07-08 14:45:49',NULL,'0',1,1,NULL),(131,'','2020-07-08 14:45:49','2020-07-08 14:45:49',NULL,'0',18,1,NULL),(132,'','2020-07-08 14:45:49','2020-07-08 14:45:49',NULL,'0',8,1,NULL),(133,'','2020-07-08 14:45:49','2020-07-08 14:45:49',NULL,'0',44,1,NULL),(134,'','2020-07-08 14:45:49','2020-07-08 14:45:49',NULL,'0',35,1,NULL),(135,'','2020-07-08 14:45:49','2020-07-08 14:45:49',NULL,'0',1,1,NULL),(136,'','2020-07-08 14:45:49','2020-07-08 14:45:49',NULL,'0',5,1,NULL),(137,'','2020-07-08 14:45:49','2020-07-08 14:45:49',NULL,'0',44,1,NULL),(138,'','2020-07-08 14:45:50','2020-07-08 14:45:50',NULL,'0',3,1,NULL),(139,'','2020-07-08 14:45:50','2020-07-08 14:45:50',NULL,'0',1,1,NULL),(140,'','2020-07-08 14:45:50','2020-07-08 14:45:50',NULL,'0',1,1,NULL),(141,'','2020-07-08 14:45:50','2020-07-08 14:45:50',NULL,'0',17,1,NULL),(142,'','2020-07-08 14:45:50','2020-07-08 14:45:50',NULL,'0',1,1,NULL),(143,'','2020-07-08 14:45:50','2020-07-08 14:45:50',NULL,'0',8,1,NULL),(144,'','2020-07-08 14:45:50','2020-07-08 14:45:50',NULL,'0',44,1,NULL),(145,'','2020-07-08 14:45:50','2020-07-08 14:45:50',NULL,'0',3,1,NULL),(146,'','2020-07-08 14:45:50','2020-07-08 14:45:50',NULL,'0',1,1,NULL),(147,'','2020-07-08 14:45:50','2020-07-08 14:45:50',NULL,'0',1,1,NULL),(148,'','2020-07-08 14:45:50','2020-07-08 14:45:50',NULL,'0',5,1,NULL),(149,'','2020-07-08 14:45:50','2020-07-08 14:45:50',NULL,'0',44,1,NULL),(150,'','2020-07-08 14:45:51','2020-07-08 14:45:51',NULL,'0',1,1,NULL),(151,'','2020-07-08 14:45:51','2020-07-08 14:45:51',NULL,'0',1,1,NULL),(152,'','2020-07-08 14:45:51','2020-07-08 14:45:51',NULL,'0',3,1,NULL),(153,'','2020-07-08 14:45:51','2020-07-08 14:45:51',NULL,'0',1,1,NULL),(154,'','2020-07-08 14:45:51','2020-07-08 14:45:51',NULL,'0',5,1,NULL),(155,'','2020-07-08 14:45:51','2020-07-08 14:45:51',NULL,'0',44,1,NULL),(156,'','2020-07-08 14:45:51','2020-07-08 14:45:51',NULL,'0',3,1,NULL),(157,'','2020-07-08 14:45:51','2020-07-08 14:45:51',NULL,'0',1,1,NULL),(158,'','2020-07-08 14:45:51','2020-07-08 14:45:51',NULL,'0',8,1,NULL),(159,'','2020-07-08 14:45:51','2020-07-08 14:45:51',NULL,'0',3,1,NULL),(160,'','2020-07-08 14:45:51','2020-07-08 14:45:51',NULL,'0',2,1,NULL),(161,'','2020-07-08 14:45:51','2020-07-08 14:45:51',NULL,'0',44,1,NULL),(162,'','2020-07-08 14:45:51','2020-07-08 14:45:51',NULL,'0',6,1,NULL),(163,'','2020-07-08 14:45:51','2020-07-08 14:45:51',NULL,'0',6,1,NULL),(164,'','2020-07-08 14:45:51','2020-07-08 14:45:51',NULL,'0',6,1,NULL),(165,'','2020-07-08 14:45:51','2020-07-08 14:45:51',NULL,'0',6,1,NULL),(166,'','2020-07-08 14:45:52','2020-07-08 14:45:52',NULL,'0',6,1,NULL),(167,'','2020-07-08 14:45:52','2020-07-08 14:45:52',NULL,'0',6,1,NULL),(168,'','2020-07-08 14:45:52','2020-07-08 14:45:52',NULL,'0',5,1,NULL),(169,'','2020-07-08 14:45:52','2020-07-08 14:45:52',NULL,'0',44,1,NULL),(170,'','2020-07-08 14:45:52','2020-07-08 14:45:52',NULL,'0',1,1,NULL),(171,'','2020-07-08 14:45:52','2020-07-08 14:45:52',NULL,'0',10,1,NULL),(172,'','2020-07-08 14:45:52','2020-07-08 14:45:52',NULL,'0',1,1,NULL),(173,'','2020-07-08 14:45:52','2020-07-08 14:45:52',NULL,'0',1,1,NULL),(174,'','2020-07-08 14:45:53','2020-07-08 14:45:53',NULL,'0',8,1,NULL),(175,'','2020-07-08 14:45:53','2020-07-08 14:45:53',NULL,'0',9,1,NULL),(176,'','2020-07-20 21:31:40','2020-07-20 21:31:40',NULL,'1',23,1,NULL),(178,'','2020-07-20 21:31:40','2020-07-20 21:31:40',NULL,'0',1,1,NULL),(184,'','2020-07-20 22:20:23','2020-07-20 22:20:23',NULL,'1',23,1,NULL),(186,'','2020-07-20 22:20:23','2020-07-20 22:20:23',NULL,'0',1,1,NULL),(187,'','2020-07-20 22:23:11','2020-07-20 22:23:11',NULL,'1',1,1,NULL),(188,'','2020-07-20 22:25:21','2020-07-20 22:25:21',NULL,'0',32,1,NULL),(189,'','2020-07-20 22:30:33','2020-07-20 22:30:33',NULL,'0',1,1,NULL),(190,'','2020-07-20 22:32:56','2020-08-23 13:41:55',NULL,'0',8,1,'TzozMjoiQ29uY3JldGVcQ29yZVxMZWdhY3lcQmxvY2tSZWNvcmQiOjEzOntzOjM6ImJJRCI7czozOiIxOTAiO3M6OToiACoAX3RhYmxlIjtzOjExOiJidFBhZ2VUaXRsZSI7czoxNDoidXNlQ3VzdG9tVGl0bGUiO3M6MToiMCI7czoxNDoidXNlRmlsdGVyVGl0bGUiO3M6MToiMCI7czoxNDoidXNlRmlsdGVyVG9waWMiO3M6MToiMCI7czoxMjoidXNlRmlsdGVyVGFnIjtzOjE6IjAiO3M6MTM6InVzZUZpbHRlckRhdGUiO3M6MToiMCI7czoxNToidG9waWNUZXh0Rm9ybWF0IjtzOjE6IjAiO3M6MTM6InRhZ1RleHRGb3JtYXQiO3M6OToidXBwZXJXb3JkIjtzOjE0OiJkYXRlVGV4dEZvcm1hdCI7czoxOiIwIjtzOjE2OiJmaWx0ZXJEYXRlRm9ybWF0IjtzOjM6IkYgWSI7czo5OiJ0aXRsZVRleHQiO3M6Mzc6IlvQl9Cw0LPQvtC70L7QstC+0Log0YHRgtGA0LDQvdC40YbRi10iO3M6MTA6ImZvcm1hdHRpbmciO3M6MjoiaDEiO30='),(191,'','2020-07-20 22:33:36','2020-07-20 22:33:36',NULL,'0',11,1,'TzozMjoiQ29uY3JldGVcQ29yZVxMZWdhY3lcQmxvY2tSZWNvcmQiOjc6e3M6MzoiYklEIjtzOjM6IjE5MSI7czo5OiIAKgBfdGFibGUiO3M6MTQ6ImJ0TmV4dFByZXZpb3VzIjtzOjk6Im5leHRMYWJlbCI7czoxODoi0KHQu9C10LTRg9GO0YnQuNC5IjtzOjEzOiJwcmV2aW91c0xhYmVsIjtzOjIwOiLQn9GA0LXQtNGL0LTRg9GJ0LjQuSI7czoxMToicGFyZW50TGFiZWwiO3M6MDoiIjtzOjEyOiJsb29wU2VxdWVuY2UiO3M6MToiMSI7czo3OiJvcmRlckJ5IjtzOjExOiJkaXNwbGF5X2FzYyI7fQ=='),(192,'','2020-07-20 22:35:07','2020-07-20 22:35:07',NULL,'0',7,1,'TzozMjoiQ29uY3JldGVcQ29yZVxMZWdhY3lcQmxvY2tSZWNvcmQiOjEwOntzOjM6ImJJRCI7czozOiIxOTIiO3M6OToiACoAX3RhYmxlIjtzOjEyOiJidE5hdmlnYXRpb24iO3M6Nzoib3JkZXJCeSI7czoxMToiZGlzcGxheV9hc2MiO3M6MTI6ImRpc3BsYXlQYWdlcyI7czozOiJ0b3AiO3M6MTU6ImRpc3BsYXlQYWdlc0NJRCI7czoxOiIwIjtzOjIzOiJkaXNwbGF5UGFnZXNJbmNsdWRlU2VsZiI7czoxOiIwIjtzOjE1OiJkaXNwbGF5U3ViUGFnZXMiO3M6MTk6InJlbGV2YW50X2JyZWFkY3J1bWIiO3M6MjA6ImRpc3BsYXlTdWJQYWdlTGV2ZWxzIjtzOjY6ImVub3VnaCI7czoyMzoiZGlzcGxheVN1YlBhZ2VMZXZlbHNOdW0iO3M6MToiMCI7czoyMzoiZGlzcGxheVVuYXZhaWxhYmxlUGFnZXMiO3M6MToiMCI7fQ=='),(193,'','2020-07-20 22:37:18','2020-07-20 22:37:18',NULL,'0',1,1,NULL),(194,'','2020-07-20 22:40:21','2020-07-20 22:40:21',NULL,'0',10,1,NULL),(195,'','2020-07-20 22:40:43','2020-07-20 22:40:43',NULL,'0',8,1,NULL),(196,'','2020-07-21 18:09:06','2020-07-21 18:09:16',NULL,'1',10,1,NULL),(197,'','2020-07-21 18:17:05','2020-07-21 18:17:05','masonry_macy','1',10,1,NULL),(200,'','2020-08-22 00:52:46','2020-08-22 00:52:46',NULL,'1',1,1,NULL),(202,'','2020-08-22 00:56:13','2020-08-22 00:56:21',NULL,'0',67,1,NULL),(203,'','2020-08-22 00:56:35','2020-08-22 00:57:49',NULL,'0',67,1,NULL),(204,'','2020-08-22 00:57:14','2020-08-22 00:57:14',NULL,'0',67,1,NULL),(205,'','2020-08-22 00:57:36','2020-08-22 00:57:36',NULL,'0',67,1,NULL),(206,'','2020-08-22 01:02:16','2020-08-22 01:02:16',NULL,'0',1,1,NULL),(212,'','2020-08-22 01:09:27','2020-08-22 01:09:27',NULL,'0',1,1,NULL),(213,'','2020-08-22 01:09:46','2020-08-22 01:09:46',NULL,'0',67,1,NULL),(214,'','2020-08-22 01:10:10','2020-08-22 01:10:10',NULL,'0',67,1,NULL),(215,'','2020-08-22 01:10:22','2020-08-22 01:10:22',NULL,'0',1,1,NULL),(216,'','2020-08-22 01:10:35','2020-08-22 01:10:35',NULL,'0',67,1,NULL),(226,'','2020-08-23 13:03:23','2020-08-23 13:03:23',NULL,'0',69,1,NULL),(227,'','2020-08-23 13:04:28','2020-08-23 13:04:28',NULL,'0',69,1,NULL),(228,'','2020-08-23 13:21:17','2020-08-23 13:21:17',NULL,'0',69,1,NULL),(229,'','2020-08-23 13:21:28','2020-08-23 13:21:28',NULL,'1',69,1,NULL),(230,'','2020-08-23 13:21:38','2020-08-23 13:21:38',NULL,'1',69,1,NULL),(231,'','2020-08-23 13:22:49','2020-08-23 13:22:49',NULL,'1',69,1,NULL),(232,'','2020-08-23 13:23:45','2020-08-23 13:23:45',NULL,'0',69,1,NULL),(233,'','2020-08-23 13:42:19','2020-08-23 13:42:19',NULL,'0',8,1,'TzozMjoiQ29uY3JldGVcQ29yZVxMZWdhY3lcQmxvY2tSZWNvcmQiOjEzOntzOjM6ImJJRCI7czozOiIyMzMiO3M6OToiACoAX3RhYmxlIjtzOjExOiJidFBhZ2VUaXRsZSI7czoxNDoidXNlQ3VzdG9tVGl0bGUiO3M6MToiMCI7czoxNDoidXNlRmlsdGVyVGl0bGUiO3M6MToiMCI7czoxNDoidXNlRmlsdGVyVG9waWMiO3M6MToiMCI7czoxMjoidXNlRmlsdGVyVGFnIjtzOjE6IjAiO3M6MTM6InVzZUZpbHRlckRhdGUiO3M6MToiMCI7czoxNToidG9waWNUZXh0Rm9ybWF0IjtzOjE6IjAiO3M6MTM6InRhZ1RleHRGb3JtYXQiO3M6OToidXBwZXJXb3JkIjtzOjE0OiJkYXRlVGV4dEZvcm1hdCI7czoxOiIwIjtzOjE2OiJmaWx0ZXJEYXRlRm9ybWF0IjtzOjM6IkYgWSI7czo5OiJ0aXRsZVRleHQiO3M6Mzc6IlvQl9Cw0LPQvtC70L7QstC+0Log0YHRgtGA0LDQvdC40YbRi10iO3M6MTA6ImZvcm1hdHRpbmciO3M6MjoiaDEiO30='),(234,'','2020-08-23 13:47:27','2020-08-23 13:47:27',NULL,'1',1,1,NULL),(235,'','2020-08-23 13:55:06','2020-08-23 13:55:06',NULL,'0',8,1,NULL),(236,'','2020-08-23 13:59:19','2020-08-23 13:59:19',NULL,'0',3,1,NULL),(237,'','2020-08-23 14:29:36','2020-08-23 14:29:36','responsive_header_navigation','1',7,1,NULL),(240,'','2020-08-23 14:55:33','2020-08-23 16:47:13','','0',3,1,NULL),(241,'','2020-08-23 14:56:26','2020-08-23 14:56:26',NULL,'0',69,1,NULL),(242,'','2020-08-23 14:57:03','2020-08-23 14:57:03',NULL,'0',69,1,NULL),(243,'','2020-08-23 14:57:19','2020-08-23 14:57:19',NULL,'0',69,1,NULL),(244,'','2020-08-23 14:57:36','2020-08-23 14:57:36',NULL,'0',69,1,NULL),(245,'','2020-08-23 15:08:10','2020-08-31 02:01:48','stucco_next_previous','0',11,1,NULL),(246,'','2020-08-23 15:16:03','2020-08-23 15:16:03',NULL,'0',11,1,NULL),(247,'','2020-08-23 15:30:32','2020-08-23 15:30:32','stucco_next_previous','1',11,1,NULL),(248,'','2020-08-23 15:32:38','2020-08-23 15:32:38','breadcrumb.php','1',7,1,NULL),(249,'','2020-08-23 15:33:35','2020-08-23 15:33:35','breadcrumb.php','1',7,1,NULL),(250,'','2020-08-23 15:34:22','2020-08-23 15:34:22','stucco_next_previous','1',11,1,NULL),(251,'','2020-08-23 15:35:07','2020-08-23 15:35:07','stucco_bread_crumbs','1',7,1,NULL),(252,'','2020-08-23 15:35:49','2020-08-23 15:36:45','breadcrumb.php','1',7,1,NULL),(253,'','2020-08-23 16:03:39','2020-08-23 16:03:39','stucco_next_previous','1',11,1,NULL),(254,'','2020-08-23 16:26:46','2020-08-23 16:26:46',NULL,'0',5,1,NULL),(256,'','2020-08-23 16:47:40','2020-08-23 16:47:40','','1',3,1,NULL),(258,'','2020-08-23 17:19:21','2020-08-23 17:20:12','','1',3,1,NULL),(259,'','2020-08-23 17:22:47','2020-08-23 17:22:47',NULL,'1',69,1,NULL),(260,'','2020-08-23 17:24:03','2020-08-23 17:24:03',NULL,'1',69,1,NULL),(261,'','2020-08-23 17:24:42','2020-08-23 17:24:42',NULL,'1',69,1,NULL),(262,'','2020-08-23 17:26:01','2020-08-23 17:26:01',NULL,'1',69,1,NULL),(263,'','2020-08-23 17:27:52','2020-08-23 17:27:52',NULL,'1',69,1,NULL),(264,'','2020-08-23 17:28:43','2020-08-23 17:28:43',NULL,'1',69,1,NULL),(265,'','2020-08-23 17:29:19','2020-08-23 17:29:19',NULL,'1',69,1,NULL),(270,'','2020-08-23 17:36:13','2020-08-23 17:36:13',NULL,'1',1,1,NULL),(271,'','2020-08-23 17:43:45','2020-08-23 17:43:45',NULL,'1',1,1,NULL),(272,'','2020-08-23 20:53:47','2020-08-23 20:54:35','masonry_macy','1',10,1,NULL),(274,'','2020-08-23 22:40:30','2020-08-23 22:40:30',NULL,'1',1,1,NULL),(275,'','2020-08-23 22:40:52','2020-08-23 22:40:52',NULL,'1',1,1,NULL),(276,'','2020-08-23 22:41:26','2020-08-23 22:41:26',NULL,'0',1,1,NULL),(277,'','2020-08-23 22:41:35','2020-08-23 22:41:35',NULL,'1',1,1,NULL),(278,'','2020-08-23 22:42:37','2020-08-23 22:42:37',NULL,'1',1,1,NULL),(286,'','2020-08-23 22:46:27','2020-08-23 22:46:27',NULL,'0',3,1,NULL),(287,'','2020-08-23 22:47:05','2020-08-23 22:47:05','','1',3,1,NULL),(288,'','2020-08-23 22:47:41','2020-08-23 22:47:41','','1',3,1,NULL),(289,'','2020-08-24 00:01:09','2020-08-24 00:01:09',NULL,'1',31,1,NULL),(302,'','2020-08-26 01:23:47','2020-08-26 01:23:47',NULL,'0',8,1,'TzozMjoiQ29uY3JldGVcQ29yZVxMZWdhY3lcQmxvY2tSZWNvcmQiOjEzOntzOjM6ImJJRCI7czozOiIzMDIiO3M6OToiACoAX3RhYmxlIjtzOjExOiJidFBhZ2VUaXRsZSI7czoxNDoidXNlQ3VzdG9tVGl0bGUiO3M6MToiMCI7czoxNDoidXNlRmlsdGVyVGl0bGUiO3M6MToiMCI7czoxNDoidXNlRmlsdGVyVG9waWMiO3M6MToiMCI7czoxMjoidXNlRmlsdGVyVGFnIjtzOjE6IjAiO3M6MTM6InVzZUZpbHRlckRhdGUiO3M6MToiMCI7czoxNToidG9waWNUZXh0Rm9ybWF0IjtzOjE6IjAiO3M6MTM6InRhZ1RleHRGb3JtYXQiO3M6OToidXBwZXJXb3JkIjtzOjE0OiJkYXRlVGV4dEZvcm1hdCI7czoxOiIwIjtzOjE2OiJmaWx0ZXJEYXRlRm9ybWF0IjtzOjM6IkYgWSI7czo5OiJ0aXRsZVRleHQiO3M6MTc6ItCeINC/0YDQvtC10LrRgtC1IjtzOjEwOiJmb3JtYXR0aW5nIjtzOjI6ImgxIjt9'),(303,'','2020-08-26 01:24:48','2020-08-26 01:24:48',NULL,'0',1,1,NULL),(306,'','2020-08-26 01:35:39','2020-08-26 01:36:02',NULL,'0',50,1,NULL),(310,'','2020-08-27 00:13:48','2020-08-27 00:13:49',NULL,'1',1,1,NULL),(311,'','2020-08-27 00:17:19','2020-08-27 00:17:20',NULL,'0',53,1,NULL),(315,'','2020-08-27 00:30:07','2020-08-27 00:31:03',NULL,'0',1,1,NULL),(316,'','2020-08-27 00:31:48','2020-08-27 00:31:56',NULL,'0',57,1,NULL),(317,'','2020-08-27 00:47:29','2020-08-27 00:50:29',NULL,'0',1,1,NULL),(319,'','2020-08-27 00:51:09','2020-08-27 00:51:09',NULL,'1',1,1,NULL),(320,'','2020-08-27 00:52:12','2020-08-27 00:52:12',NULL,'1',1,1,NULL),(321,'','2020-08-27 00:52:41','2020-08-27 00:52:41',NULL,'1',1,1,NULL),(322,'','2020-08-27 00:53:55','2020-08-27 00:53:55',NULL,'1',1,1,NULL),(323,'','2020-08-28 17:06:38','2020-08-28 17:06:38',NULL,'0',32,1,NULL),(338,'','2020-08-30 01:45:00','2020-08-30 01:45:00',NULL,'0',44,1,NULL),(339,'','2020-08-30 01:45:36','2020-08-30 01:45:36',NULL,'0',44,1,'TzozMjoiQ29uY3JldGVcQ29yZVxMZWdhY3lcQmxvY2tSZWNvcmQiOjM6e3M6MzoiYklEIjtzOjM6IjMzOSI7czo5OiIAKgBfdGFibGUiO3M6MTY6ImJ0Q29yZUFyZWFMYXlvdXQiO3M6MTA6ImFyTGF5b3V0SUQiO3M6MjoiMzQiO30='),(352,'','2020-08-30 10:30:21','2020-08-30 10:30:21',NULL,'0',57,1,'TzozMjoiQ29uY3JldGVcQ29yZVxMZWdhY3lcQmxvY2tSZWNvcmQiOjExOntzOjM6ImJJRCI7czozOiIzNTIiO3M6OToiACoAX3RhYmxlIjtzOjEwOiJidEFiU3BhY2VyIjtzOjQ6InNpemUiO3M6MToiMSI7czo1OiJzdHlsZSI7czo0OiJub25lIjtzOjU6ImNvbG9yIjtzOjA6IiI7czo2OiJoZWlnaHQiO3M6MjoiNTAiO3M6NDoibm90ZSI7czowOiIiO3M6OToic2hvd19saW5lIjtzOjE6IjAiO3M6OToic2hvd19ub3RlIjtzOjE6IjAiO3M6MTI6InNob3dfcGljdHVyZSI7czoxOiIwIjtzOjk6InBpY3R1cmVJRCI7czoxOiIwIjt9'),(355,'','2020-08-30 10:39:24','2020-08-30 10:39:24','','1',3,1,'TzozMjoiQ29uY3JldGVcQ29yZVxMZWdhY3lcQmxvY2tSZWNvcmQiOjEzOntzOjM6ImJJRCI7czozOiIzNTUiO3M6OToiACoAX3RhYmxlIjtzOjE0OiJidENvbnRlbnRJbWFnZSI7czozOiJmSUQiO3M6MjoiNjYiO3M6MTA6ImZPbnN0YXRlSUQiO3M6MToiMCI7czo5OiJjcm9wSW1hZ2UiO3M6MToiMCI7czo4OiJtYXhXaWR0aCI7czoxOiIwIjtzOjk6Im1heEhlaWdodCI7czoxOiIwIjtzOjEyOiJleHRlcm5hbExpbmsiO3M6MDoiIjtzOjE1OiJpbnRlcm5hbExpbmtDSUQiO3M6MToiMCI7czoxMDoiZmlsZUxpbmtJRCI7czoxOiIwIjtzOjE5OiJvcGVuTGlua0luTmV3V2luZG93IjtzOjE6IjAiO3M6NzoiYWx0VGV4dCI7czowOiIiO3M6NToidGl0bGUiO3M6MjQ6ItCt0LrRgNCw0L0g0YEg0LjQs9GA0L7QuSI7fQ=='),(356,'','2020-08-30 10:39:38','2020-08-30 10:39:38','','1',3,1,'TzozMjoiQ29uY3JldGVcQ29yZVxMZWdhY3lcQmxvY2tSZWNvcmQiOjEzOntzOjM6ImJJRCI7czozOiIzNTYiO3M6OToiACoAX3RhYmxlIjtzOjE0OiJidENvbnRlbnRJbWFnZSI7czozOiJmSUQiO3M6MjoiNjUiO3M6MTA6ImZPbnN0YXRlSUQiO3M6MToiMCI7czo5OiJjcm9wSW1hZ2UiO3M6MToiMCI7czo4OiJtYXhXaWR0aCI7czoxOiIwIjtzOjk6Im1heEhlaWdodCI7czoxOiIwIjtzOjEyOiJleHRlcm5hbExpbmsiO3M6MDoiIjtzOjE1OiJpbnRlcm5hbExpbmtDSUQiO3M6MToiMCI7czoxMDoiZmlsZUxpbmtJRCI7czoxOiIwIjtzOjE5OiJvcGVuTGlua0luTmV3V2luZG93IjtzOjE6IjAiO3M6NzoiYWx0VGV4dCI7czowOiIiO3M6NToidGl0bGUiO3M6MjY6ItCt0LrRgNCw0L0g0YEg0YTQsNC60YLQvtC8Ijt9'),(358,'','2020-08-30 10:43:34','2020-08-30 10:43:34',NULL,'0',46,1,NULL),(366,'','2020-08-30 12:12:34','2020-08-30 12:12:34',NULL,'0',46,1,NULL),(391,'','2020-08-30 16:07:41','2020-08-30 16:07:41','parallax','1',44,1,NULL),(404,'','2020-08-30 16:33:48','2020-08-30 16:33:48','','1',44,1,NULL),(428,'','2020-08-30 21:14:04','2020-08-30 21:17:12','','1',70,1,'TzozMjoiQ29uY3JldGVcQ29yZVxMZWdhY3lcQmxvY2tSZWNvcmQiOjc6e3M6MzoiYklEIjtzOjM6IjQyOCI7czo5OiIAKgBfdGFibGUiO3M6MjI6ImJ0U2ltcGxlQnV0dG9uRnJ1aXRmdWwiO3M6MTA6ImJ1dHRvblRleHQiO3M6MTI6ItCY0LPRgNCw0YLRjCI7czo1OiJhcnJvdyI7czo3OiJub2Fycm93IjtzOjg6ImxpbmtUeXBlIjtzOjg6ImV4dGVybmFsIjtzOjY6InBhZ2VJRCI7czozOiIyNzMiO3M6MTI6ImV4dGVybmFsTGluayI7czo0NzoiaHR0cDovL2dhbWVzLjEwMNC70LXRgtC90LDRiNC10LzRg9C00L7QvNGDLtGA0YQiO30='),(429,'','2020-08-30 21:14:21','2020-08-30 21:14:21','','1',70,1,'TzozMjoiQ29uY3JldGVcQ29yZVxMZWdhY3lcQmxvY2tSZWNvcmQiOjc6e3M6MzoiYklEIjtzOjM6IjQyOSI7czo5OiIAKgBfdGFibGUiO3M6MjI6ImJ0U2ltcGxlQnV0dG9uRnJ1aXRmdWwiO3M6MTA6ImJ1dHRvblRleHQiO3M6MjM6ItCn0LjRgtCw0YLRjCDQutC90LjQs9GDIjtzOjU6ImFycm93IjtzOjc6Im5vYXJyb3ciO3M6ODoibGlua1R5cGUiO3M6ODoiaW50ZXJuYWwiO3M6NjoicGFnZUlEIjtzOjM6IjI3MyI7czoxMjoiZXh0ZXJuYWxMaW5rIjtzOjA6IiI7fQ=='),(430,'','2020-08-30 21:16:27','2020-08-30 21:16:27','','1',56,1,NULL),(431,'','2020-08-30 21:23:03','2020-08-30 21:23:03','','1',1,1,NULL),(433,'','2020-08-30 21:24:55','2020-08-30 21:26:11','','1',1,1,NULL),(436,'','2020-08-30 21:32:51','2020-08-30 21:33:06','','1',3,1,'TzozMjoiQ29uY3JldGVcQ29yZVxMZWdhY3lcQmxvY2tSZWNvcmQiOjEzOntzOjM6ImJJRCI7czozOiI0MzYiO3M6OToiACoAX3RhYmxlIjtzOjE0OiJidENvbnRlbnRJbWFnZSI7czozOiJmSUQiO3M6MjoiNjQiO3M6MTA6ImZPbnN0YXRlSUQiO3M6MToiMCI7czo5OiJjcm9wSW1hZ2UiO3M6MToiMCI7czo4OiJtYXhXaWR0aCI7czoxOiIwIjtzOjk6Im1heEhlaWdodCI7czozOiI0NTAiO3M6MTI6ImV4dGVybmFsTGluayI7czowOiIiO3M6MTU6ImludGVybmFsTGlua0NJRCI7czoxOiIwIjtzOjEwOiJmaWxlTGlua0lEIjtzOjE6IjAiO3M6MTk6Im9wZW5MaW5rSW5OZXdXaW5kb3ciO3M6MToiMCI7czo3OiJhbHRUZXh0IjtzOjA6IiI7czo1OiJ0aXRsZSI7czoyNToi0JPQu9Cw0LLQvdGL0Lkg0Y3QutGA0LDQvSI7fQ=='),(439,'','2020-08-30 21:37:48','2020-08-30 21:41:47','','1',44,1,NULL),(442,'','2020-08-30 22:10:49','2020-08-30 22:10:49',NULL,'1',55,1,NULL),(443,'','2020-08-30 22:14:19','2020-08-30 22:14:19',NULL,'0',26,1,NULL),(444,'','2020-08-30 22:17:45','2020-08-30 22:17:45','','1',50,1,NULL),(445,'','2020-08-30 22:19:55','2020-08-30 22:19:55','','1',50,1,NULL),(446,'','2020-08-30 22:47:24','2020-08-30 22:47:24',NULL,'1',1,1,NULL),(447,'','2020-08-30 22:48:28','2020-08-30 22:48:28',NULL,'1',1,1,NULL),(448,'','2020-08-30 22:48:52','2020-08-30 22:48:52',NULL,'1',1,1,NULL),(449,'','2020-08-30 22:56:07','2020-08-30 22:57:17',NULL,'1',1,1,NULL),(450,'','2020-08-30 22:56:47','2020-08-30 22:56:47',NULL,'1',1,1,NULL),(451,'','2020-08-30 22:57:36','2020-08-30 22:57:36',NULL,'1',1,1,NULL),(452,'','2020-08-30 22:58:50','2020-08-30 22:58:50',NULL,'1',1,1,NULL),(453,'','2020-08-30 22:59:10','2020-08-30 22:59:10',NULL,'1',1,1,NULL),(454,'','2020-08-30 23:08:47','2020-08-30 23:11:12','','0',5,1,NULL),(461,'','2020-08-30 23:29:02','2020-08-30 23:29:02',NULL,'0',32,1,NULL),(463,'','2020-08-30 23:32:49','2020-08-30 23:32:49',NULL,'0',44,1,NULL),(464,'','2020-08-30 23:34:17','2020-08-30 23:35:20','','1',44,1,NULL),(465,'','2020-08-30 23:40:12','2020-08-30 23:45:45','','0',1,1,NULL),(466,'','2020-08-30 23:40:22','2020-08-30 23:40:36',NULL,'1',1,1,NULL),(467,'','2020-08-30 23:48:13','2020-08-30 23:51:57','','1',1,1,NULL),(468,'','2020-08-31 00:08:41','2020-08-31 00:08:41','','1',1,1,NULL),(469,'','2020-08-31 00:10:34','2020-08-31 00:10:34','','1',1,1,NULL),(470,'','2020-08-31 00:15:11','2020-08-31 00:15:11',NULL,'1',32,1,NULL),(476,'','2020-08-31 00:19:07','2020-08-31 00:19:07',NULL,'0',51,1,NULL),(478,'','2020-08-31 00:47:18','2020-08-31 00:47:18',NULL,'1',51,1,NULL),(479,'','2020-08-31 00:49:04','2020-08-31 00:49:04',NULL,'0',53,1,NULL),(481,'','2020-08-31 00:50:55','2020-08-31 00:50:55',NULL,'0',56,1,NULL),(482,'','2020-08-31 00:52:24','2020-08-31 00:52:24',NULL,'1',56,1,NULL),(483,'','2020-08-31 00:53:10','2020-08-31 00:53:10',NULL,'1',53,1,NULL),(485,'','2020-08-31 00:55:49','2020-08-31 00:55:49',NULL,'0',44,1,NULL),(486,'','2020-08-31 00:56:55','2020-08-31 00:56:55',NULL,'1',1,1,NULL),(487,'','2020-08-31 01:00:37','2020-08-31 01:00:37','','1',1,1,NULL),(488,'','2020-08-31 01:04:05','2020-08-31 01:04:05',NULL,'0',46,1,NULL),(490,'','2020-08-31 01:05:54','2020-08-31 01:06:40','','1',1,1,NULL),(491,'','2020-08-31 01:27:47','2020-08-31 01:28:59','','1',1,1,NULL),(493,'','2020-08-31 01:46:56','2020-08-31 01:46:56','','1',1,1,NULL),(494,'','2020-08-31 01:50:14','2020-08-31 01:50:14','','1',3,1,NULL),(495,'','2020-08-31 01:51:53','2020-08-31 01:51:53',NULL,'1',69,1,NULL),(497,'','2020-08-31 01:55:39','2020-08-31 01:55:39',NULL,'1',69,1,NULL),(498,'','2020-08-31 01:56:27','2020-08-31 01:56:27',NULL,'1',69,1,NULL),(499,'','2020-08-31 01:57:14','2020-08-31 01:57:14',NULL,'1',69,1,NULL),(500,'','2020-08-31 01:57:52','2020-08-31 01:58:08',NULL,'1',69,1,NULL),(501,'','2020-08-31 02:00:11','2020-08-31 02:00:11','stucco_next_previous','1',11,1,NULL),(503,'','2020-08-31 02:07:04','2020-08-31 02:07:04','','1',3,1,NULL),(504,'','2020-08-31 02:07:54','2020-08-31 02:07:54',NULL,'1',69,1,NULL),(505,'','2020-08-31 02:08:59','2020-08-31 02:09:00',NULL,'1',69,1,NULL),(506,'','2020-08-31 10:53:58','2020-08-31 10:55:01','masonry_macy','1',10,1,NULL),(508,'','2020-08-31 10:57:43','2020-08-31 10:57:43','masonry_macy','1',10,1,NULL),(510,'','2020-08-31 11:10:55','2020-08-31 11:14:08',NULL,'1',1,1,NULL),(511,'','2020-08-31 11:11:16','2020-08-31 11:11:16',NULL,'1',1,1,NULL),(513,'','2020-08-31 11:11:54','2020-08-31 11:11:54',NULL,'1',1,1,NULL),(514,'','2020-08-31 11:12:12','2020-08-31 11:12:12',NULL,'1',1,1,NULL),(515,'','2020-08-31 11:17:58','2020-08-31 11:17:58',NULL,'1',1,1,NULL),(516,'','2020-08-31 11:18:25','2020-08-31 11:18:25',NULL,'1',1,1,NULL),(517,'','2020-08-31 12:05:19','2020-08-31 12:05:19','fruitful_page_title_and_description.php','1',8,1,NULL),(518,'','2020-08-31 12:06:08','2020-08-31 12:06:59','','1',8,1,NULL),(530,'','2020-08-31 13:01:17','2020-08-31 13:01:17',NULL,'0',17,1,NULL),(531,'','2020-08-31 13:04:20','2020-08-31 13:04:20',NULL,'1',1,1,'TzozMjoiQ29uY3JldGVcQ29yZVxMZWdhY3lcQmxvY2tSZWNvcmQiOjM6e3M6MzoiYklEIjtzOjM6IjUzMSI7czo5OiIAKgBfdGFibGUiO3M6MTQ6ImJ0Q29udGVudExvY2FsIjtzOjc6ImNvbnRlbnQiO3M6MTMwOiI8cD48YSBocmVmPSJ7Q0NNOkNJRF8yNDZ9Ij7QniDQn9Cg0J7QldCa0KLQlTwvYT48YnIgLz4NCjxhIGhyZWY9IntDQ006QkFTRV9VUkx9L2NvbnRhY3RzIj7QmtCe0J3QotCQ0JrQotCrPC9hPjxiciAvPg0KJm5ic3A7PC9wPg0KIjt9'),(532,'','2020-08-31 13:07:52','2020-08-31 13:07:52',NULL,'0',44,1,'TzozMjoiQ29uY3JldGVcQ29yZVxMZWdhY3lcQmxvY2tSZWNvcmQiOjM6e3M6MzoiYklEIjtzOjM6IjUzMiI7czo5OiIAKgBfdGFibGUiO3M6MTY6ImJ0Q29yZUFyZWFMYXlvdXQiO3M6MTA6ImFyTGF5b3V0SUQiO3M6MjoiNTYiO30='),(533,'','2020-08-31 13:15:04','2020-08-31 13:15:04',NULL,'1',1,1,NULL),(534,'','2020-08-31 13:20:01','2020-08-31 13:20:02',NULL,'1',1,1,NULL),(540,'','2020-08-31 13:26:13','2020-08-31 13:26:13',NULL,'0',1,1,NULL),(543,'','2020-08-31 13:28:07','2020-08-31 13:28:07',NULL,'1',1,1,NULL),(545,'','2020-08-31 13:29:53','2020-08-31 13:29:53',NULL,'1',1,1,NULL),(546,'','2020-08-31 13:30:41','2020-08-31 13:30:41',NULL,'1',1,1,NULL),(547,'','2020-08-31 13:31:51','2020-08-31 13:53:37',NULL,'1',1,1,NULL),(548,'','2020-08-31 13:51:15','2020-08-31 13:55:52',NULL,'0',3,1,NULL),(549,'','2020-08-31 13:51:49','2020-08-31 13:56:27','','0',44,1,NULL),(553,'','2020-08-31 13:55:00','2020-08-31 13:55:00',NULL,'1',1,1,NULL),(554,'','2020-08-31 13:55:25','2020-08-31 13:55:25',NULL,'1',1,1,NULL),(555,'','2020-08-31 13:58:16','2020-08-31 14:00:21','','1',44,1,NULL),(556,'','2020-08-31 14:00:11','2020-08-31 14:00:44','','1',1,1,NULL),(557,'','2020-08-31 14:01:11','2020-08-31 14:01:31','','1',1,1,NULL),(558,'','2020-08-31 14:01:56','2020-08-31 14:02:22','','1',3,1,NULL),(559,'','2020-08-31 14:02:56','2020-08-31 14:02:56',NULL,'1',1,1,NULL),(562,'','2020-08-31 14:30:47','2020-08-31 14:30:47',NULL,'1',69,1,NULL),(563,'','2020-08-31 14:43:07','2020-08-31 14:43:07',NULL,'0',32,1,NULL),(564,'','2020-08-31 14:43:40','2020-08-31 14:43:40',NULL,'0',1,1,NULL),(565,'','2020-08-31 14:48:14','2020-08-31 14:48:14',NULL,'0',3,1,NULL),(572,'','2020-08-31 14:58:55','2020-08-31 14:58:55',NULL,'0',3,1,NULL),(573,'','2020-08-31 14:59:54','2020-08-31 14:59:54',NULL,'0',3,1,NULL),(575,'','2020-08-31 15:01:49','2020-08-31 15:01:49',NULL,'0',3,1,NULL),(576,'','2020-08-31 15:02:12','2020-08-31 15:02:12',NULL,'0',3,1,NULL),(581,'','2020-08-31 15:16:13','2020-08-31 15:22:18',NULL,'0',1,1,NULL),(586,'','2020-08-31 15:30:31','2020-08-31 15:30:31','','1',3,1,NULL),(587,'','2020-08-31 15:35:36','2020-08-31 15:35:36',NULL,'1',1,1,NULL),(588,'','2020-08-31 15:36:29','2020-08-31 15:36:29',NULL,'0',1,1,NULL),(589,'','2020-08-31 15:39:14','2020-08-31 15:44:11',NULL,'1',1,1,NULL),(590,'','2020-08-31 15:48:44','2020-08-31 15:53:10',NULL,'1',1,1,NULL),(591,'','2020-08-31 15:55:16','2020-08-31 15:55:16',NULL,'1',1,1,NULL),(592,'','2020-08-31 15:56:35','2020-08-31 15:56:35',NULL,'1',1,1,NULL),(593,'','2020-08-31 15:57:35','2020-08-31 15:57:35',NULL,'1',69,1,NULL),(594,'','2020-08-31 16:05:29','2020-08-31 16:05:29',NULL,'1',1,1,NULL),(599,'','2020-08-31 16:23:56','2020-08-31 16:23:56',NULL,'0',1,1,NULL),(604,'','2020-08-31 16:31:33','2020-08-31 16:31:33',NULL,'0',1,1,NULL),(609,'','2020-08-31 16:40:43','2020-08-31 16:53:33',NULL,'0',1,1,NULL),(610,'','2020-08-31 16:43:20','2020-08-31 16:43:33','','1',50,1,NULL),(611,'','2020-08-31 16:53:58','2020-08-31 16:53:58',NULL,'0',32,1,NULL),(612,'','2020-08-31 16:54:55','2020-08-31 16:55:33','','1',50,1,NULL),(613,'','2020-08-31 16:56:03','2020-08-31 16:56:03',NULL,'1',1,1,NULL),(614,'','2020-08-31 16:56:44','2020-08-31 16:56:44',NULL,'1',1,1,NULL),(615,'','2020-08-31 16:56:56','2020-08-31 16:56:56','','1',50,1,NULL),(616,'','2020-08-31 16:57:26','2020-08-31 16:57:26','','1',8,1,NULL),(617,'','2020-08-31 16:58:05','2020-08-31 16:58:05',NULL,'0',32,1,NULL),(618,'','2020-08-31 16:59:58','2020-08-31 16:59:58','','1',8,1,NULL),(619,'','2020-08-31 17:01:58','2020-08-31 17:01:58',NULL,'0',1,1,NULL),(620,'','2020-08-31 17:05:55','2020-08-31 17:05:55',NULL,'1',1,1,NULL),(621,'','2020-08-31 17:06:12','2020-08-31 17:06:12',NULL,'0',32,1,NULL),(622,'','2020-08-31 17:07:35','2020-08-31 17:07:35',NULL,'0',1,1,NULL),(623,'','2020-08-31 17:07:52','2020-08-31 17:07:52',NULL,'0',32,1,NULL),(624,'','2020-08-31 17:08:16','2020-08-31 17:08:16',NULL,'0',1,1,NULL),(625,'','2020-08-31 17:08:52','2020-08-31 17:08:52',NULL,'1',1,1,NULL),(626,'','2020-08-31 17:10:21','2020-08-31 17:10:21',NULL,'0',32,1,NULL),(627,'','2020-08-31 17:10:51','2020-08-31 17:10:51',NULL,'0',1,1,NULL),(628,'','2020-08-31 17:12:02','2020-08-31 17:13:15',NULL,'1',1,1,NULL),(629,'','2020-08-31 17:12:12','2020-08-31 17:14:17',NULL,'0',1,1,NULL),(631,'','2020-08-31 17:14:55','2020-08-31 17:14:55',NULL,'0',32,1,NULL),(632,'','2020-08-31 17:15:19','2020-08-31 17:15:19',NULL,'0',1,1,NULL),(633,'','2020-08-31 17:15:42','2020-08-31 17:15:42',NULL,'0',32,1,NULL),(634,'','2020-08-31 17:17:05','2020-08-31 17:17:05',NULL,'0',1,1,NULL),(635,'','2020-08-31 17:17:52','2020-08-31 17:17:52',NULL,'1',1,1,NULL),(636,'','2020-08-31 17:18:39','2020-08-31 17:18:39',NULL,'1',1,1,NULL),(637,'','2020-08-31 17:18:55','2020-08-31 17:18:55',NULL,'0',1,1,NULL),(638,'','2020-08-31 17:19:06','2020-08-31 17:19:06',NULL,'0',1,1,NULL),(639,'','2020-08-31 17:19:16','2020-08-31 17:19:16',NULL,'0',1,1,NULL),(640,'','2020-08-31 17:20:36','2020-08-31 17:20:36',NULL,'0',32,1,NULL),(641,'','2020-08-31 17:21:44','2020-08-31 17:23:16',NULL,'0',1,1,NULL),(643,'','2020-08-31 17:23:09','2020-08-31 17:23:09',NULL,'0',32,1,NULL),(644,'','2020-08-31 17:23:24','2020-08-31 17:23:24',NULL,'0',1,1,NULL),(645,'','2020-08-31 17:24:01','2020-08-31 17:24:01',NULL,'0',32,1,NULL),(646,'','2020-08-31 17:24:10','2020-08-31 17:24:10',NULL,'0',1,1,NULL),(647,'','2020-08-31 17:24:59','2020-08-31 17:24:59',NULL,'1',1,1,NULL),(648,'','2020-08-31 17:25:11','2020-08-31 17:25:11',NULL,'1',1,1,NULL),(649,'','2020-08-31 17:25:20','2020-08-31 17:25:20',NULL,'1',1,1,NULL),(650,'','2020-08-31 17:25:54','2020-08-31 17:25:54',NULL,'1',1,1,NULL),(651,'','2020-08-31 17:26:38','2020-08-31 17:26:38',NULL,'1',1,1,NULL),(656,'','2020-08-31 17:33:04','2020-08-31 17:35:57',NULL,'0',1,1,NULL),(657,'','2020-08-31 17:33:29','2020-08-31 17:33:29',NULL,'0',32,1,NULL),(658,'','2020-08-31 17:34:34','2020-08-31 17:34:47',NULL,'0',1,1,NULL),(659,'','2020-08-31 17:35:37','2020-08-31 17:35:37',NULL,'0',1,1,NULL),(660,'','2020-08-31 17:36:05','2020-08-31 17:40:23',NULL,'0',1,1,NULL),(665,'','2020-08-31 17:55:53','2020-08-31 17:55:53',NULL,'0',1,1,NULL),(666,'','2020-08-31 17:56:13','2020-08-31 17:56:13',NULL,'0',1,1,NULL),(667,'','2020-08-31 17:56:50','2020-08-31 17:56:50',NULL,'0',1,1,NULL),(668,'','2020-08-31 17:57:42','2020-08-31 17:57:42',NULL,'0',1,1,NULL),(669,'','2020-08-31 17:58:30','2020-08-31 17:58:30',NULL,'0',1,1,NULL),(674,'','2020-08-31 17:59:48','2020-08-31 18:05:26',NULL,'0',1,1,NULL),(675,'','2020-08-31 18:05:49','2020-08-31 18:09:40',NULL,'0',1,1,NULL),(676,'','2020-08-31 18:06:52','2020-08-31 18:10:40',NULL,'0',1,1,NULL),(677,'','2020-08-31 18:11:11','2020-08-31 18:11:11',NULL,'0',1,1,NULL),(678,'','2020-08-31 18:11:36','2020-08-31 18:11:36',NULL,'0',32,1,NULL),(679,'','2020-08-31 18:12:19','2020-08-31 18:12:19',NULL,'0',1,1,NULL),(680,'','2020-08-31 18:12:49','2020-08-31 18:12:49',NULL,'1',1,1,NULL),(681,'','2020-08-31 18:13:00','2020-08-31 18:13:00',NULL,'1',1,1,NULL),(686,'','2020-08-31 18:14:44','2020-08-31 18:20:19',NULL,'0',1,1,NULL),(687,'','2020-08-31 18:15:18','2020-08-31 18:23:40',NULL,'0',1,1,NULL),(688,'','2020-08-31 18:15:45','2020-08-31 18:26:47',NULL,'0',1,1,NULL),(689,'','2020-08-31 18:16:11','2020-08-31 18:16:11',NULL,'0',1,1,NULL),(690,'','2020-08-31 18:20:41','2020-08-31 18:20:41',NULL,'0',32,1,NULL),(691,'','2020-08-31 18:23:28','2020-08-31 18:23:28',NULL,'0',1,1,NULL),(692,'','2020-08-31 18:24:05','2020-08-31 18:24:05',NULL,'0',32,1,NULL),(693,'','2020-08-31 18:24:43','2020-08-31 18:24:43',NULL,'0',1,1,NULL),(694,'','2020-08-31 18:27:16','2020-08-31 18:27:16',NULL,'0',32,1,NULL),(695,'','2020-08-31 18:27:54','2020-08-31 18:27:54',NULL,'0',1,1,NULL),(696,'','2020-08-31 18:28:45','2020-08-31 18:28:45',NULL,'1',1,1,NULL),(697,'','2020-08-31 18:29:52','2020-08-31 18:29:52',NULL,'1',1,1,NULL),(698,'','2020-08-31 18:30:15','2020-08-31 18:30:15',NULL,'0',3,1,NULL),(700,'','2020-08-31 18:31:47','2020-08-31 18:32:05',NULL,'0',1,1,NULL),(702,'','2020-08-31 18:33:17','2020-08-31 18:33:17','','1',3,1,NULL),(703,'','2020-08-31 18:33:20','2020-08-31 18:33:20',NULL,'0',1,1,NULL),(704,'','2020-08-31 18:33:56','2020-08-31 18:33:56',NULL,'0',32,1,NULL),(706,'','2020-08-31 18:34:51','2020-08-31 18:34:51',NULL,'0',1,1,NULL),(707,'','2020-08-31 18:35:23','2020-08-31 18:35:23','','1',3,1,NULL),(708,'','2020-08-31 18:35:31','2020-08-31 18:35:31',NULL,'1',1,1,NULL),(709,'','2020-08-31 18:35:40','2020-08-31 18:35:40',NULL,'1',1,1,NULL),(710,'','2020-08-31 18:35:57','2020-08-31 18:35:57',NULL,'1',1,1,NULL),(717,'','2020-08-31 18:47:11','2020-08-31 18:47:11','','1',3,1,NULL),(719,'','2020-08-31 18:55:13','2020-08-31 18:55:13','','1',3,1,NULL),(722,'','2020-08-31 18:56:25','2020-08-31 18:56:25','','1',3,1,NULL),(723,'','2020-08-31 18:57:23','2020-08-31 18:57:23',NULL,'0',1,1,NULL),(724,'','2020-08-31 18:57:49','2020-08-31 18:57:49',NULL,'0',1,1,NULL),(725,'','2020-08-31 18:58:11','2020-08-31 18:58:11',NULL,'0',1,1,NULL),(726,'','2020-08-31 18:58:44','2020-08-31 19:01:14',NULL,'0',1,1,NULL),(728,'','2020-08-31 19:00:21','2020-08-31 19:00:21','','1',3,1,NULL),(729,'','2020-08-31 19:01:20','2020-08-31 19:01:20',NULL,'1',1,1,NULL),(731,'','2020-08-31 19:03:20','2020-08-31 19:03:21','','1',3,1,NULL),(733,'','2020-08-31 19:04:58','2020-08-31 19:04:58',NULL,'1',1,1,NULL),(734,'','2020-08-31 19:05:16','2020-08-31 19:05:16','','1',3,1,NULL),(735,'','2020-08-31 19:05:19','2020-08-31 19:05:19',NULL,'0',32,1,NULL),(740,'','2020-08-31 19:06:55','2020-08-31 19:06:55',NULL,'0',1,1,NULL),(746,'','2020-08-31 19:10:19','2020-08-31 19:10:19','','1',3,1,NULL),(747,'','2020-08-31 19:14:55','2020-08-31 19:15:58',NULL,'1',1,1,NULL),(748,'','2020-08-31 19:19:27','2020-08-31 19:19:27',NULL,'0',32,1,NULL),(749,'','2020-08-31 19:20:33','2020-08-31 19:20:33',NULL,'0',1,1,NULL),(755,'','2020-08-31 19:22:28','2020-08-31 19:22:28',NULL,'0',1,1,NULL),(756,'','2020-08-31 19:23:04','2020-08-31 19:30:03',NULL,'0',1,1,NULL),(757,'','2020-08-31 19:23:41','2020-08-31 19:23:41',NULL,'0',1,1,NULL),(758,'','2020-08-31 19:27:40','2020-08-31 19:29:11',NULL,'0',1,1,NULL),(759,'','2020-08-31 19:30:12','2020-08-31 19:30:12',NULL,'0',1,1,NULL),(760,'','2020-08-31 19:30:34','2020-08-31 19:30:34',NULL,'0',32,1,NULL),(761,'','2020-08-31 19:31:09','2020-08-31 19:32:08',NULL,'0',1,1,NULL),(762,'','2020-08-31 19:31:40','2020-08-31 19:31:40',NULL,'0',32,1,NULL),(763,'','2020-08-31 19:31:59','2020-08-31 19:31:59',NULL,'0',1,1,NULL),(764,'','2020-08-31 19:35:42','2020-08-31 19:35:42',NULL,'0',1,1,NULL),(765,'','2020-08-31 19:36:53','2020-08-31 19:36:53',NULL,'0',78,1,NULL),(766,'','2020-08-31 19:37:17','2020-08-31 19:37:17',NULL,'0',1,1,NULL),(767,'','2020-08-31 19:37:51','2020-08-31 19:37:51',NULL,'1',1,1,NULL),(768,'','2020-08-31 19:38:30','2020-08-31 19:38:30',NULL,'1',1,1,NULL),(769,'','2020-08-31 19:39:49','2020-08-31 19:39:49',NULL,'0',1,1,NULL),(770,'','2020-08-31 20:07:39','2020-08-31 20:07:39',NULL,'1',32,1,NULL),(771,'','2020-08-31 20:07:50','2020-08-31 20:07:50',NULL,'1',32,1,NULL),(772,'','2020-08-31 20:10:59','2020-08-31 20:10:59',NULL,'1',32,1,NULL),(773,'','2020-08-31 20:11:10','2020-08-31 20:11:10',NULL,'1',32,1,NULL),(774,'','2020-08-31 20:11:59','2020-08-31 20:11:59',NULL,'1',1,1,NULL),(775,'','2020-08-31 20:14:14','2020-08-31 20:14:14',NULL,'1',32,1,NULL),(776,'','2020-08-31 20:15:29','2020-08-31 20:15:29',NULL,'1',32,1,NULL),(777,'','2020-08-31 20:16:05','2020-08-31 20:16:05',NULL,'1',32,1,NULL),(778,'','2020-08-31 20:17:30','2020-08-31 20:17:30',NULL,'1',32,1,NULL),(779,'','2020-08-31 20:19:18','2020-08-31 20:19:18',NULL,'1',32,1,NULL),(780,'','2020-08-31 20:21:35','2020-08-31 20:21:35',NULL,'1',32,1,NULL),(781,'','2020-08-31 20:21:49','2020-08-31 20:21:49',NULL,'1',32,1,NULL),(782,'','2020-08-31 20:21:58','2020-08-31 20:21:58',NULL,'1',32,1,NULL),(783,'','2020-08-31 20:25:24','2020-08-31 20:25:24',NULL,'1',1,1,NULL),(784,'','2020-08-31 20:25:30','2020-08-31 20:25:30',NULL,'1',32,1,NULL),(785,'','2020-08-31 20:25:38','2020-08-31 20:25:38',NULL,'1',32,1,NULL),(786,'','2020-08-31 20:29:34','2020-08-31 20:31:10',NULL,'0',32,1,NULL),(787,'','2020-08-31 20:31:02','2020-08-31 20:31:02',NULL,'1',32,1,NULL),(788,'','2020-08-31 20:33:00','2020-08-31 20:33:00',NULL,'1',1,1,NULL),(789,'','2020-08-31 20:33:09','2020-08-31 20:33:09',NULL,'0',1,1,NULL),(790,'','2020-08-31 20:35:25','2020-08-31 20:35:25',NULL,'1',32,1,NULL),(791,'','2020-08-31 20:35:37','2020-08-31 20:35:37',NULL,'1',32,1,NULL),(792,'','2020-08-31 20:36:23','2020-08-31 20:36:23',NULL,'1',32,1,NULL),(793,'','2020-08-31 20:38:15','2020-08-31 20:38:15',NULL,'1',32,1,NULL),(794,'','2020-08-31 20:40:00','2020-08-31 20:40:00',NULL,'1',32,1,NULL),(795,'','2020-08-31 20:42:45','2020-08-31 20:42:45',NULL,'1',32,1,NULL),(796,'','2020-08-31 20:43:00','2020-08-31 20:43:00',NULL,'1',32,1,NULL),(797,'','2020-08-31 20:43:11','2020-08-31 20:43:11',NULL,'1',32,1,NULL),(798,'','2020-08-31 20:43:23','2020-08-31 20:43:23',NULL,'1',32,1,NULL),(799,'','2020-08-31 20:45:33','2020-08-31 20:45:51',NULL,'1',32,1,NULL),(800,'','2020-08-31 20:45:45','2020-08-31 20:45:57',NULL,'1',32,1,NULL),(801,'','2020-08-31 20:47:49','2020-08-31 20:47:49',NULL,'0',34,1,NULL),(802,'','2020-08-31 20:50:12','2020-08-31 20:50:12',NULL,'1',1,1,NULL),(803,'','2020-08-31 20:53:55','2020-08-31 20:53:55',NULL,'1',1,1,NULL),(804,'','2020-08-31 20:55:02','2020-08-31 20:55:35',NULL,'1',1,1,NULL),(805,'','2020-08-31 20:55:14','2020-08-31 20:55:14',NULL,'1',1,1,NULL),(806,'','2020-08-31 20:59:25','2020-08-31 20:59:25',NULL,'0',32,1,NULL),(807,'','2020-08-31 21:00:21','2020-08-31 21:00:21',NULL,'0',1,1,NULL),(808,'','2020-08-31 21:00:44','2020-08-31 21:00:44',NULL,'1',1,1,NULL),(809,'','2020-08-31 21:01:22','2020-08-31 21:01:22',NULL,'1',1,1,NULL),(818,'','2020-09-01 07:38:08','2020-09-01 07:38:08',NULL,'0',1,1,NULL),(819,'','2020-09-01 07:39:08','2020-09-01 07:39:08',NULL,'0',1,1,NULL),(820,'','2020-09-01 07:39:59','2020-09-01 07:39:59',NULL,'0',1,1,NULL),(821,'','2020-09-01 07:41:43','2020-09-01 07:41:43',NULL,'0',1,1,NULL),(822,'','2020-09-01 07:42:19','2020-09-01 07:42:19',NULL,'1',1,1,NULL),(824,'','2020-09-01 14:29:05','2020-09-01 14:29:05',NULL,'1',1,1,NULL),(825,'','2020-09-01 14:30:01','2020-09-01 14:30:01',NULL,'1',1,1,NULL),(828,'','2020-09-01 14:37:04','2020-09-01 14:37:24','','0',4,1,NULL),(829,'','2020-09-01 14:38:27','2020-09-01 14:38:56','','1',4,1,NULL),(830,'','2020-09-01 14:39:41','2020-09-01 14:39:56','','1',50,1,NULL),(832,'','2020-09-01 14:45:18','2020-09-01 14:45:18',NULL,'1',1,1,'TzozMjoiQ29uY3JldGVcQ29yZVxMZWdhY3lcQmxvY2tSZWNvcmQiOjM6e3M6MzoiYklEIjtzOjM6IjgzMiI7czo5OiIAKgBfdGFibGUiO3M6MTQ6ImJ0Q29udGVudExvY2FsIjtzOjc6ImNvbnRlbnQiO3M6NDA5OiI8cD7Qn9GA0L7QtdC60YIgJmxhcXVvOzEwMCDQu9C10YIg0L3QsNGI0LXQvNGDINC00L7QvNGDJnJhcXVvOyDRgNCw0LfRgNCw0LHQvtGC0LDQvTo8L3A+DQoNCjxwPiZjb3B5OyDQkNCd0J4gJnF1b3Q70KLQkNCi0JDQoNCh0JrQntCVINCU0JXQotCh0JrQntCVINCY0JfQlNCQ0KLQldCb0KzQodCi0JLQniZxdW90OywmbmJzcDsyMDIwPC9wPg0KDQo8cD48YSBocmVmPSJodHRwOi8vdGRwcmVzcy5ydSIgdGFyZ2V0PSJfYmxhbmsiPjxjb25jcmV0ZS1waWN0dXJlIGZJRD0iMTU3IiBhbHQ9ItCi0JDQotCQ0KDQodCa0J7QlSDQlNCV0KLQodCa0J7QlSDQmNCX0JTQkNCi0JXQm9Cs0KHQotCS0J4iIGNsYXNzPSJjb250ZW50LWVkaXRvci1pbWFnZS1sZWZ0IiBoZWlnaHQ9IjEwMCIgd2lkdGg9IjEzNiIgLz48L2E+PC9wPg0KIjt9'),(833,'','2020-09-01 14:48:26','2020-09-01 14:56:26','','0',1,1,NULL),(834,'','2020-09-01 14:52:09','2020-09-01 14:52:09',NULL,'1',1,1,NULL),(835,'','2020-09-01 14:52:45','2020-09-01 14:52:46',NULL,'1',1,1,NULL),(836,'','2020-09-01 14:57:21','2020-09-01 14:57:41','','1',1,1,NULL),(838,'','2020-09-01 14:58:19','2020-09-01 14:58:19',NULL,'1',1,1,NULL),(839,'','2020-09-01 14:58:35','2020-09-01 14:58:50','','1',1,1,NULL),(840,'','2020-09-01 14:59:58','2020-09-01 14:59:58',NULL,'1',1,1,NULL),(841,'','2020-09-01 15:07:46','2020-09-01 15:07:46',NULL,'1',1,1,NULL),(842,'','2020-09-01 15:08:15','2020-09-01 15:08:15',NULL,'1',1,1,NULL),(843,'','2020-09-01 15:08:49','2020-09-01 15:08:49',NULL,'1',1,1,NULL),(844,'','2020-09-01 15:09:06','2020-09-01 15:09:06',NULL,'1',1,1,NULL),(845,'','2020-09-01 15:09:37','2020-09-01 15:09:37',NULL,'1',1,1,NULL),(846,'','2020-09-01 15:09:49','2020-09-01 15:09:49',NULL,'1',1,1,NULL),(847,'','2020-09-01 15:10:28','2020-09-01 15:10:35',NULL,'1',1,1,NULL),(848,'','2020-09-01 15:11:15','2020-09-01 15:11:15',NULL,'1',1,1,NULL),(849,'','2020-09-01 15:11:44','2020-09-01 15:11:44',NULL,'1',1,1,NULL),(850,'','2020-09-01 15:12:58','2020-09-01 15:13:43',NULL,'1',1,1,NULL),(851,'','2020-09-01 15:15:14','2020-09-01 15:17:02',NULL,'1',1,1,NULL),(852,'','2020-09-01 15:24:14','2020-09-01 15:26:01',NULL,'1',1,1,NULL),(853,'','2020-09-01 15:27:08','2020-09-01 15:29:03',NULL,'1',1,1,NULL),(854,'','2020-09-01 15:27:14','2020-09-01 15:28:53',NULL,'1',1,1,NULL),(855,'','2020-09-01 15:30:09','2020-09-01 15:30:38',NULL,'1',1,1,NULL),(856,'','2020-09-01 15:38:09','2020-09-01 15:38:09',NULL,'1',1,1,NULL),(858,'','2020-09-01 15:40:12','2020-09-01 15:46:55',NULL,'1',1,1,NULL),(871,'','2020-09-01 15:47:45','2020-09-01 15:47:45',NULL,'1',1,1,NULL),(872,'','2020-09-01 15:48:54','2020-09-01 15:49:19',NULL,'1',1,1,NULL),(873,'','2020-09-01 15:49:10','2020-09-01 15:49:10',NULL,'1',1,1,NULL),(875,'','2020-09-01 15:52:34','2020-09-01 15:52:34',NULL,'1',1,1,NULL),(876,'','2020-09-01 15:52:52','2020-09-01 15:52:52',NULL,'1',1,1,NULL),(877,'','2020-09-01 15:53:03','2020-09-01 15:53:03',NULL,'1',1,1,NULL),(878,'','2020-09-01 15:53:18','2020-09-01 15:53:18',NULL,'1',1,1,NULL),(879,'','2020-09-01 16:00:19','2020-09-01 16:05:54',NULL,'1',1,1,NULL),(880,'','2020-09-01 16:07:20','2020-09-01 16:07:20',NULL,'1',1,1,NULL),(881,'','2020-09-01 16:09:37','2020-09-01 16:09:57',NULL,'1',1,1,NULL),(882,'','2020-09-01 16:10:29','2020-09-01 16:11:10',NULL,'1',1,1,NULL),(883,'','2020-09-01 16:11:02','2020-09-01 16:13:39',NULL,'1',1,1,NULL),(884,'','2020-09-01 16:14:37','2020-09-01 16:14:37',NULL,'1',1,1,NULL),(887,'','2020-09-01 16:15:22','2020-09-01 16:15:22',NULL,'1',1,1,NULL),(889,'','2020-09-01 16:15:39','2020-09-01 16:15:39',NULL,'1',1,1,NULL),(890,'','2020-09-01 16:16:22','2020-09-01 16:16:22',NULL,'1',1,1,NULL),(891,'','2020-09-01 16:17:05','2020-09-01 16:17:05',NULL,'1',1,1,NULL),(892,'','2020-09-01 16:19:22','2020-09-01 16:19:22',NULL,'1',32,1,NULL),(893,'','2020-09-01 16:19:28','2020-09-01 16:19:28',NULL,'1',1,1,NULL),(894,'','2020-09-01 16:19:34','2020-09-01 16:19:34',NULL,'1',1,1,NULL),(895,'','2020-09-01 16:20:52','2020-09-01 16:20:52',NULL,'1',1,1,NULL),(896,'','2020-09-01 16:21:29','2020-09-01 16:21:29',NULL,'1',1,1,NULL),(897,'','2020-09-01 16:21:36','2020-09-01 16:21:36',NULL,'1',1,1,NULL),(898,'','2020-09-01 16:21:45','2020-09-01 16:21:45',NULL,'1',1,1,NULL),(899,'','2020-09-01 16:55:18','2020-09-01 16:55:18',NULL,'1',1,1,NULL),(900,'','2020-09-01 16:57:00','2020-09-01 16:57:00',NULL,'1',1,1,NULL),(901,'','2020-09-01 17:02:40','2020-09-01 17:02:40',NULL,'1',1,1,NULL),(902,'','2020-09-01 17:08:14','2020-09-01 17:08:14',NULL,'1',1,1,NULL),(903,'','2020-09-01 17:09:33','2020-09-01 17:09:33',NULL,'1',1,1,NULL),(904,'','2020-09-01 17:19:44','2020-09-01 17:19:44',NULL,'0',56,1,NULL),(905,'','2020-09-01 17:20:50','2020-09-01 17:20:50',NULL,'1',56,1,NULL),(906,'','2020-09-01 17:21:18','2020-09-01 17:21:18',NULL,'1',56,1,NULL),(908,'','2020-09-01 17:24:04','2020-09-01 17:24:04',NULL,'0',80,1,NULL),(909,'','2020-09-01 17:31:00','2020-09-01 17:31:37','','1',80,1,NULL),(911,'','2020-09-01 20:52:57','2020-09-01 20:52:57',NULL,'0',16,1,NULL),(912,'','2020-09-01 22:48:55','2020-09-01 22:48:55',NULL,'1',1,1,NULL),(913,'','2020-09-01 22:54:47','2020-09-01 22:54:47',NULL,'1',1,1,NULL),(914,'','2020-09-01 22:58:14','2020-09-01 22:58:14','','1',1,1,NULL),(915,'','2020-09-01 23:00:41','2020-09-01 23:00:41',NULL,'1',32,1,NULL),(916,'','2020-09-02 09:39:00','2020-09-02 09:40:20',NULL,'1',1,1,NULL),(917,'','2020-09-02 09:40:47','2020-09-02 09:40:47',NULL,'1',1,1,NULL),(918,'','2020-09-02 09:40:53','2020-09-02 09:40:53',NULL,'1',1,1,NULL),(919,'','2020-09-02 09:50:25','2020-09-02 09:56:28',NULL,'1',1,1,NULL),(920,'','2020-09-02 10:01:57','2020-09-02 10:01:57',NULL,'1',1,1,NULL),(921,'','2020-09-02 10:02:05','2020-09-02 10:02:05',NULL,'1',1,1,NULL),(922,'','2020-09-02 10:02:13','2020-09-02 10:02:13',NULL,'1',1,1,NULL),(923,'','2020-09-02 10:03:10','2020-09-02 10:03:10',NULL,'1',1,1,NULL),(924,'','2020-09-02 10:03:44','2020-09-02 10:03:44',NULL,'1',1,1,NULL),(925,'','2020-09-02 10:26:32','2020-09-02 10:26:32',NULL,'1',1,1,NULL),(926,'','2020-09-02 10:26:47','2020-09-02 10:28:44',NULL,'1',1,1,NULL),(927,'','2020-09-02 10:29:16','2020-09-02 10:29:16',NULL,'1',1,1,NULL),(928,'','2020-09-02 10:32:37','2020-09-02 10:32:37',NULL,'1',1,1,NULL),(929,'','2020-09-02 10:33:43','2020-09-02 10:33:43',NULL,'1',1,1,NULL),(930,'','2020-09-02 10:41:12','2020-09-02 10:41:47',NULL,'1',1,1,NULL),(931,'','2020-09-02 10:46:54','2020-09-02 10:46:54',NULL,'1',1,1,NULL),(932,'','2020-09-02 11:00:31','2020-09-02 11:00:31',NULL,'1',1,1,NULL),(933,'','2020-09-02 11:01:16','2020-09-02 11:01:16',NULL,'1',1,1,NULL),(934,'','2020-09-02 11:05:12','2020-09-02 11:05:12',NULL,'1',1,1,NULL),(935,'','2020-09-02 11:06:57','2020-09-02 11:06:58',NULL,'1',1,1,NULL),(936,'','2020-09-02 11:11:21','2020-09-02 11:11:21',NULL,'1',1,1,NULL),(937,'','2020-09-02 11:12:08','2020-09-02 11:12:08',NULL,'1',1,1,NULL),(938,'','2020-09-02 11:13:55','2020-09-02 11:13:55','','1',1,1,NULL),(939,'','2020-09-02 11:15:19','2020-09-02 11:15:19',NULL,'1',1,1,NULL),(940,'','2020-09-02 11:15:50','2020-09-02 11:15:50',NULL,'1',1,1,NULL),(941,'','2020-09-02 11:16:18','2020-09-02 11:16:18',NULL,'1',1,1,NULL),(942,'','2020-09-02 11:16:49','2020-09-02 11:16:49',NULL,'1',1,1,NULL),(943,'','2020-09-02 11:17:03','2020-09-02 11:17:03',NULL,'1',1,1,NULL),(944,'','2020-09-02 11:20:36','2020-09-02 11:20:36',NULL,'1',1,1,NULL),(945,'','2020-09-02 11:34:00','2020-09-02 11:34:00','','1',1,1,NULL),(947,'','2020-09-02 11:38:48','2020-09-02 11:38:48',NULL,'1',1,1,NULL),(948,'','2020-09-02 11:39:12','2020-09-02 11:39:12',NULL,'1',1,1,NULL),(950,'','2020-09-02 11:42:07','2020-09-02 11:42:07',NULL,'1',31,1,NULL),(951,'','2020-09-02 12:03:31','2020-09-02 12:03:31',NULL,'1',1,1,NULL),(952,'','2020-09-02 12:24:37','2020-09-02 12:24:37',NULL,'1',1,1,NULL),(953,'','2020-09-02 12:25:55','2020-09-02 12:25:55',NULL,'1',1,1,NULL),(954,'','2020-09-02 12:26:53','2020-09-02 12:26:53',NULL,'1',1,1,NULL),(955,'','2020-09-02 12:27:05','2020-09-02 12:27:38',NULL,'1',1,1,NULL),(956,'','2020-09-02 12:29:13','2020-09-02 12:29:13',NULL,'1',1,1,NULL),(957,'','2020-09-02 12:41:12','2020-09-02 12:41:12',NULL,'1',1,1,NULL),(958,'','2020-09-02 12:47:16','2020-09-02 12:48:08',NULL,'1',1,1,NULL),(959,'','2020-09-02 13:07:47','2020-09-02 13:07:47',NULL,'1',1,1,NULL),(960,'','2020-09-02 13:08:10','2020-09-02 13:08:10',NULL,'1',1,1,NULL),(961,'','2020-09-02 13:09:10','2020-09-02 13:09:46',NULL,'1',1,1,NULL),(963,'','2020-09-02 13:19:09','2020-09-02 13:19:09',NULL,'1',1,1,NULL),(964,'','2020-09-02 13:20:52','2020-09-02 13:20:52',NULL,'1',1,1,NULL),(965,'','2020-09-02 13:22:50','2020-09-02 13:22:50',NULL,'1',1,1,NULL),(966,'','2020-09-02 13:23:14','2020-09-02 13:23:14',NULL,'1',1,1,NULL),(967,'','2020-09-02 13:24:43','2020-09-02 13:24:43',NULL,'1',1,1,NULL),(968,'','2020-09-02 13:24:45','2020-09-02 13:24:45',NULL,'1',1,1,NULL),(969,'','2020-09-02 13:25:09','2020-09-02 13:25:09',NULL,'1',1,1,NULL),(970,'','2020-09-02 13:25:37','2020-09-02 13:25:37',NULL,'1',1,1,NULL),(971,'','2020-09-02 13:25:47','2020-09-02 13:25:47',NULL,'1',1,1,NULL),(972,'','2020-09-02 13:26:35','2020-09-02 13:26:35',NULL,'1',1,1,NULL),(973,'','2020-09-02 13:30:59','2020-09-02 13:30:59',NULL,'1',1,1,NULL),(974,'','2020-09-02 13:32:39','2020-09-02 13:32:39',NULL,'1',1,1,NULL),(975,'','2020-09-02 13:33:20','2020-09-02 13:33:20',NULL,'1',1,1,NULL),(976,'','2020-09-02 13:34:11','2020-09-02 13:34:11',NULL,'1',1,1,NULL),(977,'','2020-09-02 13:38:59','2020-09-02 13:39:50',NULL,'1',1,1,NULL),(978,'','2020-09-02 13:49:47','2020-09-02 13:49:47',NULL,'1',1,1,NULL),(979,'','2020-09-02 13:50:33','2020-09-02 13:50:33',NULL,'1',1,1,NULL),(980,'','2020-09-02 13:56:09','2020-09-02 13:56:09',NULL,'1',1,1,NULL),(981,'','2020-09-02 14:01:56','2020-09-02 14:04:03',NULL,'1',1,1,NULL),(982,'','2020-09-02 14:03:52','2020-09-02 14:03:52',NULL,'1',1,1,NULL),(983,'','2020-09-02 14:05:05','2020-09-02 14:05:05',NULL,'1',1,1,NULL),(984,'','2020-09-02 14:05:46','2020-09-02 14:08:35',NULL,'1',1,1,NULL),(985,'','2020-09-02 14:26:04','2020-09-02 14:26:04',NULL,'1',1,1,NULL),(986,'','2020-09-02 14:28:53','2020-09-02 14:28:53',NULL,'1',1,1,NULL),(987,'','2020-09-02 14:51:23','2020-09-02 14:51:23',NULL,'1',1,1,NULL),(988,'','2020-09-02 14:52:13','2020-09-02 14:52:13',NULL,'1',1,1,NULL),(989,'','2020-09-02 14:53:41','2020-09-02 14:53:41',NULL,'1',1,1,NULL),(990,'','2020-09-02 14:55:49','2020-09-02 14:55:49',NULL,'1',1,1,NULL),(991,'','2020-09-02 14:57:08','2020-09-02 14:57:08',NULL,'1',1,1,NULL),(992,'','2020-09-02 15:01:35','2020-09-02 15:01:35',NULL,'1',1,1,NULL),(993,'','2020-09-02 15:02:13','2020-09-02 15:02:13',NULL,'1',1,1,NULL),(994,'','2020-09-02 15:04:10','2020-09-02 15:04:10',NULL,'1',1,1,NULL),(995,'','2020-09-02 15:05:09','2020-09-02 15:05:09',NULL,'1',1,1,NULL),(996,'','2020-09-02 15:05:53','2020-09-02 15:05:53',NULL,'1',1,1,NULL),(997,'','2020-09-02 15:06:31','2020-09-02 15:06:31',NULL,'1',1,1,NULL),(998,'','2020-09-02 15:09:37','2020-09-02 15:09:37',NULL,'1',1,1,NULL),(999,'','2020-09-02 15:10:24','2020-09-02 15:10:24',NULL,'1',1,1,NULL),(1000,'','2020-09-02 15:11:27','2020-09-02 15:11:27',NULL,'1',1,1,NULL),(1001,'','2020-09-02 15:11:49','2020-09-02 15:13:29',NULL,'1',1,1,NULL),(1002,'','2020-09-02 15:14:55','2020-09-02 15:14:55',NULL,'1',1,1,NULL),(1003,'','2020-09-02 15:15:26','2020-09-02 15:15:26',NULL,'1',1,1,NULL),(1004,'','2020-09-02 15:16:15','2020-09-02 15:16:15',NULL,'1',1,1,NULL),(1005,'','2020-09-02 15:19:43','2020-09-02 15:19:43',NULL,'1',1,1,NULL),(1006,'','2020-09-02 15:21:18','2020-09-02 15:21:18',NULL,'1',1,1,NULL),(1007,'','2020-09-02 16:35:19','2020-09-02 16:35:19',NULL,'1',1,1,NULL),(1008,'','2020-09-02 16:41:59','2020-09-02 16:48:09',NULL,'1',1,1,NULL),(1009,'','2020-09-02 19:32:25','2020-09-02 19:32:25',NULL,'0',79,1,NULL),(1010,'','2020-09-02 21:49:21','2020-09-02 21:49:21',NULL,'1',1,1,NULL),(1011,'','2020-09-02 21:49:21','2020-09-02 21:49:21','','1',1,1,NULL),(1012,'','2020-09-02 21:49:21','2020-09-02 21:49:21',NULL,'1',1,1,NULL),(1013,'','2020-09-02 21:49:21','2020-09-02 21:49:21',NULL,'1',1,1,NULL),(1014,'','2020-09-02 21:49:21','2020-09-02 21:49:21',NULL,'1',1,1,NULL),(1015,'','2020-09-02 21:49:21','2020-09-02 21:49:21','','1',1,1,NULL),(1016,'','2020-09-02 21:49:21','2020-09-02 21:49:21',NULL,'1',1,1,NULL),(1017,'','2020-09-02 21:49:21','2020-09-02 21:49:21','masonry_macy','1',10,1,NULL),(1018,'','2020-09-02 21:49:21','2020-09-02 21:49:21','breadcrumb.php','1',7,1,NULL),(1019,'','2020-09-02 21:49:22','2020-09-02 21:49:22','breadcrumb.php','1',7,1,NULL),(1020,'','2020-09-02 21:49:22','2020-09-02 21:49:22',NULL,'1',1,1,NULL),(1021,'','2020-09-02 21:49:22','2020-09-02 21:49:22',NULL,'1',1,1,NULL),(1022,'','2020-09-02 21:49:22','2020-09-02 21:49:22',NULL,'1',1,1,NULL),(1023,'','2020-09-02 21:49:22','2020-09-02 21:49:22',NULL,'1',1,1,NULL),(1024,'','2020-09-02 21:49:22','2020-09-02 21:49:22',NULL,'1',1,1,NULL),(1025,'','2020-09-02 21:49:22','2020-09-02 21:49:22',NULL,'1',1,1,NULL),(1026,'','2020-09-02 21:49:22','2020-09-02 21:49:22',NULL,'1',1,1,NULL),(1027,'','2020-09-02 21:49:22','2020-09-02 21:49:22',NULL,'1',1,1,NULL),(1028,'','2020-09-02 21:49:22','2020-09-02 21:49:22',NULL,'1',1,1,NULL),(1029,'','2020-09-02 21:49:22','2020-09-02 21:49:22',NULL,'1',1,1,NULL),(1030,'','2020-09-02 21:49:22','2020-09-02 21:49:22','breadcrumb.php','1',7,1,NULL),(1031,'','2020-09-02 21:49:22','2020-09-02 21:49:22','','1',3,1,NULL),(1032,'','2020-09-02 21:49:22','2020-09-02 21:49:22',NULL,'1',1,1,NULL),(1033,'','2020-09-02 21:49:22','2020-09-02 21:49:22',NULL,'1',1,1,NULL),(1034,'','2020-09-02 21:49:22','2020-09-02 21:49:22',NULL,'1',1,1,NULL),(1035,'','2020-09-02 21:49:22','2020-09-02 21:49:22',NULL,'1',1,1,NULL),(1036,'','2020-09-02 21:49:23','2020-09-02 21:49:23','breadcrumb.php','1',7,1,NULL),(1037,'','2020-09-02 21:49:23','2020-09-02 21:49:23','','1',3,1,NULL),(1038,'','2020-09-02 21:49:23','2020-09-02 21:49:23',NULL,'1',1,1,NULL),(1039,'','2020-09-02 21:49:23','2020-09-02 21:49:23',NULL,'1',1,1,NULL),(1040,'','2020-09-02 21:49:23','2020-09-02 21:49:23',NULL,'1',1,1,NULL),(1041,'','2020-09-02 21:49:23','2020-09-02 21:49:23','breadcrumb.php','1',7,1,NULL),(1042,'','2020-09-02 21:49:23','2020-09-02 21:49:23','','1',3,1,NULL),(1043,'','2020-09-02 21:49:23','2020-09-02 21:49:23',NULL,'1',1,1,NULL),(1044,'','2020-09-02 21:49:23','2020-09-02 21:49:23',NULL,'1',1,1,NULL),(1045,'','2020-09-02 21:49:23','2020-09-02 21:49:23',NULL,'1',1,1,NULL),(1046,'','2020-09-02 21:49:23','2020-09-02 21:49:23',NULL,'1',1,1,NULL),(1047,'','2020-09-02 21:49:23','2020-09-02 21:49:23','breadcrumb.php','1',7,1,NULL),(1048,'','2020-09-02 21:49:23','2020-09-02 21:49:23','','1',3,1,NULL),(1049,'','2020-09-02 21:49:24','2020-09-02 21:49:24',NULL,'1',1,1,NULL),(1050,'','2020-09-02 21:49:24','2020-09-02 21:49:24',NULL,'1',1,1,NULL),(1051,'','2020-09-02 21:49:24','2020-09-02 21:49:24','breadcrumb.php','1',7,1,NULL),(1052,'','2020-09-02 21:49:24','2020-09-02 21:49:24','','1',3,1,NULL),(1053,'','2020-09-02 21:49:24','2020-09-02 21:49:24',NULL,'1',1,1,NULL),(1054,'','2020-09-02 21:49:24','2020-09-02 21:49:24',NULL,'1',1,1,NULL),(1055,'','2020-09-02 21:49:24','2020-09-02 21:49:24',NULL,'1',1,1,NULL),(1056,'','2020-09-02 21:49:24','2020-09-02 21:49:24',NULL,'1',1,1,NULL),(1057,'','2020-09-02 21:49:24','2020-09-02 21:49:24',NULL,'1',1,1,NULL),(1058,'','2020-09-02 21:49:24','2020-09-02 21:49:24',NULL,'1',1,1,NULL),(1059,'','2020-09-02 21:49:24','2020-09-02 21:49:24',NULL,'1',1,1,NULL),(1060,'','2020-09-02 21:49:24','2020-09-02 21:49:24','breadcrumb.php','1',7,1,NULL),(1061,'','2020-09-02 21:49:24','2020-09-02 21:49:24','','1',3,1,NULL),(1062,'','2020-09-02 21:49:24','2020-09-02 21:49:24',NULL,'1',1,1,NULL),(1063,'','2020-09-02 21:49:24','2020-09-02 21:49:24',NULL,'1',1,1,NULL),(1064,'','2020-09-02 21:49:25','2020-09-02 21:49:25',NULL,'1',1,1,NULL),(1065,'','2020-09-02 21:49:25','2020-09-02 21:49:25','breadcrumb.php','1',7,1,NULL),(1066,'','2020-09-02 21:49:25','2020-09-02 21:49:25','','1',3,1,NULL),(1067,'','2020-09-02 21:49:26','2020-09-02 21:49:26',NULL,'1',1,1,NULL),(1068,'','2020-09-02 21:49:26','2020-09-02 21:49:26',NULL,'1',1,1,NULL),(1069,'','2020-09-02 21:49:26','2020-09-02 21:49:26',NULL,'1',1,1,NULL),(1070,'','2020-09-02 21:49:26','2020-09-02 21:49:26',NULL,'1',1,1,NULL),(1071,'','2020-09-02 21:49:26','2020-09-02 21:49:26','breadcrumb.php','1',7,1,NULL),(1072,'','2020-09-02 21:49:26','2020-09-02 21:49:26','','1',3,1,NULL),(1073,'','2020-09-02 21:49:26','2020-09-02 21:49:26',NULL,'1',1,1,NULL),(1074,'','2020-09-02 21:49:26','2020-09-02 21:49:26',NULL,'1',1,1,NULL),(1075,'','2020-09-02 21:49:26','2020-09-02 21:49:26',NULL,'1',1,1,NULL),(1076,'','2020-09-02 21:49:26','2020-09-02 21:49:26',NULL,'1',1,1,NULL),(1077,'','2020-09-02 21:49:26','2020-09-02 21:49:26','breadcrumb.php','1',7,1,NULL),(1078,'','2020-09-02 21:49:26','2020-09-02 21:49:26','','1',3,1,NULL),(1079,'','2020-09-02 21:49:26','2020-09-02 21:49:26',NULL,'1',1,1,NULL),(1080,'','2020-09-02 21:49:27','2020-09-02 21:49:27',NULL,'1',1,1,NULL),(1081,'','2020-09-02 21:49:27','2020-09-02 21:49:27',NULL,'1',1,1,NULL),(1082,'','2020-09-02 21:49:27','2020-09-02 21:49:27',NULL,'1',1,1,NULL),(1083,'','2020-09-02 21:49:27','2020-09-02 21:49:27',NULL,'1',1,1,NULL),(1084,'','2020-09-02 21:49:27','2020-09-02 21:49:27','breadcrumb.php','1',7,1,NULL),(1085,'','2020-09-02 21:49:27','2020-09-02 21:49:27','','1',3,1,NULL),(1086,'','2020-09-02 21:49:27','2020-09-02 21:49:27',NULL,'1',1,1,NULL),(1087,'','2020-09-02 21:49:27','2020-09-02 21:49:27',NULL,'1',1,1,NULL),(1088,'','2020-09-02 21:49:27','2020-09-02 21:49:27',NULL,'1',1,1,NULL),(1089,'','2020-09-02 21:49:27','2020-09-02 21:49:27',NULL,'1',1,1,NULL),(1090,'','2020-09-02 21:49:27','2020-09-02 21:49:27',NULL,'1',1,1,NULL),(1091,'','2020-09-02 21:49:27','2020-09-02 21:49:27',NULL,'1',1,1,NULL),(1092,'','2020-09-02 21:49:27','2020-09-02 21:49:27',NULL,'1',1,1,NULL),(1093,'','2020-09-02 21:49:27','2020-09-02 21:49:27',NULL,'1',1,1,NULL),(1094,'','2020-09-02 21:49:27','2020-09-02 21:49:27',NULL,'1',1,1,NULL),(1095,'','2020-09-02 21:49:27','2020-09-02 21:49:27',NULL,'1',1,1,NULL),(1096,'','2020-09-02 21:49:27','2020-09-02 21:49:27','breadcrumb.php','1',7,1,NULL),(1097,'','2020-09-02 21:49:27','2020-09-02 21:49:27','','1',3,1,NULL),(1098,'','2020-09-02 21:49:28','2020-09-02 21:49:28',NULL,'1',1,1,NULL),(1099,'','2020-09-02 21:49:28','2020-09-02 21:49:28',NULL,'1',1,1,NULL),(1100,'','2020-09-02 21:49:28','2020-09-02 21:49:28',NULL,'1',1,1,NULL),(1101,'','2020-09-02 21:49:28','2020-09-02 21:49:28',NULL,'1',1,1,NULL),(1102,'','2020-09-02 21:49:28','2020-09-02 21:49:28',NULL,'1',1,1,NULL),(1103,'','2020-09-02 21:49:28','2020-09-02 21:49:28',NULL,'1',1,1,NULL),(1104,'','2020-09-02 21:49:28','2020-09-02 21:49:28','breadcrumb.php','1',7,1,NULL),(1105,'','2020-09-02 21:49:28','2020-09-02 21:49:28','','1',3,1,NULL),(1106,'','2020-09-02 21:49:28','2020-09-02 21:49:28','breadcrumb.php','1',7,1,NULL),(1107,'','2020-09-02 21:49:28','2020-09-02 21:49:28','','1',3,1,NULL),(1108,'','2020-09-02 21:49:29','2020-09-02 21:49:29',NULL,'1',1,1,NULL),(1109,'','2020-09-02 21:49:29','2020-09-02 21:49:29','breadcrumb.php','1',7,1,NULL),(1110,'','2020-09-02 21:49:29','2020-09-02 21:49:29','','1',3,1,NULL),(1111,'','2020-09-02 21:49:29','2020-09-02 21:49:29','','1',1,1,NULL),(1112,'','2020-09-02 21:49:29','2020-09-02 21:49:29',NULL,'1',1,1,NULL),(1113,'','2020-09-02 21:49:30','2020-09-02 21:49:30',NULL,'1',17,1,NULL),(1114,'','2020-09-02 21:49:30','2020-09-02 21:49:30','breadcrumb.php','1',7,1,NULL),(1115,'','2020-09-02 21:49:31','2020-09-02 21:49:31','','1',1,1,NULL),(1116,'','2020-09-02 21:49:31','2020-09-02 21:49:31','','1',1,1,NULL),(1117,'','2020-09-02 21:49:31','2020-09-02 21:49:31','breadcrumb.php','1',7,1,NULL),(1118,'','2020-09-02 21:58:58','2020-09-02 21:58:58','','1',79,1,'TzozMjoiQ29uY3JldGVcQ29yZVxMZWdhY3lcQmxvY2tSZWNvcmQiOjM6e3M6MzoiYklEIjtzOjQ6IjExMTgiO3M6OToiACoAX3RhYmxlIjtzOjE2OiJidFdoYWxlTWFudWFsTmF2IjtzOjg6Im5hdkl0ZW1zIjtzOjE0NzoiW3siaXRlbU5hbWUiOiLRgNGD0YHRgdC60LjQuSIsIml0ZW1VcmxOZXdXaW5kb3ciOiIxIiwiaXRlbVVybFR5cGUiOiJpbnRlcm5hbCIsIml0ZW1VcmxJbnRlcm5hbCI6IjEiLCJpdGVtVXJsRXh0ZXJuYWwiOiIiLCJpdGVtVXJsRmlsZSI6IjAiLCJpZCI6MX1dIjt9'),(1119,'','2020-09-02 22:17:10','2020-09-02 22:17:10',NULL,'0',46,1,NULL),(1120,'','2020-09-02 22:17:23','2020-09-02 22:17:23',NULL,'0',46,1,NULL),(1121,'','2020-09-02 22:17:31','2020-09-02 22:17:31',NULL,'0',46,1,NULL),(1122,'','2020-09-02 22:21:14','2020-09-02 22:21:14',NULL,'0',46,1,NULL),(1123,'','2020-09-02 22:21:36','2020-09-02 22:21:36',NULL,'0',46,1,NULL),(1124,'','2020-09-02 22:23:01','2020-09-02 22:23:01',NULL,'0',46,1,NULL),(1125,'','2020-09-02 22:24:00','2020-09-02 22:24:00',NULL,'0',44,1,NULL),(1127,'','2020-09-02 22:27:45','2020-09-02 22:27:45',NULL,'0',44,1,NULL),(1128,'','2020-09-02 22:29:24','2020-09-02 22:29:24',NULL,'0',44,1,'TzozMjoiQ29uY3JldGVcQ29yZVxMZWdhY3lcQmxvY2tSZWNvcmQiOjM6e3M6MzoiYklEIjtzOjQ6IjExMjgiO3M6OToiACoAX3RhYmxlIjtzOjE2OiJidENvcmVBcmVhTGF5b3V0IjtzOjEwOiJhckxheW91dElEIjtzOjI6IjYyIjt9'),(1130,'','2020-09-02 22:31:06','2020-09-02 22:31:06',NULL,'0',46,1,'TzozMjoiQ29uY3JldGVcQ29yZVxMZWdhY3lcQmxvY2tSZWNvcmQiOjM6e3M6MzoiYklEIjtzOjQ6IjExMzAiO3M6OToiACoAX3RhYmxlIjtzOjIyOiJidENvcmVTY3JhcGJvb2tEaXNwbGF5IjtzOjExOiJiT3JpZ2luYWxJRCI7czozOiI0MzYiO30='),(1132,'','2020-09-02 22:31:24','2020-09-02 22:31:24',NULL,'0',46,1,'TzozMjoiQ29uY3JldGVcQ29yZVxMZWdhY3lcQmxvY2tSZWNvcmQiOjM6e3M6MzoiYklEIjtzOjQ6IjExMzIiO3M6OToiACoAX3RhYmxlIjtzOjIyOiJidENvcmVTY3JhcGJvb2tEaXNwbGF5IjtzOjExOiJiT3JpZ2luYWxJRCI7czozOiIzNTUiO30='),(1133,'','2020-09-02 22:31:37','2020-09-02 22:31:37',NULL,'0',46,1,'TzozMjoiQ29uY3JldGVcQ29yZVxMZWdhY3lcQmxvY2tSZWNvcmQiOjM6e3M6MzoiYklEIjtzOjQ6IjExMzMiO3M6OToiACoAX3RhYmxlIjtzOjIyOiJidENvcmVTY3JhcGJvb2tEaXNwbGF5IjtzOjExOiJiT3JpZ2luYWxJRCI7czozOiIzNTYiO30='),(1134,'','2020-09-03 08:58:36','2020-09-03 08:58:37',NULL,'1',1,1,'TzozMjoiQ29uY3JldGVcQ29yZVxMZWdhY3lcQmxvY2tSZWNvcmQiOjM6e3M6MzoiYklEIjtzOjQ6IjExMzQiO3M6OToiACoAX3RhYmxlIjtzOjE0OiJidENvbnRlbnRMb2NhbCI7czo3OiJjb250ZW50IjtzOjE2MjoiPHA+PGEgaHJlZj0iaHR0cDovL3huLS0xMDAtOGNkdWViOWJtYmdxMGNzZDdlLnhuLS1wMWFpLyI+PGNvbmNyZXRlLXBpY3R1cmUgZklEPSI0MCIgYWx0PSIxMDDQu9C10YLQvdCw0YjQtdC80YPQtNC+0LzRgy7RgNGEIiBoZWlnaHQ9IjEwMCIgd2lkdGg9IjI3NiIgLz48L2E+PC9wPg0KIjt9'),(1135,'','2020-09-03 09:01:16','2020-09-03 09:01:25',NULL,'1',31,1,NULL),(1136,'','2020-09-03 09:20:38','2020-09-03 09:20:38',NULL,'1',1,1,NULL),(1137,'','2020-09-03 09:47:13','2020-09-03 09:47:13',NULL,'1',1,1,NULL),(1138,'','2020-09-03 09:48:37','2020-09-03 09:48:37',NULL,'1',1,1,NULL),(1139,'','2020-09-03 09:50:07','2020-09-03 09:50:07',NULL,'1',1,1,NULL),(1140,'','2020-09-03 09:54:31','2020-09-03 09:54:31',NULL,'1',1,1,NULL),(1141,'','2020-09-03 09:57:09','2020-09-03 09:57:09',NULL,'1',1,1,NULL),(1142,'','2020-09-03 09:59:02','2020-09-03 09:59:02',NULL,'1',1,1,NULL),(1143,'','2020-09-03 10:15:17','2020-09-03 10:15:17',NULL,'1',1,1,NULL),(1144,'','2020-09-03 10:15:41','2020-09-03 10:15:41',NULL,'1',1,1,NULL),(1145,'','2020-09-03 10:15:52','2020-09-03 10:15:52',NULL,'1',1,1,NULL),(1146,'','2020-09-03 10:18:02','2020-09-03 10:18:02',NULL,'1',1,1,NULL),(1147,'','2020-09-03 10:18:47','2020-09-03 10:18:47',NULL,'1',1,1,NULL),(1148,'','2020-09-03 11:31:22','2020-09-03 11:31:22',NULL,'1',1,1,NULL),(1149,'','2020-09-03 13:09:01','2020-09-03 13:09:01',NULL,'1',1,1,NULL),(1150,'','2020-09-03 13:10:21','2020-09-03 13:10:21',NULL,'1',1,1,NULL),(1151,'','2020-09-03 13:10:28','2020-09-03 13:10:28',NULL,'1',1,1,NULL),(1153,'','2020-09-03 13:17:20','2020-09-03 13:17:20',NULL,'1',1,1,NULL),(1156,'','2020-09-03 13:24:25','2020-09-03 13:24:25',NULL,'1',1,1,NULL),(1158,'','2020-09-03 13:25:42','2020-09-03 13:25:42','','1',1,1,NULL),(1159,'','2020-09-03 13:25:57','2020-09-03 13:25:57',NULL,'1',1,1,NULL),(1160,'','2020-09-03 13:26:12','2020-09-03 13:26:12',NULL,'1',1,1,NULL),(1161,'','2020-09-03 13:26:36','2020-09-03 13:26:36',NULL,'1',1,1,NULL),(1162,'','2020-09-03 13:26:39','2020-09-03 13:26:39','','1',1,1,NULL),(1163,'','2020-09-03 13:27:36','2020-09-03 13:27:36','','1',1,1,NULL),(1164,'','2020-09-03 13:28:04','2020-09-03 13:28:04','','1',1,1,NULL),(1165,'','2020-09-03 13:36:22','2020-09-03 13:36:22',NULL,'1',1,1,NULL),(1166,'','2020-09-03 13:40:33','2020-09-03 13:40:33',NULL,'1',1,1,NULL),(1167,'','2020-09-03 13:41:35','2020-09-03 13:41:35',NULL,'1',1,1,NULL),(1168,'','2020-09-03 13:46:56','2020-09-03 13:46:56','responsive_header_navigation','1',7,1,NULL),(1169,'','2020-09-03 13:47:33','2020-09-03 13:47:33','responsive_header_navigation','1',7,1,'TzozMjoiQ29uY3JldGVcQ29yZVxMZWdhY3lcQmxvY2tSZWNvcmQiOjEwOntzOjM6ImJJRCI7czo0OiIxMTY5IjtzOjk6IgAqAF90YWJsZSI7czoxMjoiYnROYXZpZ2F0aW9uIjtzOjc6Im9yZGVyQnkiO3M6MTE6ImRpc3BsYXlfYXNjIjtzOjEyOiJkaXNwbGF5UGFnZXMiO3M6MzoidG9wIjtzOjE1OiJkaXNwbGF5UGFnZXNDSUQiO3M6MzoiMjk5IjtzOjIzOiJkaXNwbGF5UGFnZXNJbmNsdWRlU2VsZiI7czoxOiIwIjtzOjE1OiJkaXNwbGF5U3ViUGFnZXMiO3M6NDoibm9uZSI7czoyMDoiZGlzcGxheVN1YlBhZ2VMZXZlbHMiO3M6NjoiY3VzdG9tIjtzOjIzOiJkaXNwbGF5U3ViUGFnZUxldmVsc051bSI7czoxOiIxIjtzOjIzOiJkaXNwbGF5VW5hdmFpbGFibGVQYWdlcyI7czoxOiIwIjt9'),(1170,'','2020-09-03 13:58:50','2020-09-03 13:58:50',NULL,'1',1,1,NULL),(1171,'','2020-09-03 14:00:14','2020-09-03 14:00:14',NULL,'1',1,1,NULL),(1172,'','2020-09-03 14:13:32','2020-09-03 14:13:32',NULL,'1',1,1,NULL),(1173,'','2020-09-03 14:16:35','2020-09-03 14:16:35',NULL,'1',1,1,NULL),(1174,'','2020-09-03 14:17:16','2020-09-03 14:17:16',NULL,'1',1,1,NULL),(1175,'','2020-09-03 14:27:37','2020-09-03 14:27:37',NULL,'1',1,1,NULL),(1176,'','2020-09-03 17:17:10','2020-09-03 17:25:41','','0',44,1,NULL),(1179,'','2020-09-03 17:19:55','2020-09-03 17:22:22',NULL,'0',44,1,NULL),(1182,'','2020-09-03 17:21:57','2020-09-03 17:21:57',NULL,'0',44,1,'TzozMjoiQ29uY3JldGVcQ29yZVxMZWdhY3lcQmxvY2tSZWNvcmQiOjM6e3M6MzoiYklEIjtzOjQ6IjExODIiO3M6OToiACoAX3RhYmxlIjtzOjE2OiJidENvcmVBcmVhTGF5b3V0IjtzOjEwOiJhckxheW91dElEIjtzOjI6IjY4Ijt9'),(1183,'','2020-09-03 17:22:53','2020-09-03 17:22:53',NULL,'0',44,1,NULL),(1184,'','2020-09-03 17:23:24','2020-09-03 17:23:24',NULL,'0',46,1,NULL),(1185,'','2020-09-03 17:23:36','2020-09-03 17:23:36',NULL,'0',46,1,NULL),(1186,'','2020-09-03 17:23:43','2020-09-03 17:23:43',NULL,'0',46,1,NULL),(1187,'','2020-09-03 17:24:11','2020-09-03 17:24:27','','1',1,1,NULL),(1188,'','2020-09-03 17:26:26','2020-09-03 17:27:39','','1',1,1,NULL),(1189,'','2020-09-03 17:28:16','2020-09-03 17:28:28','','1',44,1,NULL),(1190,'','2020-09-03 17:29:48','2020-09-03 17:29:48','','1',44,1,NULL),(1191,'','2020-09-03 17:30:30','2020-09-03 17:30:30','','1',3,1,'TzozMjoiQ29uY3JldGVcQ29yZVxMZWdhY3lcQmxvY2tSZWNvcmQiOjEzOntzOjM6ImJJRCI7czo0OiIxMTkxIjtzOjk6IgAqAF90YWJsZSI7czoxNDoiYnRDb250ZW50SW1hZ2UiO3M6MzoiZklEIjtzOjI6IjY0IjtzOjEwOiJmT25zdGF0ZUlEIjtzOjE6IjAiO3M6OToiY3JvcEltYWdlIjtzOjE6IjAiO3M6ODoibWF4V2lkdGgiO3M6MToiMCI7czo5OiJtYXhIZWlnaHQiO3M6MzoiNDUwIjtzOjEyOiJleHRlcm5hbExpbmsiO3M6MDoiIjtzOjE1OiJpbnRlcm5hbExpbmtDSUQiO3M6MToiMCI7czoxMDoiZmlsZUxpbmtJRCI7czoxOiIwIjtzOjE5OiJvcGVuTGlua0luTmV3V2luZG93IjtzOjE6IjAiO3M6NzoiYWx0VGV4dCI7czowOiIiO3M6NToidGl0bGUiO3M6MjU6ItCT0LvQsNCy0L3Ri9C5INGN0LrRgNCw0L0iO30='),(1192,'','2020-09-03 17:30:41','2020-09-03 17:30:41','','1',3,1,'TzozMjoiQ29uY3JldGVcQ29yZVxMZWdhY3lcQmxvY2tSZWNvcmQiOjEzOntzOjM6ImJJRCI7czo0OiIxMTkyIjtzOjk6IgAqAF90YWJsZSI7czoxNDoiYnRDb250ZW50SW1hZ2UiO3M6MzoiZklEIjtzOjI6IjY2IjtzOjEwOiJmT25zdGF0ZUlEIjtzOjE6IjAiO3M6OToiY3JvcEltYWdlIjtzOjE6IjAiO3M6ODoibWF4V2lkdGgiO3M6MToiMCI7czo5OiJtYXhIZWlnaHQiO3M6MToiMCI7czoxMjoiZXh0ZXJuYWxMaW5rIjtzOjA6IiI7czoxNToiaW50ZXJuYWxMaW5rQ0lEIjtzOjE6IjAiO3M6MTA6ImZpbGVMaW5rSUQiO3M6MToiMCI7czoxOToib3BlbkxpbmtJbk5ld1dpbmRvdyI7czoxOiIwIjtzOjc6ImFsdFRleHQiO3M6MDoiIjtzOjU6InRpdGxlIjtzOjI0OiLQrdC60YDQsNC9INGBINC40LPRgNC+0LkiO30='),(1193,'','2020-09-03 17:30:50','2020-09-03 17:30:57','','1',3,1,'TzozMjoiQ29uY3JldGVcQ29yZVxMZWdhY3lcQmxvY2tSZWNvcmQiOjEzOntzOjM6ImJJRCI7czo0OiIxMTkzIjtzOjk6IgAqAF90YWJsZSI7czoxNDoiYnRDb250ZW50SW1hZ2UiO3M6MzoiZklEIjtzOjI6IjY1IjtzOjEwOiJmT25zdGF0ZUlEIjtzOjE6IjAiO3M6OToiY3JvcEltYWdlIjtzOjE6IjAiO3M6ODoibWF4V2lkdGgiO3M6MToiMCI7czo5OiJtYXhIZWlnaHQiO3M6MToiMCI7czoxMjoiZXh0ZXJuYWxMaW5rIjtzOjA6IiI7czoxNToiaW50ZXJuYWxMaW5rQ0lEIjtzOjE6IjAiO3M6MTA6ImZpbGVMaW5rSUQiO3M6MToiMCI7czoxOToib3BlbkxpbmtJbk5ld1dpbmRvdyI7czoxOiIwIjtzOjc6ImFsdFRleHQiO3M6MDoiIjtzOjU6InRpdGxlIjtzOjI2OiLQrdC60YDQsNC9INGBINGE0LDQutGC0L7QvCI7fQ=='),(1194,'','2020-09-03 17:38:08','2020-09-03 17:40:29','','1',1,1,NULL),(1195,'','2020-09-03 17:38:26','2020-09-03 17:39:13','','1',70,1,NULL),(1196,'','2020-09-04 10:06:30','2020-09-04 10:06:30',NULL,'1',1,1,NULL),(1197,'','2020-09-04 10:06:54','2020-09-04 10:07:33',NULL,'1',1,1,NULL),(1198,'','2020-09-04 10:08:33','2020-09-04 10:08:33',NULL,'1',1,1,NULL),(1199,'','2020-09-04 10:09:21','2020-09-04 10:09:21',NULL,'1',1,1,NULL),(1200,'','2020-09-04 10:10:10','2020-09-04 10:10:10',NULL,'1',1,1,NULL),(1201,'','2020-09-04 10:11:33','2020-09-04 10:11:33',NULL,'1',1,1,NULL),(1202,'','2020-09-04 10:12:55','2020-09-04 10:12:55',NULL,'1',1,1,NULL),(1203,'','2020-09-04 10:13:34','2020-09-04 10:13:34',NULL,'1',1,1,NULL),(1204,'','2020-09-04 10:23:15','2020-09-04 10:23:15',NULL,'1',1,1,'TzozMjoiQ29uY3JldGVcQ29yZVxMZWdhY3lcQmxvY2tSZWNvcmQiOjM6e3M6MzoiYklEIjtzOjQ6IjEyMDQiO3M6OToiACoAX3RhYmxlIjtzOjE0OiJidENvbnRlbnRMb2NhbCI7czo3OiJjb250ZW50IjtzOjI2MToiPHA+PGEgaHJlZj0ie0NDTTpCQVNFX1VSTH0vY29udGVudCI+0JzQkNCi0JXQoNCY0JDQm9CrPC9hPjwvcD4NCg0KPHA+PGEgaHJlZj0ie0NDTTpCQVNFX1VSTH0vYm9vayI+0JrQndCY0JPQkDwvYT48L3A+DQoNCjxwPjxhIGhyZWY9Imh0dHA6Ly9nYW1lcy4xMDDQu9C10YLQvdCw0YjQtdC80YPQtNC+0LzRgy7RgNGEIj7QmNCT0KDQqzwvYT48L3A+DQoNCjxwPjxhIGhyZWY9IntDQ006QkFTRV9VUkx9L21vYmlsZSI+QU5EUk9JRCDQuCBJT1M8L2E+PC9wPg0KIjt9'),(1205,'','2020-09-04 14:10:37','2020-09-04 14:13:22','parallax','0',44,1,NULL),(1206,'','2020-09-04 14:13:01','2020-09-04 14:13:01','','1',70,1,NULL),(1207,'','2020-09-04 14:15:07','2020-09-04 14:15:07','','1',44,1,NULL),(1208,'','2020-09-04 14:15:42','2020-09-04 14:15:57','','0',44,1,NULL),(1210,'','2020-09-04 14:16:38','2020-09-04 14:21:04','','1',1,1,NULL),(1211,'','2020-09-04 14:16:58','2020-09-04 14:16:58',NULL,'0',46,1,'TzozMjoiQ29uY3JldGVcQ29yZVxMZWdhY3lcQmxvY2tSZWNvcmQiOjM6e3M6MzoiYklEIjtzOjQ6IjEyMTEiO3M6OToiACoAX3RhYmxlIjtzOjIyOiJidENvcmVTY3JhcGJvb2tEaXNwbGF5IjtzOjExOiJiT3JpZ2luYWxJRCI7czozOiI0MzAiO30='),(1213,'','2020-09-04 14:17:25','2020-09-04 14:22:23','','1',70,1,'TzozMjoiQ29uY3JldGVcQ29yZVxMZWdhY3lcQmxvY2tSZWNvcmQiOjc6e3M6MzoiYklEIjtzOjQ6IjEyMTMiO3M6OToiACoAX3RhYmxlIjtzOjIyOiJidFNpbXBsZUJ1dHRvbkZydWl0ZnVsIjtzOjEwOiJidXR0b25UZXh0IjtzOjE0OiLQo9C50L3QsNGA0LPQsCI7czo1OiJhcnJvdyI7czo3OiJub2Fycm93IjtzOjg6ImxpbmtUeXBlIjtzOjg6ImV4dGVybmFsIjtzOjY6InBhZ2VJRCI7czozOiIyNzMiO3M6MTI6ImV4dGVybmFsTGluayI7czo0NzoiaHR0cDovL2dhbWVzLjEwMNC70LXRgtC90LDRiNC10LzRg9C00L7QvNGDLtGA0YQiO30='),(1214,'','2020-09-04 14:30:53','2020-09-04 14:30:53','','1',70,1,NULL),(1215,'','2020-09-04 15:01:37','2020-09-04 15:01:37','','1',1,1,NULL),(1216,'','2020-09-04 15:02:57','2020-09-04 15:02:57','','1',1,1,'TzozMjoiQ29uY3JldGVcQ29yZVxMZWdhY3lcQmxvY2tSZWNvcmQiOjM6e3M6MzoiYklEIjtzOjQ6IjEyMTYiO3M6OToiACoAX3RhYmxlIjtzOjE0OiJidENvbnRlbnRMb2NhbCI7czo3OiJjb250ZW50IjtzOjM3MjoiPHA+PGEgaWQ9ImJsb2NrLWFwcCIgbmFtZT0iYmxvY2stYXBwIj48L2E+PC9wPg0KDQo8aDI+PHNwYW4gc3R5bGU9ImNvbG9yOiNlYjQ4MzI7Ij4mbGFxdW870KPQudC90LAg0rvTmdC8INCx0LXQuyZyYXF1bzsg0LjQvdGC0LXRgNCw0LrRgtC40LIg0YPQtdC90YsmbmJzcDs8L3NwYW4+PC9oMj4NCg0KPHAgY2xhc3M9Im1haW4tdHh0LWJvb2siPiZsYXF1bzvQkdC10LfQvdC10qMg0LnQvtGA0YLRi9Cx0YvQt9Cz0LAgMTAwINC10LsmcmFxdW87INC905nRhNC40YEg0LHQsNGB0LzQsCDRgtC10LzQsNGC0LjQutCw0YHRi9C90LAg0YLRg9GA0Ysg0LrQuNC70LPTmdC9Jm5ic3A7PGJyIC8+DQoxMiDQuNC90YLQtdGA0LDQutGC0LjQsiDRg9C10L0uPC9wPg0KIjt9'),(1217,'','2020-09-04 15:07:46','2020-09-04 15:07:46',NULL,'1',31,1,NULL),(1218,'','2020-09-04 15:15:48','2020-09-04 15:15:48',NULL,'0',46,1,NULL),(1219,'','2020-09-04 15:16:15','2020-09-04 15:16:15',NULL,'0',46,1,NULL),(1220,'','2020-09-04 15:16:47','2020-09-04 15:16:47',NULL,'0',46,1,NULL),(1221,'','2020-09-04 15:17:06','2020-09-04 15:17:06',NULL,'0',46,1,'TzozMjoiQ29uY3JldGVcQ29yZVxMZWdhY3lcQmxvY2tSZWNvcmQiOjM6e3M6MzoiYklEIjtzOjQ6IjEyMjEiO3M6OToiACoAX3RhYmxlIjtzOjIyOiJidENvcmVTY3JhcGJvb2tEaXNwbGF5IjtzOjExOiJiT3JpZ2luYWxJRCI7czo0OiIxMTM0Ijt9'),(1222,'','2020-09-04 15:17:27','2020-09-04 15:17:27',NULL,'0',46,1,NULL),(1223,'','2020-09-04 15:18:33','2020-09-04 15:18:33',NULL,'0',46,1,NULL),(1224,'','2020-09-04 15:20:05','2020-09-04 15:20:05',NULL,'0',46,1,NULL),(1225,'','2020-09-04 15:20:31','2020-09-04 15:20:31',NULL,'1',1,1,NULL),(1227,'','2020-09-04 15:21:52','2020-09-04 15:21:52',NULL,'0',47,1,'TzozMjoiQ29uY3JldGVcQ29yZVxMZWdhY3lcQmxvY2tSZWNvcmQiOjM6e3M6MzoiYklEIjtzOjQ6IjEyMjciO3M6OToiACoAX3RhYmxlIjtzOjE4OiJidENvcmVTdGFja0Rpc3BsYXkiO3M6NDoic3RJRCI7czozOiIzMjkiO30='),(1228,'','2020-09-04 15:22:55','2020-09-04 15:22:55',NULL,'0',47,1,'TzozMjoiQ29uY3JldGVcQ29yZVxMZWdhY3lcQmxvY2tSZWNvcmQiOjM6e3M6MzoiYklEIjtzOjQ6IjEyMjgiO3M6OToiACoAX3RhYmxlIjtzOjE4OiJidENvcmVTdGFja0Rpc3BsYXkiO3M6NDoic3RJRCI7czozOiIzMjkiO30='),(1229,'','2020-09-04 15:29:09','2020-09-04 15:29:09',NULL,'0',46,1,'TzozMjoiQ29uY3JldGVcQ29yZVxMZWdhY3lcQmxvY2tSZWNvcmQiOjM6e3M6MzoiYklEIjtzOjQ6IjEyMjkiO3M6OToiACoAX3RhYmxlIjtzOjIyOiJidENvcmVTY3JhcGJvb2tEaXNwbGF5IjtzOjExOiJiT3JpZ2luYWxJRCI7czozOiI4MzIiO30='),(1230,'','2020-09-04 15:30:48','2020-09-04 15:30:48',NULL,'1',1,1,NULL),(1232,'','2020-09-04 15:31:18','2020-09-04 15:31:18',NULL,'0',47,1,'TzozMjoiQ29uY3JldGVcQ29yZVxMZWdhY3lcQmxvY2tSZWNvcmQiOjM6e3M6MzoiYklEIjtzOjQ6IjEyMzIiO3M6OToiACoAX3RhYmxlIjtzOjE4OiJidENvcmVTdGFja0Rpc3BsYXkiO3M6NDoic3RJRCI7czozOiIzMzMiO30='),(1233,'','2020-09-04 15:32:17','2020-09-04 15:32:17',NULL,'0',46,1,'TzozMjoiQ29uY3JldGVcQ29yZVxMZWdhY3lcQmxvY2tSZWNvcmQiOjM6e3M6MzoiYklEIjtzOjQ6IjEyMzMiO3M6OToiACoAX3RhYmxlIjtzOjIyOiJidENvcmVTY3JhcGJvb2tEaXNwbGF5IjtzOjExOiJiT3JpZ2luYWxJRCI7czo0OiIxMjA0Ijt9'),(1234,'','2020-09-04 15:34:10','2020-09-04 15:34:10',NULL,'1',1,1,NULL),(1235,'','2020-09-04 15:36:53','2020-09-04 15:36:53',NULL,'0',46,1,'TzozMjoiQ29uY3JldGVcQ29yZVxMZWdhY3lcQmxvY2tSZWNvcmQiOjM6e3M6MzoiYklEIjtzOjQ6IjEyMzUiO3M6OToiACoAX3RhYmxlIjtzOjIyOiJidENvcmVTY3JhcGJvb2tEaXNwbGF5IjtzOjExOiJiT3JpZ2luYWxJRCI7czozOiI1MzEiO30='),(1236,'','2020-09-04 15:39:02','2020-09-04 15:39:02',NULL,'1',1,1,NULL),(1239,'','2020-09-04 15:39:35','2020-09-04 15:39:35',NULL,'0',47,1,'TzozMjoiQ29uY3JldGVcQ29yZVxMZWdhY3lcQmxvY2tSZWNvcmQiOjM6e3M6MzoiYklEIjtzOjQ6IjEyMzkiO3M6OToiACoAX3RhYmxlIjtzOjE4OiJidENvcmVTdGFja0Rpc3BsYXkiO3M6NDoic3RJRCI7czozOiIzMzYiO30='),(1240,'','2020-09-04 15:39:40','2020-09-04 15:39:40',NULL,'0',47,1,'TzozMjoiQ29uY3JldGVcQ29yZVxMZWdhY3lcQmxvY2tSZWNvcmQiOjM6e3M6MzoiYklEIjtzOjQ6IjEyNDAiO3M6OToiACoAX3RhYmxlIjtzOjE4OiJidENvcmVTdGFja0Rpc3BsYXkiO3M6NDoic3RJRCI7czozOiIzMzkiO30='),(1241,'','2020-09-04 15:41:46','2020-09-04 15:41:46','','1',79,1,'TzozMjoiQ29uY3JldGVcQ29yZVxMZWdhY3lcQmxvY2tSZWNvcmQiOjM6e3M6MzoiYklEIjtzOjQ6IjEyNDEiO3M6OToiACoAX3RhYmxlIjtzOjE2OiJidFdoYWxlTWFudWFsTmF2IjtzOjg6Im5hdkl0ZW1zIjtzOjE0OToiW3siaXRlbVVybEludGVybmFsIjoiMjk5IiwiaXRlbVVybEZpbGUiOiIwIiwiaXRlbU5hbWUiOiLRgtCw0YLQsNGA0YfQsCIsIml0ZW1VcmxOZXdXaW5kb3ciOiIxIiwiaXRlbVVybFR5cGUiOiJpbnRlcm5hbCIsIml0ZW1VcmxFeHRlcm5hbCI6IiIsImlkIjoxfV0iO30='),(1242,'','2020-09-04 15:44:40','2020-09-04 15:44:40',NULL,'0',46,1,'TzozMjoiQ29uY3JldGVcQ29yZVxMZWdhY3lcQmxvY2tSZWNvcmQiOjM6e3M6MzoiYklEIjtzOjQ6IjEyNDIiO3M6OToiACoAX3RhYmxlIjtzOjIyOiJidENvcmVTY3JhcGJvb2tEaXNwbGF5IjtzOjExOiJiT3JpZ2luYWxJRCI7czo0OiIxMTE4Ijt9'),(1243,'','2020-09-04 15:45:23','2020-09-04 15:45:23','','1',79,1,NULL),(1244,'','2020-09-04 15:45:55','2020-09-04 15:45:55','','1',79,1,'TzozMjoiQ29uY3JldGVcQ29yZVxMZWdhY3lcQmxvY2tSZWNvcmQiOjM6e3M6MzoiYklEIjtzOjQ6IjEyNDQiO3M6OToiACoAX3RhYmxlIjtzOjE2OiJidFdoYWxlTWFudWFsTmF2IjtzOjg6Im5hdkl0ZW1zIjtzOjE0OToiW3siaXRlbVVybEludGVybmFsIjoiMjk5IiwiaXRlbVVybEZpbGUiOiIwIiwiaXRlbU5hbWUiOiLRgtCw0YLQsNGA0YfQsCIsIml0ZW1VcmxOZXdXaW5kb3ciOiIxIiwiaXRlbVVybFR5cGUiOiJpbnRlcm5hbCIsIml0ZW1VcmxFeHRlcm5hbCI6IiIsImlkIjoxfV0iO30='),(1245,'','2020-09-04 15:46:08','2020-09-04 15:46:08',NULL,'0',47,1,NULL),(1246,'','2020-09-04 15:46:48','2020-09-04 15:46:48','','1',47,1,'TzozMjoiQ29uY3JldGVcQ29yZVxMZWdhY3lcQmxvY2tSZWNvcmQiOjM6e3M6MzoiYklEIjtzOjQ6IjEyNDYiO3M6OToiACoAX3RhYmxlIjtzOjE4OiJidENvcmVTdGFja0Rpc3BsYXkiO3M6NDoic3RJRCI7czozOiIzNDIiO30='),(1247,'','2020-09-04 15:47:06','2020-09-04 15:47:06','','1',79,1,'TzozMjoiQ29uY3JldGVcQ29yZVxMZWdhY3lcQmxvY2tSZWNvcmQiOjM6e3M6MzoiYklEIjtzOjQ6IjEyNDciO3M6OToiACoAX3RhYmxlIjtzOjE2OiJidFdoYWxlTWFudWFsTmF2IjtzOjg6Im5hdkl0ZW1zIjtzOjE0OToiW3siaXRlbVVybEludGVybmFsIjoiMjk5IiwiaXRlbVVybEZpbGUiOiIwIiwiaXRlbU5hbWUiOiLRgtCw0YLQsNGA0YfQsCIsIml0ZW1VcmxOZXdXaW5kb3ciOiIwIiwiaXRlbVVybFR5cGUiOiJpbnRlcm5hbCIsIml0ZW1VcmxFeHRlcm5hbCI6IiIsImlkIjoxfV0iO30='),(1248,'','2020-09-04 15:47:17','2020-09-04 15:47:17','','1',79,1,NULL),(1249,'','2020-09-04 15:48:45','2020-09-04 15:48:45','','1',79,1,'TzozMjoiQ29uY3JldGVcQ29yZVxMZWdhY3lcQmxvY2tSZWNvcmQiOjM6e3M6MzoiYklEIjtzOjQ6IjEyNDkiO3M6OToiACoAX3RhYmxlIjtzOjE2OiJidFdoYWxlTWFudWFsTmF2IjtzOjg6Im5hdkl0ZW1zIjtzOjE0NzoiW3siaXRlbVVybEludGVybmFsIjoiMSIsIml0ZW1VcmxGaWxlIjoiMCIsIml0ZW1OYW1lIjoi0YDRg9GB0YHQutC40LkiLCJpdGVtVXJsTmV3V2luZG93IjoiMCIsIml0ZW1VcmxUeXBlIjoiaW50ZXJuYWwiLCJpdGVtVXJsRXh0ZXJuYWwiOiIiLCJpZCI6MX1dIjt9'),(1250,'','2020-09-07 08:16:18','2020-09-07 08:16:18',NULL,'1',1,1,NULL),(1251,'','2020-09-07 08:16:46','2020-09-07 08:16:46',NULL,'1',1,1,NULL),(1252,'','2020-09-07 08:17:21','2020-09-07 08:17:21',NULL,'1',1,1,NULL),(1253,'','2020-09-07 08:18:56','2020-09-07 08:18:56',NULL,'1',1,1,NULL),(1254,'','2020-09-07 08:19:34','2020-09-07 08:19:34',NULL,'1',1,1,NULL),(1255,'','2020-09-07 08:24:53','2020-09-07 08:25:21',NULL,'1',1,1,NULL),(1256,'','2020-09-07 13:19:49','2020-09-07 13:19:49',NULL,'1',1,1,NULL),(1258,'','2020-09-08 10:55:20','2020-09-08 10:55:20','','1',1,1,NULL),(1261,'','2020-10-23 14:58:52','2020-10-23 14:58:52',NULL,'0',32,1,NULL),(1262,'','2020-10-23 14:59:42','2020-10-23 14:59:42',NULL,'0',70,1,NULL),(1263,'','2020-10-23 15:00:08','2020-10-23 15:00:08',NULL,'0',70,1,NULL),(1265,'','2020-10-23 15:02:48','2020-10-23 15:02:48',NULL,'0',32,1,NULL),(1266,'','2020-10-23 15:03:19','2020-10-23 15:03:19',NULL,'0',70,1,NULL),(1267,'','2021-08-28 19:24:11','2021-08-28 19:24:12',NULL,'1',1,1,NULL),(1268,'','2021-08-28 19:33:26','2021-08-28 19:33:26','','1',3,1,NULL),(1269,'','2021-08-28 19:35:42','2021-08-28 19:35:42','','1',1,1,NULL),(1271,'','2021-08-28 19:36:32','2021-08-28 19:37:04','','1',1,1,NULL),(1272,'','2021-08-28 19:39:27','2021-08-28 19:39:27',NULL,'1',1,1,NULL),(1273,'','2021-08-28 19:40:28','2021-08-28 19:40:28','','1',1,1,NULL),(1274,'','2021-08-28 19:42:00','2021-08-28 19:42:00',NULL,'1',1,1,NULL),(1275,'','2021-08-28 19:47:21','2021-08-28 19:47:21',NULL,'1',1,1,NULL),(1276,'','2021-08-28 19:49:56','2021-08-28 19:49:56',NULL,'1',1,1,NULL),(1277,'','2021-08-28 19:51:00','2021-08-28 19:51:00',NULL,'1',1,1,NULL),(1278,'','2021-08-28 19:51:35','2021-08-28 19:51:35',NULL,'1',1,1,NULL),(1280,'','2021-08-28 19:53:14','2021-08-28 19:53:14',NULL,'0',57,1,NULL),(1281,'','2021-08-28 19:54:32','2021-08-28 19:54:32','','1',1,1,NULL),(1282,'','2021-08-28 20:06:01','2021-08-28 20:12:24',NULL,'1',31,1,NULL),(1283,'','2021-08-28 20:13:14','2021-08-28 20:13:15',NULL,'1',1,1,NULL),(1284,'','2021-08-29 11:19:22','2021-08-29 11:19:23','','1',50,1,NULL),(1285,'','2021-08-29 11:21:19','2021-08-29 11:21:19','','1',1,1,NULL),(1286,'','2021-08-29 11:23:42','2021-08-29 11:23:42',NULL,'0',1,1,NULL),(1287,'','2021-08-29 11:24:06','2021-08-29 11:24:07','','1',50,1,NULL),(1288,'','2021-08-29 12:55:41','2021-08-29 12:55:41',NULL,'1',31,1,NULL),(1290,'','2021-08-29 13:01:23','2021-08-29 13:01:23',NULL,'0',81,1,NULL),(1292,'','2021-08-29 13:04:26','2021-08-29 13:04:26',NULL,'0',80,1,NULL),(1294,'','2021-08-29 13:35:57','2021-08-29 13:35:57',NULL,'0',80,1,NULL),(1295,'','2021-08-29 13:37:34','2021-08-29 13:37:34',NULL,'1',80,1,NULL),(1296,'','2021-08-29 13:39:24','2021-08-29 15:10:12',NULL,'1',80,1,NULL),(1298,'','2021-08-29 15:24:26','2021-08-29 15:24:26',NULL,'1',80,1,NULL),(1299,'','2021-08-29 15:31:27','2021-08-29 15:31:27',NULL,'1',1,1,NULL),(1302,'','2021-08-29 15:34:03','2021-08-29 15:34:03',NULL,'0',59,1,NULL),(1304,'','2021-08-29 15:35:48','2021-08-29 15:35:48','','1',1,1,NULL),(1308,'','2021-08-29 17:19:10','2021-08-29 17:19:16',NULL,'1',8,1,NULL),(1309,'','2021-08-29 17:19:39','2021-08-29 17:22:30',NULL,'0',1,1,NULL),(1310,'','2021-08-29 17:23:51','2021-08-29 17:23:51',NULL,'0',67,1,NULL),(1311,'','2021-08-29 17:24:13','2021-08-29 17:24:13',NULL,'0',67,1,NULL),(1312,'','2021-08-29 17:24:34','2021-08-29 17:24:34',NULL,'0',67,1,NULL),(1313,'','2021-08-29 17:25:41','2021-08-29 17:26:05',NULL,'0',4,1,NULL),(1314,'','2021-08-29 17:27:54','2021-08-29 17:27:54',NULL,'0',50,1,NULL),(1315,'','2021-08-29 17:28:07','2021-08-29 17:28:07',NULL,'0',67,1,NULL),(1316,'','2021-08-29 17:28:43','2021-08-29 17:28:43',NULL,'1',67,1,NULL),(1317,'','2021-08-29 17:28:57','2021-08-29 17:28:57',NULL,'1',67,1,NULL),(1323,'','2021-08-29 17:31:45','2021-08-29 17:31:45',NULL,'0',57,1,NULL),(1324,'','2021-08-29 17:31:58','2021-08-29 17:32:12',NULL,'1',50,1,NULL),(1325,'','2021-08-29 17:32:49','2021-08-29 17:33:02',NULL,'1',50,1,NULL),(1326,'','2021-08-29 17:39:41','2021-08-29 17:39:41',NULL,'1',1,1,NULL),(1327,'','2021-08-29 17:40:53','2021-08-29 17:40:53',NULL,'1',1,1,'TzozMjoiQ29uY3JldGVcQ29yZVxMZWdhY3lcQmxvY2tSZWNvcmQiOjM6e3M6MzoiYklEIjtzOjQ6IjEzMjciO3M6OToiACoAX3RhYmxlIjtzOjE0OiJidENvbnRlbnRMb2NhbCI7czo3OiJjb250ZW50IjtzOjEzNzoiPHA+PGEgaHJlZj0ie0NDTTpDSURfMjQ2fSI+0J4g0L/RgNC+0LXQutGC0LU8L2E+PGJyIC8+DQo8YSBocmVmPSJ7Q0NNOkJBU0VfVVJMfS9jb250YWN0cyI+0J3QsNC/0LjRgdCw0YLRjCDQvdCw0Lw8L2E+PGJyIC8+DQombmJzcDs8L3A+DQoiO30='),(1328,'','2021-08-29 18:04:18','2021-08-29 18:04:18',NULL,'0',76,1,NULL),(1330,'','2021-08-29 18:06:29','2021-08-29 18:06:47',NULL,'0',3,1,NULL),(1331,'','2021-08-29 18:08:20','2021-08-29 18:08:20',NULL,'0',57,1,NULL),(1332,'','2021-08-29 18:15:34','2021-08-29 18:15:34','parallax','1',44,1,NULL),(1334,'','2021-08-29 18:17:22','2021-08-29 18:19:54','parallax','0',44,1,NULL),(1335,'','2021-08-29 18:17:34','2021-08-29 18:17:34',NULL,'0',44,1,NULL),(1337,'','2021-08-29 18:20:25','2021-08-29 18:20:25','parallax','1',44,1,NULL),(1338,'','2021-08-29 18:20:42','2021-08-29 18:20:42',NULL,'0',5,1,NULL),(1340,'','2021-08-29 18:21:33','2021-08-29 18:21:33',NULL,'0',57,1,NULL),(1341,'','2021-08-29 18:22:09','2021-08-29 18:22:09','','1',57,1,NULL),(1342,'','2021-08-29 18:22:24','2021-08-29 18:22:41','','1',1,1,NULL),(1343,'','2021-08-29 18:34:04','2021-08-29 18:34:04',NULL,'1',31,1,NULL),(1345,'','2021-08-31 11:39:27','2021-08-31 11:39:28','','1',1,1,NULL),(1346,'','2021-08-31 11:43:01','2021-08-31 11:43:01','','1',1,1,NULL),(1348,'','2021-08-31 11:44:19','2021-08-31 11:44:19',NULL,'0',46,1,NULL),(1350,'','2021-08-31 11:44:51','2021-08-31 11:44:51',NULL,'0',46,1,NULL),(1351,'','2021-08-31 11:46:52','2021-08-31 11:46:52','','1',1,1,NULL),(1352,'','2021-08-31 11:47:33','2021-08-31 12:14:25',NULL,'1',80,1,NULL),(1353,'','2021-08-31 12:14:57','2021-08-31 12:46:30',NULL,'1',31,1,NULL),(1354,'','2021-08-31 12:52:29','2021-08-31 12:52:29',NULL,'1',8,1,NULL),(1355,'','2021-08-31 12:52:48','2021-08-31 12:52:48','','1',1,1,NULL),(1356,'','2021-08-31 12:53:37','2021-08-31 12:53:37',NULL,'1',4,1,NULL),(1357,'','2021-08-31 12:53:48','2021-08-31 12:53:48',NULL,'1',50,1,NULL),(1358,'','2021-08-31 13:00:29','2021-08-31 13:00:29','parallax','1',44,1,NULL),(1359,'','2021-08-31 13:03:17','2021-08-31 13:03:17','parallax','1',44,1,NULL),(1360,'','2021-08-31 16:16:51','2021-08-31 16:16:51',NULL,'1',31,1,NULL),(1361,'','2021-08-31 16:21:22','2021-08-31 16:21:22',NULL,'1',31,1,NULL),(1362,'','2021-08-31 16:23:11','2021-08-31 16:23:11',NULL,'1',31,1,NULL),(1363,'','2021-08-31 16:24:57','2021-08-31 16:24:57','','1',1,1,NULL),(1367,'','2021-08-31 17:21:19','2021-08-31 17:21:19',NULL,'0',75,1,NULL),(1368,'','2021-08-31 17:59:31','2021-08-31 17:59:31',NULL,'1',1,1,NULL),(1369,'','2021-08-31 18:00:51','2021-08-31 18:00:51',NULL,'1',1,1,NULL),(1370,'','2021-08-31 18:01:12','2021-08-31 18:01:13','','1',1,1,NULL),(1371,'','2021-08-31 18:02:05','2021-08-31 18:02:06',NULL,'1',31,1,NULL),(1372,'','2021-09-01 09:22:40','2021-09-01 09:22:40',NULL,'0',46,1,NULL),(1373,'','2021-09-01 10:17:21','2021-09-01 10:17:22','','1',80,1,NULL),(1374,'','2021-09-01 10:20:28','2021-09-01 10:20:28','','1',1,1,NULL),(1375,'','2021-09-01 10:20:55','2021-09-01 10:20:55','','1',1,1,NULL),(1376,'','2021-09-01 10:22:07','2021-09-01 10:22:07',NULL,'0',44,1,NULL),(1378,'','2021-09-01 10:25:20','2021-09-01 10:25:20','','1',80,1,NULL),(1379,'','2021-09-01 10:26:17','2021-09-01 10:26:31','','1',80,1,NULL),(1381,'','2021-09-01 10:31:46','2021-09-01 10:31:46',NULL,'0',56,1,NULL),(1383,'','2021-09-01 10:33:14','2021-09-01 10:33:14',NULL,'0',3,1,NULL),(1384,'','2021-09-01 10:33:41','2021-09-01 10:33:41','','1',1,1,NULL),(1385,'','2021-09-01 10:34:06','2021-09-01 10:34:19','','1',44,1,NULL),(1386,'','2021-09-01 10:35:02','2021-09-01 10:35:53','','1',1,1,NULL),(1390,'','2021-09-01 10:47:36','2021-09-01 10:47:36',NULL,'0',32,1,NULL),(1391,'','2021-09-01 10:48:54','2021-09-01 10:49:04',NULL,'0',1,1,NULL),(1392,'','2021-09-01 10:49:54','2021-09-01 10:49:54',NULL,'0',32,1,NULL),(1393,'','2021-09-01 10:50:18','2021-09-01 10:50:18',NULL,'0',32,1,NULL),(1394,'','2021-09-01 10:50:45','2021-09-01 10:50:45',NULL,'0',32,1,NULL),(1395,'','2021-09-01 10:52:09','2021-09-01 10:52:09',NULL,'0',1,1,NULL),(1396,'','2021-09-01 10:52:43','2021-09-01 10:52:43',NULL,'0',1,1,NULL),(1397,'','2021-09-01 10:52:57','2021-09-01 10:52:57',NULL,'0',1,1,NULL),(1398,'','2021-09-01 10:55:28','2021-09-01 10:55:28',NULL,'0',5,1,NULL),(1399,'','2021-09-01 10:55:49','2021-09-01 10:55:49',NULL,'0',1,1,NULL),(1400,'','2021-09-01 10:56:11','2021-09-01 10:56:11',NULL,'0',32,1,NULL),(1401,'','2021-09-01 10:56:37','2021-09-01 10:56:37',NULL,'0',1,1,NULL),(1402,'','2021-09-01 10:56:52','2021-09-01 10:56:52',NULL,'0',32,1,NULL),(1403,'','2021-09-01 10:57:22','2021-09-01 10:57:22',NULL,'0',1,1,NULL),(1404,'','2021-09-01 10:57:37','2021-09-01 10:57:37',NULL,'0',32,1,NULL),(1405,'','2021-09-01 10:58:02','2021-09-01 10:58:02',NULL,'0',1,1,NULL),(1406,'','2021-09-01 10:58:20','2021-09-01 10:58:20',NULL,'0',32,1,NULL),(1407,'','2021-09-01 10:58:28','2021-09-01 10:58:28',NULL,'1',1,1,NULL),(1408,'','2021-09-01 10:59:22','2021-09-01 10:59:22','','1',3,1,NULL),(1409,'','2021-09-01 11:03:43','2021-09-01 11:03:43',NULL,'1',1,1,NULL),(1411,'','2021-09-01 11:10:12','2021-09-01 11:10:12','','1',50,1,NULL),(1414,'','2021-09-01 11:14:09','2021-09-01 11:15:11','','1',1,1,NULL),(1415,'','2021-09-01 11:17:38','2021-09-01 11:17:38','','1',1,1,NULL),(1416,'','2021-09-01 11:17:56','2021-09-01 11:17:56','','1',1,1,NULL),(1417,'','2021-09-01 11:19:37','2021-09-01 11:19:37','','1',1,1,NULL),(1418,'','2021-09-01 11:21:20','2021-09-01 11:21:20','','1',1,1,NULL),(1419,'','2021-09-01 11:21:39','2021-09-01 11:21:39','','1',50,1,NULL),(1421,'','2021-09-01 11:28:35','2021-09-01 11:28:51','','1',1,1,NULL),(1422,'','2021-09-01 11:29:44','2021-09-01 11:30:15','','1',1,1,NULL),(1423,'','2021-09-01 11:31:05','2021-09-01 11:31:25','','1',1,1,NULL),(1424,'','2021-09-01 11:40:40','2021-09-01 11:40:40','','1',3,1,NULL),(1425,'','2021-09-01 11:44:29','2021-09-01 11:44:40',NULL,'0',1,1,NULL),(1426,'','2022-08-19 17:19:17','2022-08-19 17:19:17',NULL,'1',1,1,NULL),(1427,'','2022-08-19 17:45:31','2022-08-19 17:45:31','','1',3,1,NULL),(1428,'','2022-08-19 17:46:56','2022-08-19 17:46:56','','1',3,1,NULL),(1429,'','2022-08-19 17:49:03','2022-08-19 17:49:04','','1',3,1,'TzozMjoiQ29uY3JldGVcQ29yZVxMZWdhY3lcQmxvY2tSZWNvcmQiOjEzOntzOjM6ImJJRCI7czo0OiIxNDI5IjtzOjk6IgAqAF90YWJsZSI7czoxNDoiYnRDb250ZW50SW1hZ2UiO3M6MzoiZklEIjtzOjI6IjQxIjtzOjEwOiJmT25zdGF0ZUlEIjtzOjE6IjAiO3M6OToiY3JvcEltYWdlIjtzOjE6IjAiO3M6ODoibWF4V2lkdGgiO3M6MToiMCI7czo5OiJtYXhIZWlnaHQiO3M6MToiMCI7czoxMjoiZXh0ZXJuYWxMaW5rIjtzOjA6IiI7czoxNToiaW50ZXJuYWxMaW5rQ0lEIjtzOjE6IjAiO3M6MTA6ImZpbGVMaW5rSUQiO3M6MToiMCI7czoxOToib3BlbkxpbmtJbk5ld1dpbmRvdyI7czoxOiIwIjtzOjc6ImFsdFRleHQiO3M6MDoiIjtzOjU6InRpdGxlIjtzOjA6IiI7fQ=='),(1430,'','2022-08-19 17:53:41','2022-08-19 17:53:41',NULL,'1',31,1,NULL),(1431,'','2022-08-19 18:02:38','2022-08-19 18:02:38','','1',1,1,NULL),(1432,'','2022-08-19 18:03:58','2022-08-19 18:03:58','','1',1,1,NULL),(1433,'','2022-08-19 18:05:21','2022-08-19 18:05:21','','1',1,1,NULL),(1434,'','2022-08-19 18:06:11','2022-08-19 18:06:11',NULL,'1',1,1,NULL),(1435,'','2022-08-19 18:10:01','2022-08-19 18:10:01',NULL,'1',31,1,NULL),(1436,'','2022-08-19 18:12:35','2022-08-19 18:12:35',NULL,'1',1,1,NULL),(1437,'','2022-08-19 18:13:06','2022-08-19 18:13:06',NULL,'1',1,1,'TzozMjoiQ29uY3JldGVcQ29yZVxMZWdhY3lcQmxvY2tSZWNvcmQiOjM6e3M6MzoiYklEIjtzOjQ6IjE0MzciO3M6OToiACoAX3RhYmxlIjtzOjE0OiJidENvbnRlbnRMb2NhbCI7czo3OiJjb250ZW50IjtzOjQzNDoiPHA+0J/RgNC+0LXQutGCICZsYXF1bzvQkdC10Lcg0LHQtdGA0LPTmSZyYXF1bzsgJm5kYXNoOyAmbGFxdW870JzRiyDQstC80LXRgdGC0LUmcmFxdW87INGA0LDQt9GA0LDQsdC+0YLQsNC9OjwvcD4NCg0KPHA+JmNvcHk7INCQ0J3QniAmcXVvdDvQotCQ0KLQkNCg0KHQmtCe0JUg0JTQldCi0KHQmtCe0JUg0JjQl9CU0JDQotCV0JvQrNCh0KLQktCeJnF1b3Q7LCZuYnNwOzIwMjI8L3A+DQoNCjxwPjxhIGhyZWY9Imh0dHA6Ly90ZHByZXNzLnJ1IiB0YXJnZXQ9Il9ibGFuayI+PGNvbmNyZXRlLXBpY3R1cmUgZklEPSIxNTciIGFsdD0i0KLQkNCi0JDQoNCh0JrQntCVINCU0JXQotCh0JrQntCVINCY0JfQlNCQ0KLQldCb0KzQodCi0JLQniIgY2xhc3M9ImNvbnRlbnQtZWRpdG9yLWltYWdlLWxlZnQiIGhlaWdodD0iMTAwIiB3aWR0aD0iMTM2IiAvPjwvYT48L3A+DQoiO30='),(1439,'','2022-08-19 18:14:20','2022-08-19 18:14:20',NULL,'1',1,1,NULL),(1440,'','2022-08-20 17:37:32','2022-08-20 17:37:32',NULL,'1',31,1,NULL),(1441,'','2022-08-20 17:38:35','2022-08-20 17:38:36','parallax','1',44,1,NULL),(1442,'','2022-08-20 17:39:41','2022-08-20 17:39:41','parallax','1',44,1,NULL),(1443,'','2022-08-22 17:39:05','2022-08-22 17:39:05','','1',1,1,NULL),(1444,'','2022-08-23 17:50:17','2022-08-23 17:50:18','','1',50,1,NULL),(1445,'','2022-08-24 10:25:23','2022-08-24 10:25:23','','1',8,1,'TzozMjoiQ29uY3JldGVcQ29yZVxMZWdhY3lcQmxvY2tSZWNvcmQiOjEzOntzOjM6ImJJRCI7czo0OiIxNDQ1IjtzOjk6IgAqAF90YWJsZSI7czoxMToiYnRQYWdlVGl0bGUiO3M6MTQ6InVzZUN1c3RvbVRpdGxlIjtzOjE6IjAiO3M6MTQ6InVzZUZpbHRlclRpdGxlIjtzOjE6IjAiO3M6MTQ6InVzZUZpbHRlclRvcGljIjtzOjE6IjAiO3M6MTI6InVzZUZpbHRlclRhZyI7czoxOiIwIjtzOjEzOiJ1c2VGaWx0ZXJEYXRlIjtzOjE6IjAiO3M6MTU6InRvcGljVGV4dEZvcm1hdCI7czoxOiIwIjtzOjEzOiJ0YWdUZXh0Rm9ybWF0IjtzOjk6InVwcGVyV29yZCI7czoxNDoiZGF0ZVRleHRGb3JtYXQiO3M6MToiMCI7czoxNjoiZmlsdGVyRGF0ZUZvcm1hdCI7czozOiJGIFkiO3M6OToidGl0bGVUZXh0IjtzOjM3OiJb0JfQsNCz0L7Qu9C+0LLQvtC6INGB0YLRgNCw0L3QuNGG0YtdIjtzOjEwOiJmb3JtYXR0aW5nIjtzOjI6ImgxIjt9'),(1446,'','2022-08-24 10:26:23','2022-08-24 10:30:07','','1',1,1,NULL),(1447,'','2022-08-24 10:36:28','2022-08-24 10:36:59','','1',50,1,NULL),(1448,'','2022-08-24 11:02:14','2022-08-24 11:02:14',NULL,'1',32,1,NULL),(1449,'','2022-08-24 11:02:55','2022-08-24 11:02:55',NULL,'1',1,1,NULL),(1450,'','2022-08-24 11:04:16','2022-08-24 11:04:16',NULL,'1',32,1,'TzozMjoiQ29uY3JldGVcQ29yZVxMZWdhY3lcQmxvY2tSZWNvcmQiOjg6e3M6MzoiYklEIjtzOjQ6IjE0NTAiO3M6OToiACoAX3RhYmxlIjtzOjc6ImJ0VmlkZW8iO3M6Nzoid2VibWZJRCI7czozOiIzMTAiO3M6Njoib2dnZklEIjtzOjE6IjAiO3M6OToicG9zdGVyZklEIjtzOjM6IjMwMiI7czo2OiJtcDRmSUQiO3M6MToiMCI7czo5OiJ2aWRlb1NpemUiO3M6MToiMiI7czo1OiJ3aWR0aCI7czozOiI3MDAiO30='),(1451,'','2022-08-24 12:27:51','2022-08-24 12:27:51',NULL,'1',1,1,NULL),(1452,'','2022-08-24 12:28:53','2022-08-24 12:30:49',NULL,'1',32,1,'TzozMjoiQ29uY3JldGVcQ29yZVxMZWdhY3lcQmxvY2tSZWNvcmQiOjg6e3M6MzoiYklEIjtzOjQ6IjE0NTIiO3M6OToiACoAX3RhYmxlIjtzOjc6ImJ0VmlkZW8iO3M6Nzoid2VibWZJRCI7czozOiIzMTEiO3M6Njoib2dnZklEIjtzOjE6IjAiO3M6OToicG9zdGVyZklEIjtzOjM6IjMyMyI7czo2OiJtcDRmSUQiO3M6MToiMCI7czo5OiJ2aWRlb1NpemUiO3M6MToiMiI7czo1OiJ3aWR0aCI7czozOiI3MDAiO30='),(1453,'','2022-08-24 12:29:13','2022-08-24 12:29:13',NULL,'1',1,1,NULL),(1454,'','2022-08-24 12:29:32','2022-08-24 12:30:40',NULL,'1',32,1,'TzozMjoiQ29uY3JldGVcQ29yZVxMZWdhY3lcQmxvY2tSZWNvcmQiOjg6e3M6MzoiYklEIjtzOjQ6IjE0NTQiO3M6OToiACoAX3RhYmxlIjtzOjc6ImJ0VmlkZW8iO3M6Nzoid2VibWZJRCI7czozOiIzMTMiO3M6Njoib2dnZklEIjtzOjE6IjAiO3M6OToicG9zdGVyZklEIjtzOjM6IjMyNSI7czo2OiJtcDRmSUQiO3M6MToiMCI7czo5OiJ2aWRlb1NpemUiO3M6MToiMiI7czo1OiJ3aWR0aCI7czozOiI3MDAiO30='),(1455,'','2022-08-24 12:30:02','2022-08-24 12:30:02',NULL,'1',1,1,NULL),(1456,'','2022-08-24 12:30:21','2022-08-24 12:30:32',NULL,'1',32,1,'TzozMjoiQ29uY3JldGVcQ29yZVxMZWdhY3lcQmxvY2tSZWNvcmQiOjg6e3M6MzoiYklEIjtzOjQ6IjE0NTYiO3M6OToiACoAX3RhYmxlIjtzOjc6ImJ0VmlkZW8iO3M6Nzoid2VibWZJRCI7czozOiIzMTUiO3M6Njoib2dnZklEIjtzOjE6IjAiO3M6OToicG9zdGVyZklEIjtzOjM6IjMyNiI7czo2OiJtcDRmSUQiO3M6MToiMCI7czo5OiJ2aWRlb1NpemUiO3M6MToiMiI7czo1OiJ3aWR0aCI7czozOiI3MDAiO30='),(1458,'','2022-08-24 12:31:26','2022-08-24 12:31:26',NULL,'1',1,1,NULL),(1459,'','2022-08-24 12:31:46','2022-08-24 12:31:46',NULL,'1',32,1,'TzozMjoiQ29uY3JldGVcQ29yZVxMZWdhY3lcQmxvY2tSZWNvcmQiOjg6e3M6MzoiYklEIjtzOjQ6IjE0NTkiO3M6OToiACoAX3RhYmxlIjtzOjc6ImJ0VmlkZW8iO3M6Nzoid2VibWZJRCI7czozOiIzMTciO3M6Njoib2dnZklEIjtzOjE6IjAiO3M6OToicG9zdGVyZklEIjtzOjM6IjMyNyI7czo2OiJtcDRmSUQiO3M6MToiMCI7czo5OiJ2aWRlb1NpemUiO3M6MToiMiI7czo1OiJ3aWR0aCI7czozOiI3MDAiO30='),(1460,'','2022-08-24 12:32:05','2022-08-24 12:32:05',NULL,'1',1,1,NULL),(1461,'','2022-08-24 12:32:24','2022-08-24 12:32:24',NULL,'1',32,1,'TzozMjoiQ29uY3JldGVcQ29yZVxMZWdhY3lcQmxvY2tSZWNvcmQiOjg6e3M6MzoiYklEIjtzOjQ6IjE0NjEiO3M6OToiACoAX3RhYmxlIjtzOjc6ImJ0VmlkZW8iO3M6Nzoid2VibWZJRCI7czozOiIzMTgiO3M6Njoib2dnZklEIjtzOjE6IjAiO3M6OToicG9zdGVyZklEIjtzOjM6IjMyOCI7czo2OiJtcDRmSUQiO3M6MToiMCI7czo5OiJ2aWRlb1NpemUiO3M6MToiMiI7czo1OiJ3aWR0aCI7czozOiI3MDAiO30='),(1462,'','2022-08-24 12:32:38','2022-08-24 12:32:38',NULL,'1',1,1,NULL),(1463,'','2022-08-24 12:32:54','2022-08-24 12:32:54',NULL,'1',32,1,'TzozMjoiQ29uY3JldGVcQ29yZVxMZWdhY3lcQmxvY2tSZWNvcmQiOjg6e3M6MzoiYklEIjtzOjQ6IjE0NjMiO3M6OToiACoAX3RhYmxlIjtzOjc6ImJ0VmlkZW8iO3M6Nzoid2VibWZJRCI7czozOiIzMjEiO3M6Njoib2dnZklEIjtzOjE6IjAiO3M6OToicG9zdGVyZklEIjtzOjM6IjMyOSI7czo2OiJtcDRmSUQiO3M6MToiMCI7czo5OiJ2aWRlb1NpemUiO3M6MToiMiI7czo1OiJ3aWR0aCI7czozOiI3MDAiO30='),(1466,'','2022-08-24 13:15:53','2022-08-24 13:15:53','','1',8,1,'TzozMjoiQ29uY3JldGVcQ29yZVxMZWdhY3lcQmxvY2tSZWNvcmQiOjEzOntzOjM6ImJJRCI7czo0OiIxNDY2IjtzOjk6IgAqAF90YWJsZSI7czoxMToiYnRQYWdlVGl0bGUiO3M6MTQ6InVzZUN1c3RvbVRpdGxlIjtzOjE6IjAiO3M6MTQ6InVzZUZpbHRlclRpdGxlIjtzOjE6IjAiO3M6MTQ6InVzZUZpbHRlclRvcGljIjtzOjE6IjAiO3M6MTI6InVzZUZpbHRlclRhZyI7czoxOiIwIjtzOjEzOiJ1c2VGaWx0ZXJEYXRlIjtzOjE6IjAiO3M6MTU6InRvcGljVGV4dEZvcm1hdCI7czoxOiIwIjtzOjEzOiJ0YWdUZXh0Rm9ybWF0IjtzOjk6InVwcGVyV29yZCI7czoxNDoiZGF0ZVRleHRGb3JtYXQiO3M6MToiMCI7czoxNjoiZmlsdGVyRGF0ZUZvcm1hdCI7czozOiJGIFkiO3M6OToidGl0bGVUZXh0IjtzOjM3OiJb0JfQsNCz0L7Qu9C+0LLQvtC6INGB0YLRgNCw0L3QuNGG0YtdIjtzOjEwOiJmb3JtYXR0aW5nIjtzOjI6ImgxIjt9'),(1467,'','2022-08-24 13:16:11','2022-08-24 13:16:11','','1',1,1,NULL),(1468,'','2022-08-24 16:55:33','2022-08-24 16:55:33',NULL,'1',31,1,NULL),(1469,'','2022-08-24 17:10:53','2022-08-24 17:10:53',NULL,'1',31,1,NULL),(1470,'','2022-08-24 17:11:42','2022-08-24 17:11:42',NULL,'1',31,1,NULL),(1471,'','2022-08-24 17:12:56','2022-08-24 17:12:56',NULL,'1',31,1,NULL),(1472,'','2022-08-24 17:27:08','2022-08-24 17:27:08','','1',1,1,NULL),(1473,'','2022-08-24 17:27:56','2022-08-24 17:27:56','','1',1,1,NULL),(1474,'','2022-08-24 17:30:03','2022-08-24 17:30:03','','1',44,1,NULL),(1475,'','2022-08-24 17:30:40','2022-08-24 17:30:40','parallax','1',44,1,NULL),(1477,'','2022-08-24 17:39:23','2022-08-24 17:40:02',NULL,'1',1,1,NULL),(1478,'','2022-08-24 17:51:38','2022-08-24 17:51:38',NULL,'0',51,1,NULL),(1479,'','2022-08-25 17:23:41','2022-08-25 17:23:41',NULL,'0',3,1,NULL),(1480,'','2022-08-25 17:29:12','2022-08-25 17:29:12','','1',3,1,NULL),(1484,'','2022-08-26 12:33:08','2022-08-26 12:34:07','','0',57,1,NULL),(1485,'','2022-08-26 12:34:54','2022-08-26 12:38:41','','1',1,1,NULL),(1486,'','2022-08-26 12:45:02','2022-08-26 12:45:02','','1',57,1,NULL),(1487,'','2022-08-26 12:45:43','2022-08-26 12:45:43','','1',1,1,NULL),(1488,'','2022-08-26 12:51:25','2022-08-26 12:51:25','','1',57,1,NULL),(1489,'','2022-08-26 12:51:59','2022-08-26 12:51:59','','1',1,1,NULL),(1490,'','2022-08-26 12:59:08','2022-08-26 12:59:42','','1',57,1,'TzozMjoiQ29uY3JldGVcQ29yZVxMZWdhY3lcQmxvY2tSZWNvcmQiOjExOntzOjM6ImJJRCI7czo0OiIxNDkwIjtzOjk6IgAqAF90YWJsZSI7czoxMDoiYnRBYlNwYWNlciI7czo0OiJzaXplIjtzOjE6IjEiO3M6NToic3R5bGUiO3M6NDoibm9uZSI7czo1OiJjb2xvciI7czowOiIiO3M6NjoiaGVpZ2h0IjtzOjE6IjEiO3M6NDoibm90ZSI7czowOiIiO3M6OToic2hvd19saW5lIjtzOjE6IjAiO3M6OToic2hvd19ub3RlIjtzOjE6IjAiO3M6MTI6InNob3dfcGljdHVyZSI7czoxOiIwIjtzOjk6InBpY3R1cmVJRCI7czoxOiIwIjt9'),(1491,'','2022-08-26 13:33:22','2022-08-26 13:33:22','','1',1,1,NULL),(1492,'','2022-08-26 13:33:46','2022-08-26 13:33:46',NULL,'0',1,1,NULL),(1493,'','2022-08-26 13:43:54','2022-08-26 13:43:54',NULL,'1',51,1,NULL),(1494,'','2022-08-26 13:45:47','2022-08-26 13:45:47',NULL,'1',51,1,NULL),(1496,'','2022-08-26 13:50:16','2022-08-26 13:50:16',NULL,'0',53,1,NULL),(1497,'','2022-08-26 13:50:52','2022-08-26 13:51:30','','1',53,1,'TzozMjoiQ29uY3JldGVcQ29yZVxMZWdhY3lcQmxvY2tSZWNvcmQiOjE3OntzOjM6ImJJRCI7czo0OiIxNDk3IjtzOjk6IgAqAF90YWJsZSI7czoxMzoiYnRXYWxsR2FsbGVyeSI7czo3OiJmaWxlc2V0IjtzOjE6IjMiO3M6OToidGh1bWJuYWlsIjtzOjQ6InRydWUiO3M6MTE6InRodW1iTWFyZ2luIjtzOjI6IjEwIjtzOjEzOiJjYXB0aW9uRW5hYmxlIjtzOjU6ImZhbHNlIjtzOjY6ImVhc2luZyI7czoxMToiZWFzZU91dEV4cG8iO3M6NDoibW9kZSI7TjtzOjg6ImNvbnRyb2xzIjtzOjQ6InRydWUiO3M6ODoibG9vcGFibGUiO3M6NToiZmFsc2UiO3M6NDoiYXV0byI7czo1OiJmYWxzZSI7czo1OiJwYXVzZSI7czo0OiI0MDAwIjtzOjY6ImVzY0tleSI7czo0OiJ0cnVlIjtzOjg6ImNsb3NhYmxlIjtzOjQ6InRydWUiO3M6NzoiY291bnRlciI7czo1OiJmYWxzZSI7czoxNjoiaGlkZUNvbnRyb2xPbkVuZCI7czo1OiJmYWxzZSI7czoxMToidGh1bWJoZWlnaHQiO3M6MzoiMjAwIjt9'),(1498,'','2022-08-26 13:52:55','2022-08-26 13:52:55',NULL,'0',52,1,NULL),(1499,'','2022-08-26 13:54:01','2022-08-26 13:54:01',NULL,'1',52,1,NULL),(1501,'','2022-08-26 14:06:22','2022-08-26 14:06:22','parallax','1',44,1,NULL),(1502,'','2022-08-26 14:07:24','2022-08-26 14:07:24','parallax','1',44,1,NULL),(1503,'','2022-08-26 14:08:55','2022-08-26 14:08:55','parallax','1',44,1,NULL),(1504,'','2022-08-26 14:18:08','2022-08-26 14:18:08','parallax','1',44,1,NULL),(1505,'','2022-08-26 14:19:22','2022-08-26 14:19:22','parallax','1',44,1,NULL),(1506,'','2022-08-26 14:20:18','2022-08-26 14:20:18','parallax','1',44,1,NULL),(1507,'','2022-08-26 14:21:24','2022-08-26 14:22:06','parallax','1',44,1,NULL),(1508,'','2022-08-26 14:21:54','2022-08-26 14:21:54','parallax','1',44,1,'TzozMjoiQ29uY3JldGVcQ29yZVxMZWdhY3lcQmxvY2tSZWNvcmQiOjM6e3M6MzoiYklEIjtzOjQ6IjE1MDgiO3M6OToiACoAX3RhYmxlIjtzOjE2OiJidENvcmVBcmVhTGF5b3V0IjtzOjEwOiJhckxheW91dElEIjtzOjM6IjEwMiI7fQ=='),(1509,'','2022-08-26 14:28:12','2022-08-26 14:28:12','parallax','1',44,1,'TzozMjoiQ29uY3JldGVcQ29yZVxMZWdhY3lcQmxvY2tSZWNvcmQiOjM6e3M6MzoiYklEIjtzOjQ6IjE1MDkiO3M6OToiACoAX3RhYmxlIjtzOjE2OiJidENvcmVBcmVhTGF5b3V0IjtzOjEwOiJhckxheW91dElEIjtzOjM6IjEwMyI7fQ=='),(1510,'','2022-08-26 14:31:49','2022-08-26 14:32:57','','1',1,1,NULL),(1512,'','2022-08-26 15:52:18','2022-08-26 15:52:18','','1',1,1,NULL),(1513,'','2022-08-26 16:13:36','2022-08-26 16:13:36','','1',1,1,NULL),(1514,'','2022-08-26 16:15:39','2022-08-26 16:15:39','','1',1,1,NULL),(1515,'','2022-08-26 16:16:58','2022-08-26 16:16:58',NULL,'1',55,1,'TzozMjoiQ29uY3JldGVcQ29yZVxMZWdhY3lcQmxvY2tSZWNvcmQiOjEyOntzOjM6ImJJRCI7czo0OiIxNTE1IjtzOjk6IgAqAF90YWJsZSI7czoxOToiYnRQdXJlQ29va2llc05vdGljZSI7czo1OiJ0aXRsZSI7czoxNzoi0JLQvdC40LzQsNC90LjQtSEiO3M6NzoiY29udGVudCI7czoxNzc6IjxwPtCh0LDQudGCINC40YHQv9C+0LvRjNC30YPQtdGCINGE0LDQudC70YsgY29va2llLiDQktGLINC80L7QttC10YLQtSDQt9Cw0L/RgNC10YLQuNGC0Ywg0YHQvtGF0YDQsNC90LXQvdC40LUgY29va2llINCyINC90LDRgdGC0YDQvtC50LrQsNGFINGB0LLQvtC10LPQviDQsdGA0LDRg9C30LXRgNCwLjwvcD4NCiI7czo5OiJhZ3JlZVRleHQiO3M6MDoiIjtzOjg6InBvc2l0aW9uIjtzOjY6ImJvdHRvbSI7czo5OiJ0ZXh0Q29sb3IiO3M6MDoiIjtzOjk6ImxpbmtDb2xvciI7czowOiIiO3M6MTU6ImJhY2tncm91bmRDb2xvciI7czowOiIiO3M6MjA6ImludGVyYWN0aW9uSW1wbGllc09rIjtzOjE6IjEiO3M6MTQ6InNpdGV3aWRlQ29va2llIjtzOjE6IjEiO3M6OToib25seUZvckVVIjtzOjE6IjAiO30='),(1516,'','2022-08-26 16:29:33','2022-08-26 16:30:48','','1',1,1,NULL),(1517,'','2022-08-26 16:29:44','2022-08-26 16:30:06','','0',1,1,'TzozMjoiQ29uY3JldGVcQ29yZVxMZWdhY3lcQmxvY2tSZWNvcmQiOjM6e3M6MzoiYklEIjtzOjQ6IjE1MTciO3M6OToiACoAX3RhYmxlIjtzOjE0OiJidENvbnRlbnRMb2NhbCI7czo3OiJjb250ZW50IjtzOjIyMjoiPHAgY2xhc3M9Im1haW4tdHh0LWJvb2siPtCc0L7QsdC40LvRjNC90L7QtSDQv9GA0LjQu9C+0LbQtdC90LjQtSwg0LDQtNCw0L/RgtC40YDQvtCy0LDQvdC90L7QtSDQtNC70Y8g0L7Qv9C10YDQsNGG0LjQvtC90L3Ri9GFINGB0LjRgdGC0LXQvCBBbmRyb2lkINC4IGlPUy48YnIgLz4NCtCh0L7QtNC10YDQttC40YIg0LjQs9GA0YssINC60LDRgNCw0L7QutC1LdC/0LXRgdC90LguPC9wPg0KIjt9'),(1518,'','2022-08-26 16:32:24','2022-08-26 16:32:24',NULL,'1',57,1,'TzozMjoiQ29uY3JldGVcQ29yZVxMZWdhY3lcQmxvY2tSZWNvcmQiOjExOntzOjM6ImJJRCI7czo0OiIxNTE4IjtzOjk6IgAqAF90YWJsZSI7czoxMDoiYnRBYlNwYWNlciI7czo0OiJzaXplIjtzOjE6IjEiO3M6NToic3R5bGUiO3M6NDoibm9uZSI7czo1OiJjb2xvciI7czo3OiIjNjY2NjY2IjtzOjY6ImhlaWdodCI7czoyOiIyNSI7czo0OiJub3RlIjtzOjA6IiI7czo5OiJzaG93X2xpbmUiO3M6MToiMCI7czo5OiJzaG93X25vdGUiO3M6MToiMCI7czoxMjoic2hvd19waWN0dXJlIjtzOjE6IjAiO3M6OToicGljdHVyZUlEIjtzOjE6IjAiO30='),(1519,'','2022-08-26 16:32:32','2022-08-26 16:32:32',NULL,'1',57,1,'TzozMjoiQ29uY3JldGVcQ29yZVxMZWdhY3lcQmxvY2tSZWNvcmQiOjExOntzOjM6ImJJRCI7czo0OiIxNTE5IjtzOjk6IgAqAF90YWJsZSI7czoxMDoiYnRBYlNwYWNlciI7czo0OiJzaXplIjtzOjE6IjEiO3M6NToic3R5bGUiO3M6NDoibm9uZSI7czo1OiJjb2xvciI7czo3OiIjNjY2NjY2IjtzOjY6ImhlaWdodCI7czoyOiIyNSI7czo0OiJub3RlIjtzOjA6IiI7czo5OiJzaG93X2xpbmUiO3M6MToiMCI7czo5OiJzaG93X25vdGUiO3M6MToiMCI7czoxMjoic2hvd19waWN0dXJlIjtzOjE6IjAiO3M6OToicGljdHVyZUlEIjtzOjE6IjAiO30='),(1521,'','2022-08-26 16:35:30','2022-08-26 16:35:30',NULL,'1',1,1,'TzozMjoiQ29uY3JldGVcQ29yZVxMZWdhY3lcQmxvY2tSZWNvcmQiOjM6e3M6MzoiYklEIjtzOjQ6IjE1MjEiO3M6OToiACoAX3RhYmxlIjtzOjE0OiJidENvbnRlbnRMb2NhbCI7czo3OiJjb250ZW50IjtzOjQxNDoiPHA+PGEgaHJlZj0ie0NDTTpCQVNFX1VSTH0vYm9vayI+0JrQvdC40LPQsDwvYT48L3A+DQoNCjxwPjxhIGhyZWY9Imh0dHBzOi8vcGxheS5nb29nbGUuY29tL3N0b3JlL2FwcHMvZGV0YWlscz9pZD1ydS50ZGkuYmV6YmVyZ2UiIHRhcmdldD0iX2JsYW5rIj7QodC60LDRh9Cw0YLRjCDQuNCz0YDRgyDRgSBHb29nbGUgUGxheTwvYT48L3A+DQoNCjxwPjxhIGhyZWY9Imh0dHBzOi8vYXBwcy5hcHBsZS5jb20vdXMvYXBwLyVEMCVCQyVEMSU4Qi0lRDAlQjIlRDAlQkMlRDAlQjUlRDElODElRDElODIlRDAlQjUtJUQwJUIxJUQwJUI1JUQwJUI3LSVEMCVCMSVEMCVCNSVEMSU4MCVEMCVCMyVEMyU5OS9pZDE2Mzk2ODk4NTAiIHRhcmdldD0iX2JsYW5rIj7QodC60LDRh9Cw0YLRjCDQuNCz0YDRgyDRgSBBcHAgU3RvcmU8L2E+PC9wPg0KIjt9'),(1522,'','2022-08-26 16:40:55','2022-08-26 16:41:18',NULL,'0',3,1,NULL),(1523,'','2022-08-26 16:43:17','2022-08-26 16:44:59',NULL,'1',1,1,NULL),(1524,'','2022-08-26 16:48:04','2022-08-26 16:48:19','','1',3,1,NULL),(1525,'','2022-08-26 16:58:28','2022-08-26 17:05:59','','0',3,1,NULL),(1526,'','2022-08-26 17:05:43','2022-08-26 17:05:43','','1',1,1,NULL),(1527,'','2022-08-26 17:10:48','2022-08-26 17:11:29','','0',3,1,NULL),(1535,'','2022-08-26 17:19:44','2022-08-26 17:19:44',NULL,'1',1,1,NULL),(1536,'','2022-08-26 17:33:19','2022-08-26 17:33:19',NULL,'1',1,1,NULL),(1537,'','2022-08-26 17:42:31','2022-08-26 17:42:31',NULL,'1',1,1,'TzozMjoiQ29uY3JldGVcQ29yZVxMZWdhY3lcQmxvY2tSZWNvcmQiOjM6e3M6MzoiYklEIjtzOjQ6IjE1MzciO3M6OToiACoAX3RhYmxlIjtzOjE0OiJidENvbnRlbnRMb2NhbCI7czo3OiJjb250ZW50IjtzOjExNzoiPHA+PGEgaHJlZj0ie0NDTTpCQVNFX1VSTH0iPjxjb25jcmV0ZS1waWN0dXJlIGZJRD0iMzU5IiBhbHQ9ItCc0Ysg0LLQvNC10YHRgtC1IiBoZWlnaHQ9IjE1MCIgd2lkdGg9IjU4MiIgLz48L2E+PC9wPg0KIjt9'),(1538,'','2022-08-26 17:43:07','2022-08-26 17:43:07',NULL,'1',1,1,NULL),(1539,'','2022-08-26 18:18:43','2022-08-26 18:18:43','','1',1,1,'TzozMjoiQ29uY3JldGVcQ29yZVxMZWdhY3lcQmxvY2tSZWNvcmQiOjM6e3M6MzoiYklEIjtzOjQ6IjE1MzkiO3M6OToiACoAX3RhYmxlIjtzOjE0OiJidENvbnRlbnRMb2NhbCI7czo3OiJjb250ZW50IjtzOjMyOiI8aDM+0KPRgNC+0Log0LTRgNGD0LbQsdGLPC9oMz4NCiI7fQ=='),(1540,'','2022-08-26 18:18:43','2022-08-26 18:18:43',NULL,'1',1,1,'TzozMjoiQ29uY3JldGVcQ29yZVxMZWdhY3lcQmxvY2tSZWNvcmQiOjM6e3M6MzoiYklEIjtzOjQ6IjE1NDAiO3M6OToiACoAX3RhYmxlIjtzOjE0OiJidENvbnRlbnRMb2NhbCI7czo3OiJjb250ZW50IjtzOjQ4OiI8aDM+0JzQuNGAINC4INC00YDRg9C20LHQsCwg0L/QvtC80L7Qs9C4ITwvaDM+DQoiO30='),(1541,'','2022-08-26 18:18:43','2022-08-26 18:18:43',NULL,'1',1,1,'TzozMjoiQ29uY3JldGVcQ29yZVxMZWdhY3lcQmxvY2tSZWNvcmQiOjM6e3M6MzoiYklEIjtzOjQ6IjE1NDEiO3M6OToiACoAX3RhYmxlIjtzOjE0OiJidENvbnRlbnRMb2NhbCI7czo3OiJjb250ZW50IjtzOjM4OiI8aDM+0JLQvNC10YHRgtC1INC80Ysg0YHQuNC70LAhPC9oMz4NCiI7fQ=='),(1542,'','2022-08-26 18:18:43','2022-08-26 18:18:43',NULL,'1',1,1,'TzozMjoiQ29uY3JldGVcQ29yZVxMZWdhY3lcQmxvY2tSZWNvcmQiOjM6e3M6MzoiYklEIjtzOjQ6IjE1NDIiO3M6OToiACoAX3RhYmxlIjtzOjE0OiJidENvbnRlbnRMb2NhbCI7czo3OiJjb250ZW50IjtzOjQ2OiI8aDM+0JLQvtC70YjQtdCx0L3Ri9C5INC/0L7QvNC+0YnQvdC40Lo8L2gzPg0KIjt9'),(1543,'','2022-08-26 18:18:43','2022-08-26 18:18:43',NULL,'1',1,1,'TzozMjoiQ29uY3JldGVcQ29yZVxMZWdhY3lcQmxvY2tSZWNvcmQiOjM6e3M6MzoiYklEIjtzOjQ6IjE1NDMiO3M6OToiACoAX3RhYmxlIjtzOjE0OiJidENvbnRlbnRMb2NhbCI7czo3OiJjb250ZW50IjtzOjMzOiI8aDM+0J7QtNC40L0g0LfQsCDQstGB0LXRhTwvaDM+DQoiO30='),(1544,'','2022-08-26 18:18:43','2022-08-26 18:18:43',NULL,'1',1,1,'TzozMjoiQ29uY3JldGVcQ29yZVxMZWdhY3lcQmxvY2tSZWNvcmQiOjM6e3M6MzoiYklEIjtzOjQ6IjE1NDQiO3M6OToiACoAX3RhYmxlIjtzOjE0OiJidENvbnRlbnRMb2NhbCI7czo3OiJjb250ZW50IjtzOjM0OiI8aDM+0J7Qv9Cw0YHQvdCw0Y8g0L3QvtGH0Yw8L2gzPg0KIjt9'),(1545,'','2022-08-26 18:18:43','2022-08-26 18:18:43',NULL,'1',1,1,'TzozMjoiQ29uY3JldGVcQ29yZVxMZWdhY3lcQmxvY2tSZWNvcmQiOjM6e3M6MzoiYklEIjtzOjQ6IjE1NDUiO3M6OToiACoAX3RhYmxlIjtzOjE0OiJidENvbnRlbnRMb2NhbCI7czo3OiJjb250ZW50IjtzOjI5OiI8aDM+0JzRiyDQstC80LXRgdGC0LUhPC9oMz4NCiI7fQ=='),(1546,'','2022-08-26 18:18:44','2022-08-26 18:18:44','','1',1,1,NULL),(1547,'','2022-08-26 18:18:44','2022-08-26 18:18:44','','1',1,1,NULL),(1548,'','2022-08-26 18:18:44','2022-08-26 18:18:44',NULL,'1',17,1,'TzozMjoiQ29uY3JldGVcQ29yZVxMZWdhY3lcQmxvY2tSZWNvcmQiOjEzOntzOjM6ImJJRCI7czo0OiIxNTQ4IjtzOjk6IgAqAF90YWJsZSI7czoxMzoiYnRFeHByZXNzRm9ybSI7czo4OiJleEZvcm1JRCI7czozNjoiZWEyZDlmZDMtZWI3MC0xMWVhLWFjNTQtZmRjOGVmNTllZDk5IjtzOjExOiJzdWJtaXRMYWJlbCI7czoxODoi0J7RgtC/0YDQsNCy0LjRgtGMIjtzOjExOiJ0aGFua3lvdU1zZyI7czo2Mjoi0KHQv9Cw0YHQuNCx0L4hINCS0LDRiNC1INC+0LHRgNCw0YnQtdC90LjQtSDQsiDQv9GA0LjQvdGP0YLQvi4iO3M6MjA6Im5vdGlmeU1lT25TdWJtaXNzaW9uIjtzOjE6IjEiO3M6MTQ6InJlY2lwaWVudEVtYWlsIjtzOjI5OiJkYW1pci04MkBiay5ydSwwMDMwMDNAbWFpbC5ydSI7czoxNDoiZGlzcGxheUNhcHRjaGEiO3M6MToiMSI7czoxOToic3RvcmVGb3JtU3VibWlzc2lvbiI7czoxOiIxIjtzOjExOiJyZWRpcmVjdENJRCI7czoxOiIxIjtzOjIxOiJyZXBseVRvRW1haWxDb250cm9sSUQiO3M6MzY6Ijk3NGY4ODI1LWViNzAtMTFlYS1hYzU0LWZkYzhlZjU5ZWQ5OSI7czoxMzoiYWRkRmlsZXNUb1NldCI7czoxOiIwIjtzOjE2OiJhZGRGaWxlc1RvRm9sZGVyIjtzOjE6IjciO30='),(1549,'','2022-08-26 18:18:44','2022-08-26 18:18:44','breadcrumb.php','1',7,1,'TzozMjoiQ29uY3JldGVcQ29yZVxMZWdhY3lcQmxvY2tSZWNvcmQiOjEwOntzOjM6ImJJRCI7czo0OiIxNTQ5IjtzOjk6IgAqAF90YWJsZSI7czoxMjoiYnROYXZpZ2F0aW9uIjtzOjc6Im9yZGVyQnkiO3M6MTE6ImRpc3BsYXlfYXNjIjtzOjEyOiJkaXNwbGF5UGFnZXMiO3M6MzoidG9wIjtzOjE1OiJkaXNwbGF5UGFnZXNDSUQiO3M6MToiMCI7czoyMzoiZGlzcGxheVBhZ2VzSW5jbHVkZVNlbGYiO3M6MToiMCI7czoxNToiZGlzcGxheVN1YlBhZ2VzIjtzOjE5OiJyZWxldmFudF9icmVhZGNydW1iIjtzOjIwOiJkaXNwbGF5U3ViUGFnZUxldmVscyI7czo2OiJlbm91Z2giO3M6MjM6ImRpc3BsYXlTdWJQYWdlTGV2ZWxzTnVtIjtzOjE6IjAiO3M6MjM6ImRpc3BsYXlVbmF2YWlsYWJsZVBhZ2VzIjtzOjE6IjAiO30='),(1550,'','2022-08-26 18:18:44','2022-08-26 18:18:44','','1',1,1,NULL),(1551,'','2022-08-26 18:18:44','2022-08-26 18:18:44','','1',1,1,NULL),(1552,'','2022-08-26 18:18:44','2022-08-26 18:18:44','breadcrumb.php','1',7,1,NULL),(1553,'','2022-08-26 18:18:44','2022-08-26 18:18:44',NULL,'1',3,1,NULL),(1554,'','2022-08-26 18:18:45','2022-08-26 18:18:45',NULL,'1',1,1,'TzozMjoiQ29uY3JldGVcQ29yZVxMZWdhY3lcQmxvY2tSZWNvcmQiOjM6e3M6MzoiYklEIjtzOjQ6IjE1NTQiO3M6OToiACoAX3RhYmxlIjtzOjE0OiJidENvbnRlbnRMb2NhbCI7czo3OiJjb250ZW50IjtzOjE1OTY6IjxwPtCY0L3QvdC+0LLQsNGG0LjQvtC90L3Ri9C5INGA0LDQt9Cy0LvQtdC60LDRgtC10LvRjNC90L4t0L/QvtC30L3QsNCy0LDRgtC10LvRjNC90YvQuSDQv9GA0L7QtdC60YIgPHN0cm9uZz4mbGFxdW870JHQtdC3INCx0LXRgNCz05kmcmFxdW87ICZuZGFzaDsgJmxhcXVvO9Cc0Ysg0LLQvNC10YHRgtC1JnJhcXVvOzwvc3Ryb25nPiDQtNC70Y8g0LTQtdGC0LXQuSDQviDQtNGA0YPQttCx0LUg0LzQtdC20LTRgyDQvdCw0YDQvtC00LDQvNC4INC90LAg0YDRg9GB0YHQutC+0Lwg0Lgg0YLQsNGC0LDRgNGB0LrQvtC8INGP0LfRi9C60LDRhSDRgNCw0LfRgNCw0LHQvtGC0LDQvSDQotCw0YLQsNGA0YHQutC40Lwg0LTQtdGC0YHQutC40Lwg0LjQt9C00LDRgtC10LvRjNGB0YLQstC+0Lwg0L/RgNC4INC60L7QvdGB0YPQu9GM0YLQsNGG0LjQvtC90L3QvtC5INC/0L7QtNC00LXRgNC20LrQtSDQkNGB0YHQsNC80LHQu9C10Lgg0L3QsNGA0L7QtNC+0LIg0KLQsNGC0LDRgNGB0YLQsNC90LAg0Lgg0JTQvtC80LAg0JTRgNGD0LbQsdGLINC90LDRgNC+0LTQvtCyINCi0LDRgtCw0YDRgdGC0LDQvdCwLiDQn9GA0L7QtdC60YIg0L/RgNC10LTRgdGC0LDQstC70Y/QtdGCINGB0L7QsdC+0Lkg0LrQvtC80L/Qu9C10LrRgSwg0LIg0LrQvtGC0L7RgNGL0Lkg0LLRhdC+0LTRj9GCOjwvcD4NCg0KPHVsPg0KCTxsaT7QutC90LjQs9CwLdGB0LrQsNC30LrQsCAmbGFxdW870JHQtdC3INCx0LXRgNCz05kmcmFxdW87ICZuZGFzaDsgJmxhcXVvO9Cc0Ysg0LLQvNC10YHRgtC1JnJhcXVvOyw8L2xpPg0KCTxsaT7RgdCw0LnRgiB3d3cu0LHQtdC3LdCx0LXRgNCz0LUu0YDRhCw8L2xpPg0KCTxsaT7QvNC+0LHQuNC70YzQvdC+0LUg0L/RgNC40LvQvtC20LXQvdC40LUgJmxhcXVvO9CR0LXQtyDQsdC10YDQs9OZJnJhcXVvOyAmbmRhc2g7ICZsYXF1bzvQnNGLINCy0LzQtdGB0YLQtSZyYXF1bzsg0YEg0L7Qt9Cy0YPRh9C10L3QvdGL0LzQuCDQutC+0LzQuNC60YHQsNC80LgsINC40L3RgtC10YDQsNC60YLQuNCy0L3Ri9C80Lgg0LjQs9GA0LDQvNC4ICjQvNC10LzQvtGA0LjQvdGLLCDRgNCw0YHQutGA0LDRgdC60LgsINCz0L7Qu9C+0LLQvtC70L7QvNC60Lgg0Lgg0YIu0LQuKSDQuCDQutCw0YDQsNC+0LrQtS3Qv9C10YHQvdGP0LzQuC48L2xpPg0KPC91bD4NCg0KPHA+0JrQsNC20LTRi9C5INGN0LvQtdC80LXQvdGCINC60L7QvNC/0LvQtdC60YHQsCDQvNC+0LbQtdGCINC40YHQv9C+0LvRjNC30L7QstCw0YLRjNGB0Y8g0LrQsNC6INGB0LDQvNC+0YHRgtC+0Y/RgtC10LvRjNC90YvQuSDQv9GA0L7QtNGD0LrRgiDQuCDQsiDRgdC+0YfQtdGC0LDQvdC40Lgg0YEg0LTRgNGD0LPQuNC80Lgg0Y3Qu9C10LzQtdC90YLQsNC80LgsINGH0YLQviDQtNCw0ZHRgiDQvNC90L7Qs9C+0LrRgNCw0YLQvdGL0Lkg0L7QsdGA0LDQt9C+0LLQsNGC0LXQu9GM0L3Ri9C5INGN0YTRhNC10LrRgi48Y29uY3JldGUtcGljdHVyZSBmaWQ9IjM1MyIgYWx0PSLQkdCRX9CR0LDQsdCwX9Cv0LPQsCIgY2xhc3M9ImNvbnRlbnQtZWRpdG9yLWltYWdlLXJpZ2h0IiBoZWlnaHQ9IjI4OCIgc3R5bGU9ImZsb2F0OnJpZ2h0IiB3aWR0aD0iMTQ0IiAvPjwvcD4NCiI7fQ=='),(1555,'','2022-08-26 18:18:45','2022-08-26 18:18:45','','1',3,1,'TzozMjoiQ29uY3JldGVcQ29yZVxMZWdhY3lcQmxvY2tSZWNvcmQiOjEzOntzOjM6ImJJRCI7czo0OiIxNTU1IjtzOjk6IgAqAF90YWJsZSI7czoxNDoiYnRDb250ZW50SW1hZ2UiO3M6MzoiZklEIjtzOjM6IjM1MiI7czoxMDoiZk9uc3RhdGVJRCI7czoxOiIwIjtzOjk6ImNyb3BJbWFnZSI7czoxOiIwIjtzOjg6Im1heFdpZHRoIjtzOjE6IjAiO3M6OToibWF4SGVpZ2h0IjtzOjE6IjAiO3M6MTI6ImV4dGVybmFsTGluayI7czowOiIiO3M6MTU6ImludGVybmFsTGlua0NJRCI7czoxOiIwIjtzOjEwOiJmaWxlTGlua0lEIjtzOjE6IjAiO3M6MTk6Im9wZW5MaW5rSW5OZXdXaW5kb3ciO3M6MToiMCI7czo3OiJhbHRUZXh0IjtzOjA6IiI7czo1OiJ0aXRsZSI7czowOiIiO30='),(1556,'','2022-08-26 18:18:53','2022-08-26 18:31:49','','1',1,1,NULL),(1557,'','2022-08-26 18:18:53','2022-08-26 18:31:49',NULL,'1',1,1,NULL),(1558,'','2022-08-26 18:18:53','2022-08-26 18:31:49',NULL,'1',1,1,NULL),(1559,'','2022-08-26 18:18:53','2022-08-26 18:31:49',NULL,'1',1,1,NULL),(1560,'','2022-08-26 18:18:53','2022-08-26 18:31:49',NULL,'1',1,1,NULL),(1561,'','2022-08-26 18:18:53','2022-08-26 18:31:49',NULL,'1',1,1,NULL),(1562,'','2022-08-26 18:18:53','2022-08-26 18:31:49',NULL,'1',1,1,NULL),(1563,'','2022-08-26 18:18:53','2022-08-26 18:18:53',NULL,'1',17,1,NULL),(1564,'','2022-08-26 18:18:53','2022-08-26 18:18:53','breadcrumb.php','1',7,1,NULL),(1565,'','2022-08-26 18:18:53','2022-08-26 18:18:53','','1',1,1,NULL),(1566,'','2022-08-26 18:18:53','2022-08-26 18:18:53','','1',1,1,NULL),(1567,'','2022-08-26 18:18:53','2022-08-26 18:18:53','breadcrumb.php','1',7,1,NULL),(1568,'','2022-08-26 18:18:53','2022-08-26 18:18:53',NULL,'1',1,1,NULL),(1569,'','2022-08-26 18:18:53','2022-08-26 18:18:53','','1',1,1,NULL),(1570,'','2022-08-26 18:18:53','2022-08-26 18:18:53','','1',1,1,NULL),(1571,'','2022-08-26 18:22:15','2022-08-26 18:22:15','','1',1,1,NULL),(1572,'','2022-08-26 18:23:43','2022-08-26 18:23:43','','1',1,1,NULL),(1573,'','2022-08-26 18:26:02','2022-08-26 18:26:02','','1',1,1,NULL),(1574,'','2022-08-26 18:30:00','2022-08-26 18:30:00',NULL,'1',1,1,NULL),(1575,'','2022-08-26 18:31:49','2022-08-26 18:31:49',NULL,'1',17,1,'TzozMjoiQ29uY3JldGVcQ29yZVxMZWdhY3lcQmxvY2tSZWNvcmQiOjEzOntzOjM6ImJJRCI7czo0OiIxNTc1IjtzOjk6IgAqAF90YWJsZSI7czoxMzoiYnRFeHByZXNzRm9ybSI7czo4OiJleEZvcm1JRCI7czozNjoiZWEyZDlmZDMtZWI3MC0xMWVhLWFjNTQtZmRjOGVmNTllZDk5IjtzOjExOiJzdWJtaXRMYWJlbCI7czoxODoi0J7RgtC/0YDQsNCy0LjRgtGMIjtzOjExOiJ0aGFua3lvdU1zZyI7czo2Mjoi0KHQv9Cw0YHQuNCx0L4hINCS0LDRiNC1INC+0LHRgNCw0YnQtdC90LjQtSDQsiDQv9GA0LjQvdGP0YLQvi4iO3M6MjA6Im5vdGlmeU1lT25TdWJtaXNzaW9uIjtzOjE6IjEiO3M6MTQ6InJlY2lwaWVudEVtYWlsIjtzOjI5OiJkYW1pci04MkBiay5ydSwwMDMwMDNAbWFpbC5ydSI7czoxNDoiZGlzcGxheUNhcHRjaGEiO3M6MToiMSI7czoxOToic3RvcmVGb3JtU3VibWlzc2lvbiI7czoxOiIxIjtzOjExOiJyZWRpcmVjdENJRCI7czozOiIyOTkiO3M6MjE6InJlcGx5VG9FbWFpbENvbnRyb2xJRCI7czozNjoiOTc0Zjg4MjUtZWI3MC0xMWVhLWFjNTQtZmRjOGVmNTllZDk5IjtzOjEzOiJhZGRGaWxlc1RvU2V0IjtzOjE6IjAiO3M6MTY6ImFkZEZpbGVzVG9Gb2xkZXIiO3M6MToiNyI7fQ=='),(1576,'','2022-08-26 18:31:49','2022-08-26 18:31:49','breadcrumb.php','1',7,1,'TzozMjoiQ29uY3JldGVcQ29yZVxMZWdhY3lcQmxvY2tSZWNvcmQiOjEwOntzOjM6ImJJRCI7czo0OiIxNTc2IjtzOjk6IgAqAF90YWJsZSI7czoxMjoiYnROYXZpZ2F0aW9uIjtzOjc6Im9yZGVyQnkiO3M6MTE6ImRpc3BsYXlfYXNjIjtzOjEyOiJkaXNwbGF5UGFnZXMiO3M6MzoidG9wIjtzOjE1OiJkaXNwbGF5UGFnZXNDSUQiO3M6MToiMCI7czoyMzoiZGlzcGxheVBhZ2VzSW5jbHVkZVNlbGYiO3M6MToiMCI7czoxNToiZGlzcGxheVN1YlBhZ2VzIjtzOjE5OiJyZWxldmFudF9icmVhZGNydW1iIjtzOjIwOiJkaXNwbGF5U3ViUGFnZUxldmVscyI7czo2OiJlbm91Z2giO3M6MjM6ImRpc3BsYXlTdWJQYWdlTGV2ZWxzTnVtIjtzOjE6IjAiO3M6MjM6ImRpc3BsYXlVbmF2YWlsYWJsZVBhZ2VzIjtzOjE6IjAiO30='),(1577,'','2022-08-26 18:31:49','2022-08-26 18:31:49','','1',1,1,NULL),(1578,'','2022-08-26 18:31:49','2022-08-26 18:31:49','','1',1,1,NULL),(1579,'','2022-08-26 18:31:49','2022-08-26 18:31:49','breadcrumb.php','1',7,1,NULL),(1580,'','2022-08-26 18:31:49','2022-08-26 18:31:49','','1',1,1,'TzozMjoiQ29uY3JldGVcQ29yZVxMZWdhY3lcQmxvY2tSZWNvcmQiOjM6e3M6MzoiYklEIjtzOjQ6IjE1ODAiO3M6OToiACoAX3RhYmxlIjtzOjE0OiJidENvbnRlbnRMb2NhbCI7czo3OiJjb250ZW50IjtzOjEzNjU6IjxwPtCi0LDRgtCw0YAg0rvTmdC8INGA0YPRgSDRgtC10LvQu9OZ0YDQtdC90LTTmdCz0LUgJmxhcXVvO9CR0LXQtyDQsdC10YDQs9OZJnJhcXVvOyDQsdCw0LvQsNC70LDRgCDTqdGH0LXQvSDQuNC90L3QvtCy0LDRhtC40L7QvSDTmdC005nQsdC4LdCw0LPQsNGA0YLRgyDQsdCw0YHQvNCw0YHRiyAmbmRhc2g7INCx0LXRgNC10L3Rh9C1INGB0YvQudC90YvRhNC60LAg0YPQutGL0YDQs9CwINC60LXRgNCz05nQvSDQsNC70YLRiyDQtNGD0YHQvdGL0qMg0YXQsNC70YvQuiDTmdC60LjRj9GC0LvTmdGA0LXQvdC10qMg0YLRi9C70YHRi9C80LvRiyDQtNOp0L3RjNGP0YHRi9C90LTQsNCz0Ysg0LPQsNKX05nQtdC/INC80LDSl9Cw0YDQsNC70LDRgNGLINGC0YPRgNGL0L3QtNCwINC80LDQstGL0LrRgtGL0YDQs9GL0Ycg0rvTmdC8INC60YvQt9GL0LrQu9GLINGC0LDRgNC40YUg0YPQuy4g0JDQu9Cw0YAg0pfQuNGA0LTTmdCz0LUg0YLRi9C90YvRh9C70YvQutC90Ysg0YHQsNC60LvQsNC/INC60LDQu9GL0YDQs9CwINK705nQvCDQutC10YjQtdC705nRgCDQsNGA0LDRgdGL0L3QtNCw0LPRiyDRgtCw0YLRg9C70YvQutC90Ysg0LrQuNGA0LUg0LrQsNC50YLQsNGA0YvRgNCz0LAg0YLQuNC10Ygg0LHRg9C70LDRh9Cw0LouINOY0LrQuNGP0YIg0LPQtdGA0L7QudC70LDRgNGLINCx0LXQu9OZ0L0g0LHQtdGA0LPTmSDQsdCw0LvQsNCz0YvQtyDRgNGD0YEsINGC0LDRgtCw0YAsINGH0YPQstCw0YgsINC80LDRgNC4LCDRg9C00LzRg9GA0YIg0rvTmdC8INC80L7RgNC00LLQsCDRhdCw0LvRi9C6INOZ0LrQuNGP0YLQu9OZ0YDQtSDQv9C10YDRgdC+0L3QsNC20LvQsNGA0Ysg0LHQtdC705nQvSDRgtCw0L3Ri9GI0YvRgCwg0LHRgyDRhdCw0LvRi9C60LvQsNGA0L3Ri9KjINC80LjQu9C70Lgg0LrQuNC10LzQvdOZ0YDQtSwg0LnQvtC70LDQu9Cw0YDRiyDSu9OZ0Lwg0LPQvtGA0LXRhC3Qs9Cw0LTTmdGC0LvTmdGA0LUsINGA0LjQt9GL0LrQu9Cw0YDRiywg0YPQtdC90L3QsNGA0Ysg0rvTmdC8INCx05nQudGA05nQvNC905nRgNC1INGC0YPRgNGL0L3QtNCwINC60q/QvyDQutGL0LfRi9C60LvRiyDRhNCw0LrRgtC70LDRgCDQsdC10LvQtdGALiZuYnNwOzwvcD4NCg0KPHA+0rrTmdGAINCx0q/Qu9C10LrRgtOZINC40LPRitGC0LjQsdCw0YDQu9GL0LvRi9C60LrQsCDQsdC40YDQtdC80L3TmdGALCDQu9Cw0LHQuNGA0LjQvdGCLCDQsdGD0Y/Qs9GL0YfQu9Cw0YAg0LHQsNGALiDQkNC70LDRgCDQsdCw0LvQsNC90YvSoyDQutKv0qPQtdC70LXQvSDQsNGH0LDRgCDSu9OZ0Lwg0Y/So9CwINCx0LXQu9C10LzQvdOZ0YDQvdC1INC90YvQs9GL0YLRi9GA0LPQsCDRj9GA0LTTmdC8INC40YLTmdGALiZuYnNwOzwvcD4NCiI7fQ=='),(1581,'','2022-08-26 18:31:49','2022-08-26 18:31:49','','1',1,1,'TzozMjoiQ29uY3JldGVcQ29yZVxMZWdhY3lcQmxvY2tSZWNvcmQiOjM6e3M6MzoiYklEIjtzOjQ6IjE1ODEiO3M6OToiACoAX3RhYmxlIjtzOjE0OiJidENvbnRlbnRMb2NhbCI7czo3OiJjb250ZW50IjtzOjMxNDoiPHA+PHNwYW4gc3R5bGU9ImZvbnQtc2l6ZToxOHB4OyI+PHNwYW4gc3R5bGU9ImNvbG9yOiNjMDM5MmI7Ij4mbGFxdW870JHQtdC3INCx0LXRgNCz05kmcmFxdW87INC60LjRgtCw0LHRiyBQREY8L3NwYW4+PC9zcGFuPjwvcD4NCg0KPHA+PGEgaHJlZj0ie0NDTTpGSURfRExfMzYxfSIgdGFyZ2V0PSJfYmxhbmsiPjxzcGFuIGNsYXNzPSJidG4gYnRuLXByaW1hcnkiPjxpIGFyaWEtaGlkZGVuPSJ0cnVlIiBjbGFzcz0iZmEgZmEtZmlsZS10ZXh0IGZhLTMiPiZuYnNwOyZuYnNwOyZuYnNwOzwvaT7QmdOp0LrQu9OZ0YDQs9OZPC9zcGFuPjwvYT48L3A+DQoiO30='),(1582,'','2022-08-26 18:31:49','2022-08-26 18:31:49',NULL,'1',1,1,'TzozMjoiQ29uY3JldGVcQ29yZVxMZWdhY3lcQmxvY2tSZWNvcmQiOjM6e3M6MzoiYklEIjtzOjQ6IjE1ODIiO3M6OToiACoAX3RhYmxlIjtzOjE0OiJidENvbnRlbnRMb2NhbCI7czo3OiJjb250ZW50IjtzOjE2Nzc6IjxwPtCi0LDRgtCw0YAg0rvTmdC8INGA0YPRgSDRgtC10LvQu9OZ0YDQtdC90LTTmdCz0LUgPHN0cm9uZz4mbGFxdW870JHQtdC3INCx0LXRgNCz05kmcmFxdW87ICZuZGFzaDsgJmxhcXVvO9Cc0Ysg0LLQvNC10YHRgtC1JnJhcXVvOzwvc3Ryb25nPiDQsdCw0LvQsNC70LDRgCDTqdGH0LXQvSDRhdCw0LvRi9C60LvQsNGAINCw0YDQsNGB0YvQvdC00LDQs9GLINC00YPRgdC70YvQuiDRgtGD0YDRi9C90LTQsNCz0Ysg0LjQvdC90L7QstCw0YbQuNC+0L0g0LrSr9Kj0LXQuyDQsNGH0YMg0rvTmdC8INGC0LDQvdGL0L8g0LHQtdC70q8g0L/RgNC+0LXQutGC0Ysg0KLQsNGC0LDRgCDQsdCw0LvQsNC70LDRgCDQvdOZ0YjRgNC40Y/RgtGLINGC0LDRgNCw0YTRi9C90L3QsNC9INCi0LDRgtCw0YDRgdGC0LDQvSDRhdCw0LvRi9C60LvQsNGA0Ysg0JDRgdGB0LDQvNCx0LvQtdGP0YHQtSDSu9OZ0Lwg0KLQsNGC0LDRgNGB0YLQsNC90L3Ri9KjINCl0LDQu9GL0LrQu9Cw0YAg0JTRg9GB0LvRi9Cz0Ysg0LnQvtGA0YLRi9C90YvSoyDQutC+0L3RgdGD0LvRjNGC0LDRhtC40L7QvSDRj9GA0LTTmdC80LUg0LHQtdC705nQvSDRjdGI0LvTmdC90LTQtS4g0J/RgNC+0LXQutGCINKv0Lcg0Y3Rh9C10L3TmSDRgtKv0LHTmdC90LTTmdCz0LUg0Y3Qu9C10LzQtdC90YLQu9Cw0YDQvdGLINCw0LvQs9Cw0L0g0LrQvtC80L/Qu9C10LrRgSDQsdGD0LvRi9C/INGC0L7RgNCwOjwvcD4NCg0KPHVsPg0KCTxsaT4mbGFxdW870JHQtdC3INCx0LXRgNCz05kmcmFxdW87ICZuZGFzaDsgJmxhcXVvO9Cc0Ysg0LLQvNC10YHRgtC1JnJhcXVvOyDQutC40YLQsNC/LdOZ0LrQuNGP0YLQtSw8L2xpPg0KCTxsaT53d3cu0LHQtdC3LdCx0LXRgNCz0LUu0YDRhCDRgdCw0LnRgtGLLDwvbGk+DQoJPGxpPiZsYXF1bzvQkdC10Lcg0LHQtdGA0LPTmSZyYXF1bzsgJm5kYXNoOyAmbGFxdW870JzRiyDQstC80LXRgdGC0LUmcmFxdW87INC80L7QsdC40LvRjCDQutGD0YjRi9C80YLQsNGB0YsuINCj0Lsg0q/QtyDRjdGH0LXQvdOZINGC0LDQstGL0YjQu9Cw0L3QtNGL0YDRi9C70LPQsNC9INC60L7QvNC40LrRgdC70LDRgCwg0LjQvdGC0LXRgNCw0LrRgtC40LIg0YPQtdC90L3QsNGAICjQvNC10LzQvtGA0LjQvdCw0LvQsNGALCDQsdGD0Y/Qs9GL0YfQu9Cw0YAsINCx0LDRiNCy0LDRgtC60YvRh9C70LDRgCDSuy7QsS4pINK705nQvCDQutCw0YDQsNC+0LrQtS3Sl9GL0YDQu9Cw0YAg0LDQu9Cz0LDQvS48L2xpPg0KPC91bD4NCg0KPHA+0JrQvtC80L/Qu9C10LrRgdC90YvSoyDSu9OZ0YAg0Y3Qu9C10LzQtdC90YLRiyDQvNOp0YHRgtOZ0LrRi9C50LvRjCDQv9GA0L7QtNGD0LrRgiDQsdGD0LvQsNGA0LDQuiDRgtCwLCDQsdCw0YjQutCwINGN0LvQtdC80LXQvdGC0LvQsNGAINCx0LXQu9OZ0L0g0LHQtdGA0LPTmSDQtNOZINGE0LDQudC00LDQu9Cw0L3Ri9C70YvRgNCz0LAg0LzTqdC80LrQuNC9LiDQkdGDINCx0LXQu9C10Lwg0LHQuNGA0q8g0L3TmdGC0LjSl9OZ0YHQtdC9INC60q/QvyDRgtCw0L/QutGL0YDQs9CwINCw0YDRgtGC0YvRgNCwLiA8Y29uY3JldGUtcGljdHVyZSBmaWQ9IjM1MyIgYWx0PSLQkdCRX9CR0LDQsdCwX9Cv0LPQsCIgY2xhc3M9ImNvbnRlbnQtZWRpdG9yLWltYWdlLXJpZ2h0IiBoZWlnaHQ9IjI4OCIgc3R5bGU9ImZsb2F0OnJpZ2h0IiB3aWR0aD0iMTQ0IiAvPjwvcD4NCiI7fQ=='),(1583,'','2022-08-26 18:31:49','2022-08-26 18:31:49','','1',3,1,'TzozMjoiQ29uY3JldGVcQ29yZVxMZWdhY3lcQmxvY2tSZWNvcmQiOjEzOntzOjM6ImJJRCI7czo0OiIxNTgzIjtzOjk6IgAqAF90YWJsZSI7czoxNDoiYnRDb250ZW50SW1hZ2UiO3M6MzoiZklEIjtzOjM6IjM1MiI7czoxMDoiZk9uc3RhdGVJRCI7czoxOiIwIjtzOjk6ImNyb3BJbWFnZSI7czoxOiIwIjtzOjg6Im1heFdpZHRoIjtzOjE6IjAiO3M6OToibWF4SGVpZ2h0IjtzOjE6IjAiO3M6MTI6ImV4dGVybmFsTGluayI7czowOiIiO3M6MTU6ImludGVybmFsTGlua0NJRCI7czoxOiIwIjtzOjEwOiJmaWxlTGlua0lEIjtzOjE6IjAiO3M6MTk6Im9wZW5MaW5rSW5OZXdXaW5kb3ciO3M6MToiMCI7czo3OiJhbHRUZXh0IjtzOjA6IiI7czo1OiJ0aXRsZSI7czowOiIiO30='),(1584,'','2022-08-26 18:31:49','2022-08-26 18:31:49',NULL,'1',7,1,NULL),(1585,'','2022-08-26 18:36:12','2022-08-26 18:36:12','','1',1,1,'TzozMjoiQ29uY3JldGVcQ29yZVxMZWdhY3lcQmxvY2tSZWNvcmQiOjM6e3M6MzoiYklEIjtzOjQ6IjE1ODUiO3M6OToiACoAX3RhYmxlIjtzOjE0OiJidENvbnRlbnRMb2NhbCI7czo3OiJjb250ZW50IjtzOjM2OiI8aDM+0JTRg9GB0LvRi9C6INC005nRgNC10YHQtTwvaDM+DQoiO30='),(1586,'','2022-08-26 18:37:10','2022-08-26 18:37:10',NULL,'1',32,1,'TzozMjoiQ29uY3JldGVcQ29yZVxMZWdhY3lcQmxvY2tSZWNvcmQiOjg6e3M6MzoiYklEIjtzOjQ6IjE1ODYiO3M6OToiACoAX3RhYmxlIjtzOjc6ImJ0VmlkZW8iO3M6Nzoid2VibWZJRCI7czozOiIzMDkiO3M6Njoib2dnZklEIjtzOjE6IjAiO3M6OToicG9zdGVyZklEIjtzOjM6IjM2MyI7czo2OiJtcDRmSUQiO3M6MToiMCI7czo5OiJ2aWRlb1NpemUiO3M6MToiMiI7czo1OiJ3aWR0aCI7czozOiI3MDAiO30='),(1587,'','2022-08-26 18:37:44','2022-08-26 18:37:44',NULL,'1',1,1,'TzozMjoiQ29uY3JldGVcQ29yZVxMZWdhY3lcQmxvY2tSZWNvcmQiOjM6e3M6MzoiYklEIjtzOjQ6IjE1ODciO3M6OToiACoAX3RhYmxlIjtzOjE0OiJidENvbnRlbnRMb2NhbCI7czo3OiJjb250ZW50IjtzOjczOiI8aDM+0KLRi9C90YvRh9C70YvQuiDSu9OZ0Lwg0LTRg9GB0LvRi9C6LCDRj9GA0LTTmdC8INC40YLQtdCz0LXQtyE8L2gzPg0KIjt9'),(1588,'','2022-08-26 18:37:59','2022-08-26 18:37:59',NULL,'1',32,1,'TzozMjoiQ29uY3JldGVcQ29yZVxMZWdhY3lcQmxvY2tSZWNvcmQiOjg6e3M6MzoiYklEIjtzOjQ6IjE1ODgiO3M6OToiACoAX3RhYmxlIjtzOjc6ImJ0VmlkZW8iO3M6Nzoid2VibWZJRCI7czozOiIzMTIiO3M6Njoib2dnZklEIjtzOjE6IjAiO3M6OToicG9zdGVyZklEIjtzOjM6IjM2MiI7czo2OiJtcDRmSUQiO3M6MToiMCI7czo5OiJ2aWRlb1NpemUiO3M6MToiMiI7czo1OiJ3aWR0aCI7czozOiI3MDAiO30='),(1589,'','2022-08-26 18:38:29','2022-08-26 18:38:29',NULL,'1',1,1,'TzozMjoiQ29uY3JldGVcQ29yZVxMZWdhY3lcQmxvY2tSZWNvcmQiOjM6e3M6MzoiYklEIjtzOjQ6IjE1ODkiO3M6OToiACoAX3RhYmxlIjtzOjE0OiJidENvbnRlbnRMb2NhbCI7czo3OiJjb250ZW50IjtzOjQ5OiI8aDM+0JHQtdGA0LTTmdC80LvQtdC60YLTmSAmbmRhc2g7INC606nRhyE8L2gzPg0KIjt9'),(1590,'','2022-08-26 18:38:47','2022-08-26 18:38:47',NULL,'1',32,1,'TzozMjoiQ29uY3JldGVcQ29yZVxMZWdhY3lcQmxvY2tSZWNvcmQiOjg6e3M6MzoiYklEIjtzOjQ6IjE1OTAiO3M6OToiACoAX3RhYmxlIjtzOjc6ImJ0VmlkZW8iO3M6Nzoid2VibWZJRCI7czozOiIzMTQiO3M6Njoib2dnZklEIjtzOjE6IjAiO3M6OToicG9zdGVyZklEIjtzOjM6IjM2NCI7czo2OiJtcDRmSUQiO3M6MToiMCI7czo5OiJ2aWRlb1NpemUiO3M6MToiMiI7czo1OiJ3aWR0aCI7czozOiI3MDAiO30='),(1591,'','2022-08-26 18:39:22','2022-08-26 18:39:22',NULL,'1',1,1,'TzozMjoiQ29uY3JldGVcQ29yZVxMZWdhY3lcQmxvY2tSZWNvcmQiOjM6e3M6MzoiYklEIjtzOjQ6IjE1OTEiO3M6OToiACoAX3RhYmxlIjtzOjE0OiJidENvbnRlbnRMb2NhbCI7czo3OiJjb250ZW50IjtzOjQyOiI8aDM+0KLRi9C70YHRi9C80LvRiyDRj9GA0LTTmdC80YfQtTwvaDM+DQoiO30='),(1592,'','2022-08-26 18:39:35','2022-08-26 18:39:35',NULL,'1',32,1,'TzozMjoiQ29uY3JldGVcQ29yZVxMZWdhY3lcQmxvY2tSZWNvcmQiOjg6e3M6MzoiYklEIjtzOjQ6IjE1OTIiO3M6OToiACoAX3RhYmxlIjtzOjc6ImJ0VmlkZW8iO3M6Nzoid2VibWZJRCI7czozOiIzMTYiO3M6Njoib2dnZklEIjtzOjE6IjAiO3M6OToicG9zdGVyZklEIjtzOjM6IjM2NSI7czo2OiJtcDRmSUQiO3M6MToiMCI7czo5OiJ2aWRlb1NpemUiO3M6MToiMiI7czo1OiJ3aWR0aCI7czozOiI3MDAiO30='),(1593,'','2022-08-26 18:40:07','2022-08-26 18:40:07',NULL,'1',1,1,'TzozMjoiQ29uY3JldGVcQ29yZVxMZWdhY3lcQmxvY2tSZWNvcmQiOjM6e3M6MzoiYklEIjtzOjQ6IjE1OTMiO3M6OToiACoAX3RhYmxlIjtzOjE0OiJidENvbnRlbnRMb2NhbCI7czo3OiJjb250ZW50IjtzOjQ5OiI8aDM+0JHQtdGA0LTTmdC80LvQtdC6INGC0LDRgyDQutKv0YfQtdGA05k8L2gzPg0KIjt9'),(1594,'','2022-08-26 18:40:28','2022-08-26 18:40:28',NULL,'1',32,1,'TzozMjoiQ29uY3JldGVcQ29yZVxMZWdhY3lcQmxvY2tSZWNvcmQiOjg6e3M6MzoiYklEIjtzOjQ6IjE1OTQiO3M6OToiACoAX3RhYmxlIjtzOjc6ImJ0VmlkZW8iO3M6Nzoid2VibWZJRCI7czozOiIzMTkiO3M6Njoib2dnZklEIjtzOjE6IjAiO3M6OToicG9zdGVyZklEIjtzOjM6IjM2NiI7czo2OiJtcDRmSUQiO3M6MToiMCI7czo5OiJ2aWRlb1NpemUiO3M6MToiMiI7czo1OiJ3aWR0aCI7czozOiI3MDAiO30='),(1595,'','2022-08-26 18:40:46','2022-08-26 18:40:46',NULL,'1',1,1,'TzozMjoiQ29uY3JldGVcQ29yZVxMZWdhY3lcQmxvY2tSZWNvcmQiOjM6e3M6MzoiYklEIjtzOjQ6IjE1OTUiO3M6OToiACoAX3RhYmxlIjtzOjE0OiJidENvbnRlbnRMb2NhbCI7czo3OiJjb250ZW50IjtzOjM0OiI8aDM+0JrRg9GA0LrRi9C90YvRhyDRgtOp0L08L2gzPg0KIjt9'),(1596,'','2022-08-26 18:41:04','2022-08-26 18:41:04',NULL,'1',32,1,'TzozMjoiQ29uY3JldGVcQ29yZVxMZWdhY3lcQmxvY2tSZWNvcmQiOjg6e3M6MzoiYklEIjtzOjQ6IjE1OTYiO3M6OToiACoAX3RhYmxlIjtzOjc6ImJ0VmlkZW8iO3M6Nzoid2VibWZJRCI7czozOiIzMjAiO3M6Njoib2dnZklEIjtzOjE6IjAiO3M6OToicG9zdGVyZklEIjtzOjM6IjM2NyI7czo2OiJtcDRmSUQiO3M6MToiMCI7czo5OiJ2aWRlb1NpemUiO3M6MToiMiI7czo1OiJ3aWR0aCI7czozOiI3MDAiO30='),(1597,'','2022-08-26 18:41:16','2022-08-26 18:41:16',NULL,'1',1,1,'TzozMjoiQ29uY3JldGVcQ29yZVxMZWdhY3lcQmxvY2tSZWNvcmQiOjM6e3M6MzoiYklEIjtzOjQ6IjE1OTciO3M6OToiACoAX3RhYmxlIjtzOjE0OiJidENvbnRlbnRMb2NhbCI7czo3OiJjb250ZW50IjtzOjI5OiI8aDM+0JHQtdC3INCx0LXRgNCz05khPC9oMz4NCiI7fQ=='),(1598,'','2022-08-26 18:41:36','2022-08-26 18:41:36',NULL,'1',32,1,'TzozMjoiQ29uY3JldGVcQ29yZVxMZWdhY3lcQmxvY2tSZWNvcmQiOjg6e3M6MzoiYklEIjtzOjQ6IjE1OTgiO3M6OToiACoAX3RhYmxlIjtzOjc6ImJ0VmlkZW8iO3M6Nzoid2VibWZJRCI7czozOiIzMjIiO3M6Njoib2dnZklEIjtzOjE6IjAiO3M6OToicG9zdGVyZklEIjtzOjM6IjM2OCI7czo2OiJtcDRmSUQiO3M6MToiMCI7czo5OiJ2aWRlb1NpemUiO3M6MToiMiI7czo1OiJ3aWR0aCI7czozOiI3MDAiO30='),(1599,'','2022-08-26 18:50:09','2022-08-26 18:50:09',NULL,'0',46,1,NULL),(1600,'','2022-08-26 18:50:20','2022-08-26 18:50:20',NULL,'0',46,1,NULL),(1601,'','2022-08-26 18:50:43','2022-08-26 18:50:43',NULL,'0',46,1,NULL),(1603,'','2022-08-26 18:51:08','2022-08-26 18:51:08',NULL,'0',46,1,NULL),(1608,'','2022-08-26 18:53:33','2022-08-26 18:53:54','','1',57,1,'TzozMjoiQ29uY3JldGVcQ29yZVxMZWdhY3lcQmxvY2tSZWNvcmQiOjExOntzOjM6ImJJRCI7czo0OiIxNjA4IjtzOjk6IgAqAF90YWJsZSI7czoxMDoiYnRBYlNwYWNlciI7czo0OiJzaXplIjtzOjE6IjEiO3M6NToic3R5bGUiO3M6NDoibm9uZSI7czo1OiJjb2xvciI7czowOiIiO3M6NjoiaGVpZ2h0IjtzOjE6IjEiO3M6NDoibm90ZSI7czowOiIiO3M6OToic2hvd19saW5lIjtzOjE6IjAiO3M6OToic2hvd19ub3RlIjtzOjE6IjAiO3M6MTI6InNob3dfcGljdHVyZSI7czoxOiIwIjtzOjk6InBpY3R1cmVJRCI7czoxOiIwIjt9'),(1609,'','2022-08-26 18:54:36','2022-08-26 18:54:36','','1',1,1,NULL),(1610,'','2022-08-26 18:56:34','2022-08-26 18:56:35','parallax','1',44,1,'TzozMjoiQ29uY3JldGVcQ29yZVxMZWdhY3lcQmxvY2tSZWNvcmQiOjM6e3M6MzoiYklEIjtzOjQ6IjE2MTAiO3M6OToiACoAX3RhYmxlIjtzOjE2OiJidENvcmVBcmVhTGF5b3V0IjtzOjEwOiJhckxheW91dElEIjtzOjM6IjEwNiI7fQ=='),(1611,'','2022-08-26 18:57:26','2022-08-26 18:57:26','','1',1,1,NULL),(1612,'','2022-08-26 19:01:41','2022-08-26 19:01:41','parallax','1',44,1,'TzozMjoiQ29uY3JldGVcQ29yZVxMZWdhY3lcQmxvY2tSZWNvcmQiOjM6e3M6MzoiYklEIjtzOjQ6IjE2MTIiO3M6OToiACoAX3RhYmxlIjtzOjE2OiJidENvcmVBcmVhTGF5b3V0IjtzOjEwOiJhckxheW91dElEIjtzOjM6IjEwNyI7fQ=='),(1616,'','2022-08-26 19:03:25','2022-08-26 19:03:25',NULL,'0',46,1,NULL),(1621,'','2022-08-26 19:04:29','2022-08-26 19:04:29',NULL,'0',46,1,NULL),(1622,'','2022-08-26 19:04:44','2022-08-26 19:04:44',NULL,'0',46,1,NULL),(1623,'','2022-08-26 19:05:06','2022-08-26 19:05:06','','1',44,1,NULL),(1625,'','2022-08-26 19:06:22','2022-08-26 19:06:22','','1',1,1,NULL),(1626,'','2022-08-26 19:06:29','2022-08-26 19:06:29',NULL,'0',46,1,NULL),(1627,'','2022-08-26 19:06:46','2022-08-26 19:06:46',NULL,'0',57,1,'TzozMjoiQ29uY3JldGVcQ29yZVxMZWdhY3lcQmxvY2tSZWNvcmQiOjExOntzOjM6ImJJRCI7czo0OiIxNjI3IjtzOjk6IgAqAF90YWJsZSI7czoxMDoiYnRBYlNwYWNlciI7czo0OiJzaXplIjtzOjE6IjEiO3M6NToic3R5bGUiO3M6NDoibm9uZSI7czo1OiJjb2xvciI7czo3OiIjNjY2NjY2IjtzOjY6ImhlaWdodCI7czoyOiIyNSI7czo0OiJub3RlIjtzOjA6IiI7czo5OiJzaG93X2xpbmUiO3M6MToiMCI7czo5OiJzaG93X25vdGUiO3M6MToiMCI7czoxMjoic2hvd19waWN0dXJlIjtzOjE6IjAiO3M6OToicGljdHVyZUlEIjtzOjE6IjAiO30='),(1628,'','2022-08-26 19:07:04','2022-08-26 19:07:04',NULL,'0',57,1,'TzozMjoiQ29uY3JldGVcQ29yZVxMZWdhY3lcQmxvY2tSZWNvcmQiOjExOntzOjM6ImJJRCI7czo0OiIxNjI4IjtzOjk6IgAqAF90YWJsZSI7czoxMDoiYnRBYlNwYWNlciI7czo0OiJzaXplIjtzOjE6IjEiO3M6NToic3R5bGUiO3M6NDoibm9uZSI7czo1OiJjb2xvciI7czo3OiIjNjY2NjY2IjtzOjY6ImhlaWdodCI7czoyOiIyNSI7czo0OiJub3RlIjtzOjA6IiI7czo5OiJzaG93X2xpbmUiO3M6MToiMCI7czo5OiJzaG93X25vdGUiO3M6MToiMCI7czoxMjoic2hvd19waWN0dXJlIjtzOjE6IjAiO3M6OToicGljdHVyZUlEIjtzOjE6IjAiO30='),(1629,'','2022-08-26 19:07:53','2022-08-26 19:07:53',NULL,'0',46,1,NULL),(1630,'','2022-08-26 19:08:43','2022-08-26 19:08:43',NULL,'0',46,1,NULL),(1631,'','2022-08-26 19:11:13','2022-08-26 19:11:13',NULL,'1',1,1,NULL),(1632,'','2022-08-26 19:11:33','2022-08-26 19:11:33',NULL,'1',1,1,NULL),(1634,'','2022-08-26 19:14:13','2022-08-26 19:14:13',NULL,'1',1,1,NULL),(1635,'','2022-08-26 19:15:16','2022-08-26 19:15:16','','1',1,1,NULL),(1636,'','2022-08-26 19:17:11','2022-08-26 19:17:11',NULL,'1',31,1,NULL),(1637,'','2022-08-26 19:17:46','2022-08-26 19:17:46','','1',1,1,'TzozMjoiQ29uY3JldGVcQ29yZVxMZWdhY3lcQmxvY2tSZWNvcmQiOjM6e3M6MzoiYklEIjtzOjQ6IjE2MzciO3M6OToiACoAX3RhYmxlIjtzOjE0OiJidENvbnRlbnRMb2NhbCI7czo3OiJjb250ZW50IjtzOjQwMzoiPHA+PGEgaWQ9ImJsb2NrLWJvb2siIG5hbWU9ImJsb2NrLWJvb2siPjwvYT48L3A+DQoNCjxkaXYgY2xhc3M9Im1haW4tdHh0LWJvb2sxIj4NCjxoMiBzdHlsZT0idGV4dC1hbGlnbjogY2VudGVyOyI+PHNwYW4gc3R5bGU9ImNvbG9yOiNlYjQ4MzI7Ij4mbGFxdW870JHQtdC3INCx0LXRgNCz05kmcmFxdW87INC60LjRgtCw0LHRizwvc3Bhbj48L2gyPg0KDQo8cD7QkNC70YLRiyDQsdC10YDQtdC90YfQtSDRgdGL0LnQvdGL0YQg0YPQutGD0YfRi9GB0YvQvdGL0qMg0YLRi9C70YHRi9C80LvRiyDRhdCw0LvRi9C6INOZ0LrQuNGP0YLQu9OZ0YDQtSDQtNOp0L3RjNGP0YHRi9C90LTQsNCz0Ysg0LzQsNKX0LDRgNCw0LvQsNGA0Ysg0YLRg9GA0YvQvdC00LAg0YLQsNGA0LjRhS4mbmJzcDs8L3A+DQo8L2Rpdj4NCiI7fQ=='),(1638,'','2022-08-26 19:18:02','2022-08-26 19:18:02','','1',1,1,'TzozMjoiQ29uY3JldGVcQ29yZVxMZWdhY3lcQmxvY2tSZWNvcmQiOjM6e3M6MzoiYklEIjtzOjQ6IjE2MzgiO3M6OToiACoAX3RhYmxlIjtzOjE0OiJidENvbnRlbnRMb2NhbCI7czo3OiJjb250ZW50IjtzOjE3NzoiPHA+PGEgaWQ9ImJsb2NrLWFwcCIgbmFtZT0iYmxvY2stYXBwIj48L2E+PC9wPg0KDQo8cD4mbmJzcDs8L3A+DQoNCjxoMj48c3BhbiBzdHlsZT0iY29sb3I6I2ZmZmZmZjsiPiZsYXF1bzvQkdC10Lcg0LHQtdGA0LPTmSZyYXF1bzsg0LzQvtCx0LjQu9GMINC60YPRiNGL0LzRgtCw0YHRizwvc3Bhbj48L2gyPg0KIjt9'),(1639,'','2022-08-26 19:18:13','2022-08-26 19:18:13','','1',1,1,NULL),(1640,'','2022-08-26 19:34:17','2022-08-26 19:34:17',NULL,'1',1,1,NULL),(1641,'','2022-08-26 19:35:47','2022-08-26 19:35:47',NULL,'1',1,1,'TzozMjoiQ29uY3JldGVcQ29yZVxMZWdhY3lcQmxvY2tSZWNvcmQiOjM6e3M6MzoiYklEIjtzOjQ6IjE2NDEiO3M6OToiACoAX3RhYmxlIjtzOjE0OiJidENvbnRlbnRMb2NhbCI7czo3OiJjb250ZW50IjtzOjExNToiPHA+PGEgaHJlZj0ie0NDTTpCQVNFX1VSTH0vdHQiPjxjb25jcmV0ZS1waWN0dXJlIGZJRD0iMzY5IiBhbHQ9ImxvZ28tdGF0LnBuZyIgaGVpZ2h0PSIxNTAiIHdpZHRoPSI1MTYiIC8+PC9hPjwvcD4NCiI7fQ=='),(1642,'','2022-08-26 19:47:13','2022-08-26 19:47:13',NULL,'0',57,1,'TzozMjoiQ29uY3JldGVcQ29yZVxMZWdhY3lcQmxvY2tSZWNvcmQiOjExOntzOjM6ImJJRCI7czo0OiIxNjQyIjtzOjk6IgAqAF90YWJsZSI7czoxMDoiYnRBYlNwYWNlciI7czo0OiJzaXplIjtzOjE6IjEiO3M6NToic3R5bGUiO3M6NDoibm9uZSI7czo1OiJjb2xvciI7czo3OiIjNjY2NjY2IjtzOjY6ImhlaWdodCI7czoyOiIyNSI7czo0OiJub3RlIjtzOjA6IiI7czo5OiJzaG93X2xpbmUiO3M6MToiMCI7czo5OiJzaG93X25vdGUiO3M6MToiMCI7czoxMjoic2hvd19waWN0dXJlIjtzOjE6IjAiO3M6OToicGljdHVyZUlEIjtzOjE6IjAiO30='),(1643,'','2022-08-26 19:47:36','2022-08-26 19:47:36','','1',31,1,NULL),(1644,'','2022-08-26 19:48:07','2022-08-26 19:48:07','','1',31,1,NULL),(1646,'','2022-08-29 09:42:40','2022-08-29 09:42:40',NULL,'0',46,1,'TzozMjoiQ29uY3JldGVcQ29yZVxMZWdhY3lcQmxvY2tSZWNvcmQiOjM6e3M6MzoiYklEIjtzOjQ6IjE2NDYiO3M6OToiACoAX3RhYmxlIjtzOjIyOiJidENvcmVTY3JhcGJvb2tEaXNwbGF5IjtzOjExOiJiT3JpZ2luYWxJRCI7czo0OiIxMjM5Ijt9'),(1647,'','2022-08-29 10:01:49','2022-08-29 10:01:49',NULL,'1',1,1,'TzozMjoiQ29uY3JldGVcQ29yZVxMZWdhY3lcQmxvY2tSZWNvcmQiOjM6e3M6MzoiYklEIjtzOjQ6IjE2NDciO3M6OToiACoAX3RhYmxlIjtzOjE0OiJidENvbnRlbnRMb2NhbCI7czo3OiJjb250ZW50IjtzOjQ0MjoiPHA+PGEgaHJlZj0ie0NDTTpCQVNFX1VSTH0vYm9vayI+0JrQuNGC0LDQvzwvYT48L3A+DQoNCjxwPjxhIGhyZWY9Imh0dHBzOi8vcGxheS5nb29nbGUuY29tL3N0b3JlL2FwcHMvZGV0YWlscz9pZD1ydS50ZGkuYmV6YmVyZ2UiIHRhcmdldD0iX2JsYW5rIj7Qo9C10L3QvdGLIEdvb2dsZSBQbGF5JnJzcXVvO9C00LDQvSDQudOp0LrQu9OZ0YDQs9OZPC9hPjwvcD4NCg0KPHA+PGEgaHJlZj0iaHR0cHM6Ly9hcHBzLmFwcGxlLmNvbS91cy9hcHAvJUQwJUJDJUQxJThCLSVEMCVCMiVEMCVCQyVEMCVCNSVEMSU4MSVEMSU4MiVEMCVCNS0lRDAlQjElRDAlQjUlRDAlQjctJUQwJUIxJUQwJUI1JUQxJTgwJUQwJUIzJUQzJTk5L2lkMTYzOTY4OTg1MCIgdGFyZ2V0PSJfYmxhbmsiPtCj0LXQvdC90YsgQXBwIFN0b3JlJnJzcXVvO9C00LDQvSDQudOp0LrQu9OZ0YDQs9OZPC9hPjwvcD4NCiI7fQ=='),(1648,'','2022-08-29 10:02:54','2022-08-29 10:02:54',NULL,'1',1,1,NULL),(1649,'','2022-08-29 11:51:46','2022-08-29 11:51:47','','1',1,1,NULL),(1650,'','2022-08-29 11:52:11','2022-08-29 11:52:11','','1',1,1,'TzozMjoiQ29uY3JldGVcQ29yZVxMZWdhY3lcQmxvY2tSZWNvcmQiOjM6e3M6MzoiYklEIjtzOjQ6IjE2NTAiO3M6OToiACoAX3RhYmxlIjtzOjE0OiJidENvbnRlbnRMb2NhbCI7czo3OiJjb250ZW50IjtzOjQwNDoiPHA+PGEgaWQ9ImJsb2NrLWJvb2siIG5hbWU9ImJsb2NrLWJvb2siPjwvYT48L3A+DQoNCjxkaXYgY2xhc3M9Im1haW4tdHh0LWJvb2sxIj4NCjxoMiBzdHlsZT0idGV4dC1hbGlnbjogY2VudGVyOyI+PHNwYW4gc3R5bGU9ImNvbG9yOiNlYjQ4MzI7Ij7QmtC90LjQs9CwICZsYXF1bzvQkdC10Lcg0LHQtdGA0LPTmSZyYXF1bzsgLSAmbGFxdW870JzRiyDQstC80LXRgdGC0LUmcmFxdW87PC9zcGFuPjwvaDI+DQoNCjxwPtCY0YHRgtC+0YDQuNGPINC+INC/0YDQuNC60LvRjtGH0LXQvdC40Y/RhSDRiNC10YHRgtC4INC/0LXRgNCy0L7QutC70LDRgdGB0L3QuNC60L7QsiDQsiDQstC+0LvRiNC10LHQvdC+0Lwg0LzQuNGA0LUg0L3QsNGA0L7QtNC90YvRhSDRgdC60LDQt9C+0LouJm5ic3A7PC9wPg0KPC9kaXY+DQoiO30='),(1651,'','2022-08-29 11:52:31','2022-08-29 11:52:31','','1',1,1,'TzozMjoiQ29uY3JldGVcQ29yZVxMZWdhY3lcQmxvY2tSZWNvcmQiOjM6e3M6MzoiYklEIjtzOjQ6IjE2NTEiO3M6OToiACoAX3RhYmxlIjtzOjE0OiJidENvbnRlbnRMb2NhbCI7czo3OiJjb250ZW50IjtzOjIyNToiPHA+PGEgaWQ9ImJsb2NrLWFwcCIgbmFtZT0iYmxvY2stYXBwIj48L2E+PC9wPg0KDQo8cD4mbmJzcDs8L3A+DQoNCjxoMj48c3BhbiBzdHlsZT0iY29sb3I6I2ZmZmZmZjsiPtCc0L7QsdC40LvRjNC90L7QtSDQv9GA0LjQu9C+0LbQtdC90LjQtSAmbGFxdW870JHQtdC3INCx0LXRgNCz05kmcmFxdW87ICZuZGFzaDsgJmxhcXVvO9Cc0Ysg0LLQvNC10YHRgtC1JnJhcXVvOzwvc3Bhbj48L2gyPg0KIjt9'),(1652,'','2022-08-29 11:53:04','2022-08-29 11:53:04','','1',1,1,NULL),(1653,'','2022-08-30 10:12:26','2022-08-30 10:13:58','','1',75,1,'TzozMjoiQ29uY3JldGVcQ29yZVxMZWdhY3lcQmxvY2tSZWNvcmQiOjY6e3M6MzoiYklEIjtzOjQ6IjE2NTMiO3M6OToiACoAX3RhYmxlIjtzOjE3OiJidFJlc3BvbnNpdmVFbWJlZCI7czo2OiJzcmNVUkwiO3M6NDI6Imh0dHBzOi8vbXVsdGZpbG0udGF0YXIvYmV6YmVyZ2UvaW5kZXguaHRtbCI7czo3OiJhc3BlY3RXIjtzOjI6IjE2IjtzOjc6ImFzcGVjdEgiO3M6MToiOSI7czo3OiJjSGVpZ2h0IjtzOjI6IjM1Ijt9'),(1654,'','2022-08-30 10:13:32','2022-08-30 10:13:32',NULL,'1',1,1,NULL),(1655,'','2022-08-30 10:18:40','2022-08-30 10:18:40','','1',75,1,NULL),(1656,'','2022-08-30 10:19:11','2022-08-30 10:37:56',NULL,'1',1,1,NULL),(1657,'','2022-08-30 10:40:18','2022-08-30 10:40:18',NULL,'1',1,1,NULL),(1658,'','2022-08-30 10:41:29','2022-08-30 10:41:38','','1',75,1,'TzozMjoiQ29uY3JldGVcQ29yZVxMZWdhY3lcQmxvY2tSZWNvcmQiOjY6e3M6MzoiYklEIjtzOjQ6IjE2NTgiO3M6OToiACoAX3RhYmxlIjtzOjE3OiJidFJlc3BvbnNpdmVFbWJlZCI7czo2OiJzcmNVUkwiO3M6NDI6Imh0dHBzOi8vbXVsdGZpbG0udGF0YXIvYmV6YmVyZ2UvaW5kZXguaHRtbCI7czo3OiJhc3BlY3RXIjtzOjI6IjE2IjtzOjc6ImFzcGVjdEgiO3M6MToiOSI7czo3OiJjSGVpZ2h0IjtzOjI6IjM1Ijt9'),(1659,'','2022-08-30 10:44:56','2022-08-30 10:44:56','','1',1,1,NULL),(1660,'','2022-08-30 10:45:27','2022-08-30 10:45:27','','1',1,1,'TzozMjoiQ29uY3JldGVcQ29yZVxMZWdhY3lcQmxvY2tSZWNvcmQiOjM6e3M6MzoiYklEIjtzOjQ6IjE2NjAiO3M6OToiACoAX3RhYmxlIjtzOjE0OiJidENvbnRlbnRMb2NhbCI7czo3OiJjb250ZW50IjtzOjIyNDoiPHAgY2xhc3M9Im1haW4tdHh0LWJvb2siPkFuZHJvaWQg0rvTmdC8IGlPUyDQvtC/0LXRgNCw0YbQuNC+0L0g0YHQuNGB0YLQtdC80LDQu9Cw0YDRi9C90LAg0pfQsNC50LvQsNGI0YLRi9GA0YvQu9Cz0LDQvSDQvNC+0LHQuNC70Ywg0LrRg9GI0YvQvNGC0LAuINCj0Lsg0q/QtyDRjdGH0LXQvdOZINGD0LXQvdC90LDRgCwg0LrQsNGA0LDQvtC60LUt0pfRi9GA0LvQsNGAINCw0LvQsC48L3A+DQoiO30='),(1661,'','2022-08-30 10:46:19','2022-08-30 10:46:19',NULL,'1',1,1,NULL),(1662,'','2022-08-30 10:48:15','2022-08-30 10:48:15','','1',31,1,'TzozMjoiQ29uY3JldGVcQ29yZVxMZWdhY3lcQmxvY2tSZWNvcmQiOjg6e3M6MzoiYklEIjtzOjQ6IjE2NjIiO3M6OToiACoAX3RhYmxlIjtzOjEzOiJidEltYWdlU2xpZGVyIjtzOjE0OiJuYXZpZ2F0aW9uVHlwZSI7czoxOiIxIjtzOjc6InRpbWVvdXQiO3M6NDoiNDAwMCI7czo1OiJzcGVlZCI7czozOiI1MDAiO3M6OToibm9BbmltYXRlIjtzOjE6IjAiO3M6NToicGF1c2UiO3M6MToiMSI7czo4OiJtYXhXaWR0aCI7czoxOiIwIjt9'),(1663,'','2022-08-30 10:48:30','2022-08-30 10:48:30',NULL,'0',57,1,NULL),(1664,'','2022-08-30 10:48:40','2022-08-30 10:48:40',NULL,'0',57,1,NULL),(1665,'','2022-08-30 10:49:18','2022-08-30 10:49:18',NULL,'1',1,1,'TzozMjoiQ29uY3JldGVcQ29yZVxMZWdhY3lcQmxvY2tSZWNvcmQiOjM6e3M6MzoiYklEIjtzOjQ6IjE2NjUiO3M6OToiACoAX3RhYmxlIjtzOjE0OiJidENvbnRlbnRMb2NhbCI7czo3OiJjb250ZW50IjtzOjU1OToiPHAgc3R5bGU9InRleHQtYWxpZ246Y2VudGVyOyI+PGEgaHJlZj0iaHR0cHM6Ly9wbGF5Lmdvb2dsZS5jb20vc3RvcmUvYXBwcy9kZXRhaWxzP2lkPXJ1LnRkaS5iZXpiZXJnZSI+PGNvbmNyZXRlLXBpY3R1cmUgZklEPSIzNzAiIGFsdD0i0JTQvtGB0YLRg9C/0L3QviDQsiBHb29nbGUgUGxheSIgc3R5bGU9Im1heC1oZWlnaHQ6OTVweDsiIC8+PC9hPjxhIGhyZWY9Imh0dHBzOi8vYXBwcy5hcHBsZS5jb20vdXMvYXBwLyVEMCVCQyVEMSU4Qi0lRDAlQjIlRDAlQkMlRDAlQjUlRDElODElRDElODIlRDAlQjUtJUQwJUIxJUQwJUI1JUQwJUI3LSVEMCVCMSVEMCVCNSVEMSU4MCVEMCVCMyVEMyU5OS9pZDE2Mzk2ODk4NTAiIHRhcmdldD0iX2JsYW5rIj48Y29uY3JldGUtcGljdHVyZSBmSUQ9IjY4IiBhbHQ9ItCU0L7RgdGC0YPQv9C90L4g0LIgQXBwU3RvcmUiIHdpZHRoPSIyMTUiIC8+PC9hPiZuYnNwOyAmbmJzcDs8YSBocmVmPSJpZ3JhIj48Y29uY3JldGUtcGljdHVyZSBmSUQ9IjI4MiIgYWx0PSJidG4tZ2FtZS5wbmciIGhlaWdodD0iNjAiIHdpZHRoPSIyMDMiIC8+PC9hPjwvcD4NCiI7fQ=='),(1666,'','2022-08-30 10:52:50','2022-08-30 10:52:50',NULL,'0',3,1,NULL),(1667,'','2022-08-30 10:54:03','2022-08-30 10:54:03',NULL,'1',3,1,'TzozMjoiQ29uY3JldGVcQ29yZVxMZWdhY3lcQmxvY2tSZWNvcmQiOjEzOntzOjM6ImJJRCI7czo0OiIxNjY3IjtzOjk6IgAqAF90YWJsZSI7czoxNDoiYnRDb250ZW50SW1hZ2UiO3M6MzoiZklEIjtzOjM6IjM3MSI7czoxMDoiZk9uc3RhdGVJRCI7czoxOiIwIjtzOjk6ImNyb3BJbWFnZSI7czoxOiIwIjtzOjg6Im1heFdpZHRoIjtzOjE6IjAiO3M6OToibWF4SGVpZ2h0IjtzOjE6IjAiO3M6MTI6ImV4dGVybmFsTGluayI7czowOiIiO3M6MTU6ImludGVybmFsTGlua0NJRCI7czoxOiIwIjtzOjEwOiJmaWxlTGlua0lEIjtzOjE6IjAiO3M6MTk6Im9wZW5MaW5rSW5OZXdXaW5kb3ciO3M6MToiMCI7czo3OiJhbHRUZXh0IjtzOjA6IiI7czo1OiJ0aXRsZSI7czowOiIiO30='),(1668,'','2022-08-30 11:00:42','2022-08-30 11:00:42',NULL,'1',1,1,NULL),(1669,'','2022-08-30 11:01:43','2022-08-30 11:01:43','','1',3,1,'TzozMjoiQ29uY3JldGVcQ29yZVxMZWdhY3lcQmxvY2tSZWNvcmQiOjEzOntzOjM6ImJJRCI7czo0OiIxNjY5IjtzOjk6IgAqAF90YWJsZSI7czoxNDoiYnRDb250ZW50SW1hZ2UiO3M6MzoiZklEIjtzOjM6IjM1NCI7czoxMDoiZk9uc3RhdGVJRCI7czoxOiIwIjtzOjk6ImNyb3BJbWFnZSI7czoxOiIwIjtzOjg6Im1heFdpZHRoIjtzOjE6IjAiO3M6OToibWF4SGVpZ2h0IjtzOjE6IjAiO3M6MTI6ImV4dGVybmFsTGluayI7czowOiIiO3M6MTU6ImludGVybmFsTGlua0NJRCI7czoxOiIwIjtzOjEwOiJmaWxlTGlua0lEIjtzOjE6IjAiO3M6MTk6Im9wZW5MaW5rSW5OZXdXaW5kb3ciO3M6MToiMCI7czo3OiJhbHRUZXh0IjtzOjA6IiI7czo1OiJ0aXRsZSI7czowOiIiO30='),(1670,'','2022-08-30 11:17:09','2022-08-30 11:17:10','','1',1,1,'TzozMjoiQ29uY3JldGVcQ29yZVxMZWdhY3lcQmxvY2tSZWNvcmQiOjM6e3M6MzoiYklEIjtzOjQ6IjE2NzAiO3M6OToiACoAX3RhYmxlIjtzOjE0OiJidENvbnRlbnRMb2NhbCI7czo3OiJjb250ZW50IjtzOjY3MDoiPGRpdiBjbGFzcz0idHh0LW1haW4iPg0KPHA+PHNwYW4gY2xhc3M9InRpdGxlLWNhcHMtYm9sZCI+0JjQvdC90L7QstCw0YbQuNC+0L3QvdGL0Lkg0LrQvtC80L/Qu9C10LrRgSAmbGFxdW870JHQtdC3INCx0LXRgNCz05kmcmFxdW87ICZuZGFzaDsgJmxhcXVvO9C80Ysg0LLQvNC10YHRgtC1JnJhcXVvOzxiciAvPg0K0L3QsCDRgtCw0YLQsNGA0YHQutC+0Lwg0Lgg0YDRg9GB0YHQutC+0Lwg0Y/Qt9GL0LrQsNGFPC9zcGFuPjwvcD4NCg0KPHAgY2xhc3M9Im5vcm1hbC10eHQiPtGA0LDQt9GA0LDQsdC+0YLQsNC9INGBINGG0LXQu9GM0Y4g0YPQutGA0LXQv9C70LXQvdC40Y8g0LXQtNC40L3RgdGC0LLQsCDQuCDQtNGA0YPQttCx0Ysg0L3QsNGA0L7QtNC+0LIg0L3QsNGI0LXQuSDRgdGC0YDQsNC90YssINGB0L7RhdGA0LDQvdC10L3QuNGPINC40YUg0Y3RgtC90L7QutGD0LvRjNGC0YPRgNC90L7QuSDRgdCw0LzQvtCx0YvRgtC90L7RgdGC0LgsINGA0LDQt9Cy0LjRgtC40Y8g0YLQstC+0YDRh9C10YHQutC40YUg0YHQv9C+0YHQvtCx0L3QvtGB0YLQtdC5LCDQsCDRgtCw0LrQttC1INCy0L7RgdC/0LjRgtCw0L3QuNGPINGDINC00LXRgtC10Lkg0YfRg9Cy0YHRgtCy0LAg0LPQvtGA0LTQvtGB0YLQuCDQuCDQu9GO0LHQstC4INC6INGA0L7QtNC40L3QtS48L3A+DQo8L2Rpdj4NCiI7fQ=='),(1674,'','2022-08-30 11:22:42','2022-08-30 11:22:42','','1',3,1,'TzozMjoiQ29uY3JldGVcQ29yZVxMZWdhY3lcQmxvY2tSZWNvcmQiOjEzOntzOjM6ImJJRCI7czo0OiIxNjc0IjtzOjk6IgAqAF90YWJsZSI7czoxNDoiYnRDb250ZW50SW1hZ2UiO3M6MzoiZklEIjtzOjM6IjM1NCI7czoxMDoiZk9uc3RhdGVJRCI7czoxOiIwIjtzOjk6ImNyb3BJbWFnZSI7czoxOiIwIjtzOjg6Im1heFdpZHRoIjtzOjE6IjAiO3M6OToibWF4SGVpZ2h0IjtzOjE6IjAiO3M6MTI6ImV4dGVybmFsTGluayI7czowOiIiO3M6MTU6ImludGVybmFsTGlua0NJRCI7czoxOiIwIjtzOjEwOiJmaWxlTGlua0lEIjtzOjE6IjAiO3M6MTk6Im9wZW5MaW5rSW5OZXdXaW5kb3ciO3M6MToiMCI7czo3OiJhbHRUZXh0IjtzOjA6IiI7czo1OiJ0aXRsZSI7czowOiIiO30='),(1675,'','2022-08-30 11:28:29','2022-08-30 11:28:29','','1',1,1,'TzozMjoiQ29uY3JldGVcQ29yZVxMZWdhY3lcQmxvY2tSZWNvcmQiOjM6e3M6MzoiYklEIjtzOjQ6IjE2NzUiO3M6OToiACoAX3RhYmxlIjtzOjE0OiJidENvbnRlbnRMb2NhbCI7czo3OiJjb250ZW50IjtzOjU5MDoiPGRpdiBjbGFzcz0idHh0LW1haW4iPg0KPHA+PHNwYW4gY2xhc3M9InRpdGxlLWNhcHMtYm9sZCI+JmxhcXVvO9CR0JXQlyDQkdCV0KDQk9OYJnJhcXVvOyDQmNCd0J3QntCS0JDQptCY0J7QnSDQmtCe0JzQn9Cb0JXQmtCh0Ks8L3NwYW4+PC9wPg0KDQo8cCBjbGFzcz0ibm9ybWFsLXR4dCI+0LjQu9C10LHQtdC3INGF0LDQu9GL0LrQu9Cw0YDRi9C90YvSoyDQsdC10YDQtNOZ0LzQu9C10LPQtdC9INK705nQvCDQtNGD0YHQu9GL0LPRi9C9INC90YvQs9GL0YLRgywg0LDQu9Cw0YDQvdGL0qMg0Y3RgtC90L7QvNOZ0LTTmdC90Lgg0q/Qt9C10L3Rh9OZ0LvQtdC60LvTmdGA0LXQvSDRgdCw0LrQu9Cw0YMsINC40pfQsNC00Lgg0YHTmdC705nRgtC705nRgNC10L0g0q/RgdGC0LXRgNKvINK705nQvCDRiNGD0LvQsNC5INGD0Log0LHQsNC70LDQu9Cw0YDQtNCwINGC0YPQs9Cw0L0g0LjQu9Cz05kg0LrQsNGA0LDRgtCwINCz0L7RgNGD0YDQu9GL0Log0rvTmdC8INC805nRhdOZ0LHQsdOZ0YIg0YXQuNGB0LvTmdGA0LUg0YLTmdGA0LHQuNGP0LvTmdKvINC80LDQutGB0LDRgtGL0L3QvdCw0L0g0Y3RiNC705nQvdC00LUuPC9wPg0KPC9kaXY+DQoiO30='),(1676,'','2022-08-31 20:57:36','2022-08-31 20:57:36',NULL,'1',1,1,'TzozMjoiQ29uY3JldGVcQ29yZVxMZWdhY3lcQmxvY2tSZWNvcmQiOjM6e3M6MzoiYklEIjtzOjQ6IjE2NzYiO3M6OToiACoAX3RhYmxlIjtzOjE0OiJidENvbnRlbnRMb2NhbCI7czo3OiJjb250ZW50IjtzOjEzOToiPHA+PGEgaHJlZj0ie0NDTTpDSURfMzAzfSI+0J/RgNC+0LXQutGCINGC0YPRgNGL0L3QtNCwPC9hPjxiciAvPg0KPGEgaHJlZj0ie0NDTTpCQVNFX1VSTH0vdHQvY29udGFjdHMiPtCt0LvQtdC80YLTmTwvYT48YnIgLz4NCiZuYnNwOzwvcD4NCiI7fQ=='),(1677,'','2022-08-31 20:59:59','2022-08-31 20:59:59',NULL,'1',1,1,NULL),(1678,'','2022-08-31 21:01:50','2022-08-31 21:02:00','','1',70,1,'TzozMjoiQ29uY3JldGVcQ29yZVxMZWdhY3lcQmxvY2tSZWNvcmQiOjc6e3M6MzoiYklEIjtzOjQ6IjE2NzgiO3M6OToiACoAX3RhYmxlIjtzOjIyOiJidFNpbXBsZUJ1dHRvbkZydWl0ZnVsIjtzOjEwOiJidXR0b25UZXh0IjtzOjI3OiLQmtC40YLQsNC/0L3RiyDRg9C60YvRgNCz0LAiO3M6NToiYXJyb3ciO3M6Nzoibm9hcnJvdyI7czo4OiJsaW5rVHlwZSI7czo4OiJpbnRlcm5hbCI7czo2OiJwYWdlSUQiO3M6MzoiMzU4IjtzOjEyOiJleHRlcm5hbExpbmsiO3M6MDoiIjt9'),(1679,'','2022-08-31 21:03:23','2022-08-31 21:03:23','','1',31,1,'TzozMjoiQ29uY3JldGVcQ29yZVxMZWdhY3lcQmxvY2tSZWNvcmQiOjg6e3M6MzoiYklEIjtzOjQ6IjE2NzkiO3M6OToiACoAX3RhYmxlIjtzOjEzOiJidEltYWdlU2xpZGVyIjtzOjE0OiJuYXZpZ2F0aW9uVHlwZSI7czoxOiIxIjtzOjc6InRpbWVvdXQiO3M6NDoiNDAwMCI7czo1OiJzcGVlZCI7czozOiI1MDAiO3M6OToibm9BbmltYXRlIjtzOjE6IjAiO3M6NToicGF1c2UiO3M6MToiMSI7czo4OiJtYXhXaWR0aCI7czoxOiIwIjt9'),(1680,'','2022-08-31 21:04:36','2022-08-31 21:04:36',NULL,'1',1,1,'TzozMjoiQ29uY3JldGVcQ29yZVxMZWdhY3lcQmxvY2tSZWNvcmQiOjM6e3M6MzoiYklEIjtzOjQ6IjE2ODAiO3M6OToiACoAX3RhYmxlIjtzOjE0OiJidENvbnRlbnRMb2NhbCI7czo3OiJjb250ZW50IjtzOjQ1NzoiPHA+JmNvcHk7IDIwMjIgJmxhcXVvO9CR0LXQtyDQsdC10YDQs9OZJnJhcXVvOyDQv9GA0L7QtdC60YLRiyAmbGFxdW870KLQsNGC0LDRgCDQsdCw0LvQsNC70LDRgCDQvdOZ0YjRgNC40Y/RgtGLJnJhcXVvOyDQutC+0LzQvNC10YDRhtC40Y/Qu9C1INCx0YPQu9C80LDQs9Cw0L0g0LDQstGC0L7QvdC+0Lwg0L7QtdGI0LzQsCDRgtCw0YDQsNGE0YvQvdC90LDQvSDRjdGI0LvTmdC90LTQtS48L3A+DQoNCjxwPjxhIGhyZWY9Imh0dHA6Ly90ZHByZXNzLnJ1IiB0YXJnZXQ9Il9ibGFuayI+PGNvbmNyZXRlLXBpY3R1cmUgZklEPSIxNTciIGFsdD0i0KLQkNCi0JDQoNCh0JrQntCVINCU0JXQotCh0JrQntCVINCY0JfQlNCQ0KLQldCb0KzQodCi0JLQniIgY2xhc3M9ImNvbnRlbnQtZWRpdG9yLWltYWdlLWxlZnQiIGhlaWdodD0iMTAwIiB3aWR0aD0iMTM2IiAvPjwvYT48L3A+DQoNCjxwPiZuYnNwOzwvcD4NCiI7fQ=='),(1681,'','2022-08-31 21:58:38','2022-08-31 21:58:38','','1',50,1,'TzozMjoiQ29uY3JldGVcQ29yZVxMZWdhY3lcQmxvY2tSZWNvcmQiOjg6e3M6MzoiYklEIjtzOjQ6IjE2ODEiO3M6OToiACoAX3RhYmxlIjtzOjExOiJidFBkZlZpZXdlciI7czo4OiJwZGZfZmlsZSI7czoyOiI2MyI7czoxMjoiZXh0ZXJuYWxfdXJsIjtzOjA6IiI7czo1OiJ3aWR0aCI7czozOiI3MDAiO3M6NjoiaGVpZ2h0IjtzOjM6Ijg1MCI7czoxMDoid2lkdGhfc2l6ZSI7czoyOiJweCI7czoxMToiaGVpZ2h0X3NpemUiO3M6MjoicHgiO30='),(1682,'','2022-09-01 10:34:18','2022-09-01 10:34:18',NULL,'1',1,1,'TzozMjoiQ29uY3JldGVcQ29yZVxMZWdhY3lcQmxvY2tSZWNvcmQiOjM6e3M6MzoiYklEIjtzOjQ6IjE2ODIiO3M6OToiACoAX3RhYmxlIjtzOjE0OiJidENvbnRlbnRMb2NhbCI7czo3OiJjb250ZW50IjtzOjQ0MToiPHAgc3R5bGU9InRleHQtYWxpZ246Y2VudGVyOyI+PGEgaHJlZj0iaHR0cHM6Ly9wbGF5Lmdvb2dsZS5jb20vc3RvcmUvYXBwcy9kZXRhaWxzP2lkPXJ1LnRkaS5iZXpiZXJnZSI+PGNvbmNyZXRlLXBpY3R1cmUgZklEPSIzNzAiIGFsdD0i0JTQvtGB0YLRg9C/0L3QviDQsiBHb29nbGUgUGxheSIgd2lkdGg9IjI1MCIgLz48L2E+PGEgaHJlZj0iaHR0cHM6Ly9hcHBzLmFwcGxlLmNvbS91cy9hcHAvJUQwJUJDJUQxJThCLSVEMCVCMiVEMCVCQyVEMCVCNSVEMSU4MSVEMSU4MiVEMCVCNS0lRDAlQjElRDAlQjUlRDAlQjctJUQwJUIxJUQwJUI1JUQxJTgwJUQwJUIzJUQzJTk5L2lkMTYzOTY4OTg1MCIgdGFyZ2V0PSJfYmxhbmsiPjxjb25jcmV0ZS1waWN0dXJlIGZJRD0iNjgiIGFsdD0i0JTQvtGB0YLRg9C/0L3QviDQsiBBcHBTdG9yZSIgd2lkdGg9IjIxNSIgLz48L2E+PC9wPg0KIjt9'),(1683,'','2022-09-01 10:35:01','2022-09-01 10:35:01',NULL,'1',1,1,'TzozMjoiQ29uY3JldGVcQ29yZVxMZWdhY3lcQmxvY2tSZWNvcmQiOjM6e3M6MzoiYklEIjtzOjQ6IjE2ODMiO3M6OToiACoAX3RhYmxlIjtzOjE0OiJidENvbnRlbnRMb2NhbCI7czo3OiJjb250ZW50IjtzOjQ0MToiPHAgc3R5bGU9InRleHQtYWxpZ246Y2VudGVyOyI+PGEgaHJlZj0iaHR0cHM6Ly9wbGF5Lmdvb2dsZS5jb20vc3RvcmUvYXBwcy9kZXRhaWxzP2lkPXJ1LnRkaS5iZXpiZXJnZSI+PGNvbmNyZXRlLXBpY3R1cmUgZklEPSIzNzAiIGFsdD0i0JTQvtGB0YLRg9C/0L3QviDQsiBHb29nbGUgUGxheSIgd2lkdGg9IjI1MCIgLz48L2E+PGEgaHJlZj0iaHR0cHM6Ly9hcHBzLmFwcGxlLmNvbS91cy9hcHAvJUQwJUJDJUQxJThCLSVEMCVCMiVEMCVCQyVEMCVCNSVEMSU4MSVEMSU4MiVEMCVCNS0lRDAlQjElRDAlQjUlRDAlQjctJUQwJUIxJUQwJUI1JUQxJTgwJUQwJUIzJUQzJTk5L2lkMTYzOTY4OTg1MCIgdGFyZ2V0PSJfYmxhbmsiPjxjb25jcmV0ZS1waWN0dXJlIGZJRD0iNjgiIGFsdD0i0JTQvtGB0YLRg9C/0L3QviDQsiBBcHBTdG9yZSIgd2lkdGg9IjIxNSIgLz48L2E+PC9wPg0KIjt9'),(1684,'','2022-09-01 10:36:27','2022-09-01 10:36:27',NULL,'1',1,1,'TzozMjoiQ29uY3JldGVcQ29yZVxMZWdhY3lcQmxvY2tSZWNvcmQiOjM6e3M6MzoiYklEIjtzOjQ6IjE2ODQiO3M6OToiACoAX3RhYmxlIjtzOjE0OiJidENvbnRlbnRMb2NhbCI7czo3OiJjb250ZW50IjtzOjU2ODoiPHAgc3R5bGU9InRleHQtYWxpZ246Y2VudGVyOyI+PGEgaHJlZj0iaHR0cHM6Ly9wbGF5Lmdvb2dsZS5jb20vc3RvcmUvYXBwcy9kZXRhaWxzP2lkPXJ1LnRkaS5iZXpiZXJnZSI+PGNvbmNyZXRlLXBpY3R1cmUgZklEPSIzNzAiIGFsdD0i0JTQvtGB0YLRg9C/0L3QviDQsiBHb29nbGUgUGxheSIgc3R5bGU9Im1heC1oZWlnaHQ6OTVweDsiIC8+PC9hPjxhIGhyZWY9Imh0dHBzOi8vYXBwcy5hcHBsZS5jb20vdXMvYXBwLyVEMCVCQyVEMSU4Qi0lRDAlQjIlRDAlQkMlRDAlQjUlRDElODElRDElODIlRDAlQjUtJUQwJUIxJUQwJUI1JUQwJUI3LSVEMCVCMSVEMCVCNSVEMSU4MCVEMCVCMyVEMyU5OS9pZDE2Mzk2ODk4NTAiIHRhcmdldD0iX2JsYW5rIj48Y29uY3JldGUtcGljdHVyZSBmSUQ9IjY4IiBhbHQ9ItCU0L7RgdGC0YPQv9C90L4g0LIgQXBwU3RvcmUiIHdpZHRoPSIyMTUiIC8+PC9hPiZuYnNwOyAmbmJzcDs8YSBocmVmPSJ7Q0NNOkNJRF8zNTZ9Ij48Y29uY3JldGUtcGljdHVyZSBmSUQ9IjI4MiIgYWx0PSJidG4tZ2FtZS5wbmciIGhlaWdodD0iNjAiIHdpZHRoPSIyMDMiIC8+PC9hPjwvcD4NCiI7fQ=='),(1685,'','2022-12-15 16:46:11','2022-12-15 16:46:11',NULL,'0',81,1,NULL),(1686,'','2022-12-15 16:49:20','2022-12-15 16:49:20',NULL,'1',81,1,NULL),(1687,'','2022-12-15 16:50:55','2022-12-15 16:50:55',NULL,'1',81,1,NULL),(1688,'','2022-12-15 16:51:59','2022-12-15 16:51:59',NULL,'1',81,1,NULL),(1690,'','2022-12-15 16:54:03','2022-12-15 16:54:03',NULL,'0',56,1,NULL),(1694,'','2022-12-15 20:08:56','2022-12-15 20:08:56',NULL,'0',1,1,NULL),(1695,'','2022-12-15 20:11:37','2022-12-15 20:13:49','','1',1,1,NULL),(1697,'','2022-12-15 20:16:00','2022-12-15 20:16:00','','1',1,1,NULL),(1698,'','2022-12-15 20:17:31','2022-12-15 20:17:31','','1',1,1,NULL),(1699,'','2022-12-15 20:18:58','2022-12-15 20:18:58','','1',1,1,NULL),(1700,'','2022-12-15 22:11:58','2022-12-15 22:12:16','','1',1,1,NULL),(1701,'','2022-12-15 22:13:43','2022-12-15 22:13:43','','1',1,1,NULL),(1702,'','2022-12-15 22:14:44','2022-12-15 22:14:44','','1',1,1,NULL),(1703,'','2022-12-15 22:16:17','2022-12-15 22:16:59','','1',1,1,'TzozMjoiQ29uY3JldGVcQ29yZVxMZWdhY3lcQmxvY2tSZWNvcmQiOjM6e3M6MzoiYklEIjtzOjQ6IjE3MDMiO3M6OToiACoAX3RhYmxlIjtzOjE0OiJidENvbnRlbnRMb2NhbCI7czo3OiJjb250ZW50IjtzOjI3NzQ6IjxoMz48c3BhbiBzdHlsZT0iY29sb3I6IzI3YWU2MDsiPtCi0LDRgtCw0YDRgdGC0LDQvS4g0JHQtdC3INCx0LXRgNCz05kgJm5kYXNoOyDQotCw0YLQsNGA0YHRgtCw0L0uINCc0Ysg0LLQvNC10YHRgtC1PC9zcGFuPjwvaDM+DQoNCjx0YWJsZSBib3JkZXI9IjAiIGNlbGxwYWRkaW5nPSIxIiBjZWxsc3BhY2luZz0iMSIgc3R5bGU9IndpZHRoOjEwMCU7Ij4NCgk8dGJvZHk+DQoJCTx0cj4NCgkJCTx0ZCBzdHlsZT0id2lkdGg6IDM1MnB4OyI+DQoJCQk8cCBzdHlsZT0ibWFyZ2luLWxlZnQ6IDQwcHg7Ij48YSBocmVmPSJ7Q0NNOkJBU0VfVVJMfS9ib29rcy9pbmRleC5odG1sIiB0YXJnZXQ9Il9ibGFuayI+PGNvbmNyZXRlLXBpY3R1cmUgZklEPSIzNzIiIGFsdD0iIiBoZWlnaHQ9IjUwMCIgd2lkdGg9IjM4OSIgLz48L2E+PC9wPg0KCQkJPC90ZD4NCgkJCTx0ZCBzdHlsZT0id2lkdGg6IDc3NnB4OyI+DQoJCQk8cCBzdHlsZT0ibWFyZ2luLWxlZnQ6IDQwcHg7Ij48c3BhbiBzdHlsZT0iZm9udC1zaXplOjE4cHg7Ij7QkdCw0LvQsNC70LDRgCDTqdGH0LXQvSAmbGRxdW870KLQsNGC0LDRgNGB0YLQsNC9LiDQkdC10Lcg0LHQtdGA0LPTmSAmbmRhc2g7INCi0LDRgtCw0YDRgdGC0LDQvS4g0JzRiyDQstC80LXRgdGC0LUmcmRxdW87INGA0YPRgSDSu9OZ0Lwg0YLQsNGC0LDRgCDRgtC10LvQu9OZ0YDQtdC90LTTmdCz0LUg0LzTmdC005nQvdC4LdCx0LXQu9C10Lwg0LHQuNGA0q8g0LHQsNGB0LzQsNGB0YsgJm5kYXNoOyDQotCw0YLQsNGA0YHRgtCw0L3QvdGL0qMg0LrSr9C/INGB0LDQvdC70Ysg0YXQsNC70YvQutC70LDRgNGLICZuZGFzaDsg0YLQsNGC0LDRgNC70LDRgCwg0YDRg9GB0LvQsNGALCDRh9GD0LLQsNGI0LvQsNGALCDRg9C00LzRg9GA0YLQu9Cw0YAsINC80L7RgNC00LLQsCDSu9OZ0Lwg0LzQsNGA0LjQu9Cw0YDQvdGL0qMg0LPQsNKX05nQtdC/INK705nQvCDQutKv0L/QutGL0YDQu9GLINGB05nQvdCz0LDRgtGMINC006nQvdGM0Y/RgdGL0L3QsCDRgdOZ0Y/RhdOZ0YIg0YPQuy48L3NwYW4+PC9wPg0KDQoJCQk8cCBzdHlsZT0ibWFyZ2luLWxlZnQ6IDQwcHg7Ij7QmtC40YLQsNC/INGD0LrRg9GH0Ysg0LHRgyDRhdCw0LvRi9C60LvQsNGA0L3Ri9KjINGC0L7RgNC80YvRiNGLINK705nQvCDQutOp0L3QutKv0YDQtdGI0LUg0LHQtdC705nQvSDRgtCw0L3Ri9GI0LAg0LDQu9CwLCDQvNC40LvQu9C4INC60LjQtdC80L3TmdGA0LXQvdC10qMg0rvTmdC8INGA0LjQt9GL0LrQu9Cw0YDRi9C90YvSoyDSr9C30LXQvdGH05nQu9C10LrQu9OZ0YDQtSwg0LDQu9Cw0YDQvdGL0qMg0LzTmdC005nQvdC4INCz0L7RgNC10YQt0LPQsNC005nRgtC705nRgNC10L3QtdKjLCDRgtGA0LDQtNC40YbQuNGP0LvTmdGA0LXQvdC10qMsINGC0LXQu9C10L3QtdKjLCDQvNGD0LfRi9C60LDRgdGL0L3Ri9KjINC40YHQutC40YLQutC10Ycg0rvTmdC8INC60LDQsdCw0YLQu9Cw0L3QvNCw0YEg0LHRg9C70YPRiyDRgtGD0YDRi9C90LTQsCDQsdC10LvTmSDQsNC70LAuINCo0YPQuyDRg9C6INCy0LDQutGL0YLRgtCwINCx0LDRgNC70YvQuiDRhdCw0LvRi9C60LvQsNGA0L3Ri9KjINC60q/QvyDRg9GA0YLQsNC6INGP0LrQu9Cw0YDRiyDQtNCwINCx0LDRgC4g0JDQu9Cw0YDQvdGLINGC0LDRgNC40YUsINGD0YDRgtCw0Log0YLRgNCw0LTQuNGG0LjRj9C705nRgCwg0LDQu9Cw0YAg0LDRgNCw0YHRi9C90L3QsNC9INC40qMg0LzTqdK70LjQvNC1ICZuZGFzaDsg06nQu9C605nQvdC905nRgNCz05kg0YXTqdGA0LzTmdGCINK705nQvCDQutGD0L3QsNC60YfRi9C70LvRi9C6LCDSu9OZ0LwsINOZ0LvQsdOZ0YLRgtOZLCDQsdC+0YDRi9C90LPRiyDQsdCw0LHQsNC70LDRgNGLINGP0YjTmdCz05nQvSDSl9C40YAgJm5kYXNoOyDQsNC70LDRgNC90YvSoyDQsdOp0LXQuiDQstCw0YLQsNC90Ysg0LHQtdGA0LvTmdGI0YLQtdGA05kuINCR0LDRgdC80LDQvdGL0qMg0KDQvtGB0YHQuNGPINGF0LDQu9GL0LrQu9Cw0YDRi9C90YvSoyDQvNOZ0LTTmdC90Lgg0LzQuNGA0LDRgdGLINC10LvRi9C90LTQsCDSu9OZ0Lwg0KLQsNGC0LDRgNGB0YLQsNC90LTQsCDQnNC40LvQu9C4INC805nQtNOZ0L3QuNGP0YIg0rvTmdC8INGC0YDQsNC00LjRhtC40Y/Qu9OZ0YAg0LXQu9GL0L3QsCDQsNGP0Log0LHQsNGB0LrQsNC90LTQsCDRjdGI0LvTmdC90q/QtSDQsdC40Log0YPRgNGL0L3Qu9GLLiDQrdGH0YLTmdC70LXQuiDQvNC40LvQu9OZ0YLQsNGA0LAg0LrQuNC70LXRiNKv0L3QtSDQvdGL0LPRi9GC0YPQs9CwLCDRhdCw0LvRi9C60LvQsNGA0L3Ri9KjINCx0LXRgNC005nQvNC70LXQs9C1INK705nQvCDQtNGD0YHQu9GL0LPRiywg0LzQuNC70LvQuCDSu9OZ0Lwg0Y3RgtC90LjQuiDQvNOp0L3TmdGB05nQsdOZ0YLQu9OZ0YDQvdC1INKX0LDQudCz0LAg0YHQsNC70YPQs9CwLCDQvNC40LvQu9C40LvQtdC6INK705nQvCDQstCw0YLQsNC90L/TmdGA0LLTmdGA0LvQtdC6INGC05nRgNCx0LjRj9C705nSr9Cz05kg0Y7QvdOZ0LvRgtC10LvQs9OZ0L0uINCR0LDRgdC80LAg0LPQsNC40LvTmdC005kg0YPQutGDINOp0YfQtdC9INGH0YvQs9Cw0YDRi9C70LAuPC9wPg0KCQkJPC90ZD4NCgkJPC90cj4NCgk8L3Rib2R5Pg0KPC90YWJsZT4NCg0KPHAgc3R5bGU9InRleHQtYWxpZ246IGNlbnRlcjsiPjxhIGNsYXNzPSJzaW1wbGVCdXR0b24gYnRuIGJ0bi1wcmltYXJ5IGJ0bi1sZyIgaHJlZj0ie0NDTTpCQVNFX1VSTH0vYm9vay9pbmRleC5odG1sIiB0YXJnZXQ9Il9ibGFuayI+0JrQuNGC0LDQvyDQsNGH0YM8L2E+PC9wPg0KIjt9'),(1704,'','2022-12-15 22:17:49','2022-12-15 22:17:49','','1',1,1,'TzozMjoiQ29uY3JldGVcQ29yZVxMZWdhY3lcQmxvY2tSZWNvcmQiOjM6e3M6MzoiYklEIjtzOjQ6IjE3MDQiO3M6OToiACoAX3RhYmxlIjtzOjE0OiJidENvbnRlbnRMb2NhbCI7czo3OiJjb250ZW50IjtzOjI3ODg6IjxoMz48c3BhbiBzdHlsZT0iY29sb3I6IzI3YWU2MDsiPtCi0LDRgtCw0YDRgdGC0LDQvS4g0JHQtdC3INCx0LXRgNCz05kgJm5kYXNoOyDQotCw0YLQsNGA0YHRgtCw0L0uINCc0Ysg0LLQvNC10YHRgtC1PC9zcGFuPjwvaDM+DQoNCjx0YWJsZSBib3JkZXI9IjAiIGNlbGxwYWRkaW5nPSIxIiBjZWxsc3BhY2luZz0iMSIgc3R5bGU9IndpZHRoOjEwMCU7Ij4NCgk8dGJvZHk+DQoJCTx0cj4NCgkJCTx0ZCBzdHlsZT0id2lkdGg6IDM1MnB4OyI+DQoJCQk8cCBzdHlsZT0ibWFyZ2luLWxlZnQ6IDQwcHg7Ij48YSBocmVmPSJ7Q0NNOkJBU0VfVVJMfS9ib29rcy9pbmRleC5odG1sIiB0YXJnZXQ9Il9ibGFuayI+PGNvbmNyZXRlLXBpY3R1cmUgZklEPSIzNzIiIGFsdD0iIiBoZWlnaHQ9IjUwMCIgd2lkdGg9IjM4OSIgLz48L2E+PC9wPg0KCQkJPC90ZD4NCgkJCTx0ZCBzdHlsZT0id2lkdGg6IDc3NnB4OyI+DQoJCQk8cCBzdHlsZT0ibWFyZ2luLWxlZnQ6IDQwcHg7Ij48c3BhbiBzdHlsZT0iZm9udC1zaXplOjE2cHg7Ij7QpdGD0LTQvtC20LXRgdGC0LLQtdC90L3Qvi3Qv9GA0L7RgdCy0LXRgtC40YLQtdC70YzRgdC60L7QtSDQuNC30LTQsNC90LjQtSDQtNC70Y8g0LTQtdGC0LXQuSDQvdCwINGA0YPRgdGB0LrQvtC8INC4INGC0LDRgtCw0YDRgdC60L7QvCDRj9C30YvQutCw0YUgJmxhcXVvO9Ci0LDRgtCw0YDRgdGC0LDQvS4g0JHQtdC3INCx0LXRgNCz05kgJm5kYXNoOyDQotCw0YLQsNGA0YHRgtCw0L0uINCc0Ysg0LLQvNC10YHRgtC1JnJhcXVvOyAmbmRhc2g7INGN0YLQviDQv9GD0YLQtdGI0LXRgdGC0LLQuNC1INCyINGD0LTQuNCy0LjRgtC10LvRjNC90YvQuSDQuCDQvNC90L7Qs9C+0L7QsdGA0LDQt9C90YvQuSDQvNC40YAg0LrRg9C70YzRgtGD0YDRiyDRgdCw0LzRi9GFINC80L3QvtCz0L7Rh9C40YHQu9C10L3QvdGL0YUg0L3QsNGA0L7QtNC+0LIg0KLQsNGC0LDRgNGB0YLQsNC90LA6INGC0LDRgtCw0YAsINGA0YPRgdGB0LrQuNGFLCDRh9GD0LLQsNGI0LXQuSwg0YPQtNC80YPRgNGC0L7Qsiwg0LzQvtGA0LTQstGLINC4INC80LDRgNC40LnRhtC10LIuPC9zcGFuPjwvcD4NCg0KCQkJPHAgc3R5bGU9Im1hcmdpbi1sZWZ0OiA0MHB4OyI+0KfQuNGC0LDRgtC10LvRjCDQv9C+0LfQvdCw0LrQvtC80LjRgtGB0Y8g0YEg0LbQuNC30L3RjNGOINC4INCx0YvRgtC+0Lwg0Y3RgtC40YUg0L3QsNGA0L7QtNC+0LIsINGD0LfQvdCw0LXRgiwg0LrQsNC6INC/0YDQtdC60YDQsNGB0L3RiyDQuCDQvdC10L/QvtCy0YLQvtGA0LjQvNGLINC40YUg0LrRg9C70YzRgtGD0YDQvdGL0LUg0L7QsdGL0YfQsNC4INC4INGC0YDQsNC00LjRhtC40LgsINC40YUg0Y/Qt9GL0LosINC80YPQt9GL0LrQsCwg0L7RgdC+0LHQtdC90L3QvtGB0YLQuCDQvdCw0YbQuNC+0L3QsNC70YzQvdC+0Lkg0LrRg9GF0L3QuCDQuCDQvtC00LXQttC00YsuINCSINGC0L4g0LbQtSDRgyDQstGB0LXRhSDQvdCw0YDQvtC00L7QsiDQtdGB0YLRjCDQvNC90L7Qs9C+INC+0LHRidC10LPQvi4g0JjRhSDQvtCx0YrQtdC00LjQvdGP0Y7RgiDQuNGB0YLQvtGA0LjRjywg0LXQtNC40L3Ri9C1INGC0YDQsNC00LjRhtC40LgsINCz0LvQsNCy0L3Ri9C1INC40Lcg0LrQvtGC0L7RgNGL0YUgJm5kYXNoOyDQs9C+0YHRgtC10L/RgNC40LjQvNGB0YLQstC+INC4INGD0LLQsNC20LXQvdC40LUg0Log0YHRgtCw0YDRiNC40LwsINC4INC60L7QvdC10YfQvdC+LCDQt9C10LzQu9GPLCDQvdCwINC60L7RgtC+0YDQvtC5INC20LjQu9C4INC40YUg0L/RgNC10LTQutC4LCDQuNGFINCy0LXQu9C40LrQsNGPINGA0L7QtNC40L3QsC4g0KDQsNC30YDQsNCx0L7RgtC60LAg0LjQt9C00LDQvdC40Y8g0LIg0JPQvtC0INC60YPQu9GM0YLRg9GA0L3QvtCz0L4g0L3QsNGB0LvQtdC00LjRjyDQvdCw0YDQvtC00L7QsiDQoNC+0YHRgdC40Lgg0Lgg0LIg0L/RgNC10LTQtNCy0LXRgNC40Lgg0JPQvtC00LAg0L3QsNGG0LjQvtC90LDQu9GM0L3Ri9GFINC60YPQu9GM0YLRg9GAINC4INGC0YDQsNC00LjRhtC40Lkg0LIg0KLQsNGC0LDRgNGB0YLQsNC90LUg0Y/QstC70Y/QtdGC0YHRjyDRgdCy0L7QtdCy0YDQtdC80LXQvdC90L7QuS4g0KHQvtC00LXRgNC20LDQvdC40LUg0L3QsNC/0YDQsNCy0LvQtdC90L4g0L3QsCDRg9C60YDQtdC/0LvQtdC90LjQtSDQvNC10LbQvdCw0YbQuNC+0L3QsNC70YzQvdC+0LPQviDRgdC+0LPQu9Cw0YHQuNGPLCDQtdC00LjQvdGB0YLQstCwINC4INC00YDRg9C20LHRiyDQvdCw0YDQvtC00L7Qsiwg0LPQsNGA0LzQvtC90LjQt9Cw0YbQuNGOINC80LXQttC90LDRhtC40L7QvdCw0LvRjNC90YvRhSwg0LzQtdC20Y3RgtC90LjRh9C10YHQutC40YUg0L7RgtC90L7RiNC10L3QuNC5LCDQuNC90YLQtdGA0L3QsNGG0LjQvtC90LDQu9GM0L3QvtC1INC4INC/0LDRgtGA0LjQvtGC0LjRh9C10YHQutC+0LUg0LLQvtGB0L/QuNGC0LDQvdC40LUuINCY0LfQtNCw0L3QuNC1INC/0YDQtdC00L3QsNC30L3QsNGH0LXQvdC+INC00LvRjyDRgdC10LzQtdC50L3QvtCz0L4g0YfRgtC10L3QuNGPLjwvcD4NCg0KCQkJPHAgc3R5bGU9Im1hcmdpbi1sZWZ0OiA0MHB4OyI+Jm5ic3A7PC9wPg0KCQkJPC90ZD4NCgkJPC90cj4NCgk8L3Rib2R5Pg0KPC90YWJsZT4NCg0KPHAgc3R5bGU9InRleHQtYWxpZ246IGNlbnRlcjsiPjxhIGNsYXNzPSJzaW1wbGVCdXR0b24gYnRuIGJ0bi1wcmltYXJ5IGJ0bi1sZyIgaHJlZj0ie0NDTTpCQVNFX1VSTH0vYm9vay9pbmRleC5odG1sIiB0YXJnZXQ9Il9ibGFuayI+0J7RgtC60YDRi9GC0Ywg0LrQvdC40LPRgzwvYT48L3A+DQoiO30='),(1705,'','2023-09-27 14:48:51','2023-09-27 14:48:51','','1',53,1,'TzozMjoiQ29uY3JldGVcQ29yZVxMZWdhY3lcQmxvY2tSZWNvcmQiOjE3OntzOjM6ImJJRCI7czo0OiIxNzA1IjtzOjk6IgAqAF90YWJsZSI7czoxMzoiYnRXYWxsR2FsbGVyeSI7czo3OiJmaWxlc2V0IjtzOjE6IjMiO3M6OToidGh1bWJuYWlsIjtzOjQ6InRydWUiO3M6MTE6InRodW1iTWFyZ2luIjtzOjI6IjEwIjtzOjEzOiJjYXB0aW9uRW5hYmxlIjtzOjU6ImZhbHNlIjtzOjY6ImVhc2luZyI7czoxMToiZWFzZU91dEV4cG8iO3M6NDoibW9kZSI7TjtzOjg6ImNvbnRyb2xzIjtzOjQ6InRydWUiO3M6ODoibG9vcGFibGUiO3M6NToiZmFsc2UiO3M6NDoiYXV0byI7czo1OiJmYWxzZSI7czo1OiJwYXVzZSI7czo0OiI0MDAwIjtzOjY6ImVzY0tleSI7czo0OiJ0cnVlIjtzOjg6ImNsb3NhYmxlIjtzOjQ6InRydWUiO3M6NzoiY291bnRlciI7czo1OiJmYWxzZSI7czoxNjoiaGlkZUNvbnRyb2xPbkVuZCI7czo1OiJmYWxzZSI7czoxMToidGh1bWJoZWlnaHQiO3M6MzoiMjAwIjt9'),(1706,'','2023-09-27 15:17:45','2023-09-27 15:17:45',NULL,'0',51,1,NULL),(1707,'','2023-09-27 15:21:53','2023-09-27 15:21:53',NULL,'0',51,1,NULL),(1710,'','2023-09-27 15:30:56','2023-09-27 15:30:56',NULL,'1',51,1,'TzozMjoiQ29uY3JldGVcQ29yZVxMZWdhY3lcQmxvY2tSZWNvcmQiOjEyOntzOjM6ImJJRCI7czo0OiIxNzEwIjtzOjk6IgAqAF90YWJsZSI7czoxODoiYnRQaG90b3dhbGxHYWxsZXJ5IjtzOjc6ImZpbGVzZXQiO3M6MToiOSI7czo5OiJyb3dIZWlnaHQiO3M6MzoiMzAwIjtzOjEyOiJtYXhSb3dIZWlnaHQiO3M6MzoiMTAwIjtzOjc6Im1hcmdpbnMiO3M6MjoiMTUiO3M6MTM6ImhpZGVCYXJzRGVsYXkiO3M6NDoiNjAwMCI7czoxMzoiY2FwdGlvbkVuYWJsZSI7czo1OiJmYWxzZSI7czoxMToiZml4ZWRIZWlnaHQiO3M6NToiZmFsc2UiO3M6NzoibGFzdFJvdyI7czo5OiJub2p1c3RpZnkiO3M6OToicmFuZG9taXplIjtzOjU6ImZhbHNlIjtzOjk6Imxvb3BhdEVuZCI7czo0OiJ0cnVlIjt9'),(1711,'','2023-09-27 15:31:49','2023-09-27 15:31:49',NULL,'0',53,1,NULL),(1712,'','2023-09-27 15:47:07','2023-09-27 15:47:07',NULL,'0',10,1,NULL),(1713,'','2023-09-27 15:48:15','2023-09-27 15:48:44',NULL,'1',10,1,NULL),(1714,'','2023-09-27 15:51:07','2023-09-27 15:51:07',NULL,'1',10,1,'TzozMjoiQ29uY3JldGVcQ29yZVxMZWdhY3lcQmxvY2tSZWNvcmQiOjM0OntzOjM6ImJJRCI7czo0OiIxNzE0IjtzOjk6IgAqAF90YWJsZSI7czoxMDoiYnRQYWdlTGlzdCI7czozOiJudW0iO3M6MToiMCI7czo3OiJvcmRlckJ5IjtzOjExOiJkaXNwbGF5X2FzYyI7czo5OiJjUGFyZW50SUQiO3M6MzoiMzY0IjtzOjU6ImNUaGlzIjtzOjE6IjAiO3M6MTE6ImNUaGlzUGFyZW50IjtzOjE6IjAiO3M6MTY6InVzZUJ1dHRvbkZvckxpbmsiO3M6MToiMCI7czoxNDoiYnV0dG9uTGlua1RleHQiO3M6MDoiIjtzOjEzOiJwYWdlTGlzdFRpdGxlIjtzOjA6IiI7czoxNToiZmlsdGVyQnlSZWxhdGVkIjtzOjE6IjAiO3M6MTk6ImZpbHRlckJ5Q3VzdG9tVG9waWMiO3M6MToiMCI7czoxNjoiZmlsdGVyRGF0ZU9wdGlvbiI7czowOiIiO3M6MTQ6ImZpbHRlckRhdGVEYXlzIjtzOjE6IjAiO3M6MTU6ImZpbHRlckRhdGVTdGFydCI7TjtzOjEzOiJmaWx0ZXJEYXRlRW5kIjtOO3M6MzA6InJlbGF0ZWRUb3BpY0F0dHJpYnV0ZUtleUhhbmRsZSI7czowOiIiO3M6Mjk6ImN1c3RvbVRvcGljQXR0cmlidXRlS2V5SGFuZGxlIjtzOjA6IiI7czoyMToiY3VzdG9tVG9waWNUcmVlTm9kZUlEIjtzOjE6IjAiO3M6MTE6ImluY2x1ZGVOYW1lIjtzOjE6IjEiO3M6MTg6ImluY2x1ZGVEZXNjcmlwdGlvbiI7czoxOiIwIjtzOjExOiJpbmNsdWRlRGF0ZSI7czoxOiIwIjtzOjIxOiJpbmNsdWRlQWxsRGVzY2VuZGVudHMiO3M6MToiMCI7czo4OiJwYWdpbmF0ZSI7czoxOiIwIjtzOjE0OiJkaXNwbGF5QWxpYXNlcyI7czoxOiIwIjtzOjE3OiJpZ25vcmVQZXJtaXNzaW9ucyI7czoxOiIwIjtzOjIzOiJlbmFibGVFeHRlcm5hbEZpbHRlcmluZyI7czoxOiIwIjtzOjQ6InB0SUQiO3M6MToiNSI7czo0OiJwZklEIjtzOjE6IjAiO3M6MTc6InRydW5jYXRlU3VtbWFyaWVzIjtzOjE6IjAiO3M6MTk6ImRpc3BsYXlGZWF0dXJlZE9ubHkiO3M6MToiMCI7czoxNjoibm9SZXN1bHRzTWVzc2FnZSI7czowOiIiO3M6MTY6ImRpc3BsYXlUaHVtYm5haWwiO3M6MToiMSI7czoxMzoidHJ1bmNhdGVDaGFycyI7czoxOiIwIjt9'),(1715,'','2023-09-29 14:44:35','2023-09-29 14:44:35',NULL,'1',53,1,NULL),(1716,'','2023-09-29 14:57:35','2023-09-29 14:57:35',NULL,'1',53,1,NULL),(1717,'','2023-09-29 14:58:57','2023-09-29 14:58:57',NULL,'1',53,1,NULL),(1718,'','2023-09-29 15:28:44','2023-09-29 15:28:44',NULL,'1',53,1,'TzozMjoiQ29uY3JldGVcQ29yZVxMZWdhY3lcQmxvY2tSZWNvcmQiOjE3OntzOjM6ImJJRCI7czo0OiIxNzE4IjtzOjk6IgAqAF90YWJsZSI7czoxMzoiYnRXYWxsR2FsbGVyeSI7czo3OiJmaWxlc2V0IjtzOjE6IjkiO3M6OToidGh1bWJuYWlsIjtzOjQ6InRydWUiO3M6MTE6InRodW1iTWFyZ2luIjtzOjE6IjUiO3M6MTM6ImNhcHRpb25FbmFibGUiO3M6NToiZmFsc2UiO3M6NjoiZWFzaW5nIjtzOjExOiJlYXNlT3V0RXhwbyI7czo0OiJtb2RlIjtOO3M6ODoiY29udHJvbHMiO3M6NDoidHJ1ZSI7czo4OiJsb29wYWJsZSI7czo1OiJmYWxzZSI7czo0OiJhdXRvIjtzOjQ6InRydWUiO3M6NToicGF1c2UiO3M6NDoiNDAwMCI7czo2OiJlc2NLZXkiO3M6NDoidHJ1ZSI7czo4OiJjbG9zYWJsZSI7czo0OiJ0cnVlIjtzOjc6ImNvdW50ZXIiO3M6NToiZmFsc2UiO3M6MTY6ImhpZGVDb250cm9sT25FbmQiO3M6NToiZmFsc2UiO3M6MTE6InRodW1iaGVpZ2h0IjtzOjM6IjIwMCI7fQ=='),(1719,'','2023-09-29 15:49:54','2023-09-29 15:49:54',NULL,'1',53,1,'TzozMjoiQ29uY3JldGVcQ29yZVxMZWdhY3lcQmxvY2tSZWNvcmQiOjE2OntzOjM6ImJJRCI7czo0OiIxNzE5IjtzOjk6IgAqAF90YWJsZSI7czoxMzoiYnRXYWxsR2FsbGVyeSI7czo3OiJmaWxlc2V0IjtzOjE6IjkiO3M6OToidGh1bWJuYWlsIjtzOjQ6InRydWUiO3M6MTE6InRodW1iTWFyZ2luIjtzOjE6IjUiO3M6MTM6ImNhcHRpb25FbmFibGUiO3M6NToiZmFsc2UiO3M6NjoiZWFzaW5nIjtzOjExOiJlYXNlT3V0RXhwbyI7czo4OiJjb250cm9scyI7czo0OiJ0cnVlIjtzOjg6Imxvb3BhYmxlIjtzOjU6ImZhbHNlIjtzOjQ6ImF1dG8iO3M6NDoidHJ1ZSI7czo1OiJwYXVzZSI7czo0OiI0MDAwIjtzOjY6ImVzY0tleSI7czo0OiJ0cnVlIjtzOjg6ImNsb3NhYmxlIjtzOjQ6InRydWUiO3M6NzoiY291bnRlciI7czo1OiJmYWxzZSI7czoxNjoiaGlkZUNvbnRyb2xPbkVuZCI7czo1OiJmYWxzZSI7czoxMToidGh1bWJoZWlnaHQiO3M6MzoiMjAwIjt9');

--
