-- Table structure for table `PageTemplates`
--

CREATE TABLE `PageTemplates` (
  `pTemplateID` int(11) NOT NULL AUTO_INCREMENT,
  `pTemplateHandle` varchar(255) COLLATE utf8mb4_unicode_ci NOT NULL,
  `pTemplateIcon` varchar(255) COLLATE utf8mb4_unicode_ci NOT NULL,
  `pTemplateName` varchar(255) COLLATE utf8mb4_unicode_ci NOT NULL,
  `pTemplateIsInternal` tinyint(1) NOT NULL,
  `pkgID` int(11) NOT NULL,
  PRIMARY KEY (`pTemplateID`)
) ENGINE=InnoDB AUTO_INCREMENT=10 DEFAULT CHARSET=utf8mb4 COLLATE=utf8mb4_unicode_ci;

--
-- Dumping data for table `PageTemplates`
--

INSERT INTO `PageTemplates` VALUES (1,'core_stack','','Stack',1,0),(2,'desktop','','Desktop',1,0),(3,'dashboard_full','','Dashboard Full',1,0),(4,'blank','blank.png','Blank',0,0),(5,'full','full.png','Full',0,0),(6,'left_sidebar','left_sidebar.png','Left Sidebar',0,0),(7,'right_sidebar','right_sidebar.png','Right Sidebar',0,0),(8,'home','full.png','Home',0,14),(9,'hometat','full.png','Home-tt',0,0);

--
-- Table structure for table `PageThemeCustomStyles`
--

CREATE TABLE `PageThemeCustomStyles` (
  `pThemeID` int(10) unsigned NOT NULL DEFAULT '0',
  `scvlID` int(10) unsigned DEFAULT '0',
  `preset` varchar(255) COLLATE utf8mb4_unicode_ci DEFAULT NULL,
  `sccRecordID` int(10) unsigned DEFAULT '0',
  PRIMARY KEY (`pThemeID`),
  KEY `scvlID` (`scvlID`),
  KEY `sccRecordID` (`sccRecordID`)
) ENGINE=InnoDB DEFAULT CHARSET=utf8mb4 COLLATE=utf8mb4_unicode_ci;

--
-- Dumping data for table `PageThemeCustomStyles`
--


--
-- Table structure for table `PageThemes`
--

CREATE TABLE `PageThemes` (
  `pThemeID` int(10) unsigned NOT NULL AUTO_INCREMENT,
  `pThemeHandle` varchar(64) COLLATE utf8mb4_unicode_ci NOT NULL,
  `pThemeName` varchar(255) COLLATE utf8mb4_unicode_ci DEFAULT NULL,
  `pThemeDescription` text COLLATE utf8mb4_unicode_ci,
  `pkgID` int(10) unsigned NOT NULL DEFAULT '0',
  `pThemeHasCustomClass` tinyint(1) NOT NULL DEFAULT '0',
  PRIMARY KEY (`pThemeID`),
  UNIQUE KEY `ptHandle` (`pThemeHandle`),
  KEY `pkgID` (`pkgID`)
) ENGINE=InnoDB AUTO_INCREMENT=5 DEFAULT CHARSET=utf8mb4 COLLATE=utf8mb4_unicode_ci;

--
-- Dumping data for table `PageThemes`
--

INSERT INTO `PageThemes` VALUES (1,'elemental','Elemental','Elegant, spacious theme with support for blogs, portfolios, layouts and more.',0,1),(3,'stucco','Stucco Business Theme','Simple, business theme with Theme Customizer. support for blogs, portfolios, layouts and more.',14,1),(4,'fruitful','Fruitful','A Lovely Clean Theme',18,1);

--
-- Table structure for table `PageTypeComposerControlTypes`
--

CREATE TABLE `PageTypeComposerControlTypes` (
  `ptComposerControlTypeID` int(10) unsigned NOT NULL AUTO_INCREMENT,
  `ptComposerControlTypeHandle` varchar(255) COLLATE utf8mb4_unicode_ci DEFAULT NULL,
  `ptComposerControlTypeName` varchar(255) COLLATE utf8mb4_unicode_ci DEFAULT NULL,
  `pkgID` int(10) unsigned NOT NULL DEFAULT '0',
  PRIMARY KEY (`ptComposerControlTypeID`),
  UNIQUE KEY `ptComposerControlTypeHandle` (`ptComposerControlTypeHandle`),
  KEY `pkgID` (`pkgID`)
) ENGINE=InnoDB AUTO_INCREMENT=4 DEFAULT CHARSET=utf8mb4 COLLATE=utf8mb4_unicode_ci;

--
-- Dumping data for table `PageTypeComposerControlTypes`
--

INSERT INTO `PageTypeComposerControlTypes` VALUES (1,'core_page_property','Built-In Property',0),(2,'collection_attribute','Custom Attribute',0),(3,'block','Block',0);

--
-- Table structure for table `PageTypeComposerFormLayoutSetControls`
--

CREATE TABLE `PageTypeComposerFormLayoutSetControls` (
  `ptComposerFormLayoutSetControlID` int(10) unsigned NOT NULL AUTO_INCREMENT,
  `ptComposerFormLayoutSetID` int(10) unsigned DEFAULT '0',
  `ptComposerControlTypeID` int(10) unsigned DEFAULT '0',
  `ptComposerControlObject` longtext COLLATE utf8mb4_unicode_ci,
  `ptComposerFormLayoutSetControlDisplayOrder` int(10) unsigned DEFAULT '0',
  `ptComposerFormLayoutSetControlCustomLabel` varchar(255) COLLATE utf8mb4_unicode_ci DEFAULT NULL,
  `ptComposerFormLayoutSetControlCustomTemplate` varchar(255) COLLATE utf8mb4_unicode_ci DEFAULT NULL,
  `ptComposerFormLayoutSetControlDescription` varchar(255) COLLATE utf8mb4_unicode_ci DEFAULT NULL,
  `ptComposerFormLayoutSetControlRequired` int(11) DEFAULT '0',
  PRIMARY KEY (`ptComposerFormLayoutSetControlID`),
  KEY `ptComposerControlTypeID` (`ptComposerControlTypeID`)
) ENGINE=InnoDB AUTO_INCREMENT=44 DEFAULT CHARSET=utf8mb4 COLLATE=utf8mb4_unicode_ci;

--
-- Dumping data for table `PageTypeComposerFormLayoutSetControls`
--

INSERT INTO `PageTypeComposerFormLayoutSetControls` VALUES (1,1,1,'O:78:\"Concrete\\Core\\Page\\Type\\Composer\\Control\\CorePageProperty\\NameCorePageProperty\":12:{s:37:\"\0*\0ptComposerControlRequiredByDefault\";b:1;s:17:\"\0*\0propertyHandle\";s:4:\"name\";s:30:\"\0*\0ptComposerControlTypeHandle\";s:18:\"core_page_property\";s:30:\"\0*\0ptComposerControlIdentifier\";s:4:\"name\";s:24:\"\0*\0ptComposerControlName\";N;s:27:\"\0*\0ptComposerControlIconSRC\";N;s:33:\"\0*\0ptComposerControlIconFormatter\";O:48:\"Concrete\\Core\\Attribute\\FontAwesomeIconFormatter\":1:{s:7:\"\0*\0icon\";s:9:\"file-text\";}s:20:\"\0*\0ptComposerControl\";N;s:41:\"\0*\0ptComposerControlRequiredOnThisRequest\";b:0;s:31:\"\0*\0ptComposerControlCustomLabel\";N;s:31:\"\0*\0ptComposerControlDescription\";N;s:5:\"error\";s:0:\"\";}',0,'Page Name',NULL,NULL,1),(2,1,1,'O:85:\"Concrete\\Core\\Page\\Type\\Composer\\Control\\CorePageProperty\\DescriptionCorePageProperty\":12:{s:17:\"\0*\0propertyHandle\";s:11:\"description\";s:30:\"\0*\0ptComposerControlTypeHandle\";s:18:\"core_page_property\";s:30:\"\0*\0ptComposerControlIdentifier\";s:11:\"description\";s:24:\"\0*\0ptComposerControlName\";N;s:27:\"\0*\0ptComposerControlIconSRC\";N;s:33:\"\0*\0ptComposerControlIconFormatter\";O:48:\"Concrete\\Core\\Attribute\\FontAwesomeIconFormatter\":1:{s:7:\"\0*\0icon\";s:4:\"font\";}s:20:\"\0*\0ptComposerControl\";N;s:37:\"\0*\0ptComposerControlRequiredByDefault\";b:0;s:41:\"\0*\0ptComposerControlRequiredOnThisRequest\";b:0;s:31:\"\0*\0ptComposerControlCustomLabel\";N;s:31:\"\0*\0ptComposerControlDescription\";N;s:5:\"error\";s:0:\"\";}',1,NULL,NULL,NULL,0),(3,1,1,'O:81:\"Concrete\\Core\\Page\\Type\\Composer\\Control\\CorePageProperty\\UrlSlugCorePageProperty\":12:{s:17:\"\0*\0propertyHandle\";s:8:\"url_slug\";s:30:\"\0*\0ptComposerControlTypeHandle\";s:18:\"core_page_property\";s:30:\"\0*\0ptComposerControlIdentifier\";s:8:\"url_slug\";s:24:\"\0*\0ptComposerControlName\";N;s:27:\"\0*\0ptComposerControlIconSRC\";N;s:33:\"\0*\0ptComposerControlIconFormatter\";O:48:\"Concrete\\Core\\Attribute\\FontAwesomeIconFormatter\":1:{s:7:\"\0*\0icon\";s:9:\"file-text\";}s:20:\"\0*\0ptComposerControl\";N;s:37:\"\0*\0ptComposerControlRequiredByDefault\";b:0;s:41:\"\0*\0ptComposerControlRequiredOnThisRequest\";b:0;s:31:\"\0*\0ptComposerControlCustomLabel\";N;s:31:\"\0*\0ptComposerControlDescription\";N;s:5:\"error\";s:0:\"\";}',2,NULL,NULL,NULL,0),(4,1,1,'O:86:\"Concrete\\Core\\Page\\Type\\Composer\\Control\\CorePageProperty\\PageTemplateCorePageProperty\":12:{s:17:\"\0*\0propertyHandle\";s:13:\"page_template\";s:30:\"\0*\0ptComposerControlTypeHandle\";s:18:\"core_page_property\";s:30:\"\0*\0ptComposerControlIdentifier\";s:13:\"page_template\";s:24:\"\0*\0ptComposerControlName\";N;s:27:\"\0*\0ptComposerControlIconSRC\";N;s:33:\"\0*\0ptComposerControlIconFormatter\";O:48:\"Concrete\\Core\\Attribute\\FontAwesomeIconFormatter\":1:{s:7:\"\0*\0icon\";s:8:\"list-alt\";}s:20:\"\0*\0ptComposerControl\";N;s:37:\"\0*\0ptComposerControlRequiredByDefault\";b:0;s:41:\"\0*\0ptComposerControlRequiredOnThisRequest\";b:0;s:31:\"\0*\0ptComposerControlCustomLabel\";N;s:31:\"\0*\0ptComposerControlDescription\";N;s:5:\"error\";s:0:\"\";}',3,NULL,NULL,NULL,0),(5,1,1,'O:87:\"Concrete\\Core\\Page\\Type\\Composer\\Control\\CorePageProperty\\PublishTargetCorePageProperty\":12:{s:17:\"\0*\0propertyHandle\";s:14:\"publish_target\";s:30:\"\0*\0ptComposerControlTypeHandle\";s:18:\"core_page_property\";s:30:\"\0*\0ptComposerControlIdentifier\";s:14:\"publish_target\";s:24:\"\0*\0ptComposerControlName\";N;s:27:\"\0*\0ptComposerControlIconSRC\";N;s:33:\"\0*\0ptComposerControlIconFormatter\";O:48:\"Concrete\\Core\\Attribute\\FontAwesomeIconFormatter\":1:{s:7:\"\0*\0icon\";s:8:\"download\";}s:20:\"\0*\0ptComposerControl\";N;s:37:\"\0*\0ptComposerControlRequiredByDefault\";b:0;s:41:\"\0*\0ptComposerControlRequiredOnThisRequest\";b:0;s:31:\"\0*\0ptComposerControlCustomLabel\";N;s:31:\"\0*\0ptComposerControlDescription\";N;s:5:\"error\";s:0:\"\";}',4,NULL,NULL,NULL,0),(6,2,1,'O:78:\"Concrete\\Core\\Page\\Type\\Composer\\Control\\CorePageProperty\\NameCorePageProperty\":12:{s:37:\"\0*\0ptComposerControlRequiredByDefault\";b:1;s:17:\"\0*\0propertyHandle\";s:4:\"name\";s:30:\"\0*\0ptComposerControlTypeHandle\";s:18:\"core_page_property\";s:30:\"\0*\0ptComposerControlIdentifier\";s:4:\"name\";s:24:\"\0*\0ptComposerControlName\";N;s:27:\"\0*\0ptComposerControlIconSRC\";N;s:33:\"\0*\0ptComposerControlIconFormatter\";O:48:\"Concrete\\Core\\Attribute\\FontAwesomeIconFormatter\":1:{s:7:\"\0*\0icon\";s:9:\"file-text\";}s:20:\"\0*\0ptComposerControl\";N;s:41:\"\0*\0ptComposerControlRequiredOnThisRequest\";b:0;s:31:\"\0*\0ptComposerControlCustomLabel\";N;s:31:\"\0*\0ptComposerControlDescription\";N;s:5:\"error\";s:0:\"\";}',0,'Entry Name',NULL,NULL,0),(7,2,1,'O:81:\"Concrete\\Core\\Page\\Type\\Composer\\Control\\CorePageProperty\\UrlSlugCorePageProperty\":12:{s:17:\"\0*\0propertyHandle\";s:8:\"url_slug\";s:30:\"\0*\0ptComposerControlTypeHandle\";s:18:\"core_page_property\";s:30:\"\0*\0ptComposerControlIdentifier\";s:8:\"url_slug\";s:24:\"\0*\0ptComposerControlName\";N;s:27:\"\0*\0ptComposerControlIconSRC\";N;s:33:\"\0*\0ptComposerControlIconFormatter\";O:48:\"Concrete\\Core\\Attribute\\FontAwesomeIconFormatter\":1:{s:7:\"\0*\0icon\";s:9:\"file-text\";}s:20:\"\0*\0ptComposerControl\";N;s:37:\"\0*\0ptComposerControlRequiredByDefault\";b:0;s:41:\"\0*\0ptComposerControlRequiredOnThisRequest\";b:0;s:31:\"\0*\0ptComposerControlCustomLabel\";N;s:31:\"\0*\0ptComposerControlDescription\";N;s:5:\"error\";s:0:\"\";}',1,NULL,NULL,NULL,0),(8,2,1,'O:85:\"Concrete\\Core\\Page\\Type\\Composer\\Control\\CorePageProperty\\DescriptionCorePageProperty\":12:{s:17:\"\0*\0propertyHandle\";s:11:\"description\";s:30:\"\0*\0ptComposerControlTypeHandle\";s:18:\"core_page_property\";s:30:\"\0*\0ptComposerControlIdentifier\";s:11:\"description\";s:24:\"\0*\0ptComposerControlName\";N;s:27:\"\0*\0ptComposerControlIconSRC\";N;s:33:\"\0*\0ptComposerControlIconFormatter\";O:48:\"Concrete\\Core\\Attribute\\FontAwesomeIconFormatter\":1:{s:7:\"\0*\0icon\";s:4:\"font\";}s:20:\"\0*\0ptComposerControl\";N;s:37:\"\0*\0ptComposerControlRequiredByDefault\";b:0;s:41:\"\0*\0ptComposerControlRequiredOnThisRequest\";b:0;s:31:\"\0*\0ptComposerControlCustomLabel\";N;s:31:\"\0*\0ptComposerControlDescription\";N;s:5:\"error\";s:0:\"\";}',2,'Short Description',NULL,NULL,0),(9,2,1,'O:87:\"Concrete\\Core\\Page\\Type\\Composer\\Control\\CorePageProperty\\PublishTargetCorePageProperty\":12:{s:17:\"\0*\0propertyHandle\";s:14:\"publish_target\";s:30:\"\0*\0ptComposerControlTypeHandle\";s:18:\"core_page_property\";s:30:\"\0*\0ptComposerControlIdentifier\";s:14:\"publish_target\";s:24:\"\0*\0ptComposerControlName\";N;s:27:\"\0*\0ptComposerControlIconSRC\";N;s:33:\"\0*\0ptComposerControlIconFormatter\";O:48:\"Concrete\\Core\\Attribute\\FontAwesomeIconFormatter\":1:{s:7:\"\0*\0icon\";s:8:\"download\";}s:20:\"\0*\0ptComposerControl\";N;s:37:\"\0*\0ptComposerControlRequiredByDefault\";b:0;s:41:\"\0*\0ptComposerControlRequiredOnThisRequest\";b:0;s:31:\"\0*\0ptComposerControlCustomLabel\";N;s:31:\"\0*\0ptComposerControlDescription\";N;s:5:\"error\";s:0:\"\";}',3,NULL,NULL,NULL,0),(10,2,2,'O:67:\"Concrete\\Core\\Page\\Type\\Composer\\Control\\CollectionAttributeControl\":1:{s:7:\"\0*\0akID\";i:24;}',4,'Topics',NULL,NULL,0),(11,3,2,'O:67:\"Concrete\\Core\\Page\\Type\\Composer\\Control\\CollectionAttributeControl\":1:{s:7:\"\0*\0akID\";i:23;}',0,NULL,NULL,NULL,0),(12,3,3,'O:53:\"Concrete\\Core\\Page\\Type\\Composer\\Control\\BlockControl\":15:{s:7:\"\0*\0btID\";i:1;s:30:\"\0*\0ptComposerControlTypeHandle\";s:5:\"block\";s:5:\"\0*\0bt\";b:0;s:4:\"\0*\0b\";b:0;s:13:\"\0*\0controller\";N;s:30:\"\0*\0ptComposerControlIdentifier\";i:1;s:24:\"\0*\0ptComposerControlName\";s:7:\"Content\";s:27:\"\0*\0ptComposerControlIconSRC\";s:33:\"/concrete/blocks/content/icon.png\";s:33:\"\0*\0ptComposerControlIconFormatter\";N;s:20:\"\0*\0ptComposerControl\";N;s:37:\"\0*\0ptComposerControlRequiredByDefault\";b:0;s:41:\"\0*\0ptComposerControlRequiredOnThisRequest\";b:0;s:31:\"\0*\0ptComposerControlCustomLabel\";N;s:31:\"\0*\0ptComposerControlDescription\";N;s:5:\"error\";s:0:\"\";}',1,NULL,NULL,NULL,0),(13,4,1,'O:78:\"Concrete\\Core\\Page\\Type\\Composer\\Control\\CorePageProperty\\NameCorePageProperty\":12:{s:37:\"\0*\0ptComposerControlRequiredByDefault\";b:1;s:17:\"\0*\0propertyHandle\";s:4:\"name\";s:30:\"\0*\0ptComposerControlTypeHandle\";s:18:\"core_page_property\";s:30:\"\0*\0ptComposerControlIdentifier\";s:4:\"name\";s:24:\"\0*\0ptComposerControlName\";N;s:27:\"\0*\0ptComposerControlIconSRC\";N;s:33:\"\0*\0ptComposerControlIconFormatter\";O:48:\"Concrete\\Core\\Attribute\\FontAwesomeIconFormatter\":1:{s:7:\"\0*\0icon\";s:9:\"file-text\";}s:20:\"\0*\0ptComposerControl\";N;s:41:\"\0*\0ptComposerControlRequiredOnThisRequest\";b:0;s:31:\"\0*\0ptComposerControlCustomLabel\";N;s:31:\"\0*\0ptComposerControlDescription\";N;s:5:\"error\";s:0:\"\";}',0,'Job Name',NULL,NULL,1),(14,4,1,'O:82:\"Concrete\\Core\\Page\\Type\\Composer\\Control\\CorePageProperty\\DateTimeCorePageProperty\":12:{s:17:\"\0*\0propertyHandle\";s:9:\"date_time\";s:30:\"\0*\0ptComposerControlTypeHandle\";s:18:\"core_page_property\";s:30:\"\0*\0ptComposerControlIdentifier\";s:9:\"date_time\";s:24:\"\0*\0ptComposerControlName\";N;s:27:\"\0*\0ptComposerControlIconSRC\";N;s:33:\"\0*\0ptComposerControlIconFormatter\";O:48:\"Concrete\\Core\\Attribute\\FontAwesomeIconFormatter\":1:{s:7:\"\0*\0icon\";s:8:\"calendar\";}s:20:\"\0*\0ptComposerControl\";N;s:37:\"\0*\0ptComposerControlRequiredByDefault\";b:0;s:41:\"\0*\0ptComposerControlRequiredOnThisRequest\";b:0;s:31:\"\0*\0ptComposerControlCustomLabel\";N;s:31:\"\0*\0ptComposerControlDescription\";N;s:5:\"error\";s:0:\"\";}',1,'Posting Date',NULL,NULL,0),(15,5,2,'O:67:\"Concrete\\Core\\Page\\Type\\Composer\\Control\\CollectionAttributeControl\":1:{s:7:\"\0*\0akID\";i:21;}',0,NULL,NULL,NULL,0),(16,5,2,'O:67:\"Concrete\\Core\\Page\\Type\\Composer\\Control\\CollectionAttributeControl\":1:{s:7:\"\0*\0akID\";i:20;}',1,NULL,NULL,NULL,0),(17,5,1,'O:85:\"Concrete\\Core\\Page\\Type\\Composer\\Control\\CorePageProperty\\DescriptionCorePageProperty\":12:{s:17:\"\0*\0propertyHandle\";s:11:\"description\";s:30:\"\0*\0ptComposerControlTypeHandle\";s:18:\"core_page_property\";s:30:\"\0*\0ptComposerControlIdentifier\";s:11:\"description\";s:24:\"\0*\0ptComposerControlName\";N;s:27:\"\0*\0ptComposerControlIconSRC\";N;s:33:\"\0*\0ptComposerControlIconFormatter\";O:48:\"Concrete\\Core\\Attribute\\FontAwesomeIconFormatter\":1:{s:7:\"\0*\0icon\";s:4:\"font\";}s:20:\"\0*\0ptComposerControl\";N;s:37:\"\0*\0ptComposerControlRequiredByDefault\";b:0;s:41:\"\0*\0ptComposerControlRequiredOnThisRequest\";b:0;s:31:\"\0*\0ptComposerControlCustomLabel\";N;s:31:\"\0*\0ptComposerControlDescription\";N;s:5:\"error\";s:0:\"\";}',2,'Brief Description',NULL,NULL,0),(18,5,3,'O:53:\"Concrete\\Core\\Page\\Type\\Composer\\Control\\BlockControl\":15:{s:7:\"\0*\0btID\";i:1;s:30:\"\0*\0ptComposerControlTypeHandle\";s:5:\"block\";s:5:\"\0*\0bt\";b:0;s:4:\"\0*\0b\";b:0;s:13:\"\0*\0controller\";N;s:30:\"\0*\0ptComposerControlIdentifier\";i:1;s:24:\"\0*\0ptComposerControlName\";s:7:\"Content\";s:27:\"\0*\0ptComposerControlIconSRC\";s:33:\"/concrete/blocks/content/icon.png\";s:33:\"\0*\0ptComposerControlIconFormatter\";N;s:20:\"\0*\0ptComposerControl\";N;s:37:\"\0*\0ptComposerControlRequiredByDefault\";b:0;s:41:\"\0*\0ptComposerControlRequiredOnThisRequest\";b:0;s:31:\"\0*\0ptComposerControlCustomLabel\";N;s:31:\"\0*\0ptComposerControlDescription\";N;s:5:\"error\";s:0:\"\";}',3,'Job Details',NULL,NULL,0),(19,6,1,'O:78:\"Concrete\\Core\\Page\\Type\\Composer\\Control\\CorePageProperty\\NameCorePageProperty\":12:{s:37:\"\0*\0ptComposerControlRequiredByDefault\";b:1;s:17:\"\0*\0propertyHandle\";s:4:\"name\";s:30:\"\0*\0ptComposerControlTypeHandle\";s:18:\"core_page_property\";s:30:\"\0*\0ptComposerControlIdentifier\";s:4:\"name\";s:24:\"\0*\0ptComposerControlName\";N;s:27:\"\0*\0ptComposerControlIconSRC\";N;s:33:\"\0*\0ptComposerControlIconFormatter\";O:48:\"Concrete\\Core\\Attribute\\FontAwesomeIconFormatter\":1:{s:7:\"\0*\0icon\";s:9:\"file-text\";}s:20:\"\0*\0ptComposerControl\";N;s:41:\"\0*\0ptComposerControlRequiredOnThisRequest\";b:0;s:31:\"\0*\0ptComposerControlCustomLabel\";N;s:31:\"\0*\0ptComposerControlDescription\";N;s:5:\"error\";s:0:\"\";}',0,NULL,NULL,'Give your portfolio project a name.',0),(20,6,1,'O:81:\"Concrete\\Core\\Page\\Type\\Composer\\Control\\CorePageProperty\\UrlSlugCorePageProperty\":12:{s:17:\"\0*\0propertyHandle\";s:8:\"url_slug\";s:30:\"\0*\0ptComposerControlTypeHandle\";s:18:\"core_page_property\";s:30:\"\0*\0ptComposerControlIdentifier\";s:8:\"url_slug\";s:24:\"\0*\0ptComposerControlName\";N;s:27:\"\0*\0ptComposerControlIconSRC\";N;s:33:\"\0*\0ptComposerControlIconFormatter\";O:48:\"Concrete\\Core\\Attribute\\FontAwesomeIconFormatter\":1:{s:7:\"\0*\0icon\";s:9:\"file-text\";}s:20:\"\0*\0ptComposerControl\";N;s:37:\"\0*\0ptComposerControlRequiredByDefault\";b:0;s:41:\"\0*\0ptComposerControlRequiredOnThisRequest\";b:0;s:31:\"\0*\0ptComposerControlCustomLabel\";N;s:31:\"\0*\0ptComposerControlDescription\";N;s:5:\"error\";s:0:\"\";}',1,NULL,NULL,NULL,0),(21,6,1,'O:87:\"Concrete\\Core\\Page\\Type\\Composer\\Control\\CorePageProperty\\PublishTargetCorePageProperty\":12:{s:17:\"\0*\0propertyHandle\";s:14:\"publish_target\";s:30:\"\0*\0ptComposerControlTypeHandle\";s:18:\"core_page_property\";s:30:\"\0*\0ptComposerControlIdentifier\";s:14:\"publish_target\";s:24:\"\0*\0ptComposerControlName\";N;s:27:\"\0*\0ptComposerControlIconSRC\";N;s:33:\"\0*\0ptComposerControlIconFormatter\";O:48:\"Concrete\\Core\\Attribute\\FontAwesomeIconFormatter\":1:{s:7:\"\0*\0icon\";s:8:\"download\";}s:20:\"\0*\0ptComposerControl\";N;s:37:\"\0*\0ptComposerControlRequiredByDefault\";b:0;s:41:\"\0*\0ptComposerControlRequiredOnThisRequest\";b:0;s:31:\"\0*\0ptComposerControlCustomLabel\";N;s:31:\"\0*\0ptComposerControlDescription\";N;s:5:\"error\";s:0:\"\";}',2,NULL,NULL,NULL,0),(22,7,2,'O:67:\"Concrete\\Core\\Page\\Type\\Composer\\Control\\CollectionAttributeControl\":1:{s:7:\"\0*\0akID\";i:25;}',0,NULL,NULL,NULL,0),(23,7,1,'O:82:\"Concrete\\Core\\Page\\Type\\Composer\\Control\\CorePageProperty\\DateTimeCorePageProperty\":12:{s:17:\"\0*\0propertyHandle\";s:9:\"date_time\";s:30:\"\0*\0ptComposerControlTypeHandle\";s:18:\"core_page_property\";s:30:\"\0*\0ptComposerControlIdentifier\";s:9:\"date_time\";s:24:\"\0*\0ptComposerControlName\";N;s:27:\"\0*\0ptComposerControlIconSRC\";N;s:33:\"\0*\0ptComposerControlIconFormatter\";O:48:\"Concrete\\Core\\Attribute\\FontAwesomeIconFormatter\":1:{s:7:\"\0*\0icon\";s:8:\"calendar\";}s:20:\"\0*\0ptComposerControl\";N;s:37:\"\0*\0ptComposerControlRequiredByDefault\";b:0;s:41:\"\0*\0ptComposerControlRequiredOnThisRequest\";b:0;s:31:\"\0*\0ptComposerControlCustomLabel\";N;s:31:\"\0*\0ptComposerControlDescription\";N;s:5:\"error\";s:0:\"\";}',1,'Date Completed',NULL,NULL,0),(24,7,2,'O:67:\"Concrete\\Core\\Page\\Type\\Composer\\Control\\CollectionAttributeControl\":1:{s:7:\"\0*\0akID\";i:27;}',2,NULL,NULL,NULL,0),(25,7,2,'O:67:\"Concrete\\Core\\Page\\Type\\Composer\\Control\\CollectionAttributeControl\":1:{s:7:\"\0*\0akID\";i:28;}',3,NULL,NULL,NULL,0),(26,7,2,'O:67:\"Concrete\\Core\\Page\\Type\\Composer\\Control\\CollectionAttributeControl\":1:{s:7:\"\0*\0akID\";i:29;}',4,NULL,NULL,NULL,0),(27,7,2,'O:67:\"Concrete\\Core\\Page\\Type\\Composer\\Control\\CollectionAttributeControl\":1:{s:7:\"\0*\0akID\";i:23;}',5,NULL,NULL,NULL,0),(28,8,3,'O:53:\"Concrete\\Core\\Page\\Type\\Composer\\Control\\BlockControl\":15:{s:7:\"\0*\0btID\";i:31;s:30:\"\0*\0ptComposerControlTypeHandle\";s:5:\"block\";s:5:\"\0*\0bt\";b:0;s:4:\"\0*\0b\";b:0;s:13:\"\0*\0controller\";N;s:30:\"\0*\0ptComposerControlIdentifier\";i:31;s:24:\"\0*\0ptComposerControlName\";s:12:\"Image Slider\";s:27:\"\0*\0ptComposerControlIconSRC\";s:38:\"/concrete/blocks/image_slider/icon.png\";s:33:\"\0*\0ptComposerControlIconFormatter\";N;s:20:\"\0*\0ptComposerControl\";N;s:37:\"\0*\0ptComposerControlRequiredByDefault\";b:0;s:41:\"\0*\0ptComposerControlRequiredOnThisRequest\";b:0;s:31:\"\0*\0ptComposerControlCustomLabel\";N;s:31:\"\0*\0ptComposerControlDescription\";N;s:5:\"error\";s:0:\"\";}',0,NULL,NULL,NULL,0),(29,9,3,'O:53:\"Concrete\\Core\\Page\\Type\\Composer\\Control\\BlockControl\":15:{s:7:\"\0*\0btID\";i:1;s:30:\"\0*\0ptComposerControlTypeHandle\";s:5:\"block\";s:5:\"\0*\0bt\";b:0;s:4:\"\0*\0b\";b:0;s:13:\"\0*\0controller\";N;s:30:\"\0*\0ptComposerControlIdentifier\";i:1;s:24:\"\0*\0ptComposerControlName\";s:7:\"Content\";s:27:\"\0*\0ptComposerControlIconSRC\";s:33:\"/concrete/blocks/content/icon.png\";s:33:\"\0*\0ptComposerControlIconFormatter\";N;s:20:\"\0*\0ptComposerControl\";N;s:37:\"\0*\0ptComposerControlRequiredByDefault\";b:0;s:41:\"\0*\0ptComposerControlRequiredOnThisRequest\";b:0;s:31:\"\0*\0ptComposerControlCustomLabel\";N;s:31:\"\0*\0ptComposerControlDescription\";N;s:5:\"error\";s:0:\"\";}',0,NULL,NULL,NULL,0),(30,10,1,'O:78:\"Concrete\\Core\\Page\\Type\\Composer\\Control\\CorePageProperty\\NameCorePageProperty\":12:{s:37:\"\0*\0ptComposerControlRequiredByDefault\";b:1;s:17:\"\0*\0propertyHandle\";s:4:\"name\";s:30:\"\0*\0ptComposerControlTypeHandle\";s:18:\"core_page_property\";s:30:\"\0*\0ptComposerControlIdentifier\";s:4:\"name\";s:24:\"\0*\0ptComposerControlName\";N;s:27:\"\0*\0ptComposerControlIconSRC\";N;s:33:\"\0*\0ptComposerControlIconFormatter\";O:48:\"Concrete\\Core\\Attribute\\FontAwesomeIconFormatter\":1:{s:7:\"\0*\0icon\";s:9:\"file-text\";}s:20:\"\0*\0ptComposerControl\";N;s:41:\"\0*\0ptComposerControlRequiredOnThisRequest\";b:0;s:31:\"\0*\0ptComposerControlCustomLabel\";N;s:31:\"\0*\0ptComposerControlDescription\";N;s:5:\"error\";s:0:\"\";}',0,NULL,NULL,NULL,0),(31,10,1,'O:87:\"Concrete\\Core\\Page\\Type\\Composer\\Control\\CorePageProperty\\PublishTargetCorePageProperty\":12:{s:17:\"\0*\0propertyHandle\";s:14:\"publish_target\";s:30:\"\0*\0ptComposerControlTypeHandle\";s:18:\"core_page_property\";s:30:\"\0*\0ptComposerControlIdentifier\";s:14:\"publish_target\";s:24:\"\0*\0ptComposerControlName\";N;s:27:\"\0*\0ptComposerControlIconSRC\";N;s:33:\"\0*\0ptComposerControlIconFormatter\";O:48:\"Concrete\\Core\\Attribute\\FontAwesomeIconFormatter\":1:{s:7:\"\0*\0icon\";s:8:\"download\";}s:20:\"\0*\0ptComposerControl\";N;s:37:\"\0*\0ptComposerControlRequiredByDefault\";b:0;s:41:\"\0*\0ptComposerControlRequiredOnThisRequest\";b:0;s:31:\"\0*\0ptComposerControlCustomLabel\";N;s:31:\"\0*\0ptComposerControlDescription\";N;s:5:\"error\";s:0:\"\";}',1,NULL,NULL,NULL,0),(32,11,1,'O:78:\"Concrete\\Core\\Page\\Type\\Composer\\Control\\CorePageProperty\\NameCorePageProperty\":12:{s:37:\"\0*\0ptComposerControlRequiredByDefault\";b:1;s:17:\"\0*\0propertyHandle\";s:4:\"name\";s:30:\"\0*\0ptComposerControlTypeHandle\";s:18:\"core_page_property\";s:30:\"\0*\0ptComposerControlIdentifier\";s:4:\"name\";s:24:\"\0*\0ptComposerControlName\";N;s:27:\"\0*\0ptComposerControlIconSRC\";N;s:33:\"\0*\0ptComposerControlIconFormatter\";O:48:\"Concrete\\Core\\Attribute\\FontAwesomeIconFormatter\":1:{s:7:\"\0*\0icon\";s:9:\"file-text\";}s:20:\"\0*\0ptComposerControl\";N;s:41:\"\0*\0ptComposerControlRequiredOnThisRequest\";b:0;s:31:\"\0*\0ptComposerControlCustomLabel\";N;s:31:\"\0*\0ptComposerControlDescription\";N;s:5:\"error\";s:0:\"\";}',0,'Name',NULL,NULL,0),(33,11,1,'O:87:\"Concrete\\Core\\Page\\Type\\Composer\\Control\\CorePageProperty\\PublishTargetCorePageProperty\":12:{s:17:\"\0*\0propertyHandle\";s:14:\"publish_target\";s:30:\"\0*\0ptComposerControlTypeHandle\";s:18:\"core_page_property\";s:30:\"\0*\0ptComposerControlIdentifier\";s:14:\"publish_target\";s:24:\"\0*\0ptComposerControlName\";N;s:27:\"\0*\0ptComposerControlIconSRC\";N;s:33:\"\0*\0ptComposerControlIconFormatter\";O:48:\"Concrete\\Core\\Attribute\\FontAwesomeIconFormatter\":1:{s:7:\"\0*\0icon\";s:8:\"download\";}s:20:\"\0*\0ptComposerControl\";N;s:37:\"\0*\0ptComposerControlRequiredByDefault\";b:0;s:41:\"\0*\0ptComposerControlRequiredOnThisRequest\";b:0;s:31:\"\0*\0ptComposerControlCustomLabel\";N;s:31:\"\0*\0ptComposerControlDescription\";N;s:5:\"error\";s:0:\"\";}',1,NULL,NULL,NULL,0),(34,12,1,'O:78:\"Concrete\\Core\\Page\\Type\\Composer\\Control\\CorePageProperty\\NameCorePageProperty\":13:{s:37:\"\0*\0ptComposerControlRequiredByDefault\";b:1;s:17:\"\0*\0propertyHandle\";s:4:\"name\";s:30:\"\0*\0ptComposerControlTypeHandle\";s:18:\"core_page_property\";s:30:\"\0*\0ptComposerControlIdentifier\";s:4:\"name\";s:24:\"\0*\0ptComposerControlName\";N;s:27:\"\0*\0ptComposerControlIconSRC\";N;s:33:\"\0*\0ptComposerControlIconFormatter\";O:48:\"Concrete\\Core\\Attribute\\FontAwesomeIconFormatter\":1:{s:7:\"\0*\0icon\";s:9:\"file-text\";}s:20:\"\0*\0ptComposerControl\";N;s:41:\"\0*\0ptComposerControlRequiredOnThisRequest\";b:0;s:31:\"\0*\0ptComposerControlCustomLabel\";N;s:31:\"\0*\0ptComposerControlDescription\";N;s:5:\"error\";s:0:\"\";s:36:\"ptComposerFormLayoutSetControlObject\";O:53:\"Concrete\\Core\\Page\\Type\\Composer\\FormLayoutSetControl\":11:{s:23:\"\0*\0ptTargetParentPageID\";i:0;s:5:\"error\";s:0:\"\";s:32:\"ptComposerFormLayoutSetControlID\";s:1:\"1\";s:25:\"ptComposerFormLayoutSetID\";s:1:\"1\";s:23:\"ptComposerControlTypeID\";s:1:\"1\";s:23:\"ptComposerControlObject\";r:1;s:42:\"ptComposerFormLayoutSetControlDisplayOrder\";s:1:\"0\";s:41:\"ptComposerFormLayoutSetControlCustomLabel\";s:9:\"Page Name\";s:44:\"ptComposerFormLayoutSetControlCustomTemplate\";N;s:41:\"ptComposerFormLayoutSetControlDescription\";N;s:38:\"ptComposerFormLayoutSetControlRequired\";s:1:\"1\";}}',0,'Page Name',NULL,NULL,1),(35,12,1,'O:85:\"Concrete\\Core\\Page\\Type\\Composer\\Control\\CorePageProperty\\DescriptionCorePageProperty\":13:{s:17:\"\0*\0propertyHandle\";s:11:\"description\";s:30:\"\0*\0ptComposerControlTypeHandle\";s:18:\"core_page_property\";s:30:\"\0*\0ptComposerControlIdentifier\";s:11:\"description\";s:24:\"\0*\0ptComposerControlName\";N;s:27:\"\0*\0ptComposerControlIconSRC\";N;s:33:\"\0*\0ptComposerControlIconFormatter\";O:48:\"Concrete\\Core\\Attribute\\FontAwesomeIconFormatter\":1:{s:7:\"\0*\0icon\";s:4:\"font\";}s:20:\"\0*\0ptComposerControl\";N;s:37:\"\0*\0ptComposerControlRequiredByDefault\";b:0;s:41:\"\0*\0ptComposerControlRequiredOnThisRequest\";b:0;s:31:\"\0*\0ptComposerControlCustomLabel\";N;s:31:\"\0*\0ptComposerControlDescription\";N;s:5:\"error\";s:0:\"\";s:36:\"ptComposerFormLayoutSetControlObject\";O:53:\"Concrete\\Core\\Page\\Type\\Composer\\FormLayoutSetControl\":11:{s:23:\"\0*\0ptTargetParentPageID\";i:0;s:5:\"error\";s:0:\"\";s:32:\"ptComposerFormLayoutSetControlID\";s:1:\"2\";s:25:\"ptComposerFormLayoutSetID\";s:1:\"1\";s:23:\"ptComposerControlTypeID\";s:1:\"1\";s:23:\"ptComposerControlObject\";r:1;s:42:\"ptComposerFormLayoutSetControlDisplayOrder\";s:1:\"1\";s:41:\"ptComposerFormLayoutSetControlCustomLabel\";N;s:44:\"ptComposerFormLayoutSetControlCustomTemplate\";N;s:41:\"ptComposerFormLayoutSetControlDescription\";N;s:38:\"ptComposerFormLayoutSetControlRequired\";s:1:\"0\";}}',1,NULL,NULL,NULL,0),(36,12,1,'O:81:\"Concrete\\Core\\Page\\Type\\Composer\\Control\\CorePageProperty\\UrlSlugCorePageProperty\":13:{s:17:\"\0*\0propertyHandle\";s:8:\"url_slug\";s:30:\"\0*\0ptComposerControlTypeHandle\";s:18:\"core_page_property\";s:30:\"\0*\0ptComposerControlIdentifier\";s:8:\"url_slug\";s:24:\"\0*\0ptComposerControlName\";N;s:27:\"\0*\0ptComposerControlIconSRC\";N;s:33:\"\0*\0ptComposerControlIconFormatter\";O:48:\"Concrete\\Core\\Attribute\\FontAwesomeIconFormatter\":1:{s:7:\"\0*\0icon\";s:9:\"file-text\";}s:20:\"\0*\0ptComposerControl\";N;s:37:\"\0*\0ptComposerControlRequiredByDefault\";b:0;s:41:\"\0*\0ptComposerControlRequiredOnThisRequest\";b:0;s:31:\"\0*\0ptComposerControlCustomLabel\";N;s:31:\"\0*\0ptComposerControlDescription\";N;s:5:\"error\";s:0:\"\";s:36:\"ptComposerFormLayoutSetControlObject\";O:53:\"Concrete\\Core\\Page\\Type\\Composer\\FormLayoutSetControl\":11:{s:23:\"\0*\0ptTargetParentPageID\";i:0;s:5:\"error\";s:0:\"\";s:32:\"ptComposerFormLayoutSetControlID\";s:1:\"3\";s:25:\"ptComposerFormLayoutSetID\";s:1:\"1\";s:23:\"ptComposerControlTypeID\";s:1:\"1\";s:23:\"ptComposerControlObject\";r:1;s:42:\"ptComposerFormLayoutSetControlDisplayOrder\";s:1:\"2\";s:41:\"ptComposerFormLayoutSetControlCustomLabel\";N;s:44:\"ptComposerFormLayoutSetControlCustomTemplate\";N;s:41:\"ptComposerFormLayoutSetControlDescription\";N;s:38:\"ptComposerFormLayoutSetControlRequired\";s:1:\"0\";}}',2,NULL,NULL,NULL,0),(37,12,1,'O:86:\"Concrete\\Core\\Page\\Type\\Composer\\Control\\CorePageProperty\\PageTemplateCorePageProperty\":13:{s:17:\"\0*\0propertyHandle\";s:13:\"page_template\";s:30:\"\0*\0ptComposerControlTypeHandle\";s:18:\"core_page_property\";s:30:\"\0*\0ptComposerControlIdentifier\";s:13:\"page_template\";s:24:\"\0*\0ptComposerControlName\";N;s:27:\"\0*\0ptComposerControlIconSRC\";N;s:33:\"\0*\0ptComposerControlIconFormatter\";O:48:\"Concrete\\Core\\Attribute\\FontAwesomeIconFormatter\":1:{s:7:\"\0*\0icon\";s:8:\"list-alt\";}s:20:\"\0*\0ptComposerControl\";N;s:37:\"\0*\0ptComposerControlRequiredByDefault\";b:0;s:41:\"\0*\0ptComposerControlRequiredOnThisRequest\";b:0;s:31:\"\0*\0ptComposerControlCustomLabel\";N;s:31:\"\0*\0ptComposerControlDescription\";N;s:5:\"error\";s:0:\"\";s:36:\"ptComposerFormLayoutSetControlObject\";O:53:\"Concrete\\Core\\Page\\Type\\Composer\\FormLayoutSetControl\":11:{s:23:\"\0*\0ptTargetParentPageID\";i:0;s:5:\"error\";s:0:\"\";s:32:\"ptComposerFormLayoutSetControlID\";s:1:\"4\";s:25:\"ptComposerFormLayoutSetID\";s:1:\"1\";s:23:\"ptComposerControlTypeID\";s:1:\"1\";s:23:\"ptComposerControlObject\";r:1;s:42:\"ptComposerFormLayoutSetControlDisplayOrder\";s:1:\"3\";s:41:\"ptComposerFormLayoutSetControlCustomLabel\";N;s:44:\"ptComposerFormLayoutSetControlCustomTemplate\";N;s:41:\"ptComposerFormLayoutSetControlDescription\";N;s:38:\"ptComposerFormLayoutSetControlRequired\";s:1:\"0\";}}',3,NULL,NULL,NULL,0),(38,12,1,'O:87:\"Concrete\\Core\\Page\\Type\\Composer\\Control\\CorePageProperty\\PublishTargetCorePageProperty\":13:{s:17:\"\0*\0propertyHandle\";s:14:\"publish_target\";s:30:\"\0*\0ptComposerControlTypeHandle\";s:18:\"core_page_property\";s:30:\"\0*\0ptComposerControlIdentifier\";s:14:\"publish_target\";s:24:\"\0*\0ptComposerControlName\";N;s:27:\"\0*\0ptComposerControlIconSRC\";N;s:33:\"\0*\0ptComposerControlIconFormatter\";O:48:\"Concrete\\Core\\Attribute\\FontAwesomeIconFormatter\":1:{s:7:\"\0*\0icon\";s:8:\"download\";}s:20:\"\0*\0ptComposerControl\";N;s:37:\"\0*\0ptComposerControlRequiredByDefault\";b:0;s:41:\"\0*\0ptComposerControlRequiredOnThisRequest\";b:0;s:31:\"\0*\0ptComposerControlCustomLabel\";N;s:31:\"\0*\0ptComposerControlDescription\";N;s:5:\"error\";s:0:\"\";s:36:\"ptComposerFormLayoutSetControlObject\";O:53:\"Concrete\\Core\\Page\\Type\\Composer\\FormLayoutSetControl\":11:{s:23:\"\0*\0ptTargetParentPageID\";i:0;s:5:\"error\";s:0:\"\";s:32:\"ptComposerFormLayoutSetControlID\";s:1:\"5\";s:25:\"ptComposerFormLayoutSetID\";s:1:\"1\";s:23:\"ptComposerControlTypeID\";s:1:\"1\";s:23:\"ptComposerControlObject\";r:1;s:42:\"ptComposerFormLayoutSetControlDisplayOrder\";s:1:\"4\";s:41:\"ptComposerFormLayoutSetControlCustomLabel\";N;s:44:\"ptComposerFormLayoutSetControlCustomTemplate\";N;s:41:\"ptComposerFormLayoutSetControlDescription\";N;s:38:\"ptComposerFormLayoutSetControlRequired\";s:1:\"0\";}}',4,NULL,NULL,NULL,0),(39,13,1,'O:78:\"Concrete\\Core\\Page\\Type\\Composer\\Control\\CorePageProperty\\NameCorePageProperty\":13:{s:37:\"\0*\0ptComposerControlRequiredByDefault\";b:1;s:17:\"\0*\0propertyHandle\";s:4:\"name\";s:30:\"\0*\0ptComposerControlTypeHandle\";s:18:\"core_page_property\";s:30:\"\0*\0ptComposerControlIdentifier\";s:4:\"name\";s:24:\"\0*\0ptComposerControlName\";N;s:27:\"\0*\0ptComposerControlIconSRC\";N;s:33:\"\0*\0ptComposerControlIconFormatter\";O:48:\"Concrete\\Core\\Attribute\\FontAwesomeIconFormatter\":1:{s:7:\"\0*\0icon\";s:9:\"file-text\";}s:20:\"\0*\0ptComposerControl\";N;s:41:\"\0*\0ptComposerControlRequiredOnThisRequest\";b:0;s:31:\"\0*\0ptComposerControlCustomLabel\";N;s:31:\"\0*\0ptComposerControlDescription\";N;s:5:\"error\";s:0:\"\";s:36:\"ptComposerFormLayoutSetControlObject\";O:53:\"Concrete\\Core\\Page\\Type\\Composer\\FormLayoutSetControl\":11:{s:23:\"\0*\0ptTargetParentPageID\";i:0;s:5:\"error\";s:0:\"\";s:32:\"ptComposerFormLayoutSetControlID\";s:1:\"1\";s:25:\"ptComposerFormLayoutSetID\";s:1:\"1\";s:23:\"ptComposerControlTypeID\";s:1:\"1\";s:23:\"ptComposerControlObject\";r:1;s:42:\"ptComposerFormLayoutSetControlDisplayOrder\";s:1:\"0\";s:41:\"ptComposerFormLayoutSetControlCustomLabel\";s:9:\"Page Name\";s:44:\"ptComposerFormLayoutSetControlCustomTemplate\";N;s:41:\"ptComposerFormLayoutSetControlDescription\";N;s:38:\"ptComposerFormLayoutSetControlRequired\";s:1:\"1\";}}',0,'Page Name',NULL,NULL,1),(40,13,1,'O:85:\"Concrete\\Core\\Page\\Type\\Composer\\Control\\CorePageProperty\\DescriptionCorePageProperty\":13:{s:17:\"\0*\0propertyHandle\";s:11:\"description\";s:30:\"\0*\0ptComposerControlTypeHandle\";s:18:\"core_page_property\";s:30:\"\0*\0ptComposerControlIdentifier\";s:11:\"description\";s:24:\"\0*\0ptComposerControlName\";N;s:27:\"\0*\0ptComposerControlIconSRC\";N;s:33:\"\0*\0ptComposerControlIconFormatter\";O:48:\"Concrete\\Core\\Attribute\\FontAwesomeIconFormatter\":1:{s:7:\"\0*\0icon\";s:4:\"font\";}s:20:\"\0*\0ptComposerControl\";N;s:37:\"\0*\0ptComposerControlRequiredByDefault\";b:0;s:41:\"\0*\0ptComposerControlRequiredOnThisRequest\";b:0;s:31:\"\0*\0ptComposerControlCustomLabel\";N;s:31:\"\0*\0ptComposerControlDescription\";N;s:5:\"error\";s:0:\"\";s:36:\"ptComposerFormLayoutSetControlObject\";O:53:\"Concrete\\Core\\Page\\Type\\Composer\\FormLayoutSetControl\":11:{s:23:\"\0*\0ptTargetParentPageID\";i:0;s:5:\"error\";s:0:\"\";s:32:\"ptComposerFormLayoutSetControlID\";s:1:\"2\";s:25:\"ptComposerFormLayoutSetID\";s:1:\"1\";s:23:\"ptComposerControlTypeID\";s:1:\"1\";s:23:\"ptComposerControlObject\";r:1;s:42:\"ptComposerFormLayoutSetControlDisplayOrder\";s:1:\"1\";s:41:\"ptComposerFormLayoutSetControlCustomLabel\";N;s:44:\"ptComposerFormLayoutSetControlCustomTemplate\";N;s:41:\"ptComposerFormLayoutSetControlDescription\";N;s:38:\"ptComposerFormLayoutSetControlRequired\";s:1:\"0\";}}',1,NULL,NULL,NULL,0),(41,13,1,'O:81:\"Concrete\\Core\\Page\\Type\\Composer\\Control\\CorePageProperty\\UrlSlugCorePageProperty\":13:{s:17:\"\0*\0propertyHandle\";s:8:\"url_slug\";s:30:\"\0*\0ptComposerControlTypeHandle\";s:18:\"core_page_property\";s:30:\"\0*\0ptComposerControlIdentifier\";s:8:\"url_slug\";s:24:\"\0*\0ptComposerControlName\";N;s:27:\"\0*\0ptComposerControlIconSRC\";N;s:33:\"\0*\0ptComposerControlIconFormatter\";O:48:\"Concrete\\Core\\Attribute\\FontAwesomeIconFormatter\":1:{s:7:\"\0*\0icon\";s:9:\"file-text\";}s:20:\"\0*\0ptComposerControl\";N;s:37:\"\0*\0ptComposerControlRequiredByDefault\";b:0;s:41:\"\0*\0ptComposerControlRequiredOnThisRequest\";b:0;s:31:\"\0*\0ptComposerControlCustomLabel\";N;s:31:\"\0*\0ptComposerControlDescription\";N;s:5:\"error\";s:0:\"\";s:36:\"ptComposerFormLayoutSetControlObject\";O:53:\"Concrete\\Core\\Page\\Type\\Composer\\FormLayoutSetControl\":11:{s:23:\"\0*\0ptTargetParentPageID\";i:0;s:5:\"error\";s:0:\"\";s:32:\"ptComposerFormLayoutSetControlID\";s:1:\"3\";s:25:\"ptComposerFormLayoutSetID\";s:1:\"1\";s:23:\"ptComposerControlTypeID\";s:1:\"1\";s:23:\"ptComposerControlObject\";r:1;s:42:\"ptComposerFormLayoutSetControlDisplayOrder\";s:1:\"2\";s:41:\"ptComposerFormLayoutSetControlCustomLabel\";N;s:44:\"ptComposerFormLayoutSetControlCustomTemplate\";N;s:41:\"ptComposerFormLayoutSetControlDescription\";N;s:38:\"ptComposerFormLayoutSetControlRequired\";s:1:\"0\";}}',2,NULL,NULL,NULL,0),(42,13,1,'O:86:\"Concrete\\Core\\Page\\Type\\Composer\\Control\\CorePageProperty\\PageTemplateCorePageProperty\":13:{s:17:\"\0*\0propertyHandle\";s:13:\"page_template\";s:30:\"\0*\0ptComposerControlTypeHandle\";s:18:\"core_page_property\";s:30:\"\0*\0ptComposerControlIdentifier\";s:13:\"page_template\";s:24:\"\0*\0ptComposerControlName\";N;s:27:\"\0*\0ptComposerControlIconSRC\";N;s:33:\"\0*\0ptComposerControlIconFormatter\";O:48:\"Concrete\\Core\\Attribute\\FontAwesomeIconFormatter\":1:{s:7:\"\0*\0icon\";s:8:\"list-alt\";}s:20:\"\0*\0ptComposerControl\";N;s:37:\"\0*\0ptComposerControlRequiredByDefault\";b:0;s:41:\"\0*\0ptComposerControlRequiredOnThisRequest\";b:0;s:31:\"\0*\0ptComposerControlCustomLabel\";N;s:31:\"\0*\0ptComposerControlDescription\";N;s:5:\"error\";s:0:\"\";s:36:\"ptComposerFormLayoutSetControlObject\";O:53:\"Concrete\\Core\\Page\\Type\\Composer\\FormLayoutSetControl\":11:{s:23:\"\0*\0ptTargetParentPageID\";i:0;s:5:\"error\";s:0:\"\";s:32:\"ptComposerFormLayoutSetControlID\";s:1:\"4\";s:25:\"ptComposerFormLayoutSetID\";s:1:\"1\";s:23:\"ptComposerControlTypeID\";s:1:\"1\";s:23:\"ptComposerControlObject\";r:1;s:42:\"ptComposerFormLayoutSetControlDisplayOrder\";s:1:\"3\";s:41:\"ptComposerFormLayoutSetControlCustomLabel\";N;s:44:\"ptComposerFormLayoutSetControlCustomTemplate\";N;s:41:\"ptComposerFormLayoutSetControlDescription\";N;s:38:\"ptComposerFormLayoutSetControlRequired\";s:1:\"0\";}}',3,NULL,NULL,NULL,0),(43,13,1,'O:87:\"Concrete\\Core\\Page\\Type\\Composer\\Control\\CorePageProperty\\PublishTargetCorePageProperty\":13:{s:17:\"\0*\0propertyHandle\";s:14:\"publish_target\";s:30:\"\0*\0ptComposerControlTypeHandle\";s:18:\"core_page_property\";s:30:\"\0*\0ptComposerControlIdentifier\";s:14:\"publish_target\";s:24:\"\0*\0ptComposerControlName\";N;s:27:\"\0*\0ptComposerControlIconSRC\";N;s:33:\"\0*\0ptComposerControlIconFormatter\";O:48:\"Concrete\\Core\\Attribute\\FontAwesomeIconFormatter\":1:{s:7:\"\0*\0icon\";s:8:\"download\";}s:20:\"\0*\0ptComposerControl\";N;s:37:\"\0*\0ptComposerControlRequiredByDefault\";b:0;s:41:\"\0*\0ptComposerControlRequiredOnThisRequest\";b:0;s:31:\"\0*\0ptComposerControlCustomLabel\";N;s:31:\"\0*\0ptComposerControlDescription\";N;s:5:\"error\";s:0:\"\";s:36:\"ptComposerFormLayoutSetControlObject\";O:53:\"Concrete\\Core\\Page\\Type\\Composer\\FormLayoutSetControl\":11:{s:23:\"\0*\0ptTargetParentPageID\";i:0;s:5:\"error\";s:0:\"\";s:32:\"ptComposerFormLayoutSetControlID\";s:1:\"5\";s:25:\"ptComposerFormLayoutSetID\";s:1:\"1\";s:23:\"ptComposerControlTypeID\";s:1:\"1\";s:23:\"ptComposerControlObject\";r:1;s:42:\"ptComposerFormLayoutSetControlDisplayOrder\";s:1:\"4\";s:41:\"ptComposerFormLayoutSetControlCustomLabel\";N;s:44:\"ptComposerFormLayoutSetControlCustomTemplate\";N;s:41:\"ptComposerFormLayoutSetControlDescription\";N;s:38:\"ptComposerFormLayoutSetControlRequired\";s:1:\"0\";}}',4,NULL,NULL,NULL,0);

--
-- Table structure for table `PageTypeComposerFormLayoutSets`
--

CREATE TABLE `PageTypeComposerFormLayoutSets` (
  `ptComposerFormLayoutSetID` int(10) unsigned NOT NULL AUTO_INCREMENT,
  `ptID` int(10) unsigned DEFAULT '0',
  `ptComposerFormLayoutSetName` varchar(255) COLLATE utf8mb4_unicode_ci DEFAULT NULL,
  `ptComposerFormLayoutSetDescription` text COLLATE utf8mb4_unicode_ci,
  `ptComposerFormLayoutSetDisplayOrder` int(10) unsigned DEFAULT '0',
  PRIMARY KEY (`ptComposerFormLayoutSetID`),
  KEY `ptID` (`ptID`)
) ENGINE=InnoDB AUTO_INCREMENT=14 DEFAULT CHARSET=utf8mb4 COLLATE=utf8mb4_unicode_ci;

--
-- Dumping data for table `PageTypeComposerFormLayoutSets`
--

INSERT INTO `PageTypeComposerFormLayoutSets` VALUES (1,5,'Basics','',0),(2,6,'Post Details','',0),(3,6,'Content','',1),(4,7,'Basics','',0),(5,7,'About This Job','',1),(6,8,'Page','',0),(7,8,'Project Data','',1),(8,8,'Image Slider','',2),(9,8,'Body','',3),(10,9,'Details','',0),(11,10,'','',0),(12,11,'Основное','',0),(13,12,'Основное','',0);

--
-- Table structure for table `PageTypeComposerOutputBlocks`
--

CREATE TABLE `PageTypeComposerOutputBlocks` (
  `ptComposerOutputBlockID` int(10) unsigned NOT NULL AUTO_INCREMENT,
  `cID` int(10) unsigned NOT NULL DEFAULT '0',
  `cvID` int(10) unsigned NOT NULL DEFAULT '0',
  `arHandle` varchar(255) COLLATE utf8mb4_unicode_ci DEFAULT NULL,
  `cbDisplayOrder` int(10) unsigned DEFAULT '0',
  `ptComposerFormLayoutSetControlID` int(10) unsigned NOT NULL DEFAULT '0',
  `bID` int(10) unsigned DEFAULT '0',
  PRIMARY KEY (`ptComposerOutputBlockID`),
  KEY `cID` (`cID`),
  KEY `bID` (`bID`,`cID`),
  KEY `ptComposerFormLayoutSetControlID` (`ptComposerFormLayoutSetControlID`)
) ENGINE=InnoDB AUTO_INCREMENT=11 DEFAULT CHARSET=utf8mb4 COLLATE=utf8mb4_unicode_ci;

--
-- Dumping data for table `PageTypeComposerOutputBlocks`
--

INSERT INTO `PageTypeComposerOutputBlocks` VALUES (2,224,1,'Main',1,12,178),(8,248,1,'Main',1,12,186),(9,248,2,'Main',1,12,186),(10,248,2,'Main',1,12,187);

--
-- Table structure for table `PageTypeComposerOutputControls`
--

CREATE TABLE `PageTypeComposerOutputControls` (
  `ptComposerOutputControlID` int(10) unsigned NOT NULL AUTO_INCREMENT,
  `pTemplateID` int(10) unsigned DEFAULT '0',
  `ptID` int(10) unsigned DEFAULT '0',
  `ptComposerFormLayoutSetControlID` int(10) unsigned DEFAULT '0',
  PRIMARY KEY (`ptComposerOutputControlID`),
  KEY `pTemplateID` (`pTemplateID`,`ptComposerFormLayoutSetControlID`),
  KEY `ptID` (`ptID`),
  KEY `ptComposerFormLayoutSetControlID` (`ptComposerFormLayoutSetControlID`)
) ENGINE=InnoDB AUTO_INCREMENT=5 DEFAULT CHARSET=utf8mb4 COLLATE=utf8mb4_unicode_ci;

--
-- Dumping data for table `PageTypeComposerOutputControls`
--

INSERT INTO `PageTypeComposerOutputControls` VALUES (1,7,6,12),(2,6,7,18),(3,6,8,28),(4,6,8,29);

--
-- Table structure for table `PageTypePageTemplateDefaultPages`
--

CREATE TABLE `PageTypePageTemplateDefaultPages` (
  `pTemplateID` int(10) unsigned NOT NULL DEFAULT '0',
  `ptID` int(10) unsigned NOT NULL DEFAULT '0',
  `cID` int(10) unsigned DEFAULT '0',
  PRIMARY KEY (`pTemplateID`,`ptID`),
  KEY `ptID` (`ptID`),
  KEY `cID` (`cID`)
) ENGINE=InnoDB DEFAULT CHARSET=utf8mb4 COLLATE=utf8mb4_unicode_ci;

--
-- Dumping data for table `PageTypePageTemplateDefaultPages`
--

INSERT INTO `PageTypePageTemplateDefaultPages` VALUES (5,5,192),(5,10,194),(5,9,197),(6,8,202),(7,6,209),(6,7,216),(4,5,219),(6,5,220),(7,5,221),(5,11,262),(4,11,263),(6,11,264),(7,11,265),(8,11,294),(5,12,324),(4,12,325),(6,12,326),(7,12,327),(9,12,328);

--
-- Table structure for table `PageTypePageTemplates`
--

CREATE TABLE `PageTypePageTemplates` (
  `ptID` int(10) unsigned NOT NULL DEFAULT '0',
  `pTemplateID` int(10) unsigned NOT NULL DEFAULT '0',
  PRIMARY KEY (`ptID`,`pTemplateID`),
  KEY `pTemplateID` (`pTemplateID`)
) ENGINE=InnoDB DEFAULT CHARSET=utf8mb4 COLLATE=utf8mb4_unicode_ci;

--
-- Dumping data for table `PageTypePageTemplates`
--

INSERT INTO `PageTypePageTemplates` VALUES (9,5),(10,5),(7,6),(8,6),(6,7);

--
-- Table structure for table `PageTypePermissionAssignments`
--

CREATE TABLE `PageTypePermissionAssignments` (
  `ptID` int(10) unsigned NOT NULL DEFAULT '0',
  `pkID` int(10) unsigned NOT NULL DEFAULT '0',
  `paID` int(10) unsigned NOT NULL DEFAULT '0',
  PRIMARY KEY (`ptID`,`pkID`,`paID`),
  KEY `pkID` (`pkID`),
  KEY `ptID` (`ptID`)
) ENGINE=InnoDB DEFAULT CHARSET=utf8mb4 COLLATE=utf8mb4_unicode_ci;

--
-- Dumping data for table `PageTypePermissionAssignments`
--

INSERT INTO `PageTypePermissionAssignments` VALUES (1,60,17),(2,60,17),(3,60,17),(4,60,17),(5,60,17),(6,60,17),(7,60,17),(8,60,17),(9,60,17),(10,60,17),(11,60,17),(12,60,17),(1,61,17),(2,61,17),(3,61,17),(4,61,17),(5,61,17),(6,61,17),(7,61,17),(8,61,17),(9,61,17),(10,61,17),(11,61,17),(12,61,17),(1,62,17),(2,62,17),(3,62,17),(4,62,17),(5,62,17),(6,62,17),(7,62,17),(8,62,17),(9,62,17),(10,62,17),(11,62,17),(12,62,17),(1,63,17),(2,63,17),(3,63,17),(4,63,17),(5,63,17),(6,63,17),(7,63,17),(8,63,17),(9,63,17),(10,63,17),(11,63,17),(12,63,17),(1,64,40),(2,64,41),(3,64,42),(4,64,43),(5,64,48),(6,64,49),(7,64,50),(8,64,51),(9,64,52),(10,64,53),(11,64,48),(12,64,48);

--
-- Table structure for table `PageTypePublishTargetTypes`
--

CREATE TABLE `PageTypePublishTargetTypes` (
  `ptPublishTargetTypeID` int(10) unsigned NOT NULL AUTO_INCREMENT,
  `ptPublishTargetTypeHandle` varchar(255) COLLATE utf8mb4_unicode_ci DEFAULT NULL,
  `ptPublishTargetTypeName` varchar(255) COLLATE utf8mb4_unicode_ci DEFAULT NULL,
  `pkgID` int(10) unsigned NOT NULL DEFAULT '0',
  PRIMARY KEY (`ptPublishTargetTypeID`),
  KEY `ptPublishTargetTypeHandle` (`ptPublishTargetTypeHandle`),
  KEY `pkgID` (`pkgID`)
) ENGINE=InnoDB AUTO_INCREMENT=4 DEFAULT CHARSET=utf8mb4 COLLATE=utf8mb4_unicode_ci;

--
-- Dumping data for table `PageTypePublishTargetTypes`
--

INSERT INTO `PageTypePublishTargetTypes` VALUES (1,'parent_page','Always publish below a certain page',0),(2,'page_type','Choose from pages of a certain type',0),(3,'all','Choose from all pages when publishing',0);

--
-- Table structure for table `PageTypes`
--

CREATE TABLE `PageTypes` (
  `ptID` int(10) unsigned NOT NULL AUTO_INCREMENT,
  `ptName` varchar(255) COLLATE utf8mb4_unicode_ci NOT NULL,
  `ptHandle` varchar(128) COLLATE utf8mb4_unicode_ci NOT NULL,
  `ptPublishTargetTypeID` int(10) unsigned DEFAULT NULL,
  `ptDefaultPageTemplateID` int(10) unsigned DEFAULT NULL,
  `ptAllowedPageTemplates` varchar(1) COLLATE utf8mb4_unicode_ci DEFAULT 'A',
  `ptIsInternal` tinyint(1) NOT NULL DEFAULT '0',
  `ptIsFrequentlyAdded` tinyint(1) NOT NULL DEFAULT '1',
  `ptDisplayOrder` int(10) unsigned DEFAULT NULL,
  `ptLaunchInComposer` tinyint(1) NOT NULL DEFAULT '0',
  `pkgID` int(10) unsigned NOT NULL DEFAULT '0',
  `ptPublishTargetObject` longtext COLLATE utf8mb4_unicode_ci,
  `siteTypeID` int(10) unsigned DEFAULT '0',
  PRIMARY KEY (`ptID`),
  UNIQUE KEY `ptHandle` (`ptHandle`),
  KEY `siteTypeID` (`siteTypeID`),
  KEY `pkgID` (`pkgID`,`ptID`)
) ENGINE=InnoDB AUTO_INCREMENT=13 DEFAULT CHARSET=utf8mb4 COLLATE=utf8mb4_unicode_ci;

--
-- Dumping data for table `PageTypes`
--

INSERT INTO `PageTypes` VALUES (1,'Stack','core_stack',3,0,'A',1,0,0,0,0,'O:68:\"Concrete\\Core\\Page\\Type\\PublishTarget\\Configuration\\AllConfiguration\":7:{s:21:\"\0*\0selectorFormFactor\";N;s:22:\"\0*\0startingPointPageID\";N;s:5:\"error\";s:0:\"\";s:21:\"ptPublishTargetTypeID\";s:1:\"3\";s:25:\"ptPublishTargetTypeHandle\";s:3:\"all\";s:9:\"pkgHandle\";b:0;s:17:\"startingPointPage\";N;}',1),(2,'Stack Category','core_stack_category',3,0,'A',1,0,1,0,0,'O:68:\"Concrete\\Core\\Page\\Type\\PublishTarget\\Configuration\\AllConfiguration\":7:{s:21:\"\0*\0selectorFormFactor\";N;s:22:\"\0*\0startingPointPageID\";N;s:5:\"error\";s:0:\"\";s:21:\"ptPublishTargetTypeID\";s:1:\"3\";s:25:\"ptPublishTargetTypeHandle\";s:3:\"all\";s:9:\"pkgHandle\";b:0;s:17:\"startingPointPage\";N;}',1),(3,'Desktop','core_desktop',3,0,'A',1,0,2,0,0,'O:68:\"Concrete\\Core\\Page\\Type\\PublishTarget\\Configuration\\AllConfiguration\":7:{s:21:\"\0*\0selectorFormFactor\";N;s:22:\"\0*\0startingPointPageID\";N;s:5:\"error\";s:0:\"\";s:21:\"ptPublishTargetTypeID\";s:1:\"3\";s:25:\"ptPublishTargetTypeHandle\";s:3:\"all\";s:9:\"pkgHandle\";b:0;s:17:\"startingPointPage\";N;}',1),(4,'Dashboard Full','dashboard_full',3,0,'A',1,0,3,0,0,'O:68:\"Concrete\\Core\\Page\\Type\\PublishTarget\\Configuration\\AllConfiguration\":7:{s:21:\"\0*\0selectorFormFactor\";N;s:22:\"\0*\0startingPointPageID\";N;s:5:\"error\";s:0:\"\";s:21:\"ptPublishTargetTypeID\";s:1:\"3\";s:25:\"ptPublishTargetTypeHandle\";s:3:\"all\";s:9:\"pkgHandle\";b:0;s:17:\"startingPointPage\";N;}',1),(5,'Empty Page','page',3,5,'A',0,1,0,0,0,'O:68:\"Concrete\\Core\\Page\\Type\\PublishTarget\\Configuration\\AllConfiguration\":6:{s:21:\"\0*\0selectorFormFactor\";N;s:22:\"\0*\0startingPointPageID\";N;s:5:\"error\";s:0:\"\";s:21:\"ptPublishTargetTypeID\";s:1:\"3\";s:25:\"ptPublishTargetTypeHandle\";s:3:\"all\";s:9:\"pkgHandle\";b:0;}',1),(6,'Blog Entry','blog_entry',2,7,'C',0,1,1,1,0,'O:73:\"Concrete\\Core\\Page\\Type\\PublishTarget\\Configuration\\PageTypeConfiguration\":7:{s:7:\"\0*\0ptID\";s:1:\"9\";s:21:\"\0*\0selectorFormFactor\";N;s:20:\"\0*\0startingPointPage\";N;s:5:\"error\";s:0:\"\";s:21:\"ptPublishTargetTypeID\";s:1:\"2\";s:25:\"ptPublishTargetTypeHandle\";s:9:\"page_type\";s:9:\"pkgHandle\";b:0;}',1),(7,'Job Posting','job_posting',1,6,'C',0,1,2,1,0,'O:75:\"Concrete\\Core\\Page\\Type\\PublishTarget\\Configuration\\ParentPageConfiguration\":5:{s:12:\"\0*\0cParentID\";i:214;s:5:\"error\";s:0:\"\";s:21:\"ptPublishTargetTypeID\";s:1:\"1\";s:25:\"ptPublishTargetTypeHandle\";s:11:\"parent_page\";s:9:\"pkgHandle\";b:0;}',1),(8,'Portfolio Project','portfolio_project',2,6,'C',0,1,3,1,0,'O:73:\"Concrete\\Core\\Page\\Type\\PublishTarget\\Configuration\\PageTypeConfiguration\":7:{s:7:\"\0*\0ptID\";s:2:\"10\";s:21:\"\0*\0selectorFormFactor\";N;s:20:\"\0*\0startingPointPage\";N;s:5:\"error\";s:0:\"\";s:21:\"ptPublishTargetTypeID\";s:1:\"2\";s:25:\"ptPublishTargetTypeHandle\";s:9:\"page_type\";s:9:\"pkgHandle\";b:0;}',1),(9,'Blog','blog',3,5,'C',0,0,4,1,0,'O:68:\"Concrete\\Core\\Page\\Type\\PublishTarget\\Configuration\\AllConfiguration\":6:{s:21:\"\0*\0selectorFormFactor\";N;s:22:\"\0*\0startingPointPageID\";N;s:5:\"error\";s:0:\"\";s:21:\"ptPublishTargetTypeID\";s:1:\"3\";s:25:\"ptPublishTargetTypeHandle\";s:3:\"all\";s:9:\"pkgHandle\";b:0;}',1),(10,'Portfolio','portfolio',3,5,'C',0,0,5,1,0,'O:68:\"Concrete\\Core\\Page\\Type\\PublishTarget\\Configuration\\AllConfiguration\":6:{s:21:\"\0*\0selectorFormFactor\";N;s:22:\"\0*\0startingPointPageID\";N;s:5:\"error\";s:0:\"\";s:21:\"ptPublishTargetTypeID\";s:1:\"3\";s:25:\"ptPublishTargetTypeHandle\";s:3:\"all\";s:9:\"pkgHandle\";b:0;}',1),(11,'Статьи','article',3,5,'A',0,1,6,0,0,'O:68:\"Concrete\\Core\\Page\\Type\\PublishTarget\\Configuration\\AllConfiguration\":6:{s:21:\"\0*\0selectorFormFactor\";N;s:22:\"\0*\0startingPointPageID\";N;s:5:\"error\";s:0:\"\";s:21:\"ptPublishTargetTypeID\";s:1:\"3\";s:25:\"ptPublishTargetTypeHandle\";s:3:\"all\";s:9:\"pkgHandle\";b:0;}',1),(12,'Пустая страница тат','pagetat',3,5,'A',0,1,7,0,0,'O:68:\"Concrete\\Core\\Page\\Type\\PublishTarget\\Configuration\\AllConfiguration\":6:{s:21:\"\0*\0selectorFormFactor\";N;s:22:\"\0*\0startingPointPageID\";N;s:5:\"error\";s:0:\"\";s:21:\"ptPublishTargetTypeID\";s:1:\"3\";s:25:\"ptPublishTargetTypeHandle\";s:3:\"all\";s:9:\"pkgHandle\";b:0;}',1);

--
-- Table structure for table `PageWorkflowProgress`
--

CREATE TABLE `PageWorkflowProgress` (
  `cID` int(10) unsigned NOT NULL DEFAULT '0',
  `wpID` int(10) unsigned NOT NULL DEFAULT '0',
  PRIMARY KEY (`cID`,`wpID`),
  KEY `wpID` (`wpID`)
) ENGINE=InnoDB DEFAULT CHARSET=utf8mb4 COLLATE=utf8mb4_unicode_ci;

--
-- Dumping data for table `PageWorkflowProgress`
--


--
-- Table structure for table `Pages`
--

CREATE TABLE `Pages` (
  `cID` int(10) unsigned NOT NULL DEFAULT '0',
  `siteTreeID` int(10) unsigned DEFAULT '0',
  `ptID` int(10) unsigned NOT NULL DEFAULT '0',
  `cIsTemplate` tinyint(1) NOT NULL DEFAULT '0',
  `uID` int(10) unsigned DEFAULT NULL,
  `cIsCheckedOut` tinyint(1) NOT NULL DEFAULT '0',
  `cCheckedOutUID` int(10) unsigned DEFAULT NULL,
  `cCheckedOutDatetime` datetime DEFAULT NULL,
  `cCheckedOutDatetimeLastEdit` datetime DEFAULT NULL,
  `cOverrideTemplatePermissions` tinyint(1) NOT NULL DEFAULT '1',
  `cInheritPermissionsFromCID` int(10) unsigned NOT NULL DEFAULT '0',
  `cInheritPermissionsFrom` varchar(8) COLLATE utf8mb4_unicode_ci NOT NULL DEFAULT 'PARENT',
  `cFilename` varchar(255) COLLATE utf8mb4_unicode_ci DEFAULT NULL,
  `cPointerID` int(10) unsigned NOT NULL DEFAULT '0',
  `cPointerExternalLink` longtext COLLATE utf8mb4_unicode_ci,
  `cPointerExternalLinkNewWindow` tinyint(1) NOT NULL DEFAULT '0',
  `cIsActive` tinyint(1) NOT NULL DEFAULT '1',
  `cChildren` int(10) unsigned NOT NULL DEFAULT '0',
  `cDisplayOrder` int(10) unsigned NOT NULL DEFAULT '0',
  `cParentID` int(10) unsigned NOT NULL DEFAULT '0',
  `pkgID` int(10) unsigned NOT NULL DEFAULT '0',
  `cDraftTargetParentPageID` int(10) unsigned NOT NULL DEFAULT '0',
  `cIsDraft` tinyint(1) NOT NULL DEFAULT '0',
  `cCacheFullPageContent` smallint(6) NOT NULL DEFAULT '-1',
  `cCacheFullPageContentOverrideLifetime` varchar(32) COLLATE utf8mb4_unicode_ci NOT NULL DEFAULT '0',
  `cCacheFullPageContentLifetimeCustom` int(10) unsigned NOT NULL DEFAULT '0',
  `cIsSystemPage` tinyint(1) NOT NULL DEFAULT '0',
  PRIMARY KEY (`cID`,`ptID`),
  KEY `cParentID` (`cParentID`),
  KEY `siteTreeID` (`siteTreeID`),
  KEY `cIsActive` (`cID`,`cIsActive`),
  KEY `cCheckedOutUID` (`cCheckedOutUID`),
  KEY `uID` (`uID`,`cPointerID`),
  KEY `cPointerID` (`cPointerID`,`cDisplayOrder`),
  KEY `cIsTemplate` (`cID`,`cIsTemplate`),
  KEY `cIsSystemPage` (`cID`,`cIsSystemPage`),
  KEY `pkgID` (`pkgID`),
  KEY `cParentMaxDisplay` (`cParentID`,`cDisplayOrder`)
) ENGINE=InnoDB DEFAULT CHARSET=utf8mb4 COLLATE=utf8mb4_unicode_ci;

--
-- Dumping data for table `Pages`
--

INSERT INTO `Pages` VALUES (1,1,0,0,1,0,NULL,NULL,NULL,1,1,'OVERRIDE',NULL,0,NULL,0,1,26,0,0,0,0,0,-1,'0',0,0),(2,0,0,0,1,0,NULL,NULL,NULL,1,2,'OVERRIDE','/dashboard/view.php',0,NULL,0,1,13,0,0,0,0,0,-1,'0',0,1),(3,0,0,0,1,0,NULL,NULL,NULL,1,2,'PARENT','/dashboard/sitemap/view.php',0,NULL,0,1,3,1,2,0,0,0,-1,'0',0,1),(4,0,0,0,1,0,NULL,NULL,NULL,1,2,'PARENT','/dashboard/sitemap/full.php',0,NULL,0,1,0,0,3,0,0,0,-1,'0',0,1),(5,0,0,0,1,0,NULL,NULL,NULL,1,2,'PARENT','/dashboard/sitemap/explore.php',0,NULL,0,1,0,1,3,0,0,0,-1,'0',0,1),(6,0,0,0,1,0,NULL,NULL,NULL,1,2,'PARENT','/dashboard/sitemap/search.php',0,NULL,0,1,0,2,3,0,0,0,-1,'0',0,1),(7,0,0,0,1,0,NULL,NULL,NULL,1,2,'PARENT','/dashboard/files/view.php',0,NULL,0,1,4,2,2,0,0,0,-1,'0',0,1),(8,0,0,0,1,0,NULL,NULL,NULL,1,2,'PARENT','/dashboard/files/search.php',0,NULL,0,1,0,0,7,0,0,0,-1,'0',0,1),(9,0,0,0,1,0,NULL,NULL,NULL,1,2,'PARENT','/dashboard/files/attributes.php',0,NULL,0,1,0,1,7,0,0,0,-1,'0',0,1),(10,0,0,0,1,0,NULL,NULL,NULL,1,2,'PARENT','/dashboard/files/sets.php',0,NULL,0,1,0,2,7,0,0,0,-1,'0',0,1),(11,0,0,0,1,0,NULL,NULL,NULL,1,2,'PARENT','/dashboard/files/add_set.php',0,NULL,0,1,0,3,7,0,0,0,-1,'0',0,1),(12,0,0,0,1,0,NULL,NULL,NULL,1,2,'PARENT','/dashboard/users/view.php',0,NULL,0,1,7,3,2,0,0,0,-1,'0',0,1),(13,0,0,0,1,0,NULL,NULL,NULL,1,2,'PARENT','/dashboard/users/search.php',0,NULL,0,1,0,0,12,0,0,0,-1,'0',0,1),(14,0,0,0,1,0,NULL,NULL,NULL,1,2,'PARENT','/dashboard/users/groups.php',0,NULL,0,1,2,1,12,0,0,0,-1,'0',0,1),(15,0,0,0,1,0,NULL,NULL,NULL,1,2,'PARENT','/dashboard/users/groups/message.php',0,NULL,0,1,0,0,14,0,0,0,-1,'0',0,1),(16,0,0,0,1,0,NULL,NULL,NULL,1,2,'PARENT','/dashboard/users/attributes.php',0,NULL,0,1,0,2,12,0,0,0,-1,'0',0,1),(17,0,0,0,1,0,NULL,NULL,NULL,1,2,'PARENT','/dashboard/users/add.php',0,NULL,0,1,0,3,12,0,0,0,-1,'0',0,1),(18,0,0,0,1,0,NULL,NULL,NULL,1,2,'PARENT','/dashboard/users/add_group.php',0,NULL,0,1,0,4,12,0,0,0,-1,'0',0,1),(19,0,0,0,1,0,NULL,NULL,NULL,1,2,'PARENT','/dashboard/users/groups/bulkupdate.php',0,NULL,0,1,0,1,14,0,0,0,-1,'0',0,1),(20,0,0,0,1,0,NULL,NULL,NULL,1,2,'PARENT','/dashboard/users/group_sets.php',0,NULL,0,1,0,5,12,0,0,0,-1,'0',0,1),(21,0,0,0,1,0,NULL,NULL,NULL,1,2,'PARENT','/dashboard/users/points/view.php',0,NULL,0,1,2,6,12,0,0,0,-1,'0',0,1),(22,0,0,0,1,0,NULL,NULL,NULL,1,2,'PARENT','/dashboard/users/points/assign.php',0,NULL,0,1,0,0,21,0,0,0,-1,'0',0,1),(23,0,0,0,1,0,NULL,NULL,NULL,1,2,'PARENT','/dashboard/users/points/actions.php',0,NULL,0,1,0,1,21,0,0,0,-1,'0',0,1),(24,0,0,0,1,0,NULL,NULL,NULL,1,2,'PARENT','/dashboard/express/view.php',0,NULL,0,1,1,4,2,0,0,0,-1,'0',0,1),(25,0,0,0,1,0,NULL,NULL,NULL,1,2,'PARENT','/dashboard/express/entries.php',0,NULL,0,1,0,0,24,0,0,0,-1,'0',0,1),(26,0,0,0,1,0,NULL,NULL,NULL,1,2,'PARENT','/dashboard/reports.php',0,NULL,0,1,4,5,2,0,0,0,-1,'0',0,1),(27,0,0,0,1,0,NULL,NULL,NULL,1,2,'PARENT','/dashboard/reports/forms.php',0,NULL,0,1,1,0,26,0,0,0,-1,'0',0,1),(28,0,0,0,1,0,NULL,NULL,NULL,1,2,'PARENT','/dashboard/reports/forms/legacy.php',0,NULL,0,1,0,0,27,0,0,0,-1,'0',0,1),(29,0,0,0,1,0,NULL,NULL,NULL,1,2,'PARENT','/dashboard/reports/surveys.php',0,NULL,0,1,0,1,26,0,0,0,-1,'0',0,1),(30,0,0,0,1,0,NULL,NULL,NULL,1,2,'PARENT','/dashboard/reports/logs.php',0,NULL,0,1,0,2,26,0,0,0,-1,'0',0,1),(31,0,0,0,1,0,NULL,NULL,NULL,1,2,'PARENT','/dashboard/reports/page_changes.php',0,NULL,0,1,0,3,26,0,0,0,-1,'0',0,1),(32,0,0,0,1,0,NULL,NULL,NULL,1,2,'PARENT','/dashboard/pages/view.php',0,NULL,0,1,6,6,2,0,0,0,-1,'0',0,1),(33,0,0,0,1,0,NULL,NULL,NULL,1,2,'PARENT','/dashboard/pages/themes/view.php',0,NULL,0,1,1,0,32,0,0,0,-1,'0',0,1),(34,0,0,0,1,0,NULL,NULL,NULL,1,2,'PARENT','/dashboard/pages/themes/inspect.php',0,NULL,0,1,0,0,33,0,0,0,-1,'0',0,1),(35,0,0,0,1,0,NULL,NULL,NULL,1,2,'PARENT','/dashboard/pages/types/view.php',0,NULL,0,1,6,1,32,0,0,0,-1,'0',0,1),(36,0,0,0,1,0,NULL,NULL,NULL,1,2,'PARENT','/dashboard/pages/types/organize.php',0,NULL,0,1,0,0,35,0,0,0,-1,'0',0,1),(37,0,0,0,1,0,NULL,NULL,NULL,1,2,'PARENT','/dashboard/pages/types/add.php',0,NULL,0,1,0,1,35,0,0,0,-1,'0',0,1),(38,0,0,0,1,0,NULL,NULL,NULL,1,2,'PARENT','/dashboard/pages/types/form.php',0,NULL,0,1,0,2,35,0,0,0,-1,'0',0,1),(39,0,0,0,1,0,NULL,NULL,NULL,1,2,'PARENT','/dashboard/pages/types/output.php',0,NULL,0,1,0,3,35,0,0,0,-1,'0',0,1),(40,0,0,0,1,0,NULL,NULL,NULL,1,2,'PARENT','/dashboard/pages/types/attributes.php',0,NULL,0,1,0,4,35,0,0,0,-1,'0',0,1),(41,0,0,0,1,0,NULL,NULL,NULL,1,2,'PARENT','/dashboard/pages/types/permissions.php',0,NULL,0,1,0,5,35,0,0,0,-1,'0',0,1),(42,0,0,0,1,0,NULL,NULL,NULL,1,2,'PARENT','/dashboard/pages/templates/view.php',0,NULL,0,1,1,2,32,0,0,0,-1,'0',0,1),(43,0,0,0,1,0,NULL,NULL,NULL,1,2,'PARENT','/dashboard/pages/templates/add.php',0,NULL,0,1,0,0,42,0,0,0,-1,'0',0,1),(44,0,0,0,1,0,NULL,NULL,NULL,1,2,'PARENT','/dashboard/pages/attributes.php',0,NULL,0,1,0,3,32,0,0,0,-1,'0',0,1),(45,0,0,0,1,0,NULL,NULL,NULL,1,2,'PARENT','/dashboard/pages/single.php',0,NULL,0,1,0,4,32,0,0,0,-1,'0',0,1),(46,0,0,0,1,0,NULL,NULL,NULL,1,2,'PARENT','/dashboard/pages/feeds.php',0,NULL,0,1,0,5,32,0,0,0,-1,'0',0,1),(47,0,0,0,1,0,NULL,NULL,NULL,1,2,'PARENT','/dashboard/calendar/view.php',0,NULL,0,1,5,7,2,0,0,0,-1,'0',0,1),(48,0,0,0,1,0,NULL,NULL,NULL,1,2,'PARENT','/dashboard/calendar/events.php',0,NULL,0,1,0,0,47,0,0,0,-1,'0',0,1),(49,0,0,0,1,0,NULL,NULL,NULL,1,2,'PARENT','/dashboard/calendar/event_list.php',0,NULL,0,1,0,1,47,0,0,0,-1,'0',0,1),(50,0,0,0,1,0,NULL,NULL,NULL,1,2,'PARENT','/dashboard/calendar/add.php',0,NULL,0,1,0,2,47,0,0,0,-1,'0',0,1),(51,0,0,0,1,0,NULL,NULL,NULL,1,2,'PARENT','/dashboard/calendar/permissions.php',0,NULL,0,1,0,3,47,0,0,0,-1,'0',0,1),(52,0,0,0,1,0,NULL,NULL,NULL,1,2,'PARENT','/dashboard/calendar/attributes.php',0,NULL,0,1,0,4,47,0,0,0,-1,'0',0,1),(53,0,0,0,1,0,NULL,NULL,NULL,1,2,'PARENT','/dashboard/conversations/view.php',0,NULL,0,1,1,8,2,0,0,0,-1,'0',0,1),(54,0,0,0,1,0,NULL,NULL,NULL,1,2,'PARENT','/dashboard/conversations/messages.php',0,NULL,0,1,0,0,53,0,0,0,-1,'0',0,1),(55,0,0,0,1,0,NULL,NULL,NULL,1,2,'PARENT','/dashboard/blocks/view.php',0,NULL,0,1,3,9,2,0,0,0,-1,'0',0,1),(56,0,0,0,1,0,NULL,NULL,NULL,1,2,'PARENT','/dashboard/blocks/stacks/view.php',0,NULL,0,1,1,0,55,0,0,0,-1,'0',0,1),(57,0,0,0,1,0,NULL,NULL,NULL,1,2,'PARENT','/dashboard/blocks/permissions.php',0,NULL,0,1,0,1,55,0,0,0,-1,'0',0,1),(58,0,0,0,1,0,NULL,NULL,NULL,1,2,'PARENT','/dashboard/blocks/stacks/list/view.php',0,NULL,0,1,0,0,56,0,0,0,-1,'0',0,1),(59,0,0,0,1,0,NULL,NULL,NULL,1,2,'PARENT','/dashboard/blocks/types/view.php',0,NULL,0,1,0,2,55,0,0,0,-1,'0',0,1),(60,0,0,0,1,0,NULL,NULL,NULL,1,2,'PARENT','/dashboard/extend/view.php',0,NULL,0,1,5,10,2,0,0,0,-1,'0',0,1),(61,0,0,0,1,0,NULL,NULL,NULL,1,2,'PARENT','/dashboard/extend/install.php',0,NULL,0,1,0,0,60,0,0,0,-1,'0',0,1),(62,0,0,0,1,0,NULL,NULL,NULL,1,2,'PARENT','/dashboard/extend/update.php',0,NULL,0,1,0,1,60,0,0,0,-1,'0',0,1),(63,0,0,0,1,0,NULL,NULL,NULL,1,2,'PARENT','/dashboard/extend/connect.php',0,NULL,0,1,0,2,60,0,0,0,-1,'0',0,1),(64,0,0,0,1,0,NULL,NULL,NULL,1,2,'PARENT','/dashboard/extend/themes.php',0,NULL,0,1,0,3,60,0,0,0,-1,'0',0,1),(65,0,0,0,1,0,NULL,NULL,NULL,1,2,'PARENT','/dashboard/extend/addons.php',0,NULL,0,1,0,4,60,0,0,0,-1,'0',0,1),(66,0,0,0,1,0,NULL,NULL,NULL,1,2,'PARENT','/dashboard/system/view.php',0,NULL,0,1,16,11,2,0,0,0,-1,'0',0,1),(67,0,0,0,1,0,NULL,NULL,NULL,1,2,'PARENT','/dashboard/system/basics/view.php',0,NULL,0,1,10,0,66,0,0,0,-1,'0',0,1),(68,0,0,0,1,0,NULL,NULL,NULL,1,2,'PARENT','/dashboard/system/basics/name.php',0,NULL,0,1,0,0,67,0,0,0,-1,'0',0,1),(69,0,0,0,1,0,NULL,NULL,NULL,1,2,'PARENT','/dashboard/system/basics/accessibility.php',0,NULL,0,1,0,1,67,0,0,0,-1,'0',0,1),(70,0,0,0,1,0,NULL,NULL,NULL,1,2,'PARENT','/dashboard/system/basics/social.php',0,NULL,0,1,0,2,67,0,0,0,-1,'0',0,1),(71,0,0,0,1,0,NULL,NULL,NULL,1,2,'PARENT','/dashboard/system/basics/icons.php',0,NULL,0,1,0,3,67,0,0,0,-1,'0',0,1),(72,0,0,0,1,0,NULL,NULL,NULL,1,2,'PARENT','/dashboard/system/basics/editor.php',0,NULL,0,1,0,4,67,0,0,0,-1,'0',0,1),(73,0,0,0,1,0,NULL,NULL,NULL,1,2,'PARENT','/dashboard/system/basics/multilingual/view.php',0,NULL,0,1,1,5,67,0,0,0,-1,'0',0,1),(74,0,0,0,1,0,NULL,NULL,NULL,1,2,'PARENT','/dashboard/system/basics/multilingual/update.php',0,NULL,0,1,0,0,73,0,0,0,-1,'0',0,1),(75,0,0,0,1,0,NULL,NULL,NULL,1,2,'PARENT','/dashboard/system/basics/timezone.php',0,NULL,0,1,0,6,67,0,0,0,-1,'0',0,1),(76,0,0,0,1,0,NULL,NULL,NULL,1,2,'PARENT','/dashboard/system/basics/attributes.php',0,NULL,0,1,0,7,67,0,0,0,-1,'0',0,1),(77,0,0,0,1,0,NULL,NULL,NULL,1,2,'PARENT','/dashboard/system/basics/reset_edit_mode.php',0,NULL,0,1,0,8,67,0,0,0,-1,'0',0,1),(78,0,0,0,1,0,NULL,NULL,NULL,1,2,'PARENT','/dashboard/system/express/view.php',0,NULL,0,1,2,1,66,0,0,0,-1,'0',0,1),(79,0,0,0,1,0,NULL,NULL,NULL,1,2,'PARENT','/dashboard/system/express/entities.php',0,NULL,0,1,5,0,78,0,0,0,-1,'0',0,1),(80,0,0,0,1,0,NULL,NULL,NULL,1,2,'PARENT','/dashboard/system/express/entities/attributes.php',0,NULL,0,1,0,0,79,0,0,0,-1,'0',0,1),(81,0,0,0,1,0,NULL,NULL,NULL,1,2,'PARENT','/dashboard/system/express/entities/associations.php',0,NULL,0,1,0,1,79,0,0,0,-1,'0',0,1),(82,0,0,0,1,0,NULL,NULL,NULL,1,2,'PARENT','/dashboard/system/express/entities/forms.php',0,NULL,0,1,0,2,79,0,0,0,-1,'0',0,1),(83,0,0,0,1,0,NULL,NULL,NULL,1,2,'PARENT','/dashboard/system/express/entities/customize_search.php',0,NULL,0,1,0,3,79,0,0,0,-1,'0',0,1),(84,0,0,0,1,0,NULL,NULL,NULL,1,2,'PARENT','/dashboard/system/express/entities/order_entries.php',0,NULL,0,1,0,4,79,0,0,0,-1,'0',0,1),(85,0,0,0,1,0,NULL,NULL,NULL,1,2,'PARENT','/dashboard/system/express/entries.php',0,NULL,0,1,0,1,78,0,0,0,-1,'0',0,1),(86,0,0,0,1,0,NULL,NULL,NULL,1,2,'PARENT','/dashboard/system/multisite/view.php',0,NULL,0,1,3,2,66,0,0,0,-1,'0',0,1),(87,0,0,0,1,0,NULL,NULL,NULL,1,2,'PARENT','/dashboard/system/multisite/sites/view.php',0,NULL,0,1,0,0,86,0,0,0,-1,'0',0,1),(88,0,0,0,1,0,NULL,NULL,NULL,1,2,'PARENT','/dashboard/system/multisite/types/view.php',0,NULL,0,1,0,1,86,0,0,0,-1,'0',0,1),(89,0,0,0,1,0,NULL,NULL,NULL,1,2,'PARENT','/dashboard/system/multisite/settings.php',0,NULL,0,1,0,2,86,0,0,0,-1,'0',0,1),(90,0,0,0,1,0,NULL,NULL,NULL,1,2,'PARENT','/dashboard/system/multilingual/view.php',0,NULL,0,1,4,3,66,0,0,0,-1,'0',0,1),(91,0,0,0,1,0,NULL,NULL,NULL,1,2,'PARENT','/dashboard/system/multilingual/setup.php',0,NULL,0,1,0,0,90,0,0,0,-1,'0',0,1),(92,0,0,0,1,0,NULL,NULL,NULL,1,2,'PARENT','/dashboard/system/multilingual/copy.php',0,NULL,0,1,0,1,90,0,0,0,-1,'0',0,1),(93,0,0,0,1,0,NULL,NULL,NULL,1,2,'PARENT','/dashboard/system/multilingual/page_report.php',0,NULL,0,1,0,2,90,0,0,0,-1,'0',0,1),(94,0,0,0,1,0,NULL,NULL,NULL,1,2,'PARENT','/dashboard/system/multilingual/translate_interface.php',0,NULL,0,1,0,3,90,0,0,0,-1,'0',0,1),(95,0,0,0,1,0,NULL,NULL,NULL,1,2,'PARENT','/dashboard/system/seo/view.php',0,NULL,0,1,5,4,66,0,0,0,-1,'0',0,1),(96,0,0,0,1,0,NULL,NULL,NULL,1,2,'PARENT','/dashboard/system/seo/urls.php',0,NULL,0,1,0,0,95,0,0,0,-1,'0',0,1),(97,0,0,0,1,0,NULL,NULL,NULL,1,2,'PARENT','/dashboard/system/seo/bulk.php',0,NULL,0,1,0,1,95,0,0,0,-1,'0',0,1),(98,0,0,0,1,0,NULL,NULL,NULL,1,2,'PARENT','/dashboard/system/seo/codes.php',0,NULL,0,1,0,2,95,0,0,0,-1,'0',0,1),(99,0,0,0,1,0,NULL,NULL,NULL,1,2,'PARENT','/dashboard/system/seo/excluded.php',0,NULL,0,1,0,3,95,0,0,0,-1,'0',0,1),(100,0,0,0,1,0,NULL,NULL,NULL,1,2,'PARENT','/dashboard/system/seo/searchindex.php',0,NULL,0,1,0,4,95,0,0,0,-1,'0',0,1),(101,0,0,0,1,0,NULL,NULL,NULL,1,2,'PARENT','/dashboard/system/files/view.php',0,NULL,0,1,6,5,66,0,0,0,-1,'0',0,1),(102,0,0,0,1,0,NULL,NULL,NULL,1,2,'PARENT','/dashboard/system/files/filetypes.php',0,NULL,0,1,0,0,101,0,0,0,-1,'0',0,1),(103,0,0,0,1,0,NULL,NULL,NULL,1,2,'PARENT','/dashboard/system/files/permissions.php',0,NULL,0,1,0,1,101,0,0,0,-1,'0',0,1),(104,0,0,0,1,0,NULL,NULL,NULL,1,2,'PARENT','/dashboard/system/files/thumbnails.php',0,NULL,0,1,1,2,101,0,0,0,-1,'0',0,1),(105,0,0,0,1,0,NULL,NULL,NULL,1,2,'PARENT','/dashboard/system/files/thumbnails/options.php',0,NULL,0,1,0,0,104,0,0,0,-1,'0',0,1),(106,0,0,0,1,0,NULL,NULL,NULL,1,2,'PARENT','/dashboard/system/files/image_uploading.php',0,NULL,0,1,0,3,101,0,0,0,-1,'0',0,1),(107,0,0,0,1,0,NULL,NULL,NULL,1,2,'PARENT','/dashboard/system/files/storage.php',0,NULL,0,1,0,4,101,0,0,0,-1,'0',0,1),(108,0,0,0,1,0,NULL,NULL,NULL,1,2,'PARENT','/dashboard/system/files/export_options.php',0,NULL,0,1,0,5,101,0,0,0,-1,'0',0,1),(109,0,0,0,1,0,NULL,NULL,NULL,1,2,'PARENT','/dashboard/system/optimization/view.php',0,NULL,0,1,3,6,66,0,0,0,-1,'0',0,1),(110,0,0,0,1,0,NULL,NULL,NULL,1,2,'PARENT','/dashboard/system/optimization/cache.php',0,NULL,0,1,0,0,109,0,0,0,-1,'0',0,1),(111,0,0,0,1,0,NULL,NULL,NULL,1,2,'PARENT','/dashboard/system/optimization/clearcache.php',0,NULL,0,1,0,1,109,0,0,0,-1,'0',0,1),(112,0,0,0,1,0,NULL,NULL,NULL,1,2,'PARENT','/dashboard/system/optimization/jobs.php',0,NULL,0,1,0,2,109,0,0,0,-1,'0',0,1),(113,0,0,0,1,0,NULL,NULL,NULL,1,2,'PARENT','/dashboard/system/permissions/view.php',0,NULL,0,1,10,7,66,0,0,0,-1,'0',0,1),(114,0,0,0,1,0,NULL,NULL,NULL,1,2,'PARENT','/dashboard/system/permissions/site.php',0,NULL,0,1,0,0,113,0,0,0,-1,'0',0,1),(115,0,0,0,1,0,NULL,NULL,NULL,1,2,'PARENT','/dashboard/system/permissions/tasks.php',0,NULL,0,1,0,1,113,0,0,0,-1,'0',0,1),(116,0,0,0,1,0,NULL,NULL,NULL,1,2,'PARENT','/dashboard/system/permissions/users.php',0,NULL,0,1,0,2,113,0,0,0,-1,'0',0,1),(117,0,0,0,1,0,NULL,NULL,NULL,1,2,'PARENT','/dashboard/system/permissions/advanced.php',0,NULL,0,1,0,3,113,0,0,0,-1,'0',0,1),(118,0,0,0,1,0,NULL,NULL,NULL,1,2,'PARENT','/dashboard/system/permissions/workflows.php',0,NULL,0,1,0,4,113,0,0,0,-1,'0',0,1),(119,0,0,0,1,0,NULL,NULL,NULL,1,2,'PARENT','/dashboard/system/permissions/blacklist.php',0,NULL,0,1,2,5,113,0,0,0,-1,'0',0,1),(120,0,0,0,1,0,NULL,NULL,NULL,1,2,'PARENT','/dashboard/system/permissions/blacklist/configure.php',0,NULL,0,1,0,0,119,0,0,0,-1,'0',0,1),(121,0,0,0,1,0,NULL,NULL,NULL,1,2,'PARENT','/dashboard/system/permissions/blacklist/range.php',0,NULL,0,1,0,1,119,0,0,0,-1,'0',0,1),(122,0,0,0,1,0,NULL,NULL,NULL,1,2,'PARENT','/dashboard/system/permissions/captcha.php',0,NULL,0,1,0,6,113,0,0,0,-1,'0',0,1),(123,0,0,0,1,0,NULL,NULL,NULL,1,2,'PARENT','/dashboard/system/permissions/antispam.php',0,NULL,0,1,0,7,113,0,0,0,-1,'0',0,1),(124,0,0,0,1,0,NULL,NULL,NULL,1,2,'PARENT','/dashboard/system/permissions/maintenance.php',0,NULL,0,1,0,8,113,0,0,0,-1,'0',0,1),(125,0,0,0,1,0,NULL,NULL,NULL,1,2,'PARENT','/dashboard/system/permissions/trusted_proxies.php',0,NULL,0,1,0,9,113,0,0,0,-1,'0',0,1),(126,0,0,0,1,0,NULL,NULL,NULL,1,2,'PARENT','/dashboard/system/registration/view.php',0,NULL,0,1,9,8,66,0,0,0,-1,'0',0,1),(127,0,0,0,1,0,NULL,NULL,NULL,1,2,'PARENT','/dashboard/system/registration/open.php',0,NULL,0,1,0,0,126,0,0,0,-1,'0',0,1),(128,0,0,0,1,0,NULL,NULL,NULL,1,2,'PARENT','/dashboard/system/registration/postlogin.php',0,NULL,0,1,0,1,126,0,0,0,-1,'0',0,1),(129,0,0,0,1,0,NULL,NULL,NULL,1,2,'PARENT','/dashboard/system/registration/profiles.php',0,NULL,0,1,0,2,126,0,0,0,-1,'0',0,1),(130,0,0,0,1,0,NULL,NULL,NULL,1,2,'PARENT','/dashboard/system/registration/authentication.php',0,NULL,0,1,0,3,126,0,0,0,-1,'0',0,1),(131,0,0,0,1,0,NULL,NULL,NULL,1,2,'PARENT','/dashboard/system/registration/global_password_reset.php',0,NULL,0,1,0,4,126,0,0,0,-1,'0',0,1),(132,0,0,0,1,0,NULL,NULL,NULL,1,2,'PARENT','/dashboard/system/registration/notification.php',0,NULL,0,1,0,5,126,0,0,0,-1,'0',0,1),(133,0,0,0,1,0,NULL,NULL,NULL,1,2,'PARENT','/dashboard/system/registration/deactivation.php',0,NULL,0,1,0,6,126,0,0,0,-1,'0',0,1),(134,0,0,0,1,0,NULL,NULL,NULL,1,2,'PARENT','/dashboard/system/registration/automated_logout.php',0,NULL,0,1,0,7,126,0,0,0,-1,'0',0,1),(135,0,0,0,1,0,NULL,NULL,NULL,1,2,'PARENT','/dashboard/system/registration/password_requirements.php',0,NULL,0,1,0,8,126,0,0,0,-1,'0',0,1),(136,0,0,0,1,0,NULL,NULL,NULL,1,2,'PARENT','/dashboard/system/mail/view.php',0,NULL,0,1,3,9,66,0,0,0,-1,'0',0,1),(137,0,0,0,1,0,NULL,NULL,NULL,1,2,'PARENT','/dashboard/system/mail/method.php',0,NULL,0,1,1,0,136,0,0,0,-1,'0',0,1),(138,0,0,0,1,0,NULL,NULL,NULL,1,2,'PARENT','/dashboard/system/mail/method/test.php',0,NULL,0,1,0,0,137,0,0,0,-1,'0',0,1),(139,0,0,0,1,0,NULL,NULL,NULL,1,2,'PARENT','/dashboard/system/mail/importers.php',0,NULL,0,1,0,1,136,0,0,0,-1,'0',0,1),(140,0,0,0,1,0,NULL,NULL,NULL,1,2,'PARENT','/dashboard/system/mail/addresses.php',0,NULL,0,1,0,2,136,0,0,0,-1,'0',0,1),(141,0,0,0,1,0,NULL,NULL,NULL,1,2,'PARENT','/dashboard/system/calendar/view.php',0,NULL,0,1,4,10,66,0,0,0,-1,'0',0,1),(142,0,0,0,1,0,NULL,NULL,NULL,1,2,'PARENT','/dashboard/system/calendar/settings.php',0,NULL,0,1,0,0,141,0,0,0,-1,'0',0,1),(143,0,0,0,1,0,NULL,NULL,NULL,1,2,'PARENT','/dashboard/system/calendar/colors.php',0,NULL,0,1,0,1,141,0,0,0,-1,'0',0,1),(144,0,0,0,1,0,NULL,NULL,NULL,1,2,'PARENT','/dashboard/system/calendar/permissions.php',0,NULL,0,1,0,2,141,0,0,0,-1,'0',0,1),(145,0,0,0,1,0,NULL,NULL,NULL,1,2,'PARENT','/dashboard/system/calendar/import.php',0,NULL,0,1,0,3,141,0,0,0,-1,'0',0,1),(146,0,0,0,1,0,NULL,NULL,NULL,1,2,'PARENT','/dashboard/system/conversations/view.php',0,NULL,0,1,4,11,66,0,0,0,-1,'0',0,1),(147,0,0,0,1,0,NULL,NULL,NULL,1,2,'PARENT','/dashboard/system/conversations/settings.php',0,NULL,0,1,0,0,146,0,0,0,-1,'0',0,1),(148,0,0,0,1,0,NULL,NULL,NULL,1,2,'PARENT','/dashboard/system/conversations/points.php',0,NULL,0,1,0,1,146,0,0,0,-1,'0',0,1),(149,0,0,0,1,0,NULL,NULL,NULL,1,2,'PARENT','/dashboard/system/conversations/bannedwords.php',0,NULL,0,1,0,2,146,0,0,0,-1,'0',0,1),(150,0,0,0,1,0,NULL,NULL,NULL,1,2,'PARENT','/dashboard/system/conversations/permissions.php',0,NULL,0,1,0,3,146,0,0,0,-1,'0',0,1),(151,0,0,0,1,0,NULL,NULL,NULL,1,2,'PARENT','/dashboard/system/attributes/view.php',0,NULL,0,1,3,12,66,0,0,0,-1,'0',0,1),(152,0,0,0,1,0,NULL,NULL,NULL,1,2,'PARENT','/dashboard/system/attributes/types.php',0,NULL,0,1,0,0,151,0,0,0,-1,'0',0,1),(153,0,0,0,1,0,NULL,NULL,NULL,1,2,'PARENT','/dashboard/system/attributes/sets.php',0,NULL,0,1,0,1,151,0,0,0,-1,'0',0,1),(154,0,0,0,1,0,NULL,NULL,NULL,1,2,'PARENT','/dashboard/system/attributes/topics/view.php',0,NULL,0,1,1,2,151,0,0,0,-1,'0',0,1),(155,0,0,0,1,0,NULL,NULL,NULL,1,2,'PARENT','/dashboard/system/attributes/topics/add.php',0,NULL,0,1,0,0,154,0,0,0,-1,'0',0,1),(156,0,0,0,1,0,NULL,NULL,NULL,1,2,'PARENT','/dashboard/system/environment/view.php',0,NULL,0,1,7,13,66,0,0,0,-1,'0',0,1),(157,0,0,0,1,0,NULL,NULL,NULL,1,2,'PARENT','/dashboard/system/environment/info.php',0,NULL,0,1,0,0,156,0,0,0,-1,'0',0,1),(158,0,0,0,1,0,NULL,NULL,NULL,1,2,'PARENT','/dashboard/system/environment/debug.php',0,NULL,0,1,0,1,156,0,0,0,-1,'0',0,1),(159,0,0,0,1,0,NULL,NULL,NULL,1,2,'PARENT','/dashboard/system/environment/logging.php',0,NULL,0,1,0,2,156,0,0,0,-1,'0',0,1),(160,0,0,0,1,0,NULL,NULL,NULL,1,2,'PARENT','/dashboard/system/environment/proxy.php',0,NULL,0,1,0,3,156,0,0,0,-1,'0',0,1),(161,0,0,0,1,0,NULL,NULL,NULL,1,2,'PARENT','/dashboard/system/environment/entities.php',0,NULL,0,1,0,4,156,0,0,0,-1,'0',0,1),(162,0,0,0,1,0,NULL,NULL,NULL,1,2,'PARENT','/dashboard/system/environment/database_charset.php',0,NULL,0,1,0,5,156,0,0,0,-1,'0',0,1),(163,0,0,0,1,0,NULL,NULL,NULL,1,2,'PARENT','/dashboard/system/environment/geolocation.php',0,NULL,0,1,0,6,156,0,0,0,-1,'0',0,1),(164,0,0,0,1,0,NULL,NULL,NULL,1,2,'PARENT','/dashboard/system/update/view.php',0,NULL,0,1,1,14,66,0,0,0,-1,'0',0,1),(165,0,0,0,1,0,NULL,NULL,NULL,1,2,'PARENT','/dashboard/system/update/update.php',0,NULL,0,1,0,0,164,0,0,0,-1,'0',0,1),(166,0,0,0,1,0,NULL,NULL,NULL,1,2,'PARENT','/dashboard/system/api/view.php',0,NULL,0,1,2,15,66,0,0,0,-1,'0',0,1),(167,0,0,0,1,0,NULL,NULL,NULL,1,2,'PARENT','/dashboard/system/api/settings.php',0,NULL,0,1,0,0,166,0,0,0,-1,'0',0,1),(168,0,0,0,1,0,NULL,NULL,NULL,1,2,'PARENT','/dashboard/system/api/integrations.php',0,NULL,0,1,0,1,166,0,0,0,-1,'0',0,1),(169,0,0,0,1,0,NULL,NULL,NULL,1,2,'PARENT','/dashboard/welcome.php',0,NULL,0,1,1,0,2,0,0,0,-1,'0',0,1),(170,0,0,0,1,0,NULL,NULL,NULL,1,2,'PARENT',NULL,0,NULL,0,1,0,0,169,0,0,0,-1,'0',0,1),(171,0,0,0,1,0,NULL,NULL,NULL,1,1,'PARENT','/!stacks/view.php',0,NULL,0,1,16,0,0,0,0,0,-1,'0',0,1),(172,0,0,0,1,0,NULL,NULL,NULL,1,172,'OVERRIDE','/page_not_found.php',0,NULL,0,1,0,0,0,0,0,0,-1,'0',0,1),(173,0,0,0,1,0,NULL,NULL,NULL,1,1,'PARENT','/!trash/view.php',0,NULL,0,1,29,0,0,0,0,0,-1,'0',0,1),(174,0,0,0,1,0,NULL,NULL,NULL,1,174,'OVERRIDE','/login.php',0,NULL,0,1,0,0,0,0,0,0,-1,'0',0,1),(175,0,0,0,1,0,NULL,NULL,NULL,1,175,'OVERRIDE','/register.php',0,NULL,0,1,0,0,0,0,0,0,-1,'0',0,1),(176,0,0,0,1,0,NULL,NULL,NULL,1,1,'PARENT','/account/view.php',0,NULL,0,1,3,0,0,0,0,0,-1,'0',0,1),(177,0,0,0,1,0,NULL,NULL,NULL,1,1,'PARENT','/account/edit_profile.php',0,NULL,0,1,0,0,176,0,0,0,-1,'0',0,1),(178,0,0,0,1,0,NULL,NULL,NULL,1,1,'PARENT','/account/avatar.php',0,NULL,0,1,0,1,176,0,0,0,-1,'0',0,1),(179,0,0,0,1,0,NULL,NULL,NULL,1,1,'PARENT','/account/messages.php',0,NULL,0,1,0,2,176,0,0,0,-1,'0',0,1),(180,0,0,0,1,0,NULL,NULL,NULL,1,180,'OVERRIDE','/page_forbidden.php',0,NULL,0,1,0,0,0,0,0,0,-1,'0',0,1),(181,0,0,0,1,0,NULL,NULL,NULL,1,1,'PARENT','/download_file.php',0,NULL,0,1,0,0,0,0,0,0,-1,'0',0,1),(182,1,0,0,1,0,NULL,NULL,NULL,1,182,'OVERRIDE','/!drafts/view.php',0,NULL,0,1,3,0,0,0,0,0,-1,'0',0,1),(183,1,0,0,1,0,NULL,NULL,NULL,1,1,'PARENT','/desktop.php',0,NULL,0,1,0,0,0,0,0,0,-1,'0',0,1),(184,0,1,0,1,0,NULL,NULL,NULL,1,1,'PARENT',NULL,0,NULL,0,1,0,0,171,0,0,0,-1,'0',0,1),(185,0,1,0,1,0,NULL,NULL,NULL,1,1,'PARENT',NULL,0,NULL,0,1,0,1,171,0,0,0,-1,'0',0,1),(186,0,1,0,1,0,NULL,NULL,NULL,1,1,'PARENT',NULL,0,NULL,0,1,0,2,171,0,0,0,-1,'0',0,1),(187,0,1,0,1,0,NULL,NULL,NULL,1,1,'PARENT',NULL,0,NULL,0,1,0,3,171,0,0,0,-1,'0',0,1),(188,0,1,0,1,0,NULL,NULL,NULL,1,1,'PARENT',NULL,0,NULL,0,1,0,4,171,0,0,0,-1,'0',0,1),(189,0,1,0,1,0,NULL,NULL,NULL,1,1,'PARENT',NULL,0,NULL,0,1,0,5,171,0,0,0,-1,'0',0,1),(190,0,1,0,1,0,NULL,NULL,NULL,1,1,'PARENT',NULL,0,NULL,0,1,0,6,171,0,0,0,-1,'0',0,1),(191,0,1,0,1,0,NULL,NULL,NULL,1,1,'PARENT',NULL,0,NULL,0,1,0,7,171,0,0,0,-1,'0',0,1),(192,1,5,1,NULL,0,NULL,NULL,NULL,1,192,'OVERRIDE',NULL,0,NULL,0,1,0,0,0,0,0,0,-1,'0',0,0),(193,0,5,0,1,0,NULL,NULL,NULL,1,1,'PARENT',NULL,0,NULL,0,0,0,1,173,0,0,0,-1,'0',0,1),(194,1,10,1,NULL,0,NULL,NULL,NULL,1,194,'OVERRIDE',NULL,0,NULL,0,1,0,0,0,0,0,0,-1,'0',0,0),(195,0,10,0,1,0,NULL,NULL,NULL,1,1,'PARENT',NULL,0,NULL,0,0,6,2,173,0,0,0,-1,'0',0,1),(196,0,5,0,1,0,NULL,NULL,NULL,1,1,'PARENT',NULL,0,NULL,0,0,3,3,173,0,0,0,-1,'0',0,1),(197,1,9,1,NULL,0,NULL,NULL,NULL,1,197,'OVERRIDE',NULL,0,NULL,0,1,0,0,0,0,0,0,-1,'0',0,0),(198,0,9,0,1,0,NULL,NULL,NULL,1,1,'PARENT',NULL,0,NULL,0,0,3,4,173,0,0,0,-1,'0',0,1),(199,0,5,0,1,0,NULL,NULL,NULL,1,1,'PARENT',NULL,0,NULL,0,0,0,5,173,0,0,0,-1,'0',0,1),(200,0,5,0,1,0,NULL,NULL,NULL,1,1,'PARENT',NULL,0,NULL,0,0,0,6,173,0,0,0,-1,'0',0,1),(201,0,5,0,1,0,NULL,NULL,NULL,1,1,'PARENT',NULL,0,NULL,0,0,0,7,173,0,0,0,-1,'0',0,1),(202,1,8,1,NULL,0,NULL,NULL,NULL,1,202,'OVERRIDE',NULL,0,NULL,0,1,0,0,0,0,0,0,-1,'0',0,0),(203,0,8,0,1,0,NULL,NULL,NULL,1,1,'PARENT',NULL,0,NULL,0,0,0,0,195,0,0,0,-1,'0',0,1),(204,0,8,0,1,0,NULL,NULL,NULL,1,1,'PARENT',NULL,0,NULL,0,0,0,1,195,0,0,0,-1,'0',0,1),(205,0,8,0,1,0,NULL,NULL,NULL,1,1,'PARENT',NULL,0,NULL,0,0,0,2,195,0,0,0,-1,'0',0,1),(206,0,8,0,1,0,NULL,NULL,NULL,1,1,'PARENT',NULL,0,NULL,0,0,0,3,195,0,0,0,-1,'0',0,1),(207,0,8,0,1,0,NULL,NULL,NULL,1,1,'PARENT',NULL,0,NULL,0,0,0,4,195,0,0,0,-1,'0',0,1),(208,0,8,0,1,0,NULL,NULL,NULL,1,1,'PARENT',NULL,0,NULL,0,0,0,5,195,0,0,0,-1,'0',0,1),(209,1,6,1,NULL,0,NULL,NULL,NULL,1,209,'OVERRIDE',NULL,0,NULL,0,1,0,0,0,0,0,0,-1,'0',0,0),(210,0,6,0,1,0,NULL,NULL,NULL,1,1,'PARENT',NULL,0,NULL,0,0,0,0,198,0,0,0,-1,'0',0,1),(211,0,6,0,1,0,NULL,NULL,NULL,1,1,'PARENT',NULL,0,NULL,0,0,0,1,198,0,0,0,-1,'0',0,1),(212,0,6,0,1,0,NULL,NULL,NULL,1,1,'PARENT',NULL,0,NULL,0,0,0,2,198,0,0,0,-1,'0',0,1),(213,0,5,0,1,0,NULL,NULL,NULL,1,1,'PARENT',NULL,0,NULL,0,0,0,0,196,0,0,0,-1,'0',0,1),(214,0,5,0,1,0,NULL,NULL,NULL,1,1,'PARENT',NULL,0,NULL,0,0,2,1,196,0,0,0,-1,'0',0,1),(215,0,5,0,1,0,NULL,NULL,NULL,1,1,'PARENT',NULL,0,NULL,0,0,0,2,196,0,0,0,-1,'0',0,1),(216,1,7,1,NULL,0,NULL,NULL,NULL,1,216,'OVERRIDE',NULL,0,NULL,0,1,0,0,0,0,0,0,-1,'0',0,0),(217,0,7,0,1,0,NULL,NULL,NULL,1,1,'PARENT',NULL,0,NULL,0,0,0,0,214,0,0,0,-1,'0',0,1),(218,0,7,0,1,0,NULL,NULL,NULL,1,1,'PARENT',NULL,0,NULL,0,0,0,1,214,0,0,0,-1,'0',0,1),(219,1,5,1,NULL,0,NULL,NULL,NULL,1,219,'OVERRIDE',NULL,0,NULL,0,1,0,0,0,0,0,0,-1,'0',0,0),(220,1,5,1,NULL,0,NULL,NULL,NULL,1,220,'OVERRIDE',NULL,0,NULL,0,1,0,0,0,0,0,0,-1,'0',0,0),(221,1,5,1,NULL,0,NULL,NULL,NULL,1,221,'OVERRIDE',NULL,0,NULL,0,1,0,0,0,0,0,0,-1,'0',0,0),(223,0,9,0,1,0,NULL,NULL,NULL,1,1,'PARENT',NULL,0,NULL,0,0,4,16,173,0,222,0,-1,'0',0,1),(224,0,6,0,1,0,NULL,NULL,NULL,1,1,'PARENT',NULL,0,NULL,0,0,0,1,223,0,223,0,-1,'0',0,1),(225,0,5,0,1,0,NULL,NULL,NULL,1,1,'PARENT',NULL,0,NULL,0,0,0,17,173,0,0,0,-1,'0',0,1),(226,0,10,0,1,0,NULL,NULL,NULL,1,1,'PARENT',NULL,0,NULL,0,0,6,18,173,0,0,0,-1,'0',0,1),(227,0,5,0,1,0,NULL,NULL,NULL,1,1,'PARENT',NULL,0,NULL,0,0,3,19,173,0,0,0,-1,'0',0,1),(228,0,5,0,1,0,NULL,NULL,NULL,1,1,'PARENT',NULL,0,NULL,0,0,0,20,173,0,0,0,-1,'0',0,1),(229,0,5,0,1,0,NULL,NULL,NULL,1,1,'PARENT',NULL,0,NULL,0,0,0,21,173,0,0,0,-1,'0',0,1),(230,0,5,0,1,0,NULL,NULL,NULL,1,1,'PARENT',NULL,0,NULL,0,0,0,22,173,0,0,0,-1,'0',0,1),(231,0,8,0,1,0,NULL,NULL,NULL,1,1,'PARENT',NULL,0,NULL,0,0,0,1,226,0,0,0,-1,'0',0,1),(232,0,6,0,1,0,NULL,NULL,NULL,1,1,'PARENT',NULL,0,NULL,0,0,0,2,223,0,0,0,-1,'0',0,1),(233,0,5,0,1,0,NULL,NULL,NULL,1,1,'PARENT',NULL,0,NULL,0,0,0,1,227,0,0,0,-1,'0',0,1),(234,0,8,0,1,0,NULL,NULL,NULL,1,1,'PARENT',NULL,0,NULL,0,0,0,2,226,0,0,0,-1,'0',0,1),(235,0,6,0,1,0,NULL,NULL,NULL,1,1,'PARENT',NULL,0,NULL,0,0,0,3,223,0,0,0,-1,'0',0,1),(236,0,5,0,1,0,NULL,NULL,NULL,1,1,'PARENT',NULL,0,NULL,0,0,2,2,227,0,0,0,-1,'0',0,1),(237,0,8,0,1,0,NULL,NULL,NULL,1,1,'PARENT',NULL,0,NULL,0,0,0,3,226,0,0,0,-1,'0',0,1),(238,0,6,0,1,0,NULL,NULL,NULL,1,1,'PARENT',NULL,0,NULL,0,0,0,4,223,0,0,0,-1,'0',0,1),(239,0,5,0,1,0,NULL,NULL,NULL,1,1,'PARENT',NULL,0,NULL,0,0,0,3,227,0,0,0,-1,'0',0,1),(240,0,8,0,1,0,NULL,NULL,NULL,1,1,'PARENT',NULL,0,NULL,0,0,0,4,226,0,0,0,-1,'0',0,1),(241,0,8,0,1,0,NULL,NULL,NULL,1,1,'PARENT',NULL,0,NULL,0,0,0,5,226,0,0,0,-1,'0',0,1),(242,0,8,0,1,0,NULL,NULL,NULL,1,1,'PARENT',NULL,0,NULL,0,0,0,6,226,0,0,0,-1,'0',0,1),(243,0,7,0,1,0,NULL,NULL,NULL,1,1,'PARENT',NULL,0,NULL,0,0,0,1,236,0,0,0,-1,'0',0,1),(244,0,7,0,1,0,NULL,NULL,NULL,1,1,'PARENT',NULL,0,NULL,0,0,0,2,236,0,0,0,-1,'0',0,1),(245,0,9,0,1,0,NULL,NULL,NULL,1,1,'PARENT',NULL,0,NULL,0,0,1,8,173,0,1,0,0,'0',0,1),(246,1,5,0,1,0,NULL,NULL,NULL,1,1,'PARENT',NULL,0,NULL,0,1,0,6,1,0,1,0,-1,'0',0,0),(248,0,6,0,1,0,NULL,NULL,NULL,1,1,'PARENT',NULL,0,NULL,0,0,0,1,245,0,245,0,-1,'0',0,1),(249,0,5,0,1,0,NULL,NULL,NULL,1,1,'PARENT',NULL,0,NULL,0,0,16,28,173,0,1,0,-1,'0',0,1),(250,0,11,0,1,0,NULL,NULL,NULL,1,1,'PARENT',NULL,0,NULL,0,0,0,3,249,0,249,0,-1,'0',0,1),(251,0,5,0,1,0,NULL,NULL,NULL,1,1,'PARENT',NULL,0,NULL,0,0,0,9,173,0,249,0,-1,'0',0,1),(261,0,11,0,1,0,NULL,NULL,NULL,1,1,'PARENT',NULL,0,NULL,0,0,0,2,249,0,249,0,-1,'0',0,1),(262,1,11,1,1,0,NULL,NULL,NULL,1,262,'OVERRIDE',NULL,0,NULL,0,1,0,2,0,0,0,0,-1,'0',0,0),(263,1,11,1,1,0,NULL,NULL,NULL,1,263,'OVERRIDE',NULL,0,NULL,0,1,0,2,0,0,0,0,-1,'0',0,0),(264,1,11,1,1,0,NULL,NULL,NULL,1,264,'OVERRIDE',NULL,0,NULL,0,1,0,2,0,0,0,0,-1,'0',0,0),(265,1,11,1,1,0,NULL,NULL,NULL,1,265,'OVERRIDE',NULL,0,NULL,0,1,0,2,0,0,0,0,-1,'0',0,0),(266,0,0,0,1,0,NULL,NULL,NULL,1,2,'PARENT','/dashboard/speed_analyzer.php',0,NULL,0,1,3,12,2,25,0,0,-1,'0',0,1),(267,0,0,0,1,0,NULL,NULL,NULL,1,2,'PARENT','/dashboard/speed_analyzer/reports.php',0,NULL,0,1,0,0,266,25,0,0,-1,'0',0,1),(268,0,0,0,1,0,NULL,NULL,NULL,1,2,'PARENT','/dashboard/speed_analyzer/diagnosis.php',0,NULL,0,1,0,1,266,25,0,0,-1,'0',0,1),(269,0,0,0,1,0,NULL,NULL,NULL,1,2,'PARENT','/dashboard/speed_analyzer/settings.php',0,NULL,0,1,0,2,266,25,0,0,-1,'0',0,1),(270,0,0,0,1,0,NULL,NULL,NULL,1,2,'PARENT','/dashboard/system/basics/customize_editing_interface.php',0,NULL,0,1,2,9,67,26,0,0,-1,'0',0,1),(271,0,0,0,1,0,NULL,NULL,NULL,1,2,'PARENT','/dashboard/system/basics/customize_editing_interface/export_settings.php',0,NULL,0,1,0,0,270,26,0,0,-1,'0',0,1),(272,0,0,0,1,0,NULL,NULL,NULL,1,2,'PARENT','/dashboard/system/basics/customize_editing_interface/import_settings.php',0,NULL,0,1,0,1,270,26,0,0,-1,'0',0,1),(273,1,5,0,1,0,NULL,NULL,NULL,1,1,'PARENT',NULL,0,NULL,0,1,0,3,1,0,1,0,1,'forever',0,0),(275,1,11,0,1,0,NULL,NULL,NULL,1,182,'PARENT',NULL,0,NULL,0,0,0,0,182,0,0,1,-1,'0',0,1),(276,1,5,0,1,0,NULL,NULL,NULL,1,182,'PARENT',NULL,0,NULL,0,0,0,1,182,0,0,1,-1,'0',0,1),(277,0,11,0,1,0,NULL,NULL,NULL,1,1,'PARENT',NULL,0,NULL,0,0,0,1,249,0,1,0,-1,'0',0,1),(278,0,11,0,1,0,NULL,NULL,NULL,1,1,'PARENT',NULL,0,NULL,0,0,0,0,249,0,249,0,-1,'0',0,1),(279,0,11,0,1,0,NULL,NULL,NULL,1,1,'PARENT',NULL,0,NULL,0,0,0,6,249,0,249,0,-1,'0',0,1),(280,0,11,0,1,0,NULL,NULL,NULL,1,1,'PARENT',NULL,0,NULL,0,0,0,5,249,0,249,0,-1,'0',0,1),(281,0,11,0,1,0,NULL,NULL,NULL,1,1,'PARENT',NULL,0,NULL,0,0,0,7,249,0,249,0,-1,'0',0,1),(282,0,11,0,1,0,NULL,NULL,NULL,1,1,'PARENT',NULL,0,NULL,0,0,0,8,249,0,249,0,-1,'0',0,1),(283,0,11,0,1,0,NULL,NULL,NULL,1,1,'PARENT',NULL,0,NULL,0,0,0,9,249,0,249,0,-1,'0',0,1),(284,0,11,0,1,0,NULL,NULL,NULL,1,1,'PARENT',NULL,0,NULL,0,0,0,4,249,0,249,0,-1,'0',0,1),(285,0,11,0,1,0,NULL,NULL,NULL,1,1,'PARENT',NULL,0,NULL,0,0,0,10,249,0,249,0,-1,'0',0,1),(286,0,11,0,1,0,NULL,NULL,NULL,1,1,'PARENT',NULL,0,NULL,0,0,0,11,249,0,249,0,-1,'0',0,1),(287,0,11,0,1,0,NULL,NULL,NULL,1,1,'PARENT',NULL,0,NULL,0,0,0,12,249,0,249,0,-1,'0',0,1),(288,0,11,0,1,0,NULL,NULL,NULL,1,1,'PARENT',NULL,0,NULL,0,0,0,13,249,0,249,0,-1,'0',0,1),(289,0,11,0,1,0,NULL,NULL,NULL,1,1,'PARENT',NULL,0,NULL,0,0,0,15,173,0,249,0,-1,'0',0,1),(290,0,11,0,1,0,NULL,NULL,NULL,1,1,'PARENT',NULL,0,NULL,0,0,0,14,249,0,249,0,-1,'0',0,1),(291,0,11,0,1,0,NULL,NULL,NULL,1,1,'PARENT',NULL,0,NULL,0,0,0,15,249,0,249,0,-1,'0',0,1),(293,1,11,0,1,0,NULL,NULL,NULL,1,1,'PARENT',NULL,0,NULL,0,1,0,4,1,0,1,0,-1,'0',0,0),(294,1,11,1,NULL,0,NULL,NULL,NULL,1,294,'OVERRIDE',NULL,0,NULL,0,1,0,0,0,0,0,0,-1,'0',0,0),(295,1,11,0,1,0,NULL,NULL,NULL,1,1,'PARENT',NULL,0,NULL,0,1,0,5,1,0,249,0,-1,'0',0,0),(296,0,1,0,1,0,NULL,NULL,NULL,1,1,'PARENT',NULL,0,NULL,0,1,0,8,171,0,0,0,-1,'0',0,1),(297,0,1,0,1,0,NULL,NULL,NULL,1,1,'PARENT',NULL,0,NULL,0,1,0,9,171,0,0,0,-1,'0',0,1),(299,3,0,0,1,0,NULL,NULL,NULL,1,299,'OVERRIDE',NULL,0,NULL,0,1,6,0,0,0,0,0,-1,'0',0,0),(300,0,5,0,1,0,NULL,NULL,NULL,1,1,'PARENT',NULL,0,NULL,0,0,16,25,173,0,0,0,-1,'0',0,1),(302,0,5,0,1,0,NULL,NULL,NULL,1,1,'PARENT',NULL,0,NULL,0,0,0,31,173,0,0,0,-1,'0',0,1),(303,0,5,0,1,0,NULL,NULL,NULL,1,1,'PARENT',NULL,0,NULL,0,0,0,32,173,0,0,0,-1,'0',0,1),(304,3,11,0,1,0,NULL,NULL,NULL,1,299,'PARENT',NULL,0,NULL,0,1,0,3,299,0,0,0,-1,'0',0,0),(305,3,11,0,1,0,NULL,NULL,NULL,1,299,'PARENT',NULL,0,NULL,0,1,0,4,299,0,0,0,-1,'0',0,0),(306,0,11,0,1,0,NULL,NULL,NULL,1,1,'PARENT',NULL,0,NULL,0,0,0,0,300,0,0,0,-1,'0',0,1),(307,0,11,0,1,0,NULL,NULL,NULL,1,1,'PARENT',NULL,0,NULL,0,0,0,1,300,0,0,0,-1,'0',0,1),(308,0,11,0,1,0,NULL,NULL,NULL,1,1,'PARENT',NULL,0,NULL,0,0,0,2,300,0,0,0,-1,'0',0,1),(309,0,11,0,1,0,NULL,NULL,NULL,1,1,'PARENT',NULL,0,NULL,0,0,0,3,300,0,0,0,-1,'0',0,1),(310,0,11,0,1,0,NULL,NULL,NULL,1,1,'PARENT',NULL,0,NULL,0,0,0,4,300,0,0,0,-1,'0',0,1),(311,0,11,0,1,0,NULL,NULL,NULL,1,1,'PARENT',NULL,0,NULL,0,0,0,6,300,0,0,0,-1,'0',0,1),(312,0,11,0,1,0,NULL,NULL,NULL,1,1,'PARENT',NULL,0,NULL,0,0,0,5,300,0,0,0,-1,'0',0,1),(313,0,11,0,1,0,NULL,NULL,NULL,1,1,'PARENT',NULL,0,NULL,0,0,0,7,300,0,0,0,-1,'0',0,1),(314,0,11,0,1,0,NULL,NULL,NULL,1,1,'PARENT',NULL,0,NULL,0,0,0,8,300,0,0,0,-1,'0',0,1),(315,0,11,0,1,0,NULL,NULL,NULL,1,1,'PARENT',NULL,0,NULL,0,0,0,9,300,0,0,0,-1,'0',0,1),(316,0,11,0,1,0,NULL,NULL,NULL,1,1,'PARENT',NULL,0,NULL,0,0,0,10,300,0,0,0,-1,'0',0,1),(317,0,11,0,1,0,NULL,NULL,NULL,1,1,'PARENT',NULL,0,NULL,0,0,0,11,300,0,0,0,-1,'0',0,1),(318,0,11,0,1,0,NULL,NULL,NULL,1,1,'PARENT',NULL,0,NULL,0,0,0,12,300,0,0,0,-1,'0',0,1),(319,0,11,0,1,0,NULL,NULL,NULL,1,1,'PARENT',NULL,0,NULL,0,0,0,13,300,0,0,0,-1,'0',0,1),(320,0,11,0,1,0,NULL,NULL,NULL,1,1,'PARENT',NULL,0,NULL,0,0,0,14,300,0,0,0,-1,'0',0,1),(321,0,11,0,1,0,NULL,NULL,NULL,1,1,'PARENT',NULL,0,NULL,0,0,0,15,300,0,0,0,-1,'0',0,1),(324,1,12,1,1,0,NULL,NULL,NULL,1,324,'OVERRIDE',NULL,0,NULL,0,1,0,19,0,0,0,0,-1,'0',0,0),(325,1,12,1,1,0,NULL,NULL,NULL,1,325,'OVERRIDE',NULL,0,NULL,0,1,0,19,0,0,0,0,-1,'0',0,0),(326,1,12,1,1,0,NULL,NULL,NULL,1,326,'OVERRIDE',NULL,0,NULL,0,1,0,19,0,0,0,0,-1,'0',0,0),(327,1,12,1,1,0,NULL,NULL,NULL,1,327,'OVERRIDE',NULL,0,NULL,0,1,0,19,0,0,0,0,-1,'0',0,0),(328,1,12,1,NULL,0,NULL,NULL,NULL,1,328,'OVERRIDE',NULL,0,NULL,0,1,0,0,0,0,0,0,-1,'0',0,0),(329,0,1,0,1,0,NULL,NULL,NULL,1,1,'PARENT',NULL,0,NULL,0,1,2,10,171,0,0,0,-1,'0',0,1),(330,0,1,0,1,0,NULL,NULL,NULL,1,1,'PARENT',NULL,0,NULL,0,1,0,11,329,0,0,0,-1,'0',0,1),(331,0,1,0,1,0,NULL,NULL,NULL,1,1,'PARENT',NULL,0,NULL,0,1,0,12,329,0,0,0,-1,'0',0,1),(332,0,1,0,1,0,NULL,NULL,NULL,1,1,'PARENT',NULL,0,NULL,0,1,0,11,171,0,0,0,-1,'0',0,1),(333,0,1,0,1,0,NULL,NULL,NULL,1,1,'PARENT',NULL,0,NULL,0,1,2,12,171,0,0,0,-1,'0',0,1),(334,0,1,0,1,0,NULL,NULL,NULL,1,1,'PARENT',NULL,0,NULL,0,1,0,13,333,0,0,0,-1,'0',0,1),(335,0,1,0,1,0,NULL,NULL,NULL,1,1,'PARENT',NULL,0,NULL,0,1,0,14,333,0,0,0,-1,'0',0,1),(336,0,1,0,1,0,NULL,NULL,NULL,1,1,'PARENT',NULL,0,NULL,0,1,2,13,171,0,0,0,-1,'0',0,1),(337,0,1,0,1,0,NULL,NULL,NULL,1,1,'PARENT',NULL,0,NULL,0,1,0,14,336,0,0,0,-1,'0',0,1),(338,0,1,0,1,0,NULL,NULL,NULL,1,1,'PARENT',NULL,0,NULL,0,1,0,15,336,0,0,0,-1,'0',0,1),(339,0,1,0,1,0,NULL,NULL,NULL,1,1,'PARENT',NULL,0,NULL,0,1,2,14,171,0,0,0,-1,'0',0,1),(340,0,1,0,1,0,NULL,NULL,NULL,1,1,'PARENT',NULL,0,NULL,0,1,0,15,339,0,0,0,-1,'0',0,1),(341,0,1,0,1,0,NULL,NULL,NULL,1,1,'PARENT',NULL,0,NULL,0,1,0,16,339,0,0,0,-1,'0',0,1),(342,0,1,0,1,0,NULL,NULL,NULL,1,1,'PARENT',NULL,0,NULL,0,1,2,15,171,0,0,0,-1,'0',0,1),(343,0,1,0,1,0,NULL,NULL,NULL,1,1,'PARENT',NULL,0,NULL,0,1,0,16,342,0,0,0,-1,'0',0,1),(344,0,1,0,1,0,NULL,NULL,NULL,1,1,'PARENT',NULL,0,NULL,0,1,0,17,342,0,0,0,-1,'0',0,1),(345,0,11,0,1,0,NULL,NULL,NULL,1,345,'OVERRIDE',NULL,0,NULL,0,0,0,23,173,0,249,0,-1,'0',0,1),(346,0,5,0,1,0,NULL,NULL,NULL,1,346,'OVERRIDE',NULL,0,NULL,0,0,0,24,173,0,249,0,-1,'0',0,1),(348,0,5,0,1,0,NULL,NULL,NULL,1,1,'PARENT',NULL,0,NULL,0,0,0,26,173,0,1,0,-1,'0',0,1),(349,0,5,0,1,0,NULL,NULL,NULL,1,1,'PARENT',NULL,0,NULL,0,0,0,30,173,0,0,0,-1,'0',0,1),(350,1,5,0,1,0,NULL,NULL,NULL,1,1,'PARENT',NULL,0,NULL,0,1,0,1,1,0,1,0,0,'0',0,0),(351,0,12,0,1,0,NULL,NULL,NULL,1,1,'PARENT',NULL,0,NULL,0,0,0,29,173,0,299,0,-1,'0',0,1),(353,1,5,0,1,0,NULL,NULL,NULL,1,353,'OVERRIDE',NULL,0,NULL,0,1,0,2,1,0,1,0,-1,'0',0,0),(354,0,5,0,1,0,NULL,NULL,NULL,1,1,'PARENT',NULL,0,NULL,0,0,0,27,173,0,1,0,-1,'0',0,1),(355,3,5,0,1,0,NULL,NULL,NULL,1,355,'OVERRIDE',NULL,0,NULL,0,1,0,2,299,0,0,0,-1,'0',0,0),(356,3,5,0,1,0,NULL,NULL,NULL,1,299,'PARENT',NULL,0,NULL,0,1,0,0,299,0,0,0,0,'0',0,0),(358,3,5,0,1,0,NULL,NULL,NULL,1,299,'PARENT',NULL,0,NULL,0,1,0,6,299,0,0,0,1,'forever',0,0),(359,3,5,0,1,0,NULL,NULL,NULL,1,299,'PARENT',NULL,0,NULL,0,1,0,7,299,0,0,0,-1,'0',0,0),(360,0,12,0,1,0,NULL,NULL,NULL,1,1,'PARENT',NULL,0,NULL,0,0,0,33,173,0,299,0,-1,'0',0,1),(361,0,5,0,1,0,NULL,NULL,NULL,1,1,'PARENT',NULL,0,NULL,0,0,0,34,173,0,1,0,-1,'0',0,1),(362,1,5,0,1,0,NULL,NULL,NULL,1,182,'PARENT',NULL,0,NULL,0,0,0,2,182,0,0,1,-1,'0',0,1),(363,1,5,0,1,0,NULL,NULL,NULL,1,364,'PARENT',NULL,0,NULL,0,1,0,8,364,0,1,0,-1,'0',0,0),(364,1,5,0,1,0,NULL,NULL,NULL,1,364,'OVERRIDE',NULL,0,NULL,0,1,2,8,1,0,1,0,-1,'0',0,0),(365,1,5,0,1,0,NULL,NULL,NULL,1,364,'PARENT',NULL,0,NULL,0,1,0,9,364,0,364,0,-1,'0',0,0);

--
-- Table structure for table `PermissionAccess`
--

CREATE TABLE `PermissionAccess` (
  `paID` int(10) unsigned NOT NULL AUTO_INCREMENT,
  `paIsInUse` tinyint(1) NOT NULL DEFAULT '0',
  PRIMARY KEY (`paID`)
) ENGINE=InnoDB AUTO_INCREMENT=262 DEFAULT CHARSET=utf8mb4 COLLATE=utf8mb4_unicode_ci;

--
-- Dumping data for table `PermissionAccess`
--

INSERT INTO `PermissionAccess` VALUES (1,1),(2,1),(3,1),(4,1),(5,1),(6,1),(7,1),(8,1),(9,1),(10,1),(11,1),(12,1),(13,1),(14,1),(15,1),(16,1),(17,1),(18,1),(19,1),(20,1),(21,1),(22,1),(23,1),(24,1),(25,1),(26,1),(27,1),(28,1),(29,1),(30,1),(31,1),(32,1),(33,1),(34,1),(35,1),(36,1),(37,1),(38,1),(39,1),(40,1),(41,1),(42,1),(43,1),(44,1),(45,1),(46,1),(47,1),(48,1),(49,1),(50,1),(51,1),(52,1),(53,1),(54,1),(55,1),(56,1),(57,1),(58,1),(59,1),(60,1),(61,1),(62,1),(63,1),(64,1),(65,1),(66,1),(67,1),(68,1),(69,1),(70,1),(71,1),(72,1),(73,1),(74,1),(75,1),(76,1),(77,1),(78,1),(79,1),(80,1),(81,1),(82,1),(83,1),(84,1),(85,1),(86,1),(87,1),(88,1),(89,1),(90,1),(91,1),(92,1),(93,1),(94,1),(95,1),(96,1),(97,1),(98,1),(99,1),(100,1),(101,1),(102,1),(103,1),(104,1),(105,1),(106,1),(107,1),(108,1),(109,1),(110,1),(111,1),(112,1),(113,1),(114,1),(115,1),(116,1),(117,1),(118,1),(119,1),(120,1),(121,1),(122,1),(123,1),(124,1),(125,1),(126,1),(127,1),(128,1),(129,1),(130,1),(131,1),(132,1),(133,1),(134,1),(135,1),(136,1),(137,1),(138,1),(139,1),(140,1),(141,1),(142,1),(143,1),(144,1),(145,1),(146,1),(147,1),(148,1),(149,1),(150,1),(151,1),(152,1),(153,1),(154,1),(155,1),(156,1),(157,1),(158,1),(159,1),(160,1),(161,1),(162,1),(163,1),(164,1),(165,1),(166,1),(167,1),(168,1),(169,1),(170,1),(171,1),(172,1),(173,1),(174,1),(175,1),(176,1),(177,1),(178,1),(179,1),(180,1),(181,1),(182,1),(183,1),(184,1),(185,1),(186,1),(187,1),(188,1),(189,1),(190,1),(191,1),(192,1),(193,1),(194,1),(195,1),(196,1),(197,1),(198,1),(199,1),(200,1),(201,1),(202,1),(203,1),(204,1),(205,1),(206,1),(207,1),(208,1),(209,1),(210,1),(211,1),(212,1),(213,1),(214,1),(215,1),(216,1),(217,1),(218,1),(219,1),(220,1),(221,1),(222,1),(223,1),(224,1),(225,1),(226,1),(227,1),(228,1),(229,1),(230,1),(231,1),(232,1),(233,1),(234,1),(235,1),(236,1),(237,1),(238,1),(239,1),(240,1),(241,1),(242,1),(243,1),(244,1),(245,1),(246,1),(247,1),(248,1),(249,1),(250,1),(251,1),(252,1),(253,1),(254,1),(255,1),(256,1),(257,1),(258,1),(259,1),(260,1),(261,1);

--
-- Table structure for table `PermissionAccessEntities`
--

CREATE TABLE `PermissionAccessEntities` (
  `peID` int(10) unsigned NOT NULL AUTO_INCREMENT,
  `petID` int(10) unsigned DEFAULT NULL,
  PRIMARY KEY (`peID`),
  KEY `petID` (`petID`)
) ENGINE=InnoDB AUTO_INCREMENT=8 DEFAULT CHARSET=utf8mb4 COLLATE=utf8mb4_unicode_ci;

--
-- Dumping data for table `PermissionAccessEntities`
--

INSERT INTO `PermissionAccessEntities` VALUES (1,1),(2,1),(6,1),(7,2),(3,5),(4,6),(5,7);

--
-- Table structure for table `PermissionAccessEntityGroupSets`
--

CREATE TABLE `PermissionAccessEntityGroupSets` (
  `peID` int(10) unsigned NOT NULL DEFAULT '0',
  `gsID` int(10) unsigned NOT NULL DEFAULT '0',
  PRIMARY KEY (`peID`,`gsID`),
  KEY `gsID` (`gsID`)
) ENGINE=InnoDB DEFAULT CHARSET=utf8mb4 COLLATE=utf8mb4_unicode_ci;

--
-- Dumping data for table `PermissionAccessEntityGroupSets`
--


--
-- Table structure for table `PermissionAccessEntityGroups`
--

CREATE TABLE `PermissionAccessEntityGroups` (
  `pegID` int(10) unsigned NOT NULL AUTO_INCREMENT,
  `peID` int(10) unsigned NOT NULL DEFAULT '0',
  `gID` int(10) unsigned NOT NULL DEFAULT '0',
  PRIMARY KEY (`pegID`),
  KEY `peID` (`peID`),
  KEY `gID` (`gID`)
) ENGINE=InnoDB AUTO_INCREMENT=4 DEFAULT CHARSET=utf8mb4 COLLATE=utf8mb4_unicode_ci;

--
-- Dumping data for table `PermissionAccessEntityGroups`
--

INSERT INTO `PermissionAccessEntityGroups` VALUES (1,1,3),(2,2,1),(3,6,2);

--
-- Table structure for table `PermissionAccessEntitySiteGroups`
--

CREATE TABLE `PermissionAccessEntitySiteGroups` (
  `pegID` int(10) unsigned NOT NULL AUTO_INCREMENT,
  `peID` int(10) unsigned NOT NULL,
  `siteGID` int(10) unsigned DEFAULT NULL,
  PRIMARY KEY (`pegID`),
  KEY `peID` (`peID`),
  KEY `siteGID` (`siteGID`),
  CONSTRAINT `FK_51122D554A62E0E4` FOREIGN KEY (`siteGID`) REFERENCES `SiteGroups` (`siteGID`)
) ENGINE=InnoDB DEFAULT CHARSET=utf8mb4 COLLATE=utf8mb4_unicode_ci;

--
-- Dumping data for table `PermissionAccessEntitySiteGroups`
--


--
-- Table structure for table `PermissionAccessEntityTypeCategories`
--

CREATE TABLE `PermissionAccessEntityTypeCategories` (
  `petID` int(10) unsigned NOT NULL DEFAULT '0',
  `pkCategoryID` int(10) unsigned NOT NULL DEFAULT '0',
  PRIMARY KEY (`petID`,`pkCategoryID`),
  KEY `pkCategoryID` (`pkCategoryID`)
) ENGINE=InnoDB DEFAULT CHARSET=utf8mb4 COLLATE=utf8mb4_unicode_ci;

--
-- Dumping data for table `PermissionAccessEntityTypeCategories`
--

INSERT INTO `PermissionAccessEntityTypeCategories` VALUES (1,1),(2,1),(3,1),(4,1),(5,1),(8,1),(1,4),(2,4),(3,4),(4,4),(1,5),(2,5),(3,5),(4,5),(6,5),(1,6),(2,6),(3,6),(4,6),(6,6),(1,7),(2,7),(3,7),(4,7),(1,8),(2,8),(3,8),(4,8),(1,9),(2,9),(3,9),(4,9),(1,10),(2,10),(3,10),(4,10),(1,11),(2,11),(3,11),(4,11),(1,12),(2,12),(3,12),(4,12),(1,13),(2,13),(3,13),(4,13),(1,14),(2,14),(3,14),(4,14),(8,14),(1,15),(2,15),(3,15),(4,15),(5,15),(8,15),(1,16),(2,16),(3,16),(4,16),(1,17),(2,17),(3,17),(4,17),(1,18),(2,18),(3,18),(4,18),(1,19),(2,19),(3,19),(4,19),(1,20),(2,20),(3,20),(4,20),(1,21),(2,21),(3,21),(4,21),(7,21),(1,22),(2,22),(3,22),(4,22),(7,22),(1,23),(2,23),(4,23),(1,24),(2,24),(3,24),(4,24),(1,25),(2,25),(3,25),(4,25),(1,26),(2,26),(3,26),(4,26);

--
-- Table structure for table `PermissionAccessEntityTypes`
--

CREATE TABLE `PermissionAccessEntityTypes` (
  `petID` int(10) unsigned NOT NULL AUTO_INCREMENT,
  `petHandle` varchar(255) COLLATE utf8mb4_unicode_ci NOT NULL,
  `petName` varchar(255) COLLATE utf8mb4_unicode_ci NOT NULL,
  `pkgID` int(10) unsigned DEFAULT NULL,
  PRIMARY KEY (`petID`),
  UNIQUE KEY `petHandle` (`petHandle`),
  KEY `pkgID` (`pkgID`)
) ENGINE=InnoDB AUTO_INCREMENT=9 DEFAULT CHARSET=utf8mb4 COLLATE=utf8mb4_unicode_ci;

--
-- Dumping data for table `PermissionAccessEntityTypes`
--

INSERT INTO `PermissionAccessEntityTypes` VALUES (1,'group','Group',0),(2,'user','User',0),(3,'group_set','Group Set',0),(4,'group_combination','Group Combination',0),(5,'page_owner','Page Owner',0),(6,'file_uploader','File Uploader',0),(7,'conversation_message_author','Message Author',0),(8,'site_group','Site Group',0);

--
-- Table structure for table `PermissionAccessEntityUsers`
--

CREATE TABLE `PermissionAccessEntityUsers` (
  `peID` int(10) unsigned NOT NULL DEFAULT '0',
  `uID` int(10) unsigned NOT NULL DEFAULT '0',
  PRIMARY KEY (`peID`,`uID`),
  KEY `uID` (`uID`)
) ENGINE=InnoDB DEFAULT CHARSET=utf8mb4 COLLATE=utf8mb4_unicode_ci;

--
-- Dumping data for table `PermissionAccessEntityUsers`
--

INSERT INTO `PermissionAccessEntityUsers` VALUES (7,1);

--
-- Table structure for table `PermissionAccessList`
--

CREATE TABLE `PermissionAccessList` (
  `paID` int(10) unsigned NOT NULL DEFAULT '0',
  `peID` int(10) unsigned NOT NULL DEFAULT '0',
  `pdID` int(10) unsigned NOT NULL DEFAULT '0',
  `accessType` smallint(6) NOT NULL DEFAULT '0',
  PRIMARY KEY (`paID`,`peID`),
  KEY `accessType` (`accessType`),
  KEY `peID` (`peID`),
  KEY `peID_accessType` (`peID`,`accessType`),
  KEY `pdID` (`pdID`),
  KEY `permissionAccessDuration` (`paID`,`pdID`)
) ENGINE=InnoDB DEFAULT CHARSET=utf8mb4 COLLATE=utf8mb4_unicode_ci;

--
-- Dumping data for table `PermissionAccessList`
--

INSERT INTO `PermissionAccessList` VALUES (1,1,0,10),(2,1,0,10),(3,1,0,10),(4,1,0,10),(5,1,0,10),(6,1,0,10),(7,1,0,10),(8,1,0,10),(9,1,0,10),(10,2,0,10),(11,1,0,10),(12,1,0,10),(13,1,0,10),(14,1,0,10),(15,1,0,10),(16,2,0,10),(17,1,0,10),(18,1,0,10),(19,1,0,10),(20,1,0,10),(21,1,0,10),(22,1,0,10),(23,1,0,10),(24,1,0,10),(25,1,0,10),(26,1,0,10),(27,1,0,10),(28,1,0,10),(29,1,0,10),(30,1,0,10),(31,1,0,10),(32,1,0,10),(33,1,0,10),(34,1,0,10),(35,1,0,10),(36,1,0,10),(36,2,0,10),(37,1,0,10),(37,2,0,10),(38,1,0,10),(39,1,0,10),(40,3,0,10),(41,3,0,10),(42,3,0,10),(43,3,0,10),(44,1,0,10),(45,2,0,10),(46,2,0,10),(47,2,0,10),(48,3,0,10),(49,3,0,10),(50,3,0,10),(51,3,0,10),(52,3,0,10),(53,3,0,10),(54,2,0,10),(55,1,0,10),(55,2,0,10),(56,1,0,10),(57,1,0,10),(58,1,0,10),(59,1,0,10),(60,1,0,10),(61,1,0,10),(62,1,0,10),(63,1,0,10),(64,1,0,10),(65,2,0,10),(66,2,0,10),(67,2,0,10),(68,2,0,10),(69,1,0,10),(70,1,0,10),(71,1,0,10),(72,1,0,10),(73,1,0,10),(74,1,0,10),(75,1,0,10),(76,1,0,10),(77,1,0,10),(78,1,0,10),(79,1,0,10),(80,1,0,10),(81,1,0,10),(82,1,0,10),(83,1,0,10),(84,1,0,10),(85,1,0,10),(86,1,0,10),(87,1,0,10),(88,2,0,10),(89,1,0,10),(90,1,0,10),(91,1,0,10),(92,1,0,10),(93,1,0,10),(94,1,0,10),(95,1,0,10),(96,1,0,10),(97,1,0,10),(98,1,0,10),(99,1,0,10),(100,1,0,10),(101,1,0,10),(102,1,0,10),(103,1,0,10),(104,1,0,10),(105,1,0,10),(106,1,0,10),(107,1,0,10),(108,1,0,10),(109,1,0,10),(110,1,0,10),(111,2,0,10),(112,2,0,10),(113,1,0,10),(113,5,0,10),(114,1,0,10),(114,5,0,10),(115,1,0,10),(115,6,0,10),(116,1,0,10),(117,1,0,10),(118,1,0,10),(119,1,0,10),(119,7,0,10),(120,3,0,10),(121,3,0,10),(122,1,0,10),(123,1,0,10),(124,1,0,10),(125,1,0,10),(126,1,0,10),(127,1,0,10),(128,1,0,10),(129,1,0,10),(130,1,0,10),(131,1,0,10),(132,1,0,10),(133,1,0,10),(134,1,0,10),(135,1,0,10),(136,1,0,10),(137,1,0,10),(138,1,0,10),(139,1,0,10),(140,1,0,10),(141,1,0,10),(142,1,0,10),(143,1,0,10),(144,1,0,10),(145,1,0,10),(146,1,0,10),(147,1,0,10),(148,1,0,10),(149,1,0,10),(150,1,0,10),(151,1,0,10),(152,1,0,10),(153,1,0,10),(154,1,0,10),(155,1,0,10),(156,1,0,10),(157,1,0,10),(158,1,0,10),(159,1,0,10),(160,1,0,10),(161,1,0,10),(162,1,0,10),(163,1,0,10),(164,1,0,10),(165,1,0,10),(166,1,0,10),(167,1,0,10),(168,1,0,10),(169,1,0,10),(170,1,0,10),(171,1,0,10),(172,1,0,10),(173,1,0,10),(174,1,0,10),(175,1,0,10),(176,1,0,10),(177,1,0,10),(178,1,0,10),(179,1,0,10),(180,1,0,10),(181,1,0,10),(182,1,0,10),(183,1,0,10),(184,1,0,10),(185,1,0,10),(186,1,0,10),(187,1,0,10),(188,1,0,10),(189,1,0,10),(190,1,0,10),(191,1,0,10),(192,2,0,10),(193,1,0,10),(194,1,0,10),(195,1,0,10),(196,1,0,10),(197,1,0,10),(198,1,0,10),(199,1,0,10),(200,1,0,10),(201,1,0,10),(202,1,0,10),(203,1,0,10),(204,1,0,10),(205,1,0,10),(206,1,0,10),(207,1,0,10),(208,1,0,10),(209,1,0,10),(210,1,0,10),(212,1,0,10),(213,1,0,10),(214,1,0,10),(215,1,0,10),(216,1,0,10),(217,1,0,10),(218,1,0,10),(219,1,0,10),(220,1,0,10),(221,1,0,10),(222,1,0,10),(223,1,0,10),(224,1,0,10),(225,1,0,10),(226,1,0,10),(227,1,0,10),(228,1,0,10),(228,2,0,10),(229,1,0,10),(230,1,0,10),(231,1,0,10),(232,1,0,10),(233,1,0,10),(234,1,0,10),(235,1,0,10),(236,1,0,10),(237,1,0,10),(238,1,0,10),(239,1,0,10),(240,1,0,10),(241,1,0,10),(242,1,0,10),(243,1,0,10),(244,1,0,10),(245,1,0,10),(246,1,0,10),(247,1,0,10),(248,1,0,10),(249,1,0,10),(250,1,0,10),(251,1,0,10),(252,1,0,10),(253,1,0,10),(254,1,0,10),(255,1,0,10),(256,1,0,10),(257,1,0,10),(258,1,0,10),(259,1,0,10),(260,1,0,10),(261,1,0,10);

--
-- Table structure for table `PermissionAccessWorkflows`
--

CREATE TABLE `PermissionAccessWorkflows` (
  `paID` int(10) unsigned NOT NULL DEFAULT '0',
  `wfID` int(10) unsigned NOT NULL DEFAULT '0',
  PRIMARY KEY (`paID`,`wfID`),
  KEY `wfID` (`wfID`)
) ENGINE=InnoDB DEFAULT CHARSET=utf8mb4 COLLATE=utf8mb4_unicode_ci;

--
-- Dumping data for table `PermissionAccessWorkflows`
--


--
-- Table structure for table `PermissionAssignments`
--

CREATE TABLE `PermissionAssignments` (
  `paID` int(10) unsigned NOT NULL DEFAULT '0',
  `pkID` int(10) unsigned NOT NULL DEFAULT '0',
  PRIMARY KEY (`paID`,`pkID`),
  KEY `pkID` (`pkID`)
) ENGINE=InnoDB DEFAULT CHARSET=utf8mb4 COLLATE=utf8mb4_unicode_ci;

--
-- Dumping data for table `PermissionAssignments`
--

INSERT INTO `PermissionAssignments` VALUES (209,19),(210,20),(3,75),(4,76),(5,77),(6,79),(7,80),(8,81),(119,82),(9,83),(10,84),(11,85),(12,86),(13,87),(14,88),(15,89),(16,90),(17,113),(18,115),(19,116),(20,117),(21,118),(22,119),(23,120),(24,121),(25,122),(26,123),(27,124),(28,125),(29,126),(30,127),(31,128),(38,129),(39,130);

--
-- Table structure for table `PermissionDurationObjects`
--

CREATE TABLE `PermissionDurationObjects` (
  `pdID` int(10) unsigned NOT NULL AUTO_INCREMENT,
  `pdObject` text COLLATE utf8mb4_unicode_ci NOT NULL,
  PRIMARY KEY (`pdID`)
) ENGINE=InnoDB DEFAULT CHARSET=utf8mb4 COLLATE=utf8mb4_unicode_ci;

--
-- Dumping data for table `PermissionDurationObjects`
--


--
-- Table structure for table `PermissionKeyCategories`
--

CREATE TABLE `PermissionKeyCategories` (
  `pkCategoryID` int(10) unsigned NOT NULL AUTO_INCREMENT,
  `pkCategoryHandle` varchar(255) COLLATE utf8mb4_unicode_ci NOT NULL,
  `pkgID` int(10) unsigned DEFAULT NULL,
  PRIMARY KEY (`pkCategoryID`),
  UNIQUE KEY `pkCategoryHandle` (`pkCategoryHandle`),
  KEY `pkgID` (`pkgID`)
) ENGINE=InnoDB AUTO_INCREMENT=27 DEFAULT CHARSET=utf8mb4 COLLATE=utf8mb4_unicode_ci;

--
-- Dumping data for table `PermissionKeyCategories`
--

INSERT INTO `PermissionKeyCategories` VALUES (1,'page',NULL),(2,'single_page',NULL),(3,'stack',NULL),(4,'user',NULL),(5,'file_folder',NULL),(6,'file',NULL),(7,'area',NULL),(8,'block_type',NULL),(9,'block',NULL),(10,'admin',NULL),(11,'notification',NULL),(12,'sitemap',NULL),(13,'marketplace_newsflow',NULL),(14,'basic_workflow',NULL),(15,'page_type',NULL),(16,'gathering',NULL),(17,'group_tree_node',NULL),(18,'express_tree_node',NULL),(19,'category_tree_node',NULL),(20,'topic_tree_node',NULL),(21,'conversation',NULL),(22,'conversation_message',NULL),(23,'multilingual_section',NULL),(24,'calendar_admin',NULL),(25,'calendar',NULL),(26,'express_entry',NULL);

--
-- Table structure for table `PermissionKeys`
--

CREATE TABLE `PermissionKeys` (
  `pkID` int(10) unsigned NOT NULL AUTO_INCREMENT,
  `pkHandle` varchar(255) COLLATE utf8mb4_unicode_ci NOT NULL,
  `pkName` varchar(255) COLLATE utf8mb4_unicode_ci NOT NULL,
  `pkCanTriggerWorkflow` tinyint(1) NOT NULL DEFAULT '0',
  `pkHasCustomClass` tinyint(1) NOT NULL DEFAULT '0',
  `pkDescription` varchar(255) COLLATE utf8mb4_unicode_ci DEFAULT NULL,
  `pkCategoryID` int(10) unsigned DEFAULT NULL,
  `pkgID` int(10) unsigned DEFAULT NULL,
  PRIMARY KEY (`pkID`),
  UNIQUE KEY `akHandle` (`pkHandle`),
  KEY `pkCategoryID` (`pkCategoryID`),
  KEY `pkgID` (`pkgID`)
) ENGINE=InnoDB AUTO_INCREMENT=131 DEFAULT CHARSET=utf8mb4 COLLATE=utf8mb4_unicode_ci;

--
-- Dumping data for table `PermissionKeys`
--

INSERT INTO `PermissionKeys` VALUES (1,'view_page','View',0,0,'Can see a page exists and read its content.',1,0),(2,'view_page_versions','View Versions',0,0,'Can view the page versions dialog and read past versions of a page.',1,0),(3,'view_page_in_sitemap','View Page in Sitemap',0,0,'Controls whether a user can see a page in the sitemap or intelligent search.',1,0),(4,'preview_page_as_user','Preview Page As User',0,0,'Ability to see what this page will look like at a specific time in the future as a specific user.',1,0),(5,'edit_page_properties','Edit Properties',0,1,'Ability to change anything in the Page Properties menu.',1,0),(6,'edit_page_contents','Edit Contents',0,0,'Ability to make edits to at least some of the content in the page. You can lock down different block areas and specific blocks by clicking Permissions on them as well. ',1,0),(7,'edit_page_speed_settings','Edit Speed Settings',0,0,'Ability to change caching settings.',1,0),(8,'edit_page_theme','Change Theme',0,1,'Ability to change just the theme for this page.',1,0),(9,'edit_page_template','Change Page Template',0,0,'Ability to change just the page template for this page.',1,0),(10,'edit_page_page_type','Edit Page Type',0,0,'Change the type of an existing page.',1,0),(11,'edit_page_permissions','Edit Permissions',1,0,'Ability to change permissions for this page. Warning: by granting this a user could give themselves more access.',1,0),(12,'delete_page','Delete',1,0,'Ability to move this page to the site\'s Trash.',1,0),(13,'delete_page_versions','Delete Versions',1,0,'Ability to remove old versions of this page.',1,0),(14,'approve_page_versions','Approve Changes',1,0,'Can publish an unapproved version of the page.',1,0),(15,'add_subpage','Add Sub-Page',0,1,'Can add a page beneath the current page.',1,0),(16,'move_or_copy_page','Move or Copy Page',1,0,'Can move or copy this page to another location.',1,0),(17,'schedule_page_contents_guest_access','Schedule Guest Access',0,0,'Can control scheduled guest access to this page.',1,0),(18,'edit_page_multilingual_settings','Edit Multilingual Settings',0,0,'Controls whether a user can see the multilingual settings menu, re-map a page or set a page as ignored in multilingual settings.',1,0),(19,'add_block','Add Block',0,1,'Can add a block to any area on the site. If someone is added here they can add blocks to any area (unless that area has permissions that override these global permissions.)',8,0),(20,'add_stack','Add Stack',0,0,'Can add a stack or block from a stack to any area on the site. If someone is added here they can add stacks to any area (unless that area has permissions that override these global permissions.)',8,0),(21,'view_area','View Area',0,0,'Can view the area and its contents.',7,0),(22,'edit_area_contents','Edit Area Contents',0,0,'Can edit blocks within this area.',7,0),(23,'add_block_to_area','Add Block to Area',0,1,'Can add blocks to this area. This setting overrides the global Add Block permission for this area.',7,0),(24,'add_stack_to_area','Add Stack to Area',0,0,'Can add stacks to this area. This setting overrides the global Add Stack permission for this area.',7,0),(25,'add_layout_to_area','Add Layouts to Area',0,0,'Controls whether users get the ability to add layouts to a particular area.',7,0),(26,'edit_area_design','Edit Area Design',0,0,'Controls whether users see design controls and can modify an area\'s custom CSS.',7,0),(27,'edit_area_permissions','Edit Area Permissions',0,0,'Controls whether users can access the permissions on an area. Custom area permissions could override those of the page.',7,0),(28,'delete_area_contents','Delete Area Contents',0,0,'Controls whether users can delete blocks from this area.',7,0),(29,'schedule_area_contents_guest_access','Schedule Guest Access',0,0,'Controls whether users can schedule guest access permissions on blocks in this area. Guest Access is a shortcut for granting permissions just to the Guest Group.',7,0),(30,'view_block','View Block',0,0,'Controls whether users can view this block in the page.',9,0),(31,'edit_block','Edit Block',0,0,'Controls whether users can edit this block. This overrides any area or page permissions.',9,0),(32,'edit_block_custom_template','Change Block Template',0,0,'Controls whether users can change the block template on this block. This overrides any area or page permissions.',9,0),(33,'edit_block_cache_settings','Edit Cache Settings',0,0,'Controls whether users can change the block cache settings for this block instance.',9,0),(34,'edit_block_name','Edit Name',0,0,'Controls whether users can change the block\'s name (rarely used.)',9,0),(35,'delete_block','Delete Block',0,0,'Controls whether users can delete this block. This overrides any area or page permissions.',9,0),(36,'edit_block_design','Edit Design',0,0,'Controls whether users can set custom design properties or CSS on this block.',9,0),(37,'edit_block_permissions','Edit Permissions',0,0,'Controls whether users can change permissions on this block, potentially granting themselves or others greater access.',9,0),(38,'schedule_guest_access','Schedule Guest Access',0,0,'Controls whether users can schedule guest access permissions on this block. Guest Access is a shortcut for granting permissions just to the Guest Group.',9,0),(39,'view_file_folder_file','View Files',0,0,'View files within folder in the site.',5,0),(40,'search_file_folder','Search File Folder',0,0,'See this file folder in the file manager',5,0),(41,'edit_file_folder','Edit File Folder',0,0,'Edit a file folder.',5,0),(42,'edit_file_folder_file_properties','Edit File Properties',0,0,'Can edit a file\'s properties.',5,0),(43,'edit_file_folder_file_contents','Edit File Contents',0,0,'Can edit or replace files in folder.',5,0),(44,'copy_file_folder_files','Copy File',0,0,'Can copy files in file folder.',5,0),(45,'edit_file_folder_permissions','Edit File Access',0,0,'Can edit access to file folder.',5,0),(46,'delete_file_folder','Delete File Set',0,0,'Can delete file folder.',5,0),(47,'delete_file_folder_files','Delete File',0,0,'Can delete files in folder.',5,0),(48,'add_file','Add File',0,1,'Can add files to folder.',5,0),(49,'view_file','View Files',0,0,'Can view and download files.',6,0),(50,'view_file_in_file_manager','View File in File Manager',0,0,'Can access the File Manager.',6,0),(51,'edit_file_properties','Edit File Properties',0,0,'Can edit a file\'s properties.',6,0),(52,'edit_file_contents','Edit File Contents',0,0,'Can edit or replace files.',6,0),(53,'copy_file','Copy File',0,0,'Can copy file.',6,0),(54,'edit_file_permissions','Edit File Access',0,0,'Can edit access to file.',6,0),(55,'delete_file','Delete File',0,0,'Can delete file.',6,0),(56,'approve_basic_workflow_action','Approve or Deny',0,0,'Grant ability to approve workflow.',14,0),(57,'notify_on_basic_workflow_entry','Notify on Entry',0,0,'Notify approvers that a change has entered the workflow.',14,0),(58,'notify_on_basic_workflow_approve','Notify on Approve',0,0,'Notify approvers that a change has been approved.',14,0),(59,'notify_on_basic_workflow_deny','Notify on Deny',0,0,'Notify approvers that a change has been denied.',14,0),(60,'add_page_type','Add Pages of This Type',0,0,'',15,0),(61,'edit_page_type','Edit Page Type',0,0,'',15,0),(62,'delete_page_type','Delete Page Type',0,0,'',15,0),(63,'edit_page_type_permissions','Edit Page Type Permissions',0,0,'',15,0),(64,'edit_page_type_drafts','Edit Page Type Drafts',0,0,'',15,0),(65,'view_topic_tree_node','View Topic Tree Node',0,0,'',20,0),(66,'view_category_tree_node','View Category Tree Node',0,0,'',19,0),(67,'add_conversation_message','Add Message to Conversation',0,1,'',21,0),(68,'add_conversation_message_attachments','Add Message Attachments',0,0,'',21,0),(69,'edit_conversation_permissions','Edit Conversation Permissions',0,0,'',21,0),(70,'delete_conversation_message','Delete Message',0,0,'',21,0),(71,'edit_conversation_message','Edit Message',0,0,'',21,0),(72,'rate_conversation_message','Rate Message',0,0,'',21,0),(73,'flag_conversation_message','Flag Message',0,0,'',21,0),(74,'approve_conversation_message','Approve Message',0,0,'',21,0),(75,'edit_user_properties','Edit User Details',0,1,NULL,4,0),(76,'view_user_attributes','View User Attributes',0,1,NULL,4,0),(77,'activate_user','Activate/Deactivate User',1,0,NULL,4,0),(78,'sudo','Sign in as User',0,0,NULL,4,0),(79,'upgrade','Upgrade concrete5',0,0,NULL,10,0),(80,'access_group_search','Access Group Search',0,0,NULL,4,0),(81,'delete_user','Delete User',1,0,NULL,4,0),(82,'notify_in_notification_center','Notify in Notification Center',0,1,'Controls who receives updates in the notification center.',11,0),(83,'add_calendar','Add Calendar',0,0,'',24,0),(84,'view_calendars','View Calendars',0,0,'',24,0),(85,'edit_calendars','Edit Calendars',0,0,'',24,0),(86,'edit_calendars_permissions','Edit Permissions',0,0,'',24,0),(87,'add_calendar_events','Add Calendar Events',0,0,'',24,0),(88,'approve_calendar_events','Approve Calendar Events',1,0,'',24,0),(89,'delete_calendars','Delete Calendars',0,0,'',24,0),(90,'access_calendar_rss_feeds','Access RSS Feeds',0,0,'',24,0),(91,'view_calendar','View Calendar',0,0,'',25,0),(92,'view_calendar_in_edit_interface','View in Edit Interface',0,0,'',25,0),(93,'edit_calendar_permissions','Edit Permissions',0,0,'',25,0),(94,'edit_calendar','Edit Calendar',0,0,'',25,0),(95,'add_calendar_event','Add Calendar Event',0,0,'',25,0),(96,'approve_calendar_event','Approve Calendar Event',1,0,'',25,0),(97,'edit_calendar_event_more_details_location','Modify More Details Location',0,0,'',25,0),(98,'edit_calendar_events','Edit Calendar Events',0,0,'',25,0),(99,'access_calendar_rss_feed','Access RSS Feed',0,0,'',25,0),(100,'delete_calendar','Delete Calendar',0,0,'',25,0),(101,'view_express_entries','View Entries',0,0,NULL,18,0),(102,'add_express_entries','Add Entry',0,0,NULL,18,0),(103,'edit_express_entries','Edit Entry',0,0,NULL,18,0),(104,'delete_express_entries','Delete Entry',0,0,NULL,18,0),(105,'view_express_entry','View Entries',0,0,NULL,26,0),(106,'edit_express_entry','Edit Entry',0,0,NULL,26,0),(107,'delete_express_entry','Delete Entry',0,0,NULL,26,0),(108,'search_users_in_group','Search User Group',0,0,NULL,17,0),(109,'edit_group','Edit Group',0,0,NULL,17,0),(110,'assign_group','Assign Group',0,0,NULL,17,0),(111,'add_sub_group','Add Child Group',0,0,NULL,17,0),(112,'edit_group_permissions','Edit Group Permissions',0,0,NULL,17,0),(113,'access_page_type_permissions','Access Page Type Permissions',0,0,NULL,10,0),(114,'access_task_permissions','Access Task Permissions',0,0,NULL,10,0),(115,'access_sitemap','Access Sitemap',0,0,NULL,12,0),(116,'access_page_defaults','Access Page Type Defaults',0,0,NULL,10,0),(117,'customize_themes','Customize Themes',0,0,NULL,10,0),(118,'manage_layout_presets','Manage Layout Presets',0,0,NULL,10,0),(119,'empty_trash','Empty Trash',0,0,NULL,10,0),(120,'add_topic_tree','Add Topic Tree',0,0,NULL,10,0),(121,'remove_topic_tree','Remove Topic Tree',0,0,NULL,10,0),(122,'view_in_maintenance_mode','View Site in Maintenance Mode',0,0,'Ability to see and use the website when concrete5 is in maintenance mode.',10,0),(123,'uninstall_packages','Uninstall Packages',0,0,NULL,13,0),(124,'install_packages','Install Packages',0,0,NULL,13,0),(125,'view_newsflow','View Newsflow',0,0,NULL,13,0),(126,'access_user_search_export','Export Site Users',0,0,'Controls whether a user can export site users or not',4,0),(127,'access_user_search','Access User Search',0,0,'Controls whether a user can view the search user interface.',4,0),(128,'edit_topic_tree','Edit Topic Tree',0,0,NULL,10,0),(129,'edit_gatherings','Edit Gatherings',0,0,'Can edit the footprint and items in all gatherings.',10,0),(130,'edit_gathering_items','Edit Gathering Items',0,0,'',16,0);

--
-- Table structure for table `PileContents`
--

CREATE TABLE `PileContents` (
  `pcID` int(10) unsigned NOT NULL AUTO_INCREMENT,
  `pID` int(10) unsigned NOT NULL DEFAULT '0',
  `itemID` int(10) unsigned NOT NULL DEFAULT '0',
  `itemType` varchar(64) COLLATE utf8mb4_unicode_ci NOT NULL,
  `quantity` int(10) unsigned NOT NULL DEFAULT '1',
  `timestamp` timestamp NOT NULL DEFAULT CURRENT_TIMESTAMP,
  `displayOrder` int(10) unsigned NOT NULL DEFAULT '0',
  PRIMARY KEY (`pcID`),
  KEY `pID` (`pID`,`displayOrder`),
  KEY `itemID` (`itemID`),
  KEY `itemType` (`itemType`,`itemID`,`pID`)
) ENGINE=InnoDB AUTO_INCREMENT=57 DEFAULT CHARSET=utf8mb4 COLLATE=utf8mb4_unicode_ci;

--
-- Dumping data for table `PileContents`
--

INSERT INTO `PileContents` VALUES (13,1,857,'BLOCK',1,'2020-09-01 12:39:29',0),(25,1,553,'BLOCK',1,'2020-09-02 19:19:56',1),(26,1,433,'BLOCK',1,'2020-09-02 19:20:07',2),(27,1,430,'BLOCK',1,'2020-09-02 19:20:13',3),(28,1,428,'BLOCK',1,'2020-09-02 19:20:34',4),(29,1,431,'BLOCK',1,'2020-09-02 19:23:43',5),(30,1,1134,'BLOCK',1,'2020-09-04 12:14:03',6),(31,1,832,'BLOCK',1,'2020-09-04 12:28:08',7),(32,1,1204,'BLOCK',1,'2020-09-04 12:31:35',8),(33,1,531,'BLOCK',1,'2020-09-04 12:31:38',9),(34,1,1118,'BLOCK',1,'2020-09-04 12:41:01',10),(35,1,1241,'BLOCK',1,'2020-09-04 12:41:52',11),(36,1,1338,'BLOCK',1,'2021-08-29 15:21:16',12),(37,1,1298,'BLOCK',1,'2021-08-31 08:40:10',13),(38,1,1299,'BLOCK',1,'2021-08-31 08:44:37',14),(39,1,1299,'BLOCK',1,'2021-08-31 14:58:24',15),(40,1,1285,'BLOCK',1,'2021-09-01 08:13:16',16),(41,1,1528,'BLOCK',1,'2022-08-26 14:12:36',17),(42,1,1527,'BLOCK',1,'2022-08-26 14:17:44',18),(43,1,1490,'BLOCK',1,'2022-08-26 15:49:37',19),(44,1,1514,'BLOCK',1,'2022-08-26 15:49:40',20),(45,1,1471,'BLOCK',1,'2022-08-26 15:49:43',21),(46,1,1525,'BLOCK',1,'2022-08-26 15:49:47',22),(47,1,1490,'BLOCK',1,'2022-08-26 15:50:57',23),(48,1,1535,'BLOCK',1,'2022-08-26 16:02:36',24),(49,1,1517,'BLOCK',1,'2022-08-26 16:02:40',25),(50,1,1497,'BLOCK',1,'2022-08-26 16:02:42',26),(51,1,1516,'BLOCK',1,'2022-08-26 16:02:45',27),(52,1,1239,'BLOCK',1,'2022-08-26 16:07:26',28),(53,1,1521,'BLOCK',1,'2022-08-26 16:08:25',29),(54,1,1239,'BLOCK',1,'2022-08-29 06:41:40',30),(55,1,1667,'BLOCK',1,'2022-08-30 07:54:58',31),(56,1,1695,'BLOCK',1,'2022-12-15 17:14:12',32);

--
-- Table structure for table `Piles`
--

CREATE TABLE `Piles` (
  `pID` int(10) unsigned NOT NULL AUTO_INCREMENT,
  `uID` int(10) unsigned DEFAULT NULL,
  `isDefault` tinyint(1) NOT NULL DEFAULT '0',
  `timestamp` timestamp NOT NULL DEFAULT CURRENT_TIMESTAMP,
  `name` varchar(255) COLLATE utf8mb4_unicode_ci DEFAULT NULL,
  `state` varchar(64) COLLATE utf8mb4_unicode_ci NOT NULL,
  PRIMARY KEY (`pID`),
  KEY `uID` (`uID`,`name`)
) ENGINE=InnoDB AUTO_INCREMENT=2 DEFAULT CHARSET=utf8mb4 COLLATE=utf8mb4_unicode_ci;

--
-- Dumping data for table `Piles`
--

INSERT INTO `Piles` VALUES (1,1,1,'2020-08-21 22:01:19',NULL,'READY');

--
-- Table structure for table `PrivateMessageNotifications`
--

CREATE TABLE `PrivateMessageNotifications` (
  `msgID` int(10) unsigned NOT NULL,
  `nID` int(10) unsigned NOT NULL,
  PRIMARY KEY (`nID`)
) ENGINE=InnoDB DEFAULT CHARSET=utf8mb4 COLLATE=utf8mb4_unicode_ci;

--
-- Dumping data for table `PrivateMessageNotifications`
--


--
-- Table structure for table `QueueMessages`
--

CREATE TABLE `QueueMessages` (
  `message_id` int(10) unsigned NOT NULL AUTO_INCREMENT,
  `queue_id` int(10) unsigned NOT NULL,
  `handle` varchar(32) COLLATE utf8mb4_unicode_ci DEFAULT NULL,
  `body` longtext COLLATE utf8mb4_unicode_ci NOT NULL,
  `md5` varchar(32) COLLATE utf8mb4_unicode_ci NOT NULL,
  `timeout` decimal(14,0) DEFAULT NULL,
  `created` int(10) unsigned NOT NULL,
  PRIMARY KEY (`message_id`),
  UNIQUE KEY `message_handle` (`handle`),
  KEY `message_queueid` (`queue_id`)
) ENGINE=InnoDB DEFAULT CHARSET=utf8mb4 COLLATE=utf8mb4_unicode_ci;

--
-- Dumping data for table `QueueMessages`
--


--
-- Table structure for table `QueuePageDuplicationRelations`
--

CREATE TABLE `QueuePageDuplicationRelations` (
  `queue_name` varchar(255) COLLATE utf8mb4_unicode_ci NOT NULL,
  `cID` int(10) unsigned NOT NULL DEFAULT '0',
  `originalCID` int(10) unsigned NOT NULL DEFAULT '0',
  PRIMARY KEY (`cID`,`originalCID`),
  KEY `originalCID` (`originalCID`,`queue_name`)
) ENGINE=InnoDB DEFAULT CHARSET=utf8mb4 COLLATE=utf8mb4_unicode_ci;

--
-- Dumping data for table `QueuePageDuplicationRelations`
--


--
-- Table structure for table `Queues`
--

CREATE TABLE `Queues` (
  `queue_id` int(10) unsigned NOT NULL AUTO_INCREMENT,
  `queue_name` varchar(100) COLLATE utf8mb4_unicode_ci NOT NULL,
  `timeout` int(10) unsigned NOT NULL DEFAULT '30',
  PRIMARY KEY (`queue_id`),
  KEY `queue_name` (`queue_name`)
) ENGINE=InnoDB DEFAULT CHARSET=utf8mb4 COLLATE=utf8mb4_unicode_ci;

--
-- Dumping data for table `Queues`
--


--
-- Table structure for table `SavedExpressSearchQueries`
--

CREATE TABLE `SavedExpressSearchQueries` (
  `id` int(11) NOT NULL AUTO_INCREMENT,
  `presetName` varchar(255) COLLATE utf8mb4_unicode_ci NOT NULL,
  `query_fields` longtext COLLATE utf8mb4_unicode_ci NOT NULL COMMENT '(DC2Type:object)',
  `query_columns` longtext COLLATE utf8mb4_unicode_ci NOT NULL COMMENT '(DC2Type:object)',
  `query_itemsPerPage` smallint(6) NOT NULL,
  PRIMARY KEY (`id`)
) ENGINE=InnoDB DEFAULT CHARSET=utf8mb4 COLLATE=utf8mb4_unicode_ci;

--
-- Dumping data for table `SavedExpressSearchQueries`
--


--
-- Table structure for table `SavedFileSearchQueries`
--

CREATE TABLE `SavedFileSearchQueries` (
  `id` int(11) NOT NULL AUTO_INCREMENT,
  `presetName` varchar(255) COLLATE utf8mb4_unicode_ci NOT NULL,
  `query_fields` longtext COLLATE utf8mb4_unicode_ci NOT NULL COMMENT '(DC2Type:object)',
  `query_columns` longtext COLLATE utf8mb4_unicode_ci NOT NULL COMMENT '(DC2Type:object)',
  `query_itemsPerPage` smallint(6) NOT NULL,
  PRIMARY KEY (`id`)
) ENGINE=InnoDB DEFAULT CHARSET=utf8mb4 COLLATE=utf8mb4_unicode_ci;

--
-- Dumping data for table `SavedFileSearchQueries`
--


--
-- Table structure for table `SavedPageSearchQueries`
--

CREATE TABLE `SavedPageSearchQueries` (
  `id` int(11) NOT NULL AUTO_INCREMENT,
  `presetName` varchar(255) COLLATE utf8mb4_unicode_ci NOT NULL,
  `query_fields` longtext COLLATE utf8mb4_unicode_ci NOT NULL COMMENT '(DC2Type:object)',
  `query_columns` longtext COLLATE utf8mb4_unicode_ci NOT NULL COMMENT '(DC2Type:object)',
  `query_itemsPerPage` smallint(6) NOT NULL,
  PRIMARY KEY (`id`)
) ENGINE=InnoDB DEFAULT CHARSET=utf8mb4 COLLATE=utf8mb4_unicode_ci;

--
-- Dumping data for table `SavedPageSearchQueries`
--


--
-- Table structure for table `SavedUserSearchQueries`
--

CREATE TABLE `SavedUserSearchQueries` (
  `id` int(11) NOT NULL AUTO_INCREMENT,
  `presetName` varchar(255) COLLATE utf8mb4_unicode_ci NOT NULL,
  `query_fields` longtext COLLATE utf8mb4_unicode_ci NOT NULL COMMENT '(DC2Type:object)',
  `query_columns` longtext COLLATE utf8mb4_unicode_ci NOT NULL COMMENT '(DC2Type:object)',
  `query_itemsPerPage` smallint(6) NOT NULL,
  PRIMARY KEY (`id`)
) ENGINE=InnoDB DEFAULT CHARSET=utf8mb4 COLLATE=utf8mb4_unicode_ci;

--
-- Dumping data for table `SavedUserSearchQueries`
--


--
-- Table structure for table `Sessions`
--

CREATE TABLE `Sessions` (
  `sessionID` varchar(255) COLLATE utf8mb4_unicode_ci NOT NULL,
  `sessionValue` longtext COLLATE utf8mb4_unicode_ci,
  `sessionTime` int(10) unsigned NOT NULL,
  `sessionLifeTime` int(10) unsigned NOT NULL,
  PRIMARY KEY (`sessionID`)
) ENGINE=InnoDB DEFAULT CHARSET=utf8mb4 COLLATE=utf8mb4_unicode_ci;

--
-- Dumping data for table `Sessions`
--


--
-- Table structure for table `SiblingPageRelations`
--

CREATE TABLE `SiblingPageRelations` (
  `mpRelationID` int(10) unsigned NOT NULL,
  `cID` int(10) unsigned NOT NULL,
  PRIMARY KEY (`mpRelationID`,`cID`)
) ENGINE=InnoDB DEFAULT CHARSET=utf8mb4 COLLATE=utf8mb4_unicode_ci;

--
-- Dumping data for table `SiblingPageRelations`
--


--
-- Table structure for table `SiteAttributeKeys`
--

CREATE TABLE `SiteAttributeKeys` (
  `akID` int(10) unsigned NOT NULL,
  PRIMARY KEY (`akID`),
  CONSTRAINT `FK_63D1E182B6561A7E` FOREIGN KEY (`akID`) REFERENCES `AttributeKeys` (`akID`) ON DELETE CASCADE
) ENGINE=InnoDB DEFAULT CHARSET=utf8mb4 COLLATE=utf8mb4_unicode_ci;

--
-- Dumping data for table `SiteAttributeKeys`
--


--
-- Table structure for table `SiteAttributeValues`
--

CREATE TABLE `SiteAttributeValues` (
  `siteID` int(10) unsigned NOT NULL,
  `akID` int(10) unsigned NOT NULL,
  `avID` int(10) unsigned DEFAULT NULL,
  PRIMARY KEY (`siteID`,`akID`),
  KEY `IDX_67658AF7521D8435` (`siteID`),
  KEY `IDX_67658AF7B6561A7E` (`akID`),
  KEY `IDX_67658AF7A2A82A5D` (`avID`),
  CONSTRAINT `FK_67658AF7521D8435` FOREIGN KEY (`siteID`) REFERENCES `Sites` (`siteID`),
  CONSTRAINT `FK_67658AF7A2A82A5D` FOREIGN KEY (`avID`) REFERENCES `AttributeValues` (`avID`),
  CONSTRAINT `FK_67658AF7B6561A7E` FOREIGN KEY (`akID`) REFERENCES `AttributeKeys` (`akID`)
) ENGINE=InnoDB DEFAULT CHARSET=utf8mb4 COLLATE=utf8mb4_unicode_ci;

--
-- Dumping data for table `SiteAttributeValues`
--


--
-- Table structure for table `SiteDomains`
--

CREATE TABLE `SiteDomains` (
  `domainID` int(10) unsigned NOT NULL AUTO_INCREMENT,
  `domain` varchar(255) COLLATE utf8mb4_unicode_ci NOT NULL,
  `siteID` int(10) unsigned DEFAULT NULL,
  PRIMARY KEY (`domainID`),
  KEY `IDX_4CC7400A521D8435` (`siteID`)
) ENGINE=InnoDB DEFAULT CHARSET=utf8mb4 COLLATE=utf8mb4_unicode_ci;

--
-- Dumping data for table `SiteDomains`
--


--
-- Table structure for table `SiteGroupRelations`
--

CREATE TABLE `SiteGroupRelations` (
  `groupRelationID` int(10) unsigned NOT NULL AUTO_INCREMENT,
  `gID` int(10) unsigned NOT NULL,
  `siteGID` int(10) unsigned DEFAULT NULL,
  `siteID` int(10) unsigned DEFAULT NULL,
  PRIMARY KEY (`groupRelationID`),
  KEY `IDX_DCBCDCA94A62E0E4` (`siteGID`),
  KEY `IDX_DCBCDCA9521D8435` (`siteID`)
) ENGINE=InnoDB DEFAULT CHARSET=utf8mb4 COLLATE=utf8mb4_unicode_ci;

--
-- Dumping data for table `SiteGroupRelations`
--


--
-- Table structure for table `SiteGroups`
--

CREATE TABLE `SiteGroups` (
  `siteGID` int(10) unsigned NOT NULL AUTO_INCREMENT,
  `groupName` varchar(255) COLLATE utf8mb4_unicode_ci NOT NULL,
  `siteTypeID` int(10) unsigned DEFAULT NULL,
  PRIMARY KEY (`siteGID`),
  KEY `IDX_F6FE030FE9548DF7` (`siteTypeID`)
) ENGINE=InnoDB DEFAULT CHARSET=utf8mb4 COLLATE=utf8mb4_unicode_ci;

--
-- Dumping data for table `SiteGroups`
--


--
-- Table structure for table `SiteLocales`
--

CREATE TABLE `SiteLocales` (
  `siteLocaleID` int(10) unsigned NOT NULL AUTO_INCREMENT,
  `msIsDefault` tinyint(1) NOT NULL,
  `msLanguage` varchar(32) COLLATE utf8mb4_unicode_ci NOT NULL,
  `msCountry` varchar(32) COLLATE utf8mb4_unicode_ci NOT NULL,
  `msNumPlurals` int(11) NOT NULL,
  `msPluralRule` varchar(400) COLLATE utf8mb4_unicode_ci NOT NULL,
  `msPluralCases` varchar(1000) COLLATE utf8mb4_unicode_ci NOT NULL,
  `siteID` int(10) unsigned DEFAULT NULL,
  `siteTreeID` int(10) unsigned DEFAULT NULL,
  PRIMARY KEY (`siteLocaleID`),
  UNIQUE KEY `UNIQ_2527AB2CF9431B4B` (`siteTreeID`),
  KEY `IDX_2527AB2C521D8435` (`siteID`),
  CONSTRAINT `FK_2527AB2C521D8435` FOREIGN KEY (`siteID`) REFERENCES `Sites` (`siteID`),
  CONSTRAINT `FK_2527AB2CF9431B4B` FOREIGN KEY (`siteTreeID`) REFERENCES `SiteTreeTrees` (`siteTreeID`)
) ENGINE=InnoDB AUTO_INCREMENT=4 DEFAULT CHARSET=utf8mb4 COLLATE=utf8mb4_unicode_ci;

--
-- Dumping data for table `SiteLocales`
--

INSERT INTO `SiteLocales` VALUES (1,1,'ru','RU',3,'(n % 10 == 1 && n % 100 != 11) ? 0 : ((n % 10 >= 2 && n % 10 <= 4 && (n % 100 < 12 || n % 100 > 14)) ? 1 : 2)','one@1, 21, 31, 41, 51, 61, 71, 81, 101, 1001, …\nfew@2~4, 22~24, 32~34, 42~44, 52~54, 62, 102, 1002, …\nother@0, 5~19, 100, 1000, 10000, 100000, 1000000, …',1,1),(3,0,'tt','TT',2,'(n != 1)','one@1\nother@0, 2~16, 100, 1000, 10000, 100000, 1000000, …',1,3);

--
-- Table structure for table `SiteSearchIndexAttributes`
--

CREATE TABLE `SiteSearchIndexAttributes` (
  `siteID` int(10) unsigned NOT NULL,
  PRIMARY KEY (`siteID`)
) ENGINE=InnoDB DEFAULT CHARSET=utf8mb4 COLLATE=utf8mb4_unicode_ci;

--
-- Dumping data for table `SiteSearchIndexAttributes`
--


--
-- Table structure for table `SiteSkeletonLocales`
--

CREATE TABLE `SiteSkeletonLocales` (
  `skeletonLocaleID` int(10) unsigned NOT NULL AUTO_INCREMENT,
  `msLanguage` varchar(32) COLLATE utf8mb4_unicode_ci NOT NULL,
  `msCountry` varchar(32) COLLATE utf8mb4_unicode_ci NOT NULL,
  `msNumPlurals` int(11) NOT NULL,
  `msPluralRule` varchar(400) COLLATE utf8mb4_unicode_ci NOT NULL,
  `msPluralCases` varchar(1000) COLLATE utf8mb4_unicode_ci NOT NULL,
  `siteSkeletonID` int(10) unsigned DEFAULT NULL,
  `siteTreeID` int(10) unsigned DEFAULT NULL,
  PRIMARY KEY (`skeletonLocaleID`),
  UNIQUE KEY `UNIQ_212DD202F9431B4B` (`siteTreeID`),
  KEY `IDX_212DD202B579BD3E` (`siteSkeletonID`)
) ENGINE=InnoDB DEFAULT CHARSET=utf8mb4 COLLATE=utf8mb4_unicode_ci;

--
-- Dumping data for table `SiteSkeletonLocales`
--


--
-- Table structure for table `SiteSkeletonTrees`
--

CREATE TABLE `SiteSkeletonTrees` (
  `skeletonLocaleID` int(10) unsigned DEFAULT NULL,
  `siteTypeID` int(10) unsigned DEFAULT NULL,
  `siteTreeID` int(10) unsigned NOT NULL,
  PRIMARY KEY (`siteTreeID`),
  UNIQUE KEY `UNIQ_550F784B16B7EAF2` (`skeletonLocaleID`),
  UNIQUE KEY `UNIQ_550F784BE9548DF7` (`siteTypeID`)
) ENGINE=InnoDB DEFAULT CHARSET=utf8mb4 COLLATE=utf8mb4_unicode_ci;

--
-- Dumping data for table `SiteSkeletonTrees`
--


--
-- Table structure for table `SiteSkeletons`
--

CREATE TABLE `SiteSkeletons` (
  `siteSkeletonID` int(10) unsigned NOT NULL AUTO_INCREMENT,
  `siteTypeID` int(10) unsigned DEFAULT NULL,
  PRIMARY KEY (`siteSkeletonID`),
  UNIQUE KEY `UNIQ_D36AED98E9548DF7` (`siteTypeID`)
) ENGINE=InnoDB DEFAULT CHARSET=utf8mb4 COLLATE=utf8mb4_unicode_ci;

--
-- Dumping data for table `SiteSkeletons`
--


--
-- Table structure for table `SiteTreeTrees`
--

CREATE TABLE `SiteTreeTrees` (
  `siteLocaleID` int(10) unsigned DEFAULT NULL,
  `siteTreeID` int(10) unsigned NOT NULL,
  PRIMARY KEY (`siteTreeID`),
  UNIQUE KEY `UNIQ_A4B9696EACD624CD` (`siteLocaleID`)
) ENGINE=InnoDB DEFAULT CHARSET=utf8mb4 COLLATE=utf8mb4_unicode_ci;

--
-- Dumping data for table `SiteTreeTrees`
--

INSERT INTO `SiteTreeTrees` VALUES (1,1),(3,3);

--
-- Table structure for table `SiteTrees`
--

CREATE TABLE `SiteTrees` (
  `siteTreeID` int(10) unsigned NOT NULL AUTO_INCREMENT,
  `siteHomePageID` int(10) unsigned NOT NULL,
  `treeType` varchar(255) COLLATE utf8mb4_unicode_ci NOT NULL,
  PRIMARY KEY (`siteTreeID`)
) ENGINE=InnoDB AUTO_INCREMENT=4 DEFAULT CHARSET=utf8mb4 COLLATE=utf8mb4_unicode_ci;

--
-- Dumping data for table `SiteTrees`
--

INSERT INTO `SiteTrees` VALUES (1,1,'sitetree'),(3,299,'sitetree');

--
-- Table structure for table `SiteTypeAttributeKeys`
--

CREATE TABLE `SiteTypeAttributeKeys` (
  `akID` int(10) unsigned NOT NULL,
  PRIMARY KEY (`akID`),
  CONSTRAINT `FK_26C73776B6561A7E` FOREIGN KEY (`akID`) REFERENCES `AttributeKeys` (`akID`) ON DELETE CASCADE
) ENGINE=InnoDB DEFAULT CHARSET=utf8mb4 COLLATE=utf8mb4_unicode_ci;

--
-- Dumping data for table `SiteTypeAttributeKeys`
--


--
-- Table structure for table `SiteTypeAttributeValues`
--

CREATE TABLE `SiteTypeAttributeValues` (
  `siteSkeletonID` int(10) unsigned DEFAULT NULL,
  `akID` int(10) unsigned NOT NULL,
  `avID` int(10) unsigned DEFAULT NULL,
  PRIMARY KEY (`akID`),
  KEY `IDX_78059CB9B579BD3E` (`siteSkeletonID`),
  KEY `IDX_78059CB9A2A82A5D` (`avID`),
  CONSTRAINT `FK_78059CB9A2A82A5D` FOREIGN KEY (`avID`) REFERENCES `AttributeValues` (`avID`),
  CONSTRAINT `FK_78059CB9B579BD3E` FOREIGN KEY (`siteSkeletonID`) REFERENCES `SiteSkeletons` (`siteSkeletonID`),
  CONSTRAINT `FK_78059CB9B6561A7E` FOREIGN KEY (`akID`) REFERENCES `AttributeKeys` (`akID`)
) ENGINE=InnoDB DEFAULT CHARSET=utf8mb4 COLLATE=utf8mb4_unicode_ci;

--
-- Dumping data for table `SiteTypeAttributeValues`
--


--
-- Table structure for table `SiteTypes`
--

CREATE TABLE `SiteTypes` (
  `siteTypeID` int(10) unsigned NOT NULL AUTO_INCREMENT,
  `siteTypeHandle` varchar(255) COLLATE utf8mb4_unicode_ci NOT NULL,
  `siteTypeName` varchar(255) COLLATE utf8mb4_unicode_ci NOT NULL,
  `siteTypeThemeID` int(11) NOT NULL,
  `siteTypeHomePageTemplateID` int(11) NOT NULL,
  `pkgID` int(10) unsigned DEFAULT NULL,
  PRIMARY KEY (`siteTypeID`),
  UNIQUE KEY `UNIQ_7CBFE97576D39A3C` (`siteTypeHandle`),
  UNIQUE KEY `UNIQ_7CBFE975C7F74FC3` (`siteTypeName`),
  KEY `IDX_7CBFE975CE45CBB0` (`pkgID`),
  CONSTRAINT `FK_7CBFE975CE45CBB0` FOREIGN KEY (`pkgID`) REFERENCES `Packages` (`pkgID`)
) ENGINE=InnoDB AUTO_INCREMENT=2 DEFAULT CHARSET=utf8mb4 COLLATE=utf8mb4_unicode_ci;

--
-- Dumping data for table `SiteTypes`
--

INSERT INTO `SiteTypes` VALUES (1,'default','Default Site Type',0,0,NULL);

--
-- Table structure for table `Sites`
--

CREATE TABLE `Sites` (
  `siteID` int(10) unsigned NOT NULL AUTO_INCREMENT,
  `pThemeID` int(10) unsigned NOT NULL,
  `siteIsDefault` tinyint(1) NOT NULL,
  `siteHandle` varchar(255) COLLATE utf8mb4_unicode_ci NOT NULL,
  `siteTypeID` int(10) unsigned DEFAULT NULL,
  PRIMARY KEY (`siteID`),
  UNIQUE KEY `UNIQ_7DC18567D84E1976` (`siteHandle`),
  KEY `IDX_7DC18567E9548DF7` (`siteTypeID`),
  CONSTRAINT `FK_7DC18567E9548DF7` FOREIGN KEY (`siteTypeID`) REFERENCES `SiteTypes` (`siteTypeID`)
) ENGINE=InnoDB AUTO_INCREMENT=2 DEFAULT CHARSET=utf8mb4 COLLATE=utf8mb4_unicode_ci;

--
-- Dumping data for table `Sites`
--

INSERT INTO `Sites` VALUES (1,1,1,'default',1);

--
-- Table structure for table `SocialLinks`
--

CREATE TABLE `SocialLinks` (
  `ssHandle` varchar(255) COLLATE utf8mb4_unicode_ci NOT NULL,
  `url` varchar(255) COLLATE utf8mb4_unicode_ci NOT NULL,
  `slID` int(11) NOT NULL AUTO_INCREMENT,
  `siteID` int(10) unsigned DEFAULT NULL,
  PRIMARY KEY (`slID`),
  KEY `IDX_84EBA2B4521D8435` (`siteID`),
  CONSTRAINT `FK_84EBA2B4521D8435` FOREIGN KEY (`siteID`) REFERENCES `Sites` (`siteID`)
) ENGINE=InnoDB AUTO_INCREMENT=4 DEFAULT CHARSET=utf8mb4 COLLATE=utf8mb4_unicode_ci;

--
-- Dumping data for table `SocialLinks`
--

INSERT INTO `SocialLinks` VALUES ('facebook','http://facebook.com/concrete5',1,1),('github','http://github.com/concrete5',2,1),('twitter','http://twitter.com/concrete5',3,1);

--
-- Table structure for table `SpeedAnalyzerReportEventQueries`
--

CREATE TABLE `SpeedAnalyzerReportEventQueries` (
  `id` char(36) COLLATE utf8mb4_unicode_ci NOT NULL COMMENT '(DC2Type:guid)',
  `query` longtext COLLATE utf8mb4_unicode_ci NOT NULL,
  `executionTime` double NOT NULL,
  `eventId` char(36) COLLATE utf8mb4_unicode_ci DEFAULT NULL COMMENT '(DC2Type:guid)',
  PRIMARY KEY (`id`),
  KEY `IDX_73B61AF32B2EBB6C` (`eventId`),
  CONSTRAINT `FK_73B61AF32B2EBB6C` FOREIGN KEY (`eventId`) REFERENCES `SpeedAnalyzerReportEvents` (`id`)
) ENGINE=InnoDB DEFAULT CHARSET=utf8mb4 COLLATE=utf8mb4_unicode_ci;

--
-- Dumping data for table `SpeedAnalyzerReportEventQueries`
--


--
-- Table structure for table `SpeedAnalyzerReportEvents`
--

CREATE TABLE `SpeedAnalyzerReportEvents` (
  `id` char(36) COLLATE utf8mb4_unicode_ci NOT NULL COMMENT '(DC2Type:guid)',
  `event` varchar(255) COLLATE utf8mb4_unicode_ci NOT NULL,
  `recordedTime` double NOT NULL,
  `data` longtext COLLATE utf8mb4_unicode_ci NOT NULL COMMENT '(DC2Type:json_array)',
  `reportId` char(36) COLLATE utf8mb4_unicode_ci DEFAULT NULL COMMENT '(DC2Type:guid)',
  PRIMARY KEY (`id`),
  KEY `IDX_1B88CBECBB333E0D` (`reportId`),
  CONSTRAINT `FK_1B88CBECBB333E0D` FOREIGN KEY (`reportId`) REFERENCES `SpeedAnalyzerReports` (`id`)
) ENGINE=InnoDB DEFAULT CHARSET=utf8mb4 COLLATE=utf8mb4_unicode_ci;

--
-- Dumping data for table `SpeedAnalyzerReportEvents`
--


--
-- Table structure for table `SpeedAnalyzerReports`
--

CREATE TABLE `SpeedAnalyzerReports` (
  `id` char(36) COLLATE utf8mb4_unicode_ci NOT NULL COMMENT '(DC2Type:guid)',
  `pageId` int(10) unsigned NOT NULL,
  `userId` int(10) unsigned DEFAULT NULL,
  `pageName` varchar(255) COLLATE utf8mb4_unicode_ci NOT NULL,
  `createdAt` datetime NOT NULL,
  `totalExecutionTime` double NOT NULL,
  `requestUri` varchar(512) COLLATE utf8mb4_unicode_ci NOT NULL,
  `requestMethod` varchar(10) COLLATE utf8mb4_unicode_ci NOT NULL,
  `requestIsAjax` tinyint(1) NOT NULL DEFAULT '0',
  `requestData` longtext COLLATE utf8mb4_unicode_ci NOT NULL COMMENT '(DC2Type:json_array)',
  PRIMARY KEY (`id`)
) ENGINE=InnoDB DEFAULT CHARSET=utf8mb4 COLLATE=utf8mb4_unicode_ci;

--
-- Dumping data for table `SpeedAnalyzerReports`
--


--
-- Table structure for table `StackUsageRecord`
--

CREATE TABLE `StackUsageRecord` (
  `stack_id` int(11) NOT NULL,
  `block_id` int(11) NOT NULL,
  `collection_id` int(11) NOT NULL,
  `collection_version_id` int(11) NOT NULL,
  PRIMARY KEY (`stack_id`,`block_id`,`collection_id`,`collection_version_id`),
  KEY `block` (`block_id`),
  KEY `collection_version` (`collection_id`,`collection_version_id`)
) ENGINE=InnoDB DEFAULT CHARSET=utf8mb4 COLLATE=utf8mb4_unicode_ci;

--
-- Dumping data for table `StackUsageRecord`
--

INSERT INTO `StackUsageRecord` VALUES (329,1227,1,103),(329,1228,1,104),(333,1232,302,21),(336,1239,305,20),(339,1240,305,20),(342,1245,1,105);

--
-- Table structure for table `Stacks`
--

CREATE TABLE `Stacks` (
  `stID` int(10) unsigned NOT NULL AUTO_INCREMENT,
  `stName` varchar(255) COLLATE utf8mb4_unicode_ci NOT NULL,
  `stType` int(10) unsigned NOT NULL DEFAULT '0',
  `cID` int(10) unsigned NOT NULL DEFAULT '0',
  `stMultilingualSection` int(10) unsigned NOT NULL DEFAULT '0',
  PRIMARY KEY (`stID`),
  KEY `stType` (`stType`),
  KEY `stName` (`stName`),
  KEY `cID` (`cID`)
) ENGINE=InnoDB AUTO_INCREMENT=27 DEFAULT CHARSET=utf8mb4 COLLATE=utf8mb4_unicode_ci;

--
-- Dumping data for table `Stacks`
--

INSERT INTO `Stacks` VALUES (1,'Footer Contact',20,184,0),(2,'Footer Legal',20,185,0),(3,'Footer Navigation',20,186,0),(4,'Footer Site Title',20,187,0),(5,'Footer Social',20,188,0),(6,'Header Navigation',20,189,0),(7,'Header Search',20,190,0),(8,'Header Site Title',20,191,0),(9,'Header Site menu',20,296,0),(10,'Header Site lang',20,297,0),(11,'Logo',0,329,0),(12,'LogoRus',0,330,1),(13,'LogoRus',0,331,299),(14,'Header logo',20,332,0),(15,'Footer-cop',0,333,0),(16,'Footer-cop',0,334,1),(17,'Footer-cop',0,335,299),(18,'Footer-menu1',0,336,0),(19,'Footer-menu',0,337,1),(20,'Footer-menu1',0,338,299),(21,'Footer-menu2',0,339,0),(22,'Footer-menu2',0,340,1),(23,'Footer-menu2',0,341,299),(24,'Язык',0,342,0),(25,'Язык',0,343,1),(26,'Язык',0,344,299);

--
-- Table structure for table `StyleCustomizerCustomCssRecords`
--

CREATE TABLE `StyleCustomizerCustomCssRecords` (
  `value` longtext COLLATE utf8mb4_unicode_ci NOT NULL,
  `sccRecordID` int(11) NOT NULL AUTO_INCREMENT,
  PRIMARY KEY (`sccRecordID`)
) ENGINE=InnoDB DEFAULT CHARSET=utf8mb4 COLLATE=utf8mb4_unicode_ci;

--
-- Dumping data for table `StyleCustomizerCustomCssRecords`
--


--
-- Table structure for table `StyleCustomizerInlineStylePresets`
--

CREATE TABLE `StyleCustomizerInlineStylePresets` (
  `pssPresetID` int(10) unsigned NOT NULL AUTO_INCREMENT,
  `pssPresetName` varchar(255) COLLATE utf8mb4_unicode_ci NOT NULL,
  `issID` int(10) unsigned NOT NULL DEFAULT '0',
  PRIMARY KEY (`pssPresetID`),
  KEY `issID` (`issID`)
) ENGINE=InnoDB DEFAULT CHARSET=utf8mb4 COLLATE=utf8mb4_unicode_ci;

--
-- Dumping data for table `StyleCustomizerInlineStylePresets`
--


--
-- Table structure for table `StyleCustomizerInlineStyleSets`
--

CREATE TABLE `StyleCustomizerInlineStyleSets` (
  `issID` int(11) NOT NULL AUTO_INCREMENT,
  `customClass` varchar(255) COLLATE utf8mb4_unicode_ci DEFAULT NULL,
  `customID` varchar(255) COLLATE utf8mb4_unicode_ci DEFAULT NULL,
  `customElementAttribute` varchar(255) COLLATE utf8mb4_unicode_ci DEFAULT NULL,
  `backgroundColor` varchar(255) COLLATE utf8mb4_unicode_ci DEFAULT NULL,
  `backgroundImageFileID` int(11) NOT NULL,
  `backgroundRepeat` varchar(255) COLLATE utf8mb4_unicode_ci DEFAULT NULL,
  `backgroundSize` varchar(255) COLLATE utf8mb4_unicode_ci DEFAULT NULL,
  `backgroundPosition` varchar(255) COLLATE utf8mb4_unicode_ci DEFAULT NULL,
  `borderColor` varchar(255) COLLATE utf8mb4_unicode_ci DEFAULT NULL,
  `borderStyle` varchar(255) COLLATE utf8mb4_unicode_ci DEFAULT NULL,
  `borderWidth` varchar(255) COLLATE utf8mb4_unicode_ci DEFAULT NULL,
  `borderRadius` varchar(255) COLLATE utf8mb4_unicode_ci DEFAULT NULL,
  `baseFontSize` varchar(255) COLLATE utf8mb4_unicode_ci DEFAULT NULL,
  `alignment` varchar(255) COLLATE utf8mb4_unicode_ci DEFAULT NULL,
  `textColor` varchar(255) COLLATE utf8mb4_unicode_ci DEFAULT NULL,
  `linkColor` varchar(255) COLLATE utf8mb4_unicode_ci DEFAULT NULL,
  `marginTop` varchar(255) COLLATE utf8mb4_unicode_ci DEFAULT NULL,
  `marginBottom` varchar(255) COLLATE utf8mb4_unicode_ci DEFAULT NULL,
  `marginLeft` varchar(255) COLLATE utf8mb4_unicode_ci DEFAULT NULL,
  `marginRight` varchar(255) COLLATE utf8mb4_unicode_ci DEFAULT NULL,
  `paddingTop` varchar(255) COLLATE utf8mb4_unicode_ci DEFAULT NULL,
  `paddingBottom` varchar(255) COLLATE utf8mb4_unicode_ci DEFAULT NULL,
  `paddingLeft` varchar(255) COLLATE utf8mb4_unicode_ci DEFAULT NULL,
  `paddingRight` varchar(255) COLLATE utf8mb4_unicode_ci DEFAULT NULL,
  `rotate` varchar(255) COLLATE utf8mb4_unicode_ci DEFAULT NULL,
  `boxShadowHorizontal` varchar(255) COLLATE utf8mb4_unicode_ci DEFAULT NULL,
  `boxShadowVertical` varchar(255) COLLATE utf8mb4_unicode_ci DEFAULT NULL,
  `boxShadowBlur` varchar(255) COLLATE utf8mb4_unicode_ci DEFAULT NULL,
  `boxShadowSpread` varchar(255) COLLATE utf8mb4_unicode_ci DEFAULT NULL,
  `boxShadowColor` varchar(255) COLLATE utf8mb4_unicode_ci DEFAULT NULL,
  `hideOnExtraSmallDevice` tinyint(1) DEFAULT NULL,
  `hideOnSmallDevice` tinyint(1) DEFAULT NULL,
  `hideOnMediumDevice` tinyint(1) DEFAULT NULL,
  `hideOnLargeDevice` tinyint(1) DEFAULT NULL,
  PRIMARY KEY (`issID`)
) ENGINE=InnoDB AUTO_INCREMENT=274 DEFAULT CHARSET=utf8mb4 COLLATE=utf8mb4_unicode_ci;

--
-- Dumping data for table `StyleCustomizerInlineStyleSets`
--

INSERT INTO `StyleCustomizerInlineStyleSets` VALUES (1,'concrete5-org-stories','','','',0,'','','','','','','','','','','','','','','','','','','','','','','','','',0,0,0,0),(2,'block-sidebar-wrapped','','','',0,'','','','','','','','','','','','','','','','','','','','','','','','','',0,0,0,0),(3,'block-sidebar-wrapped','','','',0,'','','','','','','','','','','','','','','','','','','','','','','','','',0,0,0,0),(4,'block-sidebar-wrapped','','','',0,'','','','','','','','','','','','','','','','','','','','','','','','','',0,0,0,0),(5,'blog-entry-list','','','',0,'','','','','','','','','','','','','','','','','','','','','','','','','',0,0,0,0),(6,'block-sidebar-wrapped','','','',0,'','','','','','','','','','','','','','','','','','','','','','','','','',0,0,0,0),(7,'block-sidebar-padded','','','',0,'','','','','','','','','','','','','','','','','','','','','','','','','',0,0,0,0),(8,'','','','',0,'no-repeat','','','','none','','','','','','','','','','','','','','','','','','','','',0,0,0,0),(9,'feature-home-page','','','',0,'','','','','','','','','','','','','','','','','','','','','','','','','',0,0,0,0),(10,'feature-home-page','','','',0,'','','','','','','','','','','','','','','','','','','','','','','','','',0,0,0,0),(11,'feature-home-page','','','',0,'','','','','','','','','','','','','','','','','','','','','','','','','',0,0,0,0),(12,'','','','',0,'','','','','','','','','','','','','80px','','','','','','','','','','','','',0,0,0,0),(13,'recent-blog-entry','','','',0,'','','','','','','','','','','','','','','','','','','','','','','','','',0,0,0,0),(14,'recent-blog-entry','','','',0,'','','','','','','','','','','','','','','','','','','','','','','','','',0,0,0,0),(15,'area-content-accent','','','',0,'','','','','','','','','','','','','','','','','','','','','','','','','',0,0,0,0),(16,'area-content-accent','','','',0,'','','','','','','','','','','','','','','','','','','','','','','','','',0,0,0,0),(17,'testimonial-bio','','','',0,'','','','','','','','','','','','','','','','','','','','','','','','','',0,0,0,0),(18,'testimonial-bio','','','',0,'','','','','','','','','','','','','','','','','','','','','','','','','',0,0,0,0),(19,'testimonial-bio','','','',0,'','','','','','','','','','','','','','','','','','','','','','','','','',0,0,0,0),(20,'testimonial-bio','','','',0,'','','','','','','','','','','','','','','','','','','','','','','','','',0,0,0,0),(21,'testimonial-bio','','','',0,'','','','','','','','','','','','','','','','','','','','','','','','','',0,0,0,0),(22,'testimonial-bio','','','',0,'','','','','','','','','','','','','','','','','','','','','','','','','',0,0,0,0),(23,'testimonial-bio','','','',0,'','','','','','','','','','','','','','','','','','','','','','','','','',0,0,0,0),(24,'testimonial-bio','','','',0,'','','','','','','','','','','','','','','','','','','','','','','','','',0,0,0,0),(25,'image-right-tilt','','','',0,'','','','','','','','','','','','','','','','','','','','','','','','','',0,0,0,0),(26,'image-circle','','','',0,'','','','','','','','','','','','','','','','','','','','','','','','','',0,0,0,0),(27,'image-right-tilt','','','',0,'','','','','','','','','','','','','','','','','','','','','','','','','',0,0,0,0),(28,'page-list-with-buttons','','','',0,'','','','','','','','','','','','','','','','','','','','','','','','','',0,0,0,0),(29,NULL,NULL,NULL,NULL,0,'no-repeat','auto','0% 0%',NULL,NULL,NULL,NULL,NULL,NULL,NULL,NULL,NULL,'30px',NULL,NULL,NULL,NULL,NULL,NULL,NULL,NULL,NULL,NULL,NULL,NULL,0,0,0,0),(30,NULL,NULL,NULL,NULL,0,'no-repeat','auto','0% 0%',NULL,NULL,NULL,NULL,NULL,NULL,NULL,NULL,NULL,'30px',NULL,NULL,NULL,NULL,NULL,NULL,NULL,NULL,NULL,NULL,NULL,NULL,0,0,0,0),(31,NULL,NULL,NULL,NULL,0,'no-repeat','auto','0% 0%',NULL,NULL,NULL,NULL,NULL,NULL,NULL,NULL,NULL,'30px',NULL,NULL,NULL,NULL,NULL,NULL,NULL,NULL,NULL,NULL,NULL,NULL,0,0,0,0),(32,NULL,NULL,NULL,NULL,0,'no-repeat','auto','0% 0%',NULL,NULL,NULL,NULL,NULL,NULL,NULL,NULL,NULL,'30px',NULL,NULL,NULL,NULL,NULL,NULL,NULL,NULL,NULL,NULL,NULL,NULL,0,0,0,0),(33,NULL,NULL,NULL,NULL,0,'no-repeat','auto','0% 0%',NULL,NULL,NULL,NULL,NULL,NULL,NULL,NULL,'30px',NULL,NULL,NULL,NULL,NULL,NULL,NULL,NULL,NULL,NULL,NULL,NULL,NULL,0,0,0,0),(34,NULL,NULL,NULL,'rgb(125, 168, 255)',0,'no-repeat','auto','left top',NULL,NULL,NULL,NULL,NULL,NULL,NULL,NULL,NULL,NULL,NULL,NULL,NULL,NULL,NULL,NULL,NULL,NULL,NULL,NULL,NULL,NULL,0,0,0,0),(35,NULL,NULL,NULL,NULL,0,'no-repeat','auto','0% 0%',NULL,NULL,NULL,NULL,NULL,'center',NULL,NULL,NULL,NULL,NULL,NULL,NULL,NULL,NULL,NULL,NULL,NULL,NULL,NULL,NULL,NULL,0,0,0,0),(36,NULL,NULL,NULL,NULL,0,'no-repeat','auto','0% 0%',NULL,NULL,NULL,NULL,NULL,NULL,NULL,NULL,NULL,NULL,NULL,NULL,NULL,NULL,NULL,NULL,NULL,'1px','10px','15px','0px','rgba(0, 0, 0, 0.44)',0,0,0,0),(37,'ccenter',NULL,NULL,NULL,0,'no-repeat','auto','0% 0%',NULL,NULL,NULL,NULL,NULL,NULL,NULL,NULL,NULL,NULL,NULL,NULL,NULL,NULL,NULL,NULL,NULL,NULL,NULL,NULL,NULL,NULL,0,0,0,0),(38,'ccenter',NULL,NULL,NULL,0,'no-repeat','auto','0% 0%',NULL,NULL,NULL,NULL,NULL,NULL,NULL,NULL,NULL,NULL,NULL,NULL,NULL,NULL,NULL,NULL,NULL,NULL,NULL,NULL,NULL,NULL,0,0,0,0),(39,'ccenter',NULL,NULL,NULL,0,'no-repeat','auto','0% 0%',NULL,NULL,NULL,NULL,NULL,NULL,NULL,NULL,NULL,NULL,NULL,NULL,NULL,NULL,NULL,NULL,NULL,NULL,NULL,NULL,NULL,NULL,0,0,0,0),(40,'block-on-main',NULL,NULL,NULL,0,'no-repeat','auto','0% 0%',NULL,NULL,NULL,NULL,NULL,NULL,NULL,NULL,NULL,NULL,NULL,NULL,NULL,NULL,NULL,NULL,NULL,NULL,NULL,NULL,NULL,NULL,0,0,0,0),(41,'block-on-main',NULL,NULL,NULL,0,'no-repeat','auto','0% 0%',NULL,NULL,NULL,NULL,NULL,NULL,NULL,NULL,NULL,NULL,NULL,NULL,NULL,NULL,NULL,NULL,NULL,NULL,NULL,NULL,NULL,NULL,0,0,0,0),(42,'block-on-main',NULL,NULL,'rgb(229, 255, 206)',0,'no-repeat','auto','left top',NULL,NULL,NULL,NULL,NULL,NULL,NULL,NULL,NULL,NULL,NULL,NULL,NULL,NULL,NULL,NULL,NULL,NULL,NULL,NULL,NULL,NULL,0,0,0,0),(43,'block-on-main',NULL,NULL,NULL,0,'no-repeat','auto','0% 0%',NULL,NULL,NULL,NULL,NULL,NULL,NULL,NULL,NULL,NULL,NULL,NULL,NULL,NULL,NULL,NULL,NULL,NULL,NULL,NULL,NULL,NULL,0,0,0,0),(44,NULL,NULL,NULL,'rgb(229, 255, 206)',0,'no-repeat','auto','left top',NULL,NULL,NULL,NULL,NULL,NULL,NULL,NULL,NULL,NULL,NULL,NULL,NULL,NULL,NULL,NULL,NULL,NULL,NULL,NULL,NULL,NULL,0,0,0,0),(45,'block-on-main',NULL,NULL,NULL,69,'no-repeat','auto','left top',NULL,NULL,NULL,NULL,NULL,NULL,NULL,NULL,NULL,NULL,NULL,NULL,NULL,NULL,NULL,NULL,NULL,NULL,NULL,NULL,NULL,NULL,0,0,0,0),(46,NULL,NULL,NULL,NULL,69,'no-repeat','auto','left top',NULL,NULL,NULL,NULL,NULL,NULL,NULL,NULL,NULL,NULL,NULL,NULL,NULL,NULL,NULL,NULL,NULL,NULL,NULL,NULL,NULL,NULL,0,0,0,0),(47,NULL,NULL,NULL,NULL,69,'no-repeat','auto','center top',NULL,NULL,NULL,NULL,NULL,NULL,NULL,NULL,NULL,NULL,NULL,NULL,NULL,NULL,NULL,NULL,NULL,NULL,NULL,NULL,NULL,NULL,0,0,0,0),(48,NULL,NULL,NULL,NULL,69,'no-repeat','auto','center top',NULL,NULL,NULL,NULL,NULL,NULL,NULL,NULL,NULL,NULL,NULL,NULL,NULL,NULL,NULL,NULL,NULL,NULL,NULL,NULL,NULL,NULL,0,0,0,0),(49,'block-on-main',NULL,NULL,NULL,69,'no-repeat','auto','left top',NULL,NULL,NULL,NULL,NULL,NULL,NULL,NULL,NULL,NULL,NULL,NULL,NULL,NULL,NULL,NULL,NULL,NULL,NULL,NULL,NULL,NULL,0,0,0,0),(50,NULL,NULL,NULL,NULL,69,'no-repeat','auto','center top',NULL,NULL,NULL,NULL,NULL,NULL,NULL,NULL,NULL,NULL,NULL,NULL,NULL,NULL,NULL,NULL,NULL,NULL,NULL,NULL,NULL,NULL,0,0,0,0),(51,'block-on-main',NULL,'height:800px;',NULL,69,'no-repeat','auto','left top',NULL,NULL,NULL,NULL,NULL,NULL,NULL,NULL,NULL,NULL,NULL,NULL,NULL,NULL,NULL,NULL,NULL,NULL,NULL,NULL,NULL,NULL,0,0,0,0),(52,'block-on-main',NULL,'height:800px;',NULL,69,'no-repeat','auto','left top',NULL,NULL,NULL,NULL,NULL,NULL,NULL,NULL,NULL,NULL,NULL,NULL,NULL,NULL,NULL,NULL,NULL,NULL,NULL,NULL,NULL,NULL,0,0,0,0),(53,'block-on-main',NULL,'style: height:800px;',NULL,69,'no-repeat','auto','left top',NULL,NULL,NULL,NULL,NULL,NULL,NULL,NULL,NULL,NULL,NULL,NULL,NULL,NULL,NULL,NULL,NULL,NULL,NULL,NULL,NULL,NULL,0,0,0,0),(54,'block-on-main',NULL,'style=\"height:800px;\"',NULL,69,'no-repeat','auto','left top',NULL,NULL,NULL,NULL,NULL,NULL,NULL,NULL,NULL,NULL,NULL,NULL,NULL,NULL,NULL,NULL,NULL,NULL,NULL,NULL,NULL,NULL,0,0,0,0),(55,'block-on-main',NULL,'style=\"height:800px;\"',NULL,69,'no-repeat','auto','center top',NULL,NULL,NULL,NULL,NULL,NULL,NULL,NULL,NULL,NULL,NULL,NULL,NULL,NULL,NULL,NULL,NULL,NULL,NULL,NULL,NULL,NULL,0,0,0,0),(56,NULL,NULL,NULL,'rgb(204, 204, 204)',0,'no-repeat','auto','center top',NULL,NULL,NULL,NULL,NULL,NULL,NULL,NULL,NULL,NULL,NULL,NULL,NULL,NULL,NULL,NULL,NULL,NULL,NULL,NULL,NULL,NULL,0,0,0,0),(57,'block-on-main',NULL,'style=\"height:700px;\"',NULL,69,'no-repeat','auto','center bottom',NULL,NULL,NULL,NULL,NULL,NULL,NULL,NULL,NULL,NULL,NULL,NULL,NULL,NULL,NULL,NULL,NULL,NULL,NULL,NULL,NULL,NULL,0,0,0,0),(58,'block-on-main',NULL,'style=\"height:700px;\"',NULL,69,'no-repeat','auto','center center',NULL,NULL,NULL,NULL,NULL,NULL,NULL,NULL,NULL,NULL,NULL,NULL,NULL,NULL,NULL,NULL,NULL,NULL,NULL,NULL,NULL,NULL,0,0,0,0),(59,'block-on-main',NULL,'style=\"height:700px;\"',NULL,69,'no-repeat','auto','center center',NULL,NULL,NULL,NULL,NULL,NULL,NULL,NULL,NULL,NULL,NULL,NULL,NULL,NULL,NULL,NULL,NULL,NULL,NULL,NULL,NULL,NULL,0,0,0,0),(60,NULL,NULL,NULL,'rgb(241, 241, 231)',0,'no-repeat','auto','center top',NULL,NULL,NULL,NULL,NULL,NULL,NULL,NULL,NULL,NULL,NULL,NULL,NULL,NULL,NULL,NULL,NULL,NULL,NULL,NULL,NULL,NULL,0,0,0,0),(61,'block-on-main',NULL,'style=\"height:700px; padding-top:100px;\"',NULL,69,'no-repeat','auto','center center',NULL,NULL,NULL,NULL,NULL,NULL,NULL,NULL,NULL,NULL,NULL,NULL,NULL,NULL,NULL,NULL,NULL,NULL,NULL,NULL,NULL,NULL,0,0,0,0),(62,'block-on-main',NULL,'style=\"height:700px;\"',NULL,69,'no-repeat','auto','center center',NULL,NULL,NULL,NULL,NULL,NULL,NULL,NULL,NULL,NULL,NULL,NULL,NULL,NULL,NULL,NULL,NULL,NULL,NULL,NULL,NULL,NULL,0,0,0,0),(63,NULL,NULL,NULL,'rgb(241, 241, 231)',0,'no-repeat','auto','center top',NULL,NULL,NULL,NULL,NULL,NULL,NULL,NULL,NULL,NULL,NULL,NULL,NULL,NULL,NULL,NULL,NULL,NULL,NULL,NULL,NULL,NULL,0,0,0,0),(64,'block-on-main',NULL,'style=\"height:700px;\"',NULL,0,'no-repeat','auto','0% 0%',NULL,NULL,NULL,NULL,NULL,NULL,NULL,NULL,NULL,NULL,NULL,NULL,NULL,NULL,NULL,NULL,NULL,NULL,NULL,NULL,NULL,NULL,0,0,0,0),(65,NULL,NULL,NULL,'rgb(241, 241, 231)',69,'no-repeat','auto','center center',NULL,NULL,NULL,NULL,NULL,NULL,NULL,NULL,NULL,NULL,NULL,NULL,NULL,NULL,NULL,NULL,NULL,NULL,NULL,NULL,NULL,NULL,0,0,0,0),(66,NULL,NULL,NULL,'rgb(241, 241, 231)',69,'no-repeat','auto','center center',NULL,NULL,NULL,NULL,NULL,NULL,NULL,NULL,NULL,NULL,NULL,NULL,NULL,NULL,NULL,NULL,NULL,NULL,NULL,NULL,NULL,NULL,0,0,0,0),(67,NULL,NULL,NULL,'rgb(241, 241, 231)',70,'no-repeat','auto','center center',NULL,NULL,NULL,NULL,NULL,NULL,NULL,NULL,NULL,NULL,NULL,NULL,NULL,NULL,NULL,NULL,NULL,NULL,NULL,NULL,NULL,NULL,0,0,0,0),(68,NULL,NULL,NULL,'rgb(241, 241, 231)',71,'no-repeat','auto','center center',NULL,NULL,NULL,NULL,NULL,NULL,NULL,NULL,NULL,NULL,NULL,NULL,NULL,NULL,NULL,NULL,NULL,NULL,NULL,NULL,NULL,NULL,0,0,0,0),(69,'block-on-main',NULL,NULL,NULL,0,'no-repeat','auto','0% 0%',NULL,NULL,NULL,NULL,NULL,NULL,NULL,NULL,NULL,NULL,NULL,NULL,NULL,NULL,NULL,NULL,NULL,NULL,NULL,NULL,NULL,NULL,0,0,0,0),(70,NULL,NULL,NULL,NULL,0,'no-repeat','auto','0% 0%',NULL,NULL,NULL,NULL,NULL,'center',NULL,NULL,NULL,NULL,NULL,NULL,NULL,NULL,NULL,NULL,NULL,NULL,NULL,NULL,NULL,NULL,0,0,0,0),(71,NULL,NULL,NULL,NULL,0,'no-repeat','auto','0% 0%',NULL,NULL,NULL,NULL,NULL,'center',NULL,NULL,'-50px',NULL,NULL,NULL,NULL,NULL,NULL,NULL,NULL,NULL,NULL,NULL,NULL,NULL,0,0,0,0),(72,NULL,NULL,NULL,NULL,0,'no-repeat','auto','0% 0%',NULL,NULL,NULL,NULL,NULL,'center',NULL,NULL,NULL,NULL,NULL,NULL,'-50px',NULL,NULL,NULL,NULL,NULL,NULL,NULL,NULL,NULL,0,0,0,0),(73,NULL,NULL,'style=\"margin-top:-100px\"',NULL,0,'no-repeat','auto','0% 0%',NULL,NULL,NULL,NULL,NULL,NULL,NULL,NULL,NULL,NULL,NULL,NULL,NULL,NULL,NULL,NULL,NULL,NULL,NULL,NULL,NULL,NULL,0,0,0,0),(74,NULL,NULL,'style=\"margin: auto; margin-top:-50px;\"',NULL,0,'no-repeat','auto','0% 0%',NULL,NULL,NULL,NULL,NULL,NULL,NULL,NULL,NULL,NULL,NULL,NULL,NULL,NULL,NULL,NULL,NULL,NULL,NULL,NULL,NULL,NULL,0,0,0,0),(75,NULL,NULL,'style=\"margin: auto; margin-top:-50px;\"',NULL,0,'no-repeat','auto','0% 0%',NULL,NULL,NULL,NULL,NULL,NULL,NULL,NULL,NULL,NULL,NULL,NULL,NULL,NULL,NULL,NULL,NULL,NULL,NULL,NULL,NULL,NULL,0,0,0,0),(76,NULL,NULL,'style=\"margin-top:-100px\"',NULL,0,'no-repeat','auto','0% 0%',NULL,NULL,NULL,NULL,NULL,'center',NULL,NULL,NULL,NULL,NULL,NULL,NULL,NULL,NULL,NULL,NULL,NULL,NULL,NULL,NULL,NULL,0,0,0,0),(77,NULL,NULL,'style=\"margin: 50px auto;\"',NULL,0,'no-repeat','auto','0% 0%',NULL,NULL,NULL,NULL,NULL,'center',NULL,NULL,NULL,NULL,NULL,NULL,NULL,NULL,NULL,NULL,NULL,NULL,NULL,NULL,NULL,NULL,0,0,0,0),(78,'block-on-main',NULL,'style=\"height:600px;\"',NULL,0,'no-repeat','auto','0% 0%',NULL,NULL,NULL,NULL,NULL,NULL,NULL,NULL,NULL,NULL,NULL,NULL,NULL,NULL,NULL,NULL,NULL,NULL,NULL,NULL,NULL,NULL,0,0,0,0),(79,'block-on-top',NULL,NULL,NULL,0,'no-repeat','auto','0% 0%',NULL,NULL,NULL,NULL,NULL,NULL,NULL,NULL,NULL,NULL,NULL,NULL,NULL,NULL,NULL,NULL,NULL,NULL,NULL,NULL,NULL,NULL,0,0,0,0),(80,NULL,NULL,NULL,NULL,0,'no-repeat','auto','0% 0%',NULL,NULL,NULL,NULL,NULL,NULL,NULL,NULL,'50px','80px',NULL,NULL,NULL,NULL,NULL,NULL,NULL,NULL,NULL,NULL,NULL,NULL,0,0,0,0),(81,NULL,NULL,NULL,NULL,0,'no-repeat','auto','0% 0%',NULL,NULL,NULL,NULL,NULL,NULL,NULL,NULL,NULL,'80px',NULL,NULL,NULL,NULL,NULL,NULL,NULL,NULL,NULL,NULL,NULL,NULL,0,0,0,0),(82,'.block-on-main',NULL,NULL,NULL,0,'no-repeat','auto','0% 0%',NULL,NULL,NULL,NULL,NULL,NULL,NULL,NULL,NULL,NULL,NULL,NULL,NULL,NULL,NULL,NULL,NULL,NULL,NULL,NULL,NULL,NULL,0,0,0,0),(83,'block-on-main',NULL,NULL,NULL,0,'no-repeat','auto','0% 0%',NULL,NULL,NULL,NULL,NULL,NULL,NULL,NULL,NULL,NULL,NULL,NULL,NULL,NULL,NULL,NULL,NULL,NULL,NULL,NULL,NULL,NULL,0,0,0,0),(84,'block-on-main',NULL,NULL,NULL,0,'no-repeat','auto','0% 0%',NULL,NULL,NULL,NULL,NULL,NULL,NULL,NULL,NULL,'25px',NULL,NULL,NULL,NULL,NULL,NULL,NULL,NULL,NULL,NULL,NULL,NULL,0,0,0,0),(85,NULL,NULL,NULL,NULL,0,'no-repeat','auto','0% 0%',NULL,NULL,NULL,NULL,NULL,NULL,NULL,NULL,NULL,'25px',NULL,NULL,NULL,NULL,NULL,NULL,NULL,NULL,NULL,NULL,NULL,NULL,0,0,0,0),(86,NULL,NULL,'style=\"margin:50px auto;\"',NULL,0,'no-repeat','auto','0% 0%',NULL,NULL,NULL,NULL,NULL,NULL,NULL,NULL,NULL,NULL,NULL,NULL,NULL,NULL,NULL,NULL,NULL,NULL,NULL,NULL,NULL,NULL,0,0,0,0),(87,NULL,NULL,'style=\"margin:50px auto;\"',NULL,0,'no-repeat','auto','0% 0%',NULL,NULL,NULL,NULL,NULL,'center',NULL,NULL,NULL,NULL,NULL,NULL,NULL,NULL,NULL,NULL,NULL,NULL,NULL,NULL,NULL,NULL,0,0,0,0),(88,NULL,NULL,'style=\"margin: 25px auto;\"',NULL,0,'no-repeat','auto','0% 0%',NULL,NULL,NULL,NULL,NULL,'center',NULL,NULL,NULL,NULL,NULL,NULL,NULL,NULL,NULL,NULL,NULL,NULL,NULL,NULL,NULL,NULL,0,0,0,0),(89,'block-on-main',NULL,NULL,NULL,0,'no-repeat','auto','0% 0%',NULL,NULL,NULL,NULL,NULL,NULL,NULL,NULL,NULL,'50px',NULL,NULL,NULL,NULL,NULL,NULL,NULL,NULL,NULL,NULL,NULL,NULL,0,0,0,0),(90,'block-on-main',NULL,NULL,NULL,0,'no-repeat','auto','0% 0%',NULL,NULL,NULL,NULL,NULL,NULL,NULL,NULL,NULL,'25px',NULL,NULL,NULL,NULL,NULL,NULL,NULL,NULL,NULL,NULL,NULL,NULL,0,0,0,0),(91,'ccenter',NULL,NULL,NULL,75,'repeat','auto','left top',NULL,NULL,NULL,NULL,NULL,NULL,NULL,NULL,NULL,NULL,NULL,NULL,NULL,NULL,NULL,NULL,NULL,NULL,NULL,NULL,NULL,NULL,0,0,0,0),(92,'ccenter',NULL,NULL,NULL,0,'no-repeat','auto','0% 0%',NULL,NULL,NULL,NULL,NULL,NULL,NULL,NULL,NULL,NULL,NULL,NULL,NULL,NULL,NULL,NULL,NULL,NULL,NULL,NULL,NULL,NULL,0,0,0,0),(93,NULL,NULL,NULL,'rgb(125, 168, 255)',75,'repeat','auto','left top',NULL,NULL,NULL,NULL,NULL,NULL,NULL,NULL,NULL,NULL,NULL,NULL,NULL,NULL,NULL,NULL,NULL,NULL,NULL,NULL,NULL,NULL,0,0,0,0),(94,NULL,NULL,NULL,'rgb(125, 168, 255)',75,'repeat-x','auto','left top',NULL,NULL,NULL,NULL,NULL,NULL,NULL,NULL,NULL,NULL,NULL,NULL,NULL,NULL,NULL,NULL,NULL,NULL,NULL,NULL,NULL,NULL,0,0,0,0),(95,NULL,NULL,NULL,'rgb(125, 168, 255)',75,'repeat','auto','left top',NULL,NULL,NULL,NULL,NULL,NULL,NULL,NULL,NULL,NULL,NULL,NULL,NULL,NULL,NULL,NULL,NULL,NULL,NULL,NULL,NULL,NULL,0,0,0,0),(96,NULL,NULL,NULL,'rgb(125, 168, 255)',76,'repeat','auto','left top',NULL,NULL,NULL,NULL,NULL,NULL,NULL,NULL,NULL,NULL,NULL,NULL,NULL,NULL,NULL,NULL,NULL,NULL,NULL,NULL,NULL,NULL,0,0,0,0),(97,'ccenter',NULL,NULL,NULL,0,'no-repeat','auto','0% 0%',NULL,NULL,NULL,NULL,NULL,NULL,NULL,NULL,NULL,NULL,NULL,NULL,NULL,NULL,NULL,NULL,NULL,NULL,NULL,NULL,NULL,NULL,0,0,0,0),(98,'hr',NULL,NULL,NULL,0,'no-repeat','auto','0% 0%',NULL,NULL,NULL,NULL,NULL,NULL,NULL,NULL,NULL,NULL,NULL,NULL,NULL,NULL,NULL,NULL,NULL,NULL,NULL,NULL,NULL,NULL,0,0,0,0),(99,NULL,NULL,NULL,'rgb(162, 162, 162)',0,'no-repeat','auto','left top',NULL,NULL,NULL,NULL,NULL,NULL,NULL,NULL,NULL,NULL,NULL,NULL,NULL,NULL,NULL,NULL,NULL,NULL,NULL,NULL,NULL,NULL,0,0,0,0),(100,NULL,NULL,NULL,'rgb(179, 179, 179)',0,'no-repeat','auto','left top',NULL,NULL,NULL,NULL,NULL,NULL,NULL,NULL,NULL,NULL,NULL,NULL,NULL,NULL,NULL,NULL,NULL,NULL,NULL,NULL,NULL,NULL,0,0,0,0),(101,NULL,NULL,NULL,'rgb(209, 209, 209)',0,'no-repeat','auto','left top',NULL,NULL,NULL,NULL,NULL,NULL,NULL,NULL,NULL,NULL,NULL,NULL,NULL,NULL,NULL,NULL,NULL,NULL,NULL,NULL,NULL,NULL,0,0,0,0),(102,NULL,NULL,NULL,'rgb(220, 220, 220)',61,'no-repeat','auto','left top',NULL,NULL,NULL,NULL,NULL,NULL,NULL,NULL,NULL,NULL,NULL,NULL,NULL,NULL,NULL,NULL,NULL,NULL,NULL,NULL,NULL,NULL,0,0,0,0),(103,NULL,NULL,NULL,'rgb(220, 220, 220)',61,'no-repeat','auto','left top',NULL,NULL,NULL,NULL,NULL,NULL,NULL,NULL,NULL,NULL,NULL,NULL,NULL,'100px',NULL,NULL,NULL,NULL,NULL,NULL,NULL,NULL,0,0,0,0),(104,NULL,NULL,NULL,'rgb(220, 220, 220)',61,'no-repeat','auto','left top',NULL,NULL,NULL,NULL,NULL,NULL,NULL,NULL,NULL,NULL,NULL,NULL,NULL,'150px',NULL,NULL,NULL,NULL,NULL,NULL,NULL,NULL,0,0,0,0),(105,NULL,NULL,NULL,'rgb(220, 220, 220)',61,'no-repeat','auto','right top',NULL,NULL,NULL,NULL,NULL,NULL,NULL,NULL,NULL,NULL,NULL,NULL,NULL,'150px',NULL,NULL,NULL,NULL,NULL,NULL,NULL,NULL,0,0,0,0),(106,NULL,NULL,NULL,'rgb(220, 220, 220)',78,'no-repeat','auto','right top',NULL,NULL,NULL,NULL,NULL,NULL,NULL,NULL,NULL,NULL,NULL,NULL,NULL,'150px',NULL,NULL,NULL,NULL,NULL,NULL,NULL,NULL,0,0,0,0),(107,NULL,NULL,NULL,'rgb(220, 220, 220)',78,'no-repeat','75%','right top',NULL,NULL,NULL,NULL,NULL,NULL,NULL,NULL,NULL,NULL,NULL,NULL,NULL,'150px',NULL,NULL,NULL,NULL,NULL,NULL,NULL,NULL,0,0,0,0),(108,NULL,NULL,NULL,'rgb(220, 220, 220)',78,'no-repeat','75%','right top',NULL,NULL,NULL,NULL,NULL,NULL,NULL,NULL,NULL,NULL,NULL,NULL,NULL,'150px',NULL,NULL,NULL,NULL,NULL,NULL,NULL,NULL,0,0,0,0),(109,NULL,NULL,NULL,'rgb(220, 220, 220)',78,'no-repeat','auto','right top',NULL,NULL,NULL,NULL,NULL,NULL,NULL,NULL,NULL,NULL,NULL,NULL,NULL,'150px',NULL,NULL,NULL,NULL,NULL,NULL,NULL,NULL,0,0,0,0),(110,NULL,NULL,NULL,'rgb(220, 220, 220)',78,'no-repeat','auto','right top',NULL,NULL,NULL,NULL,NULL,NULL,NULL,NULL,'75px',NULL,'150px',NULL,NULL,'150px',NULL,NULL,NULL,NULL,NULL,NULL,NULL,NULL,0,0,0,0),(111,NULL,NULL,NULL,'rgb(220, 220, 220)',78,'no-repeat','auto','right top',NULL,NULL,NULL,NULL,NULL,NULL,NULL,NULL,NULL,NULL,NULL,NULL,NULL,'150px',NULL,NULL,NULL,NULL,NULL,NULL,NULL,NULL,0,0,0,0),(112,'mat-karaoke',NULL,NULL,NULL,78,'no-repeat','auto','right top',NULL,NULL,NULL,NULL,NULL,NULL,NULL,NULL,NULL,NULL,NULL,NULL,NULL,NULL,NULL,NULL,NULL,NULL,NULL,NULL,NULL,NULL,0,0,0,0),(113,'mat-karaoke',NULL,NULL,NULL,0,'no-repeat','auto','0% 0%',NULL,NULL,NULL,NULL,NULL,NULL,NULL,NULL,NULL,NULL,NULL,NULL,NULL,NULL,NULL,NULL,NULL,NULL,NULL,NULL,NULL,NULL,0,0,0,0),(114,'mat-karaoke',NULL,NULL,NULL,154,'no-repeat','auto','left top',NULL,NULL,NULL,NULL,NULL,NULL,NULL,NULL,NULL,NULL,NULL,NULL,NULL,NULL,NULL,NULL,NULL,NULL,NULL,NULL,NULL,NULL,0,0,0,0),(115,'mat-karaoke',NULL,NULL,NULL,154,'no-repeat','auto','left top',NULL,NULL,NULL,NULL,NULL,NULL,NULL,NULL,NULL,NULL,NULL,NULL,NULL,NULL,NULL,NULL,NULL,NULL,NULL,NULL,NULL,NULL,0,0,0,0),(116,'mat-karaoke',NULL,NULL,NULL,154,'no-repeat','auto','left top',NULL,NULL,NULL,NULL,NULL,NULL,NULL,NULL,NULL,NULL,NULL,NULL,NULL,NULL,NULL,NULL,NULL,NULL,NULL,NULL,NULL,NULL,0,0,0,0),(117,NULL,NULL,NULL,'rgb(228, 228, 228)',0,'no-repeat','auto','left top',NULL,NULL,NULL,NULL,NULL,NULL,NULL,NULL,NULL,NULL,NULL,NULL,NULL,NULL,NULL,NULL,NULL,NULL,NULL,NULL,NULL,NULL,0,0,0,0),(118,NULL,NULL,NULL,NULL,0,'no-repeat','auto','0% 0%',NULL,NULL,NULL,NULL,NULL,NULL,NULL,NULL,NULL,NULL,NULL,NULL,'200px',NULL,NULL,NULL,NULL,NULL,NULL,NULL,NULL,NULL,0,0,0,0),(119,NULL,NULL,NULL,NULL,0,'no-repeat','auto','0% 0%',NULL,NULL,NULL,NULL,NULL,NULL,NULL,NULL,'200px',NULL,NULL,NULL,NULL,NULL,NULL,NULL,NULL,NULL,NULL,NULL,NULL,NULL,0,0,0,0),(120,NULL,NULL,NULL,NULL,0,'no-repeat','auto','0% 0%',NULL,NULL,NULL,NULL,NULL,NULL,NULL,NULL,'200px',NULL,NULL,NULL,NULL,NULL,NULL,NULL,NULL,NULL,NULL,NULL,NULL,NULL,0,0,0,0),(121,NULL,NULL,NULL,NULL,0,'no-repeat','auto','0% 0%',NULL,NULL,NULL,NULL,NULL,NULL,NULL,NULL,'200px',NULL,NULL,NULL,NULL,NULL,NULL,NULL,NULL,NULL,NULL,NULL,NULL,NULL,0,0,0,0),(122,NULL,NULL,NULL,NULL,0,'no-repeat','auto','0% 0%',NULL,NULL,NULL,NULL,NULL,NULL,NULL,NULL,'200px',NULL,NULL,NULL,NULL,NULL,NULL,NULL,NULL,NULL,NULL,NULL,NULL,NULL,0,0,0,0),(123,NULL,NULL,NULL,NULL,0,'no-repeat','auto','0% 0%',NULL,NULL,NULL,NULL,NULL,NULL,NULL,NULL,NULL,NULL,NULL,NULL,NULL,NULL,NULL,NULL,'4',NULL,NULL,NULL,NULL,NULL,0,0,0,0),(124,'ccenter',NULL,NULL,NULL,0,'no-repeat','auto','0% 0%',NULL,NULL,NULL,NULL,NULL,'center',NULL,NULL,NULL,NULL,NULL,NULL,NULL,NULL,NULL,NULL,NULL,NULL,NULL,NULL,NULL,NULL,0,0,0,0),(125,'ccenter',NULL,NULL,'rgb(228, 228, 228)',0,'no-repeat','auto','left top',NULL,NULL,NULL,NULL,NULL,'center',NULL,NULL,NULL,NULL,NULL,NULL,NULL,NULL,NULL,NULL,NULL,NULL,NULL,NULL,NULL,NULL,0,0,0,0),(126,'ccenter',NULL,NULL,'rgb(228, 228, 228)',0,'no-repeat','auto','left top',NULL,NULL,NULL,NULL,NULL,'center',NULL,NULL,'25px','25px',NULL,NULL,NULL,NULL,NULL,NULL,NULL,NULL,NULL,NULL,NULL,NULL,0,0,0,0),(127,'ccenter',NULL,NULL,'rgb(228, 228, 228)',0,'no-repeat','auto','left top',NULL,NULL,NULL,NULL,NULL,'center',NULL,NULL,NULL,NULL,NULL,NULL,'25px','25px',NULL,NULL,NULL,NULL,NULL,NULL,NULL,NULL,0,0,0,0),(128,NULL,NULL,NULL,'rgb(232, 232, 232)',0,'no-repeat','auto','left top',NULL,NULL,NULL,NULL,NULL,NULL,NULL,NULL,NULL,NULL,NULL,NULL,NULL,NULL,NULL,NULL,NULL,NULL,NULL,NULL,NULL,NULL,0,0,0,0),(129,'ccenter',NULL,NULL,NULL,0,'no-repeat','auto','0% 0%',NULL,NULL,NULL,NULL,NULL,'center',NULL,NULL,NULL,NULL,NULL,NULL,NULL,NULL,NULL,NULL,NULL,NULL,NULL,NULL,NULL,NULL,0,0,0,0),(130,NULL,NULL,NULL,NULL,0,'no-repeat','auto','0% 0%',NULL,NULL,NULL,NULL,NULL,NULL,NULL,NULL,NULL,NULL,NULL,NULL,'25px',NULL,NULL,NULL,NULL,NULL,NULL,NULL,NULL,NULL,0,0,0,0),(131,NULL,NULL,NULL,NULL,0,'no-repeat','auto','0% 0%',NULL,NULL,NULL,NULL,NULL,NULL,NULL,NULL,NULL,NULL,NULL,NULL,'25px',NULL,NULL,NULL,NULL,NULL,NULL,NULL,NULL,NULL,0,0,0,0),(132,NULL,NULL,NULL,NULL,0,'no-repeat','auto','0% 0%',NULL,NULL,NULL,NULL,NULL,'center',NULL,NULL,NULL,NULL,NULL,NULL,NULL,NULL,NULL,NULL,NULL,NULL,NULL,NULL,NULL,NULL,0,0,0,0),(133,NULL,NULL,NULL,NULL,0,'no-repeat','auto','0% 0%',NULL,NULL,NULL,NULL,NULL,'center',NULL,NULL,NULL,NULL,NULL,NULL,'50px','100px',NULL,NULL,NULL,NULL,NULL,NULL,NULL,NULL,0,0,0,0),(134,NULL,NULL,NULL,NULL,0,'no-repeat','auto','0% 0%',NULL,NULL,NULL,NULL,NULL,'center',NULL,NULL,NULL,NULL,NULL,NULL,'50px','50px',NULL,NULL,NULL,NULL,NULL,NULL,NULL,NULL,0,0,0,0),(135,'ccenter',NULL,NULL,NULL,0,'no-repeat','auto','0% 0%',NULL,NULL,NULL,NULL,NULL,'center',NULL,NULL,NULL,NULL,NULL,NULL,NULL,NULL,NULL,NULL,NULL,NULL,NULL,NULL,NULL,NULL,0,0,0,0),(136,NULL,NULL,NULL,NULL,0,'no-repeat','auto','0% 0%','rgb(255, 255, 255)','solid','5px',NULL,NULL,'center',NULL,NULL,NULL,NULL,'100px','100px',NULL,NULL,NULL,NULL,NULL,NULL,NULL,NULL,NULL,NULL,0,0,0,0),(137,NULL,NULL,NULL,NULL,0,'no-repeat','auto','0% 0%','rgb(255, 255, 255)','solid','5px',NULL,NULL,'center',NULL,NULL,'50px','50px','200px','200px',NULL,NULL,NULL,NULL,NULL,NULL,NULL,NULL,NULL,NULL,0,0,0,0),(138,NULL,NULL,NULL,NULL,0,'no-repeat','auto','0% 0%','rgb(255, 255, 255)','solid','5px',NULL,NULL,'center',NULL,NULL,'50px','50px','200px','200px','50px','50px',NULL,NULL,NULL,NULL,NULL,NULL,NULL,NULL,0,0,0,0),(139,NULL,NULL,NULL,NULL,0,'no-repeat','auto','0% 0%','rgb(255, 255, 255)','solid','5px',NULL,NULL,'center',NULL,NULL,'50px','50px','200px','200px','50px','50px',NULL,NULL,NULL,NULL,NULL,NULL,NULL,NULL,0,0,0,0),(140,NULL,NULL,NULL,NULL,0,'no-repeat','auto','0% 0%','rgb(255, 255, 255)','solid','5px',NULL,NULL,'center',NULL,NULL,'25px','25px','200px','200px','25px','25px',NULL,NULL,NULL,NULL,NULL,NULL,NULL,NULL,0,0,0,0),(141,NULL,NULL,NULL,NULL,0,'no-repeat','auto','0% 0%','rgb(255, 255, 255)','solid','5px',NULL,NULL,'center',NULL,NULL,'25px','25px','200px','200px','25px','25px',NULL,NULL,NULL,NULL,NULL,NULL,NULL,NULL,0,0,0,0),(142,NULL,NULL,NULL,NULL,0,'no-repeat','auto','0% 0%',NULL,NULL,NULL,NULL,NULL,NULL,NULL,NULL,'100px','80px',NULL,NULL,NULL,NULL,NULL,NULL,NULL,NULL,NULL,NULL,NULL,NULL,0,0,0,0),(143,NULL,NULL,NULL,NULL,0,'no-repeat','auto','0% 0%',NULL,NULL,NULL,NULL,NULL,NULL,NULL,NULL,NULL,'100px',NULL,NULL,NULL,NULL,NULL,NULL,NULL,NULL,NULL,NULL,NULL,NULL,0,0,0,0),(144,NULL,NULL,NULL,NULL,0,'no-repeat','auto','0% 0%',NULL,NULL,NULL,NULL,NULL,NULL,NULL,NULL,NULL,'50px',NULL,NULL,NULL,NULL,NULL,NULL,NULL,NULL,NULL,NULL,NULL,NULL,0,0,0,0),(145,NULL,NULL,NULL,NULL,0,'no-repeat','auto','0% 0%',NULL,NULL,NULL,NULL,NULL,NULL,NULL,NULL,'50px','50px',NULL,NULL,NULL,NULL,NULL,NULL,NULL,NULL,NULL,NULL,NULL,NULL,0,0,0,0),(146,NULL,NULL,NULL,NULL,0,'no-repeat','auto','0% 0%',NULL,NULL,NULL,NULL,NULL,NULL,NULL,NULL,'50px',NULL,NULL,NULL,NULL,NULL,NULL,NULL,NULL,NULL,NULL,NULL,NULL,NULL,0,0,0,0),(147,NULL,NULL,'slider-mob',NULL,0,'no-repeat','auto','0% 0%',NULL,NULL,NULL,NULL,NULL,NULL,NULL,NULL,NULL,NULL,NULL,NULL,NULL,NULL,NULL,NULL,NULL,NULL,NULL,NULL,NULL,NULL,0,0,0,0),(148,NULL,'slider-mob',NULL,NULL,0,'no-repeat','auto','0% 0%',NULL,NULL,NULL,NULL,NULL,NULL,NULL,NULL,NULL,NULL,NULL,NULL,NULL,NULL,NULL,NULL,NULL,NULL,NULL,NULL,NULL,NULL,0,0,0,0),(149,NULL,NULL,NULL,NULL,0,'no-repeat','auto','0% 0%',NULL,NULL,NULL,NULL,NULL,'right',NULL,NULL,NULL,NULL,NULL,NULL,NULL,NULL,NULL,NULL,NULL,NULL,NULL,NULL,NULL,NULL,0,0,0,0),(150,NULL,NULL,NULL,'rgb(201, 195, 195)',0,'no-repeat','auto','left top',NULL,NULL,NULL,NULL,NULL,NULL,NULL,NULL,NULL,NULL,NULL,NULL,NULL,NULL,NULL,NULL,NULL,NULL,NULL,NULL,NULL,NULL,0,0,0,0),(151,NULL,NULL,NULL,NULL,0,'no-repeat','auto','0% 0%',NULL,NULL,NULL,NULL,NULL,NULL,NULL,NULL,'100px',NULL,NULL,NULL,NULL,NULL,NULL,NULL,NULL,NULL,NULL,NULL,NULL,NULL,0,0,0,0),(152,NULL,NULL,NULL,NULL,0,'no-repeat','auto','0% 0%',NULL,NULL,NULL,NULL,NULL,NULL,NULL,NULL,'25px',NULL,NULL,NULL,NULL,NULL,NULL,NULL,NULL,NULL,NULL,NULL,NULL,NULL,0,0,0,0),(153,NULL,NULL,NULL,'rgb(125, 168, 255)',76,'no-repeat','auto','left top',NULL,NULL,NULL,NULL,NULL,NULL,NULL,NULL,NULL,NULL,NULL,NULL,NULL,NULL,NULL,NULL,NULL,NULL,NULL,NULL,NULL,NULL,0,0,0,0),(154,NULL,NULL,NULL,NULL,0,'no-repeat','auto','0% 0%',NULL,NULL,NULL,NULL,NULL,NULL,NULL,NULL,NULL,'25px',NULL,NULL,NULL,NULL,NULL,NULL,NULL,NULL,NULL,NULL,NULL,NULL,0,0,0,0),(155,NULL,NULL,NULL,NULL,0,'no-repeat','auto','0% 0%',NULL,NULL,NULL,NULL,NULL,'center',NULL,NULL,NULL,'50px',NULL,NULL,NULL,NULL,NULL,NULL,NULL,NULL,NULL,NULL,NULL,NULL,0,0,0,0),(156,NULL,NULL,NULL,'rgb(125, 168, 255)',76,'repeat-x','auto','left top',NULL,NULL,NULL,NULL,NULL,NULL,NULL,NULL,NULL,NULL,NULL,NULL,NULL,NULL,NULL,NULL,NULL,NULL,NULL,NULL,NULL,NULL,0,0,0,0),(157,NULL,NULL,NULL,'rgb(125, 168, 255)',76,'repeat','auto','left top',NULL,NULL,NULL,NULL,NULL,NULL,NULL,NULL,NULL,NULL,NULL,NULL,NULL,NULL,NULL,NULL,NULL,NULL,NULL,NULL,NULL,NULL,0,0,0,0),(158,'ccenter',NULL,NULL,NULL,0,'no-repeat','auto','0% 0%',NULL,NULL,NULL,NULL,NULL,NULL,NULL,NULL,NULL,NULL,NULL,NULL,NULL,NULL,NULL,NULL,NULL,NULL,NULL,NULL,NULL,NULL,0,0,0,0),(159,'ccenter',NULL,NULL,NULL,0,'no-repeat','auto','0% 0%',NULL,NULL,NULL,NULL,NULL,NULL,NULL,NULL,NULL,NULL,NULL,NULL,NULL,NULL,NULL,NULL,NULL,NULL,NULL,NULL,NULL,NULL,0,0,0,0),(160,'ccenter',NULL,NULL,NULL,0,'no-repeat','auto','0% 0%',NULL,NULL,NULL,NULL,NULL,NULL,NULL,NULL,NULL,NULL,NULL,NULL,NULL,NULL,NULL,NULL,NULL,NULL,NULL,NULL,NULL,NULL,0,0,0,0),(161,'ccenter',NULL,NULL,NULL,0,'no-repeat','auto','0% 0%',NULL,NULL,NULL,NULL,NULL,NULL,NULL,NULL,NULL,NULL,NULL,NULL,NULL,NULL,NULL,NULL,NULL,NULL,NULL,NULL,NULL,NULL,0,0,0,0),(162,NULL,NULL,NULL,NULL,0,'no-repeat','auto','0% 0%',NULL,NULL,NULL,NULL,NULL,'center',NULL,NULL,NULL,NULL,NULL,NULL,NULL,NULL,NULL,NULL,NULL,NULL,NULL,NULL,NULL,NULL,0,0,0,0),(163,NULL,NULL,'style=\"margin: 50px auto;\"',NULL,0,'no-repeat','auto','0% 0%',NULL,NULL,NULL,NULL,NULL,'center',NULL,NULL,NULL,NULL,NULL,NULL,NULL,NULL,NULL,NULL,NULL,NULL,NULL,NULL,NULL,NULL,0,0,0,0),(164,'block-on-main',NULL,'style=\"height:600px;\"',NULL,0,'no-repeat','auto','0% 0%',NULL,NULL,NULL,NULL,NULL,NULL,NULL,NULL,NULL,NULL,NULL,NULL,NULL,NULL,NULL,NULL,NULL,NULL,NULL,NULL,NULL,NULL,0,0,0,0),(165,NULL,NULL,NULL,NULL,71,'no-repeat','auto','left top',NULL,NULL,NULL,NULL,NULL,NULL,NULL,NULL,NULL,NULL,NULL,NULL,NULL,NULL,NULL,NULL,NULL,NULL,NULL,NULL,NULL,NULL,0,0,0,0),(166,NULL,NULL,'style=\"margin: 50px auto;\"',NULL,0,'no-repeat','auto','0% 0%',NULL,NULL,NULL,NULL,NULL,'center',NULL,NULL,NULL,NULL,NULL,NULL,NULL,NULL,NULL,NULL,NULL,NULL,NULL,NULL,NULL,NULL,0,0,0,0),(167,NULL,NULL,NULL,NULL,71,'no-repeat','auto','center top',NULL,NULL,NULL,NULL,NULL,NULL,NULL,NULL,NULL,NULL,NULL,NULL,NULL,NULL,NULL,NULL,NULL,NULL,NULL,NULL,NULL,NULL,0,0,0,0),(168,NULL,NULL,NULL,'rgb(229, 255, 206)',0,'no-repeat','auto','left top',NULL,NULL,NULL,NULL,NULL,NULL,NULL,NULL,NULL,NULL,NULL,NULL,NULL,NULL,NULL,NULL,NULL,NULL,NULL,NULL,NULL,NULL,0,0,0,0),(169,NULL,NULL,NULL,'rgb(229, 255, 206)',0,'no-repeat','auto','left top',NULL,NULL,NULL,NULL,NULL,NULL,NULL,NULL,NULL,NULL,NULL,NULL,NULL,NULL,NULL,NULL,NULL,NULL,NULL,NULL,NULL,NULL,0,0,0,0),(170,'block-on-main',NULL,NULL,NULL,0,'no-repeat','auto','0% 0%',NULL,NULL,NULL,NULL,NULL,NULL,NULL,NULL,NULL,NULL,NULL,NULL,NULL,NULL,NULL,NULL,NULL,NULL,NULL,NULL,NULL,NULL,0,0,0,0),(171,NULL,NULL,NULL,NULL,0,'no-repeat','auto','0% 0%',NULL,NULL,NULL,NULL,NULL,'center',NULL,NULL,NULL,NULL,NULL,NULL,NULL,NULL,NULL,NULL,NULL,NULL,NULL,NULL,NULL,NULL,0,0,0,0),(172,NULL,NULL,'style=\"margin: 25px auto;\"',NULL,0,'no-repeat','auto','0% 0%',NULL,NULL,NULL,NULL,NULL,'center',NULL,NULL,NULL,NULL,NULL,NULL,NULL,NULL,NULL,NULL,NULL,NULL,NULL,NULL,NULL,NULL,0,0,0,0),(173,'block-on-main',NULL,NULL,NULL,0,'no-repeat','auto','0% 0%',NULL,NULL,NULL,NULL,NULL,NULL,NULL,NULL,NULL,'25px',NULL,NULL,NULL,NULL,NULL,NULL,NULL,NULL,NULL,NULL,NULL,NULL,0,0,0,0),(174,NULL,NULL,NULL,NULL,0,'no-repeat','auto','0% 0%',NULL,NULL,NULL,NULL,NULL,'right',NULL,NULL,NULL,NULL,NULL,NULL,NULL,NULL,NULL,NULL,NULL,NULL,NULL,NULL,NULL,NULL,0,0,0,0),(175,NULL,NULL,NULL,'rgb(241, 241, 231)',284,'no-repeat','auto','center center',NULL,NULL,NULL,NULL,NULL,NULL,NULL,NULL,NULL,NULL,NULL,NULL,NULL,NULL,NULL,NULL,NULL,NULL,NULL,NULL,NULL,NULL,0,0,0,0),(176,NULL,NULL,NULL,NULL,71,'no-repeat','auto','left top',NULL,NULL,NULL,NULL,NULL,NULL,NULL,NULL,NULL,NULL,NULL,NULL,NULL,NULL,NULL,NULL,NULL,NULL,NULL,NULL,NULL,NULL,0,0,0,0),(177,NULL,NULL,NULL,NULL,71,'no-repeat','auto','left top',NULL,NULL,NULL,NULL,NULL,NULL,NULL,NULL,NULL,NULL,NULL,NULL,'100px',NULL,NULL,NULL,NULL,NULL,NULL,NULL,NULL,NULL,0,0,0,0),(178,NULL,NULL,'height:300px;',NULL,71,'no-repeat','auto','left top',NULL,NULL,NULL,NULL,NULL,NULL,NULL,NULL,NULL,NULL,NULL,NULL,NULL,NULL,NULL,NULL,NULL,NULL,NULL,NULL,NULL,NULL,0,0,0,0),(179,NULL,NULL,'height:300px;',NULL,71,'no-repeat','auto','left top',NULL,NULL,NULL,NULL,NULL,NULL,NULL,NULL,NULL,NULL,NULL,NULL,NULL,NULL,NULL,NULL,NULL,NULL,NULL,NULL,NULL,NULL,0,0,0,0),(180,NULL,NULL,NULL,NULL,0,'no-repeat','auto','0% 0%',NULL,NULL,NULL,NULL,NULL,NULL,NULL,NULL,NULL,'50px',NULL,NULL,NULL,NULL,NULL,NULL,NULL,NULL,NULL,NULL,NULL,NULL,0,0,0,0),(181,NULL,NULL,NULL,NULL,0,'no-repeat','auto','0% 0%',NULL,NULL,NULL,NULL,NULL,NULL,NULL,NULL,'100px',NULL,NULL,NULL,NULL,NULL,NULL,NULL,NULL,NULL,NULL,NULL,NULL,NULL,0,0,0,0),(182,NULL,NULL,NULL,NULL,0,'no-repeat','auto','0% 0%',NULL,NULL,NULL,NULL,NULL,NULL,NULL,NULL,'25px',NULL,NULL,NULL,NULL,NULL,NULL,NULL,NULL,NULL,NULL,NULL,NULL,NULL,0,0,0,0),(183,NULL,NULL,'height:300px;',NULL,288,'no-repeat','auto','left top',NULL,NULL,NULL,NULL,NULL,NULL,NULL,NULL,NULL,NULL,NULL,NULL,NULL,NULL,NULL,NULL,NULL,NULL,NULL,NULL,NULL,NULL,0,0,0,0),(184,NULL,NULL,'height:300px;',NULL,288,'no-repeat','auto','left top',NULL,NULL,NULL,NULL,NULL,NULL,NULL,NULL,NULL,NULL,NULL,NULL,NULL,NULL,NULL,NULL,NULL,NULL,NULL,NULL,NULL,NULL,0,0,0,0),(185,NULL,'slider-mob2',NULL,NULL,0,'no-repeat','auto','0% 0%',NULL,NULL,NULL,NULL,NULL,NULL,NULL,NULL,NULL,NULL,NULL,NULL,NULL,NULL,NULL,NULL,NULL,NULL,NULL,NULL,NULL,NULL,0,0,0,0),(186,NULL,NULL,NULL,NULL,0,'no-repeat','auto','0% 0%',NULL,NULL,NULL,NULL,NULL,NULL,NULL,NULL,'50px',NULL,NULL,NULL,NULL,NULL,NULL,NULL,NULL,NULL,NULL,NULL,NULL,NULL,0,0,0,0),(187,NULL,NULL,NULL,NULL,0,'no-repeat','auto','0% 0%',NULL,NULL,NULL,NULL,NULL,NULL,NULL,NULL,'10px',NULL,NULL,NULL,NULL,NULL,NULL,NULL,NULL,NULL,NULL,NULL,NULL,NULL,0,0,0,0),(188,NULL,NULL,NULL,NULL,0,'no-repeat','auto','0% 0%',NULL,NULL,NULL,NULL,NULL,NULL,NULL,NULL,'40px',NULL,NULL,NULL,NULL,NULL,NULL,NULL,NULL,NULL,NULL,NULL,NULL,NULL,0,0,0,0),(189,NULL,NULL,NULL,NULL,0,'no-repeat','auto','0% 0%',NULL,NULL,NULL,NULL,NULL,NULL,NULL,NULL,'70px',NULL,NULL,NULL,NULL,NULL,NULL,NULL,NULL,NULL,NULL,NULL,NULL,NULL,0,0,0,0),(190,NULL,NULL,NULL,NULL,0,'no-repeat','auto','0% 0%',NULL,NULL,NULL,NULL,NULL,NULL,NULL,NULL,'60px',NULL,NULL,NULL,NULL,NULL,NULL,NULL,NULL,NULL,NULL,NULL,NULL,NULL,0,0,0,0),(191,NULL,NULL,NULL,NULL,0,'no-repeat','auto','0% 0%',NULL,NULL,NULL,NULL,NULL,NULL,NULL,NULL,'65px',NULL,NULL,NULL,NULL,NULL,NULL,NULL,NULL,NULL,NULL,NULL,NULL,NULL,0,0,0,0),(192,NULL,NULL,NULL,NULL,0,'no-repeat','auto','0% 0%',NULL,NULL,NULL,NULL,NULL,NULL,NULL,NULL,'30px',NULL,NULL,NULL,NULL,NULL,NULL,NULL,NULL,NULL,NULL,NULL,NULL,NULL,1,1,0,0),(193,'ccenter',NULL,NULL,NULL,0,'no-repeat','auto','0% 0%',NULL,NULL,NULL,NULL,NULL,'center',NULL,NULL,NULL,NULL,NULL,NULL,NULL,NULL,NULL,NULL,NULL,NULL,NULL,NULL,NULL,NULL,1,1,1,0),(194,NULL,NULL,NULL,NULL,0,'no-repeat','auto','0% 0%','rgb(255, 255, 255)','solid','5px',NULL,NULL,'center',NULL,NULL,'25px','25px','200px','200px','25px','25px',NULL,NULL,NULL,NULL,NULL,NULL,NULL,NULL,0,0,0,0),(195,NULL,NULL,NULL,NULL,0,'no-repeat','auto','0% 0%','rgb(255, 255, 255)','solid','5px',NULL,NULL,'center',NULL,NULL,NULL,NULL,NULL,NULL,NULL,NULL,NULL,NULL,NULL,NULL,NULL,NULL,NULL,NULL,0,0,0,0),(196,NULL,NULL,NULL,NULL,0,'no-repeat','auto','0% 0%','rgb(255, 255, 255)','solid','5px',NULL,NULL,'center',NULL,NULL,'25px','25px',NULL,NULL,'25px','25px',NULL,NULL,NULL,NULL,NULL,NULL,NULL,NULL,0,0,0,0),(197,NULL,NULL,NULL,NULL,0,'no-repeat','auto','0% 0%','rgb(255, 255, 255)','solid','5px',NULL,NULL,'center',NULL,NULL,'25px','25px',NULL,NULL,'25px',NULL,NULL,NULL,NULL,NULL,NULL,NULL,NULL,NULL,0,0,0,0),(198,NULL,NULL,NULL,NULL,0,'no-repeat','auto','0% 0%','rgb(255, 255, 255)','solid','5px',NULL,NULL,'center',NULL,NULL,'25px','25px',NULL,NULL,'25px','25px',NULL,NULL,NULL,NULL,NULL,NULL,NULL,NULL,0,0,0,0),(199,'ccenter',NULL,NULL,NULL,0,'no-repeat','auto','0% 0%',NULL,NULL,NULL,NULL,NULL,'center',NULL,NULL,NULL,NULL,NULL,NULL,NULL,NULL,NULL,NULL,NULL,NULL,NULL,NULL,NULL,NULL,1,1,1,0),(200,NULL,NULL,NULL,NULL,0,'no-repeat','auto','0% 0%','rgb(255, 255, 255)','','10px',NULL,NULL,NULL,NULL,NULL,'25px','25px',NULL,NULL,'25px','25px',NULL,NULL,NULL,NULL,NULL,NULL,NULL,NULL,0,0,0,0),(201,NULL,NULL,NULL,NULL,0,'no-repeat','auto','0% 0%','rgb(255, 255, 255)','solid','10px',NULL,NULL,NULL,NULL,NULL,'25px','25px',NULL,NULL,'25px','25px',NULL,NULL,NULL,NULL,NULL,NULL,NULL,NULL,0,0,0,0),(202,NULL,NULL,NULL,NULL,0,'no-repeat','auto','0% 0%','rgb(255, 255, 255)','solid','5px',NULL,NULL,NULL,NULL,NULL,'25px','25px',NULL,NULL,'25px','25px',NULL,NULL,NULL,NULL,NULL,NULL,NULL,NULL,0,0,0,0),(203,NULL,NULL,NULL,NULL,0,'no-repeat','auto','0% 0%',NULL,NULL,NULL,NULL,NULL,NULL,NULL,NULL,'30px',NULL,NULL,NULL,NULL,NULL,NULL,NULL,NULL,NULL,NULL,NULL,NULL,NULL,1,1,1,0),(204,NULL,NULL,NULL,NULL,0,'no-repeat','auto','0% 0%',NULL,NULL,NULL,NULL,NULL,NULL,NULL,NULL,NULL,NULL,NULL,NULL,NULL,NULL,NULL,NULL,NULL,NULL,NULL,NULL,NULL,NULL,1,1,1,0),(205,NULL,NULL,NULL,NULL,0,'no-repeat','auto','0% 0%',NULL,NULL,NULL,NULL,NULL,NULL,NULL,NULL,'30px',NULL,NULL,NULL,NULL,NULL,NULL,NULL,NULL,NULL,NULL,NULL,NULL,NULL,1,1,1,0),(206,'hide',NULL,NULL,NULL,0,'no-repeat','auto','0% 0%',NULL,NULL,NULL,NULL,NULL,NULL,NULL,NULL,'30px',NULL,NULL,NULL,NULL,NULL,NULL,NULL,NULL,NULL,NULL,NULL,NULL,NULL,1,1,1,0),(207,'hide-mob',NULL,NULL,NULL,0,'no-repeat','auto','0% 0%',NULL,NULL,NULL,NULL,NULL,NULL,NULL,NULL,'30px',NULL,NULL,NULL,NULL,NULL,NULL,NULL,NULL,NULL,NULL,NULL,NULL,NULL,1,1,1,0),(208,NULL,NULL,NULL,'rgb(241, 241, 231)',284,'no-repeat','auto','center center',NULL,NULL,NULL,NULL,NULL,NULL,NULL,NULL,NULL,NULL,NULL,NULL,NULL,NULL,NULL,NULL,NULL,NULL,NULL,NULL,NULL,NULL,0,0,0,0),(209,NULL,NULL,NULL,'rgb(241, 241, 231)',284,'no-repeat','auto','center center',NULL,NULL,NULL,NULL,NULL,NULL,NULL,NULL,NULL,NULL,NULL,NULL,NULL,NULL,NULL,NULL,NULL,NULL,NULL,NULL,NULL,NULL,0,0,0,0),(210,NULL,NULL,NULL,'rgb(255, 255, 255)',0,'no-repeat','auto','left top',NULL,NULL,NULL,NULL,NULL,NULL,NULL,NULL,NULL,NULL,NULL,NULL,NULL,NULL,NULL,NULL,NULL,NULL,NULL,NULL,NULL,NULL,0,0,0,0),(211,NULL,NULL,NULL,'rgb(255, 255, 255)',0,'no-repeat','auto','left top',NULL,NULL,NULL,NULL,NULL,NULL,NULL,NULL,'50px','50px','25px','25px',NULL,NULL,NULL,NULL,NULL,NULL,NULL,NULL,NULL,NULL,0,0,0,0),(212,NULL,NULL,NULL,'rgb(255, 255, 255)',0,'no-repeat','auto','left top',NULL,NULL,NULL,NULL,NULL,NULL,NULL,NULL,NULL,NULL,NULL,NULL,'50px','50px','25px','25px',NULL,NULL,NULL,NULL,NULL,NULL,0,0,0,0),(213,NULL,NULL,NULL,'rgb(232, 232, 232)',308,'no-repeat','cover','center center',NULL,NULL,NULL,NULL,NULL,NULL,NULL,NULL,NULL,NULL,NULL,NULL,NULL,NULL,NULL,NULL,NULL,NULL,NULL,NULL,NULL,NULL,0,0,0,0),(214,'ccenter',NULL,NULL,NULL,0,'no-repeat','auto','0% 0%',NULL,NULL,NULL,NULL,NULL,'center',NULL,NULL,NULL,NULL,NULL,NULL,NULL,NULL,NULL,NULL,NULL,NULL,NULL,NULL,NULL,NULL,1,1,1,0),(215,NULL,NULL,NULL,NULL,308,'no-repeat','cover','left top',NULL,NULL,NULL,NULL,NULL,NULL,NULL,NULL,NULL,NULL,NULL,NULL,NULL,NULL,NULL,NULL,NULL,NULL,NULL,NULL,NULL,NULL,0,0,0,0),(216,NULL,NULL,NULL,NULL,308,'no-repeat','contain','left top',NULL,NULL,NULL,NULL,NULL,NULL,NULL,NULL,NULL,NULL,NULL,NULL,NULL,NULL,NULL,NULL,NULL,NULL,NULL,NULL,NULL,NULL,0,0,0,0),(217,NULL,NULL,NULL,NULL,308,'no-repeat','auto','center center',NULL,NULL,NULL,NULL,NULL,NULL,NULL,NULL,NULL,NULL,NULL,NULL,NULL,NULL,NULL,NULL,NULL,NULL,NULL,NULL,NULL,NULL,0,0,0,0),(218,NULL,NULL,NULL,NULL,308,'repeat-y','auto','center top',NULL,NULL,NULL,NULL,NULL,NULL,NULL,NULL,NULL,NULL,NULL,NULL,NULL,NULL,NULL,NULL,NULL,NULL,NULL,NULL,NULL,NULL,0,0,0,0),(219,NULL,NULL,NULL,NULL,330,'repeat-y','auto','center top',NULL,NULL,NULL,NULL,NULL,NULL,NULL,NULL,NULL,NULL,NULL,NULL,NULL,NULL,NULL,NULL,NULL,NULL,NULL,NULL,NULL,NULL,0,0,0,0),(220,NULL,NULL,NULL,NULL,331,'repeat-y','cover','center top',NULL,NULL,NULL,NULL,NULL,NULL,NULL,NULL,NULL,NULL,NULL,NULL,NULL,NULL,NULL,NULL,NULL,NULL,NULL,NULL,NULL,NULL,0,0,0,0),(221,NULL,NULL,NULL,NULL,331,'repeat-y','contain','center top',NULL,NULL,NULL,NULL,NULL,NULL,NULL,NULL,NULL,NULL,NULL,NULL,NULL,NULL,NULL,NULL,NULL,NULL,NULL,NULL,NULL,NULL,0,0,0,0),(222,NULL,NULL,NULL,NULL,332,'repeat-y','contain','center top',NULL,NULL,NULL,NULL,NULL,NULL,NULL,NULL,NULL,NULL,NULL,NULL,NULL,NULL,NULL,NULL,NULL,NULL,NULL,NULL,NULL,NULL,0,0,0,0),(223,NULL,NULL,NULL,NULL,332,'repeat-y','contain','center top',NULL,NULL,NULL,NULL,NULL,NULL,NULL,NULL,NULL,NULL,NULL,NULL,NULL,NULL,NULL,NULL,NULL,NULL,NULL,NULL,NULL,NULL,0,0,0,0),(224,'kar',NULL,NULL,NULL,0,'no-repeat','auto','0% 0%',NULL,NULL,NULL,NULL,NULL,NULL,NULL,NULL,NULL,NULL,NULL,NULL,NULL,NULL,NULL,NULL,NULL,NULL,NULL,NULL,NULL,NULL,0,0,0,0),(225,'kar',NULL,NULL,NULL,0,'no-repeat','auto','0% 0%',NULL,NULL,NULL,NULL,NULL,NULL,NULL,NULL,NULL,NULL,NULL,NULL,NULL,NULL,NULL,NULL,NULL,NULL,NULL,NULL,NULL,NULL,0,0,0,0),(226,'kar',NULL,NULL,NULL,332,'repeat-y','contain','center top',NULL,NULL,NULL,NULL,NULL,NULL,NULL,NULL,NULL,NULL,NULL,NULL,NULL,NULL,NULL,NULL,NULL,NULL,NULL,NULL,NULL,NULL,0,0,0,0),(227,NULL,NULL,NULL,'rgb(125, 168, 255)',0,'repeat','auto','left top',NULL,NULL,NULL,NULL,NULL,NULL,NULL,NULL,NULL,NULL,NULL,NULL,NULL,NULL,NULL,NULL,NULL,NULL,NULL,NULL,NULL,NULL,0,0,0,0),(228,NULL,NULL,NULL,'rgb(241, 241, 231)',284,'no-repeat','cover','center center',NULL,NULL,NULL,NULL,NULL,NULL,NULL,NULL,NULL,NULL,NULL,NULL,NULL,NULL,NULL,NULL,NULL,NULL,NULL,NULL,NULL,NULL,0,0,0,0),(229,NULL,NULL,NULL,NULL,333,'no-repeat','cover','center top',NULL,NULL,NULL,NULL,NULL,NULL,NULL,NULL,NULL,NULL,NULL,NULL,NULL,NULL,NULL,NULL,NULL,NULL,NULL,NULL,NULL,NULL,0,0,0,0),(230,NULL,NULL,NULL,NULL,333,'no-repeat','cover','center top',NULL,NULL,NULL,NULL,NULL,NULL,NULL,NULL,NULL,NULL,NULL,NULL,NULL,NULL,NULL,NULL,NULL,NULL,NULL,NULL,NULL,NULL,0,0,0,0),(231,NULL,NULL,NULL,NULL,333,'no-repeat','auto','left top',NULL,NULL,NULL,NULL,NULL,NULL,NULL,NULL,NULL,NULL,NULL,NULL,NULL,NULL,NULL,NULL,NULL,NULL,NULL,NULL,NULL,NULL,0,0,0,0),(232,NULL,NULL,NULL,NULL,334,'no-repeat','contain','center top',NULL,NULL,NULL,NULL,NULL,NULL,NULL,NULL,NULL,NULL,NULL,NULL,NULL,NULL,NULL,NULL,NULL,NULL,NULL,NULL,NULL,NULL,0,0,0,0),(233,NULL,NULL,NULL,'rgb(37, 209, 197)',0,'no-repeat','auto','left top',NULL,NULL,NULL,NULL,NULL,NULL,NULL,NULL,NULL,NULL,NULL,NULL,NULL,NULL,NULL,NULL,NULL,NULL,NULL,NULL,NULL,NULL,0,0,0,0),(234,NULL,NULL,NULL,'rgb(37, 209, 197)',0,'no-repeat','auto','left top',NULL,NULL,NULL,NULL,NULL,NULL,NULL,NULL,NULL,NULL,NULL,NULL,NULL,NULL,NULL,NULL,NULL,NULL,NULL,NULL,NULL,NULL,0,0,0,0),(235,NULL,NULL,NULL,NULL,334,'no-repeat','cover','center top',NULL,NULL,NULL,NULL,NULL,NULL,NULL,NULL,NULL,NULL,NULL,NULL,NULL,NULL,NULL,NULL,NULL,NULL,NULL,NULL,NULL,NULL,0,0,0,0),(236,NULL,NULL,NULL,NULL,335,'no-repeat','cover','center top',NULL,NULL,NULL,NULL,NULL,NULL,NULL,NULL,NULL,NULL,NULL,NULL,NULL,NULL,NULL,NULL,NULL,NULL,NULL,NULL,NULL,NULL,0,0,0,0),(237,NULL,NULL,NULL,'rgb(255, 246, 163)',0,'no-repeat','auto','left top',NULL,NULL,NULL,NULL,NULL,NULL,NULL,NULL,NULL,NULL,NULL,NULL,NULL,NULL,NULL,NULL,NULL,NULL,NULL,NULL,NULL,NULL,0,0,0,0),(238,'txt01',NULL,NULL,NULL,335,'no-repeat','cover','center top',NULL,NULL,NULL,NULL,NULL,NULL,NULL,NULL,NULL,NULL,NULL,NULL,NULL,NULL,NULL,NULL,NULL,NULL,NULL,NULL,NULL,NULL,0,0,0,0),(239,NULL,NULL,NULL,'rgb(125, 168, 255)',350,'repeat','auto','left top',NULL,NULL,NULL,NULL,NULL,NULL,NULL,NULL,NULL,NULL,NULL,NULL,NULL,NULL,NULL,NULL,NULL,NULL,NULL,NULL,NULL,NULL,0,0,0,0),(240,NULL,NULL,NULL,'rgb(125, 168, 255)',350,'no-repeat','contain','center top',NULL,NULL,NULL,NULL,NULL,NULL,NULL,NULL,NULL,NULL,NULL,NULL,NULL,NULL,NULL,NULL,NULL,NULL,NULL,NULL,NULL,NULL,0,0,0,0),(241,NULL,NULL,NULL,'rgb(125, 168, 255)',350,'no-repeat','100%','center bottom',NULL,NULL,NULL,NULL,NULL,NULL,NULL,NULL,NULL,NULL,NULL,NULL,NULL,NULL,NULL,NULL,NULL,NULL,NULL,NULL,NULL,NULL,0,0,0,0),(242,NULL,NULL,NULL,'rgb(125, 168, 255)',351,'no-repeat','100%','center bottom',NULL,NULL,NULL,NULL,NULL,NULL,NULL,NULL,NULL,NULL,NULL,NULL,NULL,NULL,NULL,NULL,NULL,NULL,NULL,NULL,NULL,NULL,0,0,0,0),(243,NULL,NULL,NULL,'rgb(241, 241, 231)',284,'no-repeat','cover','center bottom',NULL,NULL,NULL,NULL,NULL,NULL,NULL,NULL,NULL,NULL,NULL,NULL,NULL,NULL,NULL,NULL,NULL,NULL,NULL,NULL,NULL,NULL,0,0,0,0),(244,NULL,NULL,NULL,'rgb(241, 241, 231)',284,'no-repeat','contain','center bottom',NULL,NULL,NULL,NULL,NULL,NULL,NULL,NULL,NULL,NULL,NULL,NULL,NULL,NULL,NULL,NULL,NULL,NULL,NULL,NULL,NULL,NULL,0,0,0,0),(245,NULL,NULL,NULL,'rgb(241, 241, 231)',284,'no-repeat','contain','center bottom',NULL,NULL,NULL,NULL,NULL,NULL,NULL,NULL,NULL,NULL,NULL,NULL,NULL,NULL,NULL,NULL,NULL,NULL,NULL,NULL,NULL,NULL,0,0,0,0),(246,NULL,NULL,NULL,'rgb(241, 241, 231)',284,'no-repeat','contain','center bottom',NULL,NULL,NULL,NULL,NULL,NULL,NULL,NULL,NULL,NULL,NULL,NULL,NULL,NULL,NULL,NULL,NULL,NULL,NULL,NULL,NULL,NULL,0,0,0,0),(247,NULL,NULL,NULL,'rgb(125, 168, 255)',351,'no-repeat','100%','center bottom',NULL,NULL,NULL,NULL,NULL,NULL,NULL,NULL,NULL,NULL,NULL,NULL,NULL,NULL,NULL,NULL,NULL,NULL,NULL,NULL,NULL,NULL,0,0,0,0),(248,NULL,NULL,NULL,'rgb(241, 241, 231)',284,'no-repeat','100%','center bottom',NULL,NULL,NULL,NULL,NULL,NULL,NULL,NULL,NULL,NULL,NULL,NULL,NULL,NULL,NULL,NULL,NULL,NULL,NULL,NULL,NULL,NULL,0,0,0,0),(249,NULL,NULL,NULL,'rgb(241, 241, 231)',284,'no-repeat','100%','center bottom',NULL,NULL,NULL,NULL,NULL,NULL,NULL,NULL,NULL,NULL,NULL,NULL,NULL,NULL,NULL,NULL,NULL,NULL,NULL,NULL,NULL,NULL,0,0,0,0),(250,NULL,NULL,NULL,NULL,0,'no-repeat','auto','0% 0%',NULL,NULL,NULL,NULL,NULL,'center',NULL,NULL,NULL,NULL,NULL,NULL,NULL,NULL,NULL,NULL,NULL,NULL,NULL,NULL,NULL,NULL,0,0,0,0),(251,NULL,NULL,NULL,NULL,0,'no-repeat','auto','0% 0%',NULL,NULL,NULL,NULL,NULL,NULL,NULL,NULL,NULL,'30px',NULL,NULL,NULL,NULL,NULL,NULL,NULL,NULL,NULL,NULL,NULL,NULL,0,0,0,0),(252,NULL,NULL,NULL,NULL,0,'no-repeat','auto','0% 0%',NULL,NULL,NULL,NULL,NULL,NULL,NULL,NULL,NULL,NULL,NULL,NULL,NULL,'30px',NULL,NULL,NULL,NULL,NULL,NULL,NULL,NULL,0,0,0,0),(253,'block-on-main',NULL,'style=\"height:600px;\"',NULL,0,'no-repeat','auto','0% 0%',NULL,NULL,NULL,NULL,NULL,NULL,NULL,NULL,NULL,NULL,NULL,NULL,'25px','25px',NULL,NULL,NULL,NULL,NULL,NULL,NULL,NULL,0,0,0,0),(254,NULL,NULL,NULL,NULL,0,'no-repeat','auto','0% 0%',NULL,NULL,NULL,NULL,NULL,NULL,NULL,NULL,NULL,NULL,NULL,NULL,'25px','25px',NULL,NULL,NULL,NULL,NULL,NULL,NULL,NULL,0,0,0,0),(255,NULL,NULL,NULL,NULL,335,'no-repeat','cover','center top',NULL,NULL,NULL,NULL,NULL,NULL,NULL,NULL,NULL,NULL,NULL,NULL,NULL,NULL,NULL,NULL,NULL,NULL,NULL,NULL,NULL,NULL,0,0,0,0),(256,'txt01',NULL,NULL,NULL,335,'no-repeat','cover','center top',NULL,NULL,NULL,NULL,NULL,NULL,NULL,NULL,NULL,NULL,NULL,NULL,NULL,NULL,NULL,NULL,NULL,NULL,NULL,NULL,NULL,NULL,0,0,0,0),(257,NULL,NULL,NULL,'rgb(255, 246, 163)',0,'no-repeat','auto','left top',NULL,NULL,NULL,NULL,NULL,NULL,NULL,NULL,NULL,NULL,NULL,NULL,NULL,NULL,NULL,NULL,NULL,NULL,NULL,NULL,NULL,NULL,0,0,0,0),(258,NULL,NULL,NULL,NULL,284,'no-repeat','auto','center top',NULL,NULL,NULL,NULL,NULL,NULL,NULL,NULL,NULL,NULL,NULL,NULL,NULL,NULL,NULL,NULL,NULL,NULL,NULL,NULL,NULL,NULL,0,0,0,0),(259,NULL,NULL,NULL,'rgb(125, 168, 255)',351,'no-repeat','100%','center bottom',NULL,NULL,NULL,NULL,NULL,NULL,NULL,NULL,NULL,NULL,NULL,NULL,NULL,NULL,NULL,NULL,NULL,NULL,NULL,NULL,NULL,NULL,0,0,0,0),(260,NULL,NULL,NULL,'rgb(255, 255, 255)',0,'no-repeat','auto','left top',NULL,NULL,NULL,NULL,NULL,NULL,NULL,NULL,NULL,NULL,NULL,NULL,NULL,NULL,NULL,NULL,NULL,NULL,NULL,NULL,NULL,NULL,0,0,0,0),(261,NULL,NULL,NULL,NULL,0,'no-repeat','auto','0% 0%',NULL,NULL,NULL,NULL,NULL,'center',NULL,NULL,NULL,NULL,NULL,NULL,NULL,NULL,NULL,NULL,NULL,NULL,NULL,NULL,NULL,NULL,0,0,0,0),(262,NULL,NULL,NULL,NULL,0,'no-repeat','auto','0% 0%',NULL,NULL,NULL,NULL,NULL,NULL,NULL,NULL,NULL,NULL,NULL,NULL,NULL,NULL,NULL,NULL,NULL,NULL,NULL,NULL,NULL,NULL,1,1,0,0),(263,NULL,NULL,NULL,NULL,0,'no-repeat','auto','0% 0%',NULL,NULL,NULL,NULL,NULL,NULL,NULL,NULL,NULL,NULL,NULL,NULL,NULL,NULL,NULL,NULL,NULL,NULL,NULL,NULL,NULL,NULL,1,1,0,0),(264,NULL,NULL,NULL,NULL,0,'no-repeat','auto','0% 0%',NULL,NULL,NULL,NULL,NULL,NULL,NULL,NULL,NULL,'50px',NULL,NULL,NULL,NULL,NULL,NULL,NULL,NULL,NULL,NULL,NULL,NULL,0,0,0,0),(265,NULL,NULL,NULL,NULL,0,'no-repeat','auto','0% 0%',NULL,NULL,NULL,NULL,NULL,NULL,NULL,NULL,NULL,'50px',NULL,NULL,NULL,NULL,NULL,NULL,NULL,NULL,NULL,NULL,NULL,NULL,0,0,0,0),(266,NULL,NULL,NULL,NULL,0,'no-repeat','auto','0% 0%',NULL,NULL,NULL,NULL,NULL,NULL,NULL,NULL,NULL,'50px',NULL,NULL,NULL,NULL,NULL,NULL,NULL,NULL,NULL,NULL,NULL,NULL,0,0,0,0),(267,NULL,NULL,NULL,NULL,0,'no-repeat','auto','0% 0%',NULL,NULL,NULL,NULL,NULL,NULL,NULL,NULL,NULL,'25px',NULL,NULL,NULL,NULL,NULL,NULL,NULL,NULL,NULL,NULL,NULL,NULL,0,0,0,0),(268,NULL,NULL,NULL,NULL,0,'no-repeat','auto','0% 0%',NULL,NULL,NULL,NULL,NULL,NULL,NULL,NULL,'100px','100px',NULL,NULL,NULL,NULL,NULL,NULL,NULL,NULL,NULL,NULL,NULL,NULL,1,1,0,0),(269,NULL,NULL,NULL,NULL,0,'no-repeat','auto','0% 0%',NULL,NULL,NULL,NULL,NULL,NULL,NULL,NULL,'100px','100px',NULL,NULL,'25px','25px',NULL,NULL,NULL,NULL,NULL,NULL,NULL,NULL,1,1,0,0),(270,NULL,NULL,'style=\"margin: 50px auto;\"',NULL,0,'no-repeat','auto','0% 0%',NULL,NULL,NULL,NULL,NULL,'center',NULL,NULL,NULL,NULL,NULL,NULL,NULL,NULL,NULL,NULL,NULL,NULL,NULL,NULL,NULL,NULL,0,0,0,0),(271,NULL,NULL,NULL,NULL,0,'no-repeat','auto','0% 0%',NULL,NULL,NULL,NULL,NULL,NULL,NULL,NULL,'25px','25px',NULL,NULL,NULL,NULL,NULL,NULL,NULL,NULL,NULL,NULL,NULL,NULL,0,0,0,0),(272,NULL,NULL,NULL,NULL,0,'no-repeat','auto','0% 0%',NULL,NULL,NULL,NULL,NULL,NULL,NULL,NULL,'50px','50px',NULL,NULL,NULL,NULL,NULL,NULL,NULL,NULL,NULL,NULL,NULL,NULL,0,0,0,0),(273,NULL,NULL,NULL,NULL,0,'no-repeat','auto','0% 0%',NULL,NULL,NULL,NULL,NULL,NULL,NULL,NULL,'50px','50px',NULL,NULL,NULL,NULL,NULL,NULL,NULL,NULL,NULL,NULL,NULL,NULL,0,0,0,0);

--
-- Table structure for table `StyleCustomizerValueLists`
--

CREATE TABLE `StyleCustomizerValueLists` (
  `scvlID` int(10) unsigned NOT NULL AUTO_INCREMENT,
  PRIMARY KEY (`scvlID`)
) ENGINE=InnoDB DEFAULT CHARSET=utf8mb4 COLLATE=utf8mb4_unicode_ci;

--
-- Dumping data for table `StyleCustomizerValueLists`
--


--
-- Table structure for table `StyleCustomizerValues`
--

CREATE TABLE `StyleCustomizerValues` (
  `scvID` int(10) unsigned NOT NULL AUTO_INCREMENT,
  `scvlID` int(10) unsigned DEFAULT NULL,
  `value` text COLLATE utf8mb4_unicode_ci,
  PRIMARY KEY (`scvID`),
  KEY `scvlID` (`scvlID`)
) ENGINE=InnoDB DEFAULT CHARSET=utf8mb4 COLLATE=utf8mb4_unicode_ci;

--
-- Dumping data for table `StyleCustomizerValues`
--


--
-- Table structure for table `SystemAntispamLibraries`
--

CREATE TABLE `SystemAntispamLibraries` (
  `saslHandle` varchar(64) COLLATE utf8mb4_unicode_ci NOT NULL,
  `saslName` varchar(255) COLLATE utf8mb4_unicode_ci DEFAULT NULL,
  `saslIsActive` tinyint(1) NOT NULL DEFAULT '0',
  `pkgID` int(10) unsigned NOT NULL DEFAULT '0',
  PRIMARY KEY (`saslHandle`),
  KEY `pkgID` (`pkgID`)
) ENGINE=InnoDB DEFAULT CHARSET=utf8mb4 COLLATE=utf8mb4_unicode_ci;

--
-- Dumping data for table `SystemAntispamLibraries`
--


--
-- Table structure for table `SystemCaptchaLibraries`
--

CREATE TABLE `SystemCaptchaLibraries` (
  `sclHandle` varchar(64) COLLATE utf8mb4_unicode_ci NOT NULL,
  `sclName` varchar(255) COLLATE utf8mb4_unicode_ci DEFAULT NULL,
  `sclIsActive` tinyint(1) NOT NULL DEFAULT '0',
  `pkgID` int(10) unsigned NOT NULL DEFAULT '0',
  PRIMARY KEY (`sclHandle`),
  KEY `pkgID` (`pkgID`)
) ENGINE=InnoDB DEFAULT CHARSET=utf8mb4 COLLATE=utf8mb4_unicode_ci;

--
-- Dumping data for table `SystemCaptchaLibraries`
--

INSERT INTO `SystemCaptchaLibraries` VALUES ('recaptchaV3','reCAPTCHA v3',0,0),('securimage','SecurImage (Default)',1,0);

--
-- Table structure for table `SystemContentEditorSnippets`
--

CREATE TABLE `SystemContentEditorSnippets` (
  `scsHandle` varchar(64) COLLATE utf8mb4_unicode_ci NOT NULL,
  `scsName` varchar(255) COLLATE utf8mb4_unicode_ci DEFAULT NULL,
  `scsIsActive` tinyint(1) NOT NULL DEFAULT '0',
  `pkgID` int(10) unsigned NOT NULL DEFAULT '0',
  PRIMARY KEY (`scsHandle`),
  KEY `pkgID` (`pkgID`)
) ENGINE=InnoDB DEFAULT CHARSET=utf8mb4 COLLATE=utf8mb4_unicode_ci;

--
-- Dumping data for table `SystemContentEditorSnippets`
--

INSERT INTO `SystemContentEditorSnippets` VALUES ('page_name','Page Name',1,0),('user_name','User Name',1,0);

--
-- Table structure for table `SystemDatabaseMigrations`
--

CREATE TABLE `SystemDatabaseMigrations` (
  `version` varchar(255) COLLATE utf8mb4_unicode_ci NOT NULL,
  PRIMARY KEY (`version`)
) ENGINE=InnoDB DEFAULT CHARSET=utf8mb4 COLLATE=utf8mb4_unicode_ci;

--
-- Dumping data for table `SystemDatabaseMigrations`
--

INSERT INTO `SystemDatabaseMigrations` VALUES ('20140919000000'),('20140930000000'),('20141017000000'),('20141024000000'),('20141113000000'),('20141219000000'),('20150109000000'),('20150504000000'),('20150515000000'),('20150610000000'),('20150612000000'),('20150615000000'),('20150616000000'),('20150619000000'),('20150622000000'),('20150623000000'),('20150713000000'),('20150731000000'),('20151221000000'),('20160107000000'),('20160213000000'),('20160314000000'),('20160412000000'),('20160615000000'),('20160725000000'),('20161109000000'),('20161203000000'),('20161208000000'),('20161216000000'),('20161216100000'),('20170118000000'),('20170123000000'),('20170201000000'),('20170202000000'),('20170227063249'),('20170313000000'),('20170316000000'),('20170404000000'),('20170406000000'),('20170407000001'),('20170412000000'),('20170418000000'),('20170420000000'),('20170421000000'),('20170424000000'),('20170505000000'),('20170512000000'),('20170519000000'),('20170608000000'),('20170608100000'),('20170609000000'),('20170609100000'),('20170610000000'),('20170611000000'),('20170613000000'),('20170614000000'),('20170626000000'),('20170711151953'),('20170731021618'),('20170802000000'),('20170804000000'),('20170810000000'),('20170818000000'),('20170824000000'),('20170905000000'),('20170915000000'),('20170926000000'),('20171012000000'),('20171025000000'),('20171109000000'),('20171109065758'),('20171110032423'),('20171121000000'),('20171129190607'),('20171218000000'),('20171221194440'),('20180119000000'),('20180122213656'),('20180122220813'),('20180123000000'),('20180126000000'),('20180130000000'),('20180212000000'),('20180213000000'),('20180227035239'),('20180308043255'),('20180328215345'),('20180329183749'),('20180330080830'),('20180403143200'),('20180518153531'),('20180524000000'),('20180531000000'),('20180604000000'),('20180609000000'),('20180615000000'),('20180617000000'),('20180621222449'),('20180622192332'),('20180627000000'),('20180709175202'),('20180710203437'),('20180716000000'),('20180717000000'),('20180813220933'),('20180816210727'),('20180820205800'),('20180831213421'),('20180904165911'),('20180907091500'),('20180910000000'),('20180912113737'),('20180920000000'),('20180926000000'),('20180926070200'),('20180926070300'),('20181006212300'),('20181006212400'),('20181019010145'),('20181029223809'),('20181105102800'),('20181112211702'),('20181116072400'),('20181211000000'),('20181211100000'),('20181212000000'),('20181212221911'),('20181222183445'),('20190106000000'),('20190110194848'),('20190110231015'),('20190111181236'),('20190112000000'),('20190129000000'),('20190225000000'),('20190225184524'),('20190301133300'),('20190309000000'),('20190310000000'),('20190416224702'),('20190417180607'),('20190422235040'),('20190504005632'),('20190508232235'),('20190509205043'),('20190513164028'),('20190516204806'),('20190520171430'),('20190522202749'),('20190619141521'),('20190625177700'),('20190625177710'),('20190708000000'),('20190717090600'),('20190817000000'),('20190822160700'),('20190826000000'),('20190925072210'),('20191002000000'),('20200118043285'),('20200203000000'),('20200501000000'),('20200609145307');

--
-- Table structure for table `SystemDatabaseQueryLog`
--

CREATE TABLE `SystemDatabaseQueryLog` (
  `ID` int(10) unsigned NOT NULL AUTO_INCREMENT,
  `query` text COLLATE utf8mb4_unicode_ci,
  `params` text COLLATE utf8mb4_unicode_ci,
  `executionMS` varchar(255) COLLATE utf8mb4_unicode_ci DEFAULT NULL,
  PRIMARY KEY (`ID`)
) ENGINE=InnoDB DEFAULT CHARSET=utf8mb4 COLLATE=utf8mb4_unicode_ci;

--
-- Dumping data for table `SystemDatabaseQueryLog`
--


--
-- Table structure for table `TopicTrees`
--

CREATE TABLE `TopicTrees` (
  `treeID` int(10) unsigned NOT NULL DEFAULT '0',
  `topicTreeName` varchar(255) COLLATE utf8mb4_unicode_ci DEFAULT '',
  PRIMARY KEY (`treeID`)
) ENGINE=InnoDB DEFAULT CHARSET=utf8mb4 COLLATE=utf8mb4_unicode_ci;

--
-- Dumping data for table `TopicTrees`
--

INSERT INTO `TopicTrees` VALUES (4,'Blog Entries'),(5,'Projects'),(6,'Event Categories');

--
-- Table structure for table `TreeFileFolderNodes`
--

CREATE TABLE `TreeFileFolderNodes` (
  `treeNodeID` int(10) unsigned NOT NULL AUTO_INCREMENT,
  `fslID` int(10) unsigned DEFAULT NULL,
  PRIMARY KEY (`treeNodeID`),
  KEY `fslID` (`fslID`)
) ENGINE=InnoDB AUTO_INCREMENT=412 DEFAULT CHARSET=utf8mb4 COLLATE=utf8mb4_unicode_ci;

--
-- Dumping data for table `TreeFileFolderNodes`
--

INSERT INTO `TreeFileFolderNodes` VALUES (87,1),(94,1),(304,1),(324,1),(366,1),(373,1),(411,1);

--
-- Table structure for table `TreeFileNodes`
--

CREATE TABLE `TreeFileNodes` (
  `treeNodeID` int(10) unsigned NOT NULL AUTO_INCREMENT,
  `fID` int(10) unsigned DEFAULT '0',
  PRIMARY KEY (`treeNodeID`),
  KEY `fID` (`fID`)
) ENGINE=InnoDB AUTO_INCREMENT=467 DEFAULT CHARSET=utf8mb4 COLLATE=utf8mb4_unicode_ci;

--
-- Dumping data for table `TreeFileNodes`
--

INSERT INTO `TreeFileNodes` VALUES (44,17),(47,20),(68,39),(69,40),(70,41),(71,42),(72,43),(73,44),(74,45),(85,56),(86,57),(88,58),(89,59),(90,60),(91,61),(92,62),(93,63),(95,64),(96,65),(97,66),(98,67),(99,68),(100,69),(101,70),(102,71),(106,75),(107,76),(109,78),(110,79),(186,154),(190,157),(199,165),(295,261),(296,262),(297,263),(298,264),(299,265),(300,266),(302,268),(305,270),(306,271),(307,272),(308,273),(309,274),(310,275),(311,276),(312,277),(313,278),(314,279),(315,280),(316,281),(317,282),(318,283),(319,284),(320,285),(321,286),(322,287),(323,288),(333,297),(334,298),(335,299),(336,300),(337,301),(338,302),(339,303),(340,304),(341,305),(342,306),(343,307),(344,308),(345,309),(346,310),(347,311),(348,312),(349,313),(350,314),(351,315),(352,316),(353,317),(354,318),(355,319),(356,320),(357,321),(358,322),(359,323),(360,324),(361,325),(362,326),(363,327),(364,328),(365,329),(367,330),(368,331),(369,332),(370,333),(371,334),(372,335),(374,336),(375,337),(376,338),(377,339),(378,340),(379,341),(380,342),(381,343),(382,344),(383,345),(384,346),(386,348),(387,349),(388,350),(389,351),(390,352),(391,353),(392,354),(393,355),(394,356),(395,357),(396,358),(397,359),(398,360),(399,361),(400,362),(401,363),(402,364),(403,365),(404,366),(405,367),(406,368),(407,369),(408,370),(409,371),(410,372),(412,373),(413,374),(414,375),(415,376),(416,377),(417,378),(418,379),(419,380),(420,381),(421,382),(422,383),(423,384),(424,385),(425,386),(426,387),(427,388),(429,390),(430,391),(431,392),(432,393),(433,394),(434,395),(435,396),(436,397),(437,398),(438,399),(439,400),(440,401),(441,402),(442,403),(443,404),(444,405),(445,406),(446,407),(447,408),(449,410),(450,411),(451,412),(452,413),(453,414),(454,415),(455,416),(456,417),(457,418),(458,419),(459,420),(460,421),(461,422),(462,423),(463,424),(464,425),(465,426),(466,427);

--
-- Table structure for table `TreeGroupNodes`
--

CREATE TABLE `TreeGroupNodes` (
  `treeNodeID` int(10) unsigned NOT NULL AUTO_INCREMENT,
  `gID` int(10) unsigned DEFAULT '0',
  PRIMARY KEY (`treeNodeID`),
  KEY `gID` (`gID`)
) ENGINE=InnoDB AUTO_INCREMENT=5 DEFAULT CHARSET=utf8mb4 COLLATE=utf8mb4_unicode_ci;

--
-- Dumping data for table `TreeGroupNodes`
--

INSERT INTO `TreeGroupNodes` VALUES (2,1),(3,2),(4,3);

--
-- Table structure for table `TreeNodePermissionAssignments`
--

CREATE TABLE `TreeNodePermissionAssignments` (
  `treeNodeID` int(10) unsigned NOT NULL DEFAULT '0',
  `pkID` int(10) unsigned NOT NULL DEFAULT '0',
  `paID` int(10) unsigned NOT NULL DEFAULT '0',
  PRIMARY KEY (`treeNodeID`,`pkID`,`paID`),
  KEY `pkID` (`pkID`),
  KEY `paID` (`paID`)
) ENGINE=InnoDB DEFAULT CHARSET=utf8mb4 COLLATE=utf8mb4_unicode_ci;

--
-- Dumping data for table `TreeNodePermissionAssignments`
--

INSERT INTO `TreeNodePermissionAssignments` VALUES (7,39,55),(7,40,56),(7,41,57),(7,42,58),(7,43,59),(7,44,60),(7,45,61),(7,46,63),(7,47,62),(7,48,64),(7,66,44),(24,66,45),(33,66,46),(38,66,47),(5,101,37),(6,101,32),(5,102,33),(6,102,36),(5,103,34),(6,103,34),(5,104,35),(6,104,35),(1,108,106),(1,109,107),(1,110,108),(1,111,109),(1,112,110);

--
-- Table structure for table `TreeNodeTypes`
--

CREATE TABLE `TreeNodeTypes` (
  `treeNodeTypeID` int(10) unsigned NOT NULL AUTO_INCREMENT,
  `treeNodeTypeHandle` varchar(255) COLLATE utf8mb4_unicode_ci DEFAULT '',
  `pkgID` int(10) unsigned DEFAULT '0',
  PRIMARY KEY (`treeNodeTypeID`),
  UNIQUE KEY `treeNodeTypeHandle` (`treeNodeTypeHandle`),
  KEY `pkgID` (`pkgID`)
) ENGINE=InnoDB AUTO_INCREMENT=9 DEFAULT CHARSET=utf8mb4 COLLATE=utf8mb4_unicode_ci;

--
-- Dumping data for table `TreeNodeTypes`
--

INSERT INTO `TreeNodeTypes` VALUES (1,'group',0),(2,'category',0),(3,'express_entry_category',0),(4,'express_entry_results',0),(5,'topic',0),(6,'file',0),(7,'file_folder',0),(8,'search_preset',0);

--
-- Table structure for table `TreeNodes`
--

CREATE TABLE `TreeNodes` (
  `treeNodeID` int(10) unsigned NOT NULL AUTO_INCREMENT,
  `treeNodeTypeID` int(10) unsigned DEFAULT '0',
  `treeID` int(10) unsigned DEFAULT '0',
  `treeNodeParentID` int(10) unsigned DEFAULT '0',
  `treeNodeDisplayOrder` int(10) unsigned DEFAULT '0',
  `treeNodeName` varchar(255) COLLATE utf8mb4_unicode_ci DEFAULT '',
  `dateModified` datetime DEFAULT NULL,
  `dateCreated` datetime DEFAULT NULL,
  `treeNodeOverridePermissions` tinyint(1) DEFAULT '0',
  `inheritPermissionsFromTreeNodeID` int(10) unsigned DEFAULT '0',
  PRIMARY KEY (`treeNodeID`),
  KEY `treeNodeParentID` (`treeNodeParentID`),
  KEY `treeNodeTypeID` (`treeNodeTypeID`),
  KEY `treeID` (`treeID`),
  KEY `inheritPermissionsFromTreeNodeID` (`inheritPermissionsFromTreeNodeID`,`treeNodeID`)
) ENGINE=InnoDB AUTO_INCREMENT=467 DEFAULT CHARSET=utf8mb4 COLLATE=utf8mb4_unicode_ci;

--
-- Dumping data for table `TreeNodes`
--

INSERT INTO `TreeNodes` VALUES (1,1,1,0,0,'','2020-07-08 14:44:25','2020-07-08 14:44:25',1,1),(2,1,1,1,0,'','2020-07-08 14:44:25','2020-07-08 14:44:25',0,1),(3,1,1,1,1,'','2020-07-08 14:44:25','2020-07-08 14:44:25',0,1),(4,1,1,1,2,'','2020-07-08 14:44:25','2020-07-08 14:44:25',0,1),(5,3,2,0,0,'','2020-07-08 14:44:27','2020-07-08 14:44:27',1,5),(6,3,2,5,0,'Forms','2020-08-31 13:01:17','2020-07-08 14:44:27',1,6),(7,7,3,0,0,'','2023-09-27 15:18:59','2020-07-08 14:45:31',1,7),(24,2,4,0,0,'','2020-07-08 14:45:34','2020-07-08 14:45:34',1,24),(25,2,4,24,0,'Reviews','2020-07-08 14:45:34','2020-07-08 14:45:34',0,24),(26,5,4,25,0,'Gadgets','2020-07-08 14:45:34','2020-07-08 14:45:34',0,24),(27,5,4,25,1,'Movies','2020-07-08 14:45:34','2020-07-08 14:45:34',0,24),(28,5,4,25,2,'Books','2020-07-08 14:45:34','2020-07-08 14:45:34',0,24),(29,5,4,25,3,'Music','2020-07-08 14:45:34','2020-07-08 14:45:34',0,24),(30,5,4,24,1,'Projects','2020-07-08 14:45:34','2020-07-08 14:45:34',0,24),(31,5,4,24,2,'Sports','2020-07-08 14:45:34','2020-07-08 14:45:34',0,24),(32,5,4,24,3,'Humor','2020-07-08 14:45:34','2020-07-08 14:45:34',0,24),(33,2,5,0,0,'','2020-07-08 14:45:34','2020-07-08 14:45:34',1,33),(34,5,5,33,0,'Crafts','2020-07-08 14:45:34','2020-07-08 14:45:34',0,33),(35,5,5,33,1,'Homework','2020-07-08 14:45:34','2020-07-08 14:45:34',0,33),(36,5,5,33,2,'Supplies','2020-07-08 14:45:34','2020-07-08 14:45:34',0,33),(37,5,5,33,3,'Activities','2020-07-08 14:45:34','2020-07-08 14:45:34',0,33),(38,2,6,0,0,'','2020-07-08 14:45:35','2020-07-08 14:45:34',1,38),(39,5,6,38,0,'Meetings','2020-07-08 14:45:34','2020-07-08 14:45:34',0,38),(40,5,6,38,1,'Activities','2020-07-08 14:45:34','2020-07-08 14:45:34',0,38),(41,5,6,38,2,'Sports','2020-07-08 14:45:34','2020-07-08 14:45:34',0,38),(42,5,6,38,3,'Holidays','2020-07-08 14:45:35','2020-07-08 14:45:35',0,38),(43,4,2,6,0,'Contact','2020-07-08 14:45:35','2020-07-08 14:45:35',0,6),(44,6,3,7,0,'','2020-07-20 22:24:43','2020-07-20 22:24:43',0,7),(47,6,3,7,1,'','2020-08-23 13:46:44','2020-08-23 13:46:44',0,7),(68,6,3,7,2,'','2020-08-23 17:34:52','2020-08-23 17:34:52',0,7),(69,6,3,7,3,'','2020-08-23 17:43:10','2020-08-23 17:43:10',0,7),(70,6,3,7,4,'','2020-08-23 22:46:09','2020-08-23 22:46:09',0,7),(71,6,3,7,5,'','2020-08-23 23:11:10','2020-08-23 23:11:10',0,7),(72,6,3,7,6,'','2020-08-23 23:11:28','2020-08-23 23:11:28',0,7),(73,6,3,7,7,'','2020-08-23 23:20:04','2020-08-23 23:20:04',0,7),(74,6,3,7,8,'','2020-08-23 23:20:27','2020-08-23 23:20:27',0,7),(85,6,3,7,10,'','2020-08-24 10:43:23','2020-08-24 10:43:23',0,7),(86,6,3,7,11,'','2020-08-24 10:43:23','2020-08-24 10:43:23',0,7),(87,7,3,7,12,'slider','2020-08-26 00:40:17','2020-08-26 00:02:36',0,7),(88,6,3,87,0,'','2020-08-26 00:12:49','2020-08-26 00:12:49',0,7),(89,6,3,87,1,'','2020-08-26 00:21:01','2020-08-26 00:21:01',0,7),(90,6,3,87,2,'','2020-08-26 00:31:17','2020-08-26 00:31:17',0,7),(91,6,3,87,3,'','2020-08-26 00:37:15','2020-08-26 00:37:15',0,7),(92,6,3,87,4,'','2020-08-26 00:40:17','2020-08-26 00:40:17',0,7),(93,6,3,7,13,'','2020-08-26 01:33:35','2020-08-26 01:33:35',0,7),(94,7,3,7,14,'Home','2022-08-26 13:49:09','2020-08-30 01:47:33',0,7),(95,6,3,94,0,'','2020-08-30 01:51:29','2020-08-30 01:51:29',0,7),(96,6,3,94,1,'','2020-08-30 01:56:13','2020-08-30 01:56:13',0,7),(97,6,3,94,2,'','2020-08-30 01:56:14','2020-08-30 01:56:14',0,7),(98,6,3,94,3,'','2020-08-30 11:53:51','2020-08-30 11:53:51',0,7),(99,6,3,94,4,'','2020-08-30 11:57:40','2020-08-30 11:57:40',0,7),(100,6,3,94,5,'','2020-08-30 14:09:38','2020-08-30 14:09:38',0,7),(101,6,3,94,6,'','2020-08-30 16:03:04','2020-08-30 16:03:04',0,7),(102,6,3,94,7,'','2020-08-30 16:07:07','2020-08-30 16:07:07',0,7),(106,6,3,94,9,'','2020-08-30 21:32:26','2020-08-30 21:32:26',0,7),(107,6,3,94,10,'','2020-08-30 21:41:37','2020-08-30 21:41:37',0,7),(109,6,3,7,15,'','2020-08-30 23:46:59','2020-08-30 23:46:59',0,7),(110,6,3,7,16,'','2020-08-31 00:15:03','2020-08-31 00:15:03',0,7),(186,6,3,7,17,'','2020-08-31 01:27:33','2020-08-31 01:27:33',0,7),(189,4,2,6,1,'Контакты','2020-08-31 13:01:17','2020-08-31 13:01:17',0,6),(190,6,3,7,18,'','2020-08-31 13:17:58','2020-08-31 13:17:58',0,7),(199,6,3,94,11,'','2020-08-31 15:18:37','2020-08-31 15:18:37',0,7),(295,6,3,7,19,'','2020-09-01 07:37:14','2020-09-01 07:37:14',0,7),(296,6,3,7,20,'','2020-09-01 07:38:54','2020-09-01 07:38:54',0,7),(297,6,3,7,21,'','2020-09-01 07:39:45','2020-09-01 07:39:45',0,7),(298,6,3,7,22,'','2020-09-01 07:41:26','2020-09-01 07:41:26',0,7),(299,6,3,7,23,'','2020-09-01 14:35:10','2020-09-01 14:35:10',0,7),(300,6,3,7,24,'','2020-09-01 16:13:52','2020-09-01 16:13:52',0,7),(302,6,3,7,25,'','2020-09-01 22:48:36','2020-09-01 22:48:36',0,7),(304,7,3,7,26,'ХС','2022-08-19 17:19:05','2021-08-28 19:23:28',0,7),(305,6,3,304,0,'','2021-08-28 19:23:41','2021-08-28 19:23:41',0,7),(306,6,3,304,1,'','2021-08-28 19:49:45','2021-08-28 19:49:45',0,7),(307,6,3,304,2,'','2021-08-28 20:08:48','2021-08-28 20:08:48',0,7),(308,6,3,304,3,'','2021-08-28 20:12:00','2021-08-28 20:12:00',0,7),(309,6,3,304,4,'','2021-08-29 11:21:09','2021-08-29 11:21:09',0,7),(310,6,3,304,5,'','2021-08-29 12:54:21','2021-08-29 12:54:21',0,7),(311,6,3,304,6,'','2021-08-29 13:34:22','2021-08-29 13:34:22',0,7),(312,6,3,304,7,'','2021-08-29 13:34:46','2021-08-29 13:34:46',0,7),(313,6,3,304,8,'','2021-08-29 13:35:05','2021-08-29 13:35:05',0,7),(314,6,3,304,9,'','2021-08-29 14:43:55','2021-08-29 14:43:55',0,7),(315,6,3,304,10,'','2021-08-29 15:02:09','2021-08-29 15:02:09',0,7),(316,6,3,304,11,'','2021-08-29 15:24:19','2021-08-29 15:24:19',0,7),(317,6,3,304,12,'','2021-08-29 15:29:20','2021-08-29 15:29:20',0,7),(318,6,3,304,13,'','2021-08-29 17:25:09','2021-08-29 17:25:09',0,7),(319,6,3,94,12,'','2021-08-29 18:15:25','2021-08-29 18:15:25',0,7),(320,6,3,94,13,'','2021-08-29 18:33:42','2021-08-29 18:33:42',0,7),(321,6,3,94,14,'','2021-08-29 18:33:54','2021-08-29 18:33:54',0,7),(322,6,3,304,14,'','2021-08-31 12:53:19','2021-08-31 12:53:19',0,7),(323,6,3,304,15,'','2021-08-31 13:00:20','2021-08-31 13:00:20',0,7),(324,7,3,7,27,'video','2022-08-26 18:36:44','2021-08-31 15:47:17',0,7),(333,6,3,304,16,'','2021-08-31 16:16:38','2021-08-31 16:16:38',0,7),(334,6,3,304,17,'','2021-08-31 16:20:50','2021-08-31 16:20:50',0,7),(335,6,3,304,18,'','2021-09-01 10:16:03','2021-09-01 10:16:03',0,7),(336,6,3,304,19,'','2021-09-01 10:16:23','2021-09-01 10:16:23',0,7),(337,6,3,304,20,'','2021-09-01 10:16:54','2021-09-01 10:16:54',0,7),(338,6,3,304,21,'','2021-09-01 10:47:09','2021-09-01 10:47:09',0,7),(339,6,3,304,22,'','2021-09-01 11:12:29','2021-09-01 11:12:29',0,7),(340,6,3,304,23,'','2022-08-19 17:19:05','2022-08-19 17:19:05',0,7),(341,6,3,7,28,'','2022-08-20 17:36:33','2022-08-20 17:36:33',0,7),(342,6,3,7,29,'','2022-08-20 17:36:58','2022-08-20 17:36:58',0,7),(343,6,3,7,30,'','2022-08-20 17:37:17','2022-08-20 17:37:17',0,7),(344,6,3,7,31,'','2022-08-24 10:35:33','2022-08-24 10:35:33',0,7),(345,6,3,324,0,'','2022-08-24 10:59:46','2022-08-24 10:59:46',0,7),(346,6,3,324,1,'','2022-08-24 10:59:47','2022-08-24 10:59:47',0,7),(347,6,3,324,2,'','2022-08-24 10:59:51','2022-08-24 10:59:51',0,7),(348,6,3,324,3,'','2022-08-24 10:59:53','2022-08-24 10:59:53',0,7),(349,6,3,324,4,'','2022-08-24 10:59:56','2022-08-24 10:59:56',0,7),(350,6,3,324,5,'','2022-08-24 10:59:59','2022-08-24 10:59:59',0,7),(351,6,3,324,6,'','2022-08-24 11:00:01','2022-08-24 11:00:01',0,7),(352,6,3,324,7,'','2022-08-24 11:00:05','2022-08-24 11:00:05',0,7),(353,6,3,324,8,'','2022-08-24 11:00:06','2022-08-24 11:00:06',0,7),(354,6,3,324,9,'','2022-08-24 11:00:11','2022-08-24 11:00:11',0,7),(355,6,3,324,10,'','2022-08-24 11:00:13','2022-08-24 11:00:13',0,7),(356,6,3,324,11,'','2022-08-24 11:00:17','2022-08-24 11:00:17',0,7),(357,6,3,324,12,'','2022-08-24 11:00:21','2022-08-24 11:00:21',0,7),(358,6,3,324,13,'','2022-08-24 11:00:24','2022-08-24 11:00:24',0,7),(359,6,3,324,14,'','2022-08-24 12:28:40','2022-08-24 12:28:40',0,7),(360,6,3,324,15,'','2022-08-24 12:28:41','2022-08-24 12:28:41',0,7),(361,6,3,324,16,'','2022-08-24 12:28:41','2022-08-24 12:28:41',0,7),(362,6,3,324,17,'','2022-08-24 12:28:42','2022-08-24 12:28:42',0,7),(363,6,3,324,18,'','2022-08-24 12:28:42','2022-08-24 12:28:42',0,7),(364,6,3,324,19,'','2022-08-24 12:28:43','2022-08-24 12:28:43',0,7),(365,6,3,324,20,'','2022-08-24 12:28:43','2022-08-24 12:28:43',0,7),(366,7,3,7,32,'bez-berge','2022-08-30 10:52:41','2022-08-24 12:45:15',0,7),(367,6,3,366,0,'','2022-08-24 12:45:28','2022-08-24 12:45:28',0,7),(368,6,3,366,1,'','2022-08-24 12:49:38','2022-08-24 12:49:38',0,7),(369,6,3,366,2,'','2022-08-24 12:58:37','2022-08-24 12:58:37',0,7),(370,6,3,366,3,'','2022-08-25 17:22:30','2022-08-25 17:22:30',0,7),(371,6,3,366,4,'','2022-08-26 12:33:47','2022-08-26 12:33:47',0,7),(372,6,3,366,5,'','2022-08-26 12:51:17','2022-08-26 12:51:17',0,7),(373,7,3,366,6,'screens','2022-08-30 10:57:30','2022-08-26 13:35:13',0,7),(374,6,3,373,0,'','2022-08-26 13:42:23','2022-08-26 13:42:23',0,7),(375,6,3,373,1,'','2022-08-26 13:42:25','2022-08-26 13:42:25',0,7),(376,6,3,373,2,'','2022-08-26 13:42:26','2022-08-26 13:42:26',0,7),(377,6,3,373,3,'','2022-08-26 13:42:27','2022-08-26 13:42:27',0,7),(378,6,3,373,4,'','2022-08-26 13:42:28','2022-08-26 13:42:28',0,7),(379,6,3,373,5,'','2022-08-26 13:42:29','2022-08-26 13:42:29',0,7),(380,6,3,373,6,'','2022-08-26 13:42:30','2022-08-26 13:42:30',0,7),(381,6,3,373,7,'','2022-08-26 13:42:31','2022-08-26 13:42:31',0,7),(382,6,3,373,8,'','2022-08-26 13:42:33','2022-08-26 13:42:33',0,7),(383,6,3,373,9,'','2022-08-26 13:42:34','2022-08-26 13:42:34',0,7),(384,6,3,373,10,'','2022-08-26 13:42:34','2022-08-26 13:42:34',0,7),(386,6,3,373,12,'','2022-08-26 13:42:36','2022-08-26 13:42:36',0,7),(387,6,3,373,13,'','2022-08-26 13:42:38','2022-08-26 13:42:38',0,7),(388,6,3,366,7,'','2022-08-26 14:06:11','2022-08-26 14:06:11',0,7),(389,6,3,366,8,'','2022-08-26 14:18:00','2022-08-26 14:18:00',0,7),(390,6,3,366,9,'','2022-08-26 16:40:46','2022-08-26 16:40:46',0,7),(391,6,3,366,10,'','2022-08-26 16:42:29','2022-08-26 16:42:29',0,7),(392,6,3,366,11,'','2022-08-26 17:05:20','2022-08-26 17:05:20',0,7),(393,6,3,366,12,'','2022-08-26 17:10:38','2022-08-26 17:10:38',0,7),(394,6,3,366,13,'','2022-08-26 17:28:13','2022-08-26 17:28:13',0,7),(395,6,3,366,14,'','2022-08-26 17:28:38','2022-08-26 17:28:38',0,7),(396,6,3,366,15,'','2022-08-26 17:32:43','2022-08-26 17:32:43',0,7),(397,6,3,366,16,'','2022-08-26 17:42:15','2022-08-26 17:42:15',0,7),(398,6,3,366,17,'','2022-08-26 17:42:50','2022-08-26 17:42:50',0,7),(399,6,3,366,18,'','2022-08-26 18:25:52','2022-08-26 18:25:52',0,7),(400,6,3,324,21,'','2022-08-26 18:36:38','2022-08-26 18:36:38',0,7),(401,6,3,324,22,'','2022-08-26 18:36:39','2022-08-26 18:36:39',0,7),(402,6,3,324,23,'','2022-08-26 18:36:40','2022-08-26 18:36:40',0,7),(403,6,3,324,24,'','2022-08-26 18:36:41','2022-08-26 18:36:41',0,7),(404,6,3,324,25,'','2022-08-26 18:36:42','2022-08-26 18:36:42',0,7),(405,6,3,324,26,'','2022-08-26 18:36:43','2022-08-26 18:36:43',0,7),(406,6,3,324,27,'','2022-08-26 18:36:44','2022-08-26 18:36:44',0,7),(407,6,3,366,19,'','2022-08-26 19:35:37','2022-08-26 19:35:37',0,7),(408,6,3,7,32,'','2022-08-30 10:37:34','2022-08-30 10:37:34',0,7),(409,6,3,366,20,'','2022-08-30 10:52:41','2022-08-30 10:52:41',0,7),(410,6,3,7,33,'','2022-12-15 20:06:44','2022-12-15 20:06:44',0,7),(411,7,3,7,34,'1','2023-09-29 15:02:02','2023-09-27 15:18:59',0,7),(412,6,3,411,0,'','2023-09-27 15:20:36','2023-09-27 15:20:36',0,7),(413,6,3,411,1,'','2023-09-27 15:20:37','2023-09-27 15:20:37',0,7),(414,6,3,411,2,'','2023-09-27 15:20:38','2023-09-27 15:20:38',0,7),(415,6,3,411,3,'','2023-09-27 15:20:39','2023-09-27 15:20:39',0,7),(416,6,3,411,4,'','2023-09-27 15:20:41','2023-09-27 15:20:41',0,7),(417,6,3,411,5,'','2023-09-27 15:20:41','2023-09-27 15:20:41',0,7),(418,6,3,411,6,'','2023-09-27 15:20:42','2023-09-27 15:20:42',0,7),(419,6,3,411,7,'','2023-09-27 15:20:43','2023-09-27 15:20:43',0,7),(420,6,3,411,8,'','2023-09-27 15:32:50','2023-09-27 15:32:50',0,7),(421,6,3,411,9,'','2023-09-27 15:32:52','2023-09-27 15:32:52',0,7),(422,6,3,411,10,'','2023-09-27 15:32:53','2023-09-27 15:32:53',0,7),(423,6,3,411,11,'','2023-09-27 15:32:54','2023-09-27 15:32:54',0,7),(424,6,3,411,12,'','2023-09-27 15:32:55','2023-09-27 15:32:55',0,7),(425,6,3,411,13,'','2023-09-27 15:32:56','2023-09-27 15:32:56',0,7),(426,6,3,411,14,'','2023-09-27 15:32:56','2023-09-27 15:32:56',0,7),(427,6,3,411,15,'','2023-09-27 15:32:57','2023-09-27 15:32:57',0,7),(429,6,3,411,17,'','2023-09-27 15:32:58','2023-09-27 15:32:58',0,7),(430,6,3,411,18,'','2023-09-27 15:32:59','2023-09-27 15:32:59',0,7),(431,6,3,411,19,'','2023-09-27 15:32:59','2023-09-27 15:32:59',0,7),(432,6,3,411,20,'','2023-09-27 15:33:00','2023-09-27 15:33:00',0,7),(433,6,3,411,21,'','2023-09-27 15:49:35','2023-09-27 15:49:35',0,7),(434,6,3,411,22,'','2023-09-27 15:49:57','2023-09-27 15:49:57',0,7),(435,6,3,411,23,'','2023-09-27 15:56:44','2023-09-27 15:56:44',0,7),(436,6,3,411,24,'','2023-09-27 16:00:52','2023-09-27 16:00:52',0,7),(437,6,3,411,25,'','2023-09-27 16:00:53','2023-09-27 16:00:53',0,7),(438,6,3,411,26,'','2023-09-27 16:00:54','2023-09-27 16:00:54',0,7),(439,6,3,411,27,'','2023-09-27 16:00:54','2023-09-27 16:00:54',0,7),(440,6,3,411,28,'','2023-09-27 16:07:22','2023-09-27 16:07:22',0,7),(441,6,3,411,29,'','2023-09-27 16:07:22','2023-09-27 16:07:22',0,7),(442,6,3,411,30,'','2023-09-27 16:07:24','2023-09-27 16:07:24',0,7),(443,6,3,411,31,'','2023-09-27 16:07:24','2023-09-27 16:07:24',0,7),(444,6,3,411,32,'','2023-09-27 16:07:25','2023-09-27 16:07:25',0,7),(445,6,3,411,33,'','2023-09-27 16:07:26','2023-09-27 16:07:26',0,7),(446,6,3,411,34,'','2023-09-27 16:07:26','2023-09-27 16:07:26',0,7),(447,6,3,411,35,'','2023-09-27 16:07:27','2023-09-27 16:07:27',0,7),(449,6,3,411,36,'','2023-09-27 16:07:28','2023-09-27 16:07:28',0,7),(450,6,3,411,37,'','2023-09-27 16:07:29','2023-09-27 16:07:29',0,7),(451,6,3,411,38,'','2023-09-27 16:07:29','2023-09-27 16:07:29',0,7),(452,6,3,411,39,'','2023-09-27 16:07:30','2023-09-27 16:07:30',0,7),(453,6,3,411,40,'','2023-09-29 14:21:11','2023-09-29 14:21:11',0,7),(454,6,3,411,41,'','2023-09-29 14:21:12','2023-09-29 14:21:12',0,7),(455,6,3,411,42,'','2023-09-29 14:21:13','2023-09-29 14:21:13',0,7),(456,6,3,411,43,'','2023-09-29 14:21:14','2023-09-29 14:21:14',0,7),(457,6,3,411,44,'','2023-09-29 14:21:15','2023-09-29 14:21:15',0,7),(458,6,3,411,45,'','2023-09-29 14:21:16','2023-09-29 14:21:16',0,7),(459,6,3,411,46,'','2023-09-29 14:21:17','2023-09-29 14:21:17',0,7),(460,6,3,411,47,'','2023-09-29 14:21:18','2023-09-29 14:21:18',0,7),(461,6,3,411,48,'','2023-09-29 14:21:19','2023-09-29 14:21:19',0,7),(462,6,3,411,49,'','2023-09-29 14:21:20','2023-09-29 14:21:20',0,7),(463,6,3,411,50,'','2023-09-29 14:21:20','2023-09-29 14:21:20',0,7),(464,6,3,411,51,'','2023-09-29 14:21:21','2023-09-29 14:21:21',0,7),(465,6,3,411,52,'','2023-09-29 14:21:22','2023-09-29 14:21:22',0,7),(466,6,3,411,53,'','2023-09-29 14:21:23','2023-09-29 14:21:23',0,7);

--
-- Table structure for table `TreeSearchQueryNodes`
--

CREATE TABLE `TreeSearchQueryNodes` (
  `treeNodeID` int(10) unsigned NOT NULL AUTO_INCREMENT,
  `savedSearchID` varchar(255) COLLATE utf8mb4_unicode_ci DEFAULT NULL,
  PRIMARY KEY (`treeNodeID`),
  KEY `savedSearchID` (`savedSearchID`)
) ENGINE=InnoDB DEFAULT CHARSET=utf8mb4 COLLATE=utf8mb4_unicode_ci;

--
-- Dumping data for table `TreeSearchQueryNodes`
--


--
-- Table structure for table `TreeTypes`
--

CREATE TABLE `TreeTypes` (
  `treeTypeID` int(10) unsigned NOT NULL AUTO_INCREMENT,
  `treeTypeHandle` varchar(255) COLLATE utf8mb4_unicode_ci DEFAULT '',
  `pkgID` int(10) unsigned DEFAULT '0',
  PRIMARY KEY (`treeTypeID`),
  UNIQUE KEY `treeTypeHandle` (`treeTypeHandle`),
  KEY `pkgID` (`pkgID`)
) ENGINE=InnoDB AUTO_INCREMENT=5 DEFAULT CHARSET=utf8mb4 COLLATE=utf8mb4_unicode_ci;

--
-- Dumping data for table `TreeTypes`
--

INSERT INTO `TreeTypes` VALUES (1,'group',0),(2,'express_entry_results',0),(3,'topic',0),(4,'file_manager',0);

--
-- Table structure for table `Trees`
--

CREATE TABLE `Trees` (
  `treeID` int(10) unsigned NOT NULL AUTO_INCREMENT,
  `treeTypeID` int(10) unsigned DEFAULT '0',
  `treeDateAdded` datetime DEFAULT NULL,
  `rootTreeNodeID` int(10) unsigned DEFAULT '0',
  PRIMARY KEY (`treeID`),
  KEY `treeTypeID` (`treeTypeID`)
) ENGINE=InnoDB AUTO_INCREMENT=7 DEFAULT CHARSET=utf8mb4 COLLATE=utf8mb4_unicode_ci;

--
-- Dumping data for table `Trees`
--

INSERT INTO `Trees` VALUES (1,1,'2020-07-08 14:44:25',1),(2,2,'2020-07-08 14:44:27',5),(3,4,'2020-07-08 14:45:31',7),(4,3,'2020-07-08 14:45:34',24),(5,3,'2020-07-08 14:45:34',33),(6,3,'2020-07-08 14:45:34',38);

--
-- Table structure for table `UsedStringLog`
--

CREATE TABLE `UsedStringLog` (
  `id` int(10) unsigned NOT NULL AUTO_INCREMENT,
  `usedString` varchar(255) COLLATE utf8mb4_unicode_ci NOT NULL,
  `subject` int(11) NOT NULL,
  `date` datetime NOT NULL,
  PRIMARY KEY (`id`),
  UNIQUE KEY `UNIQ_4E83837CF5E609AF` (`usedString`)
) ENGINE=InnoDB DEFAULT CHARSET=utf8mb4 COLLATE=utf8mb4_unicode_ci;

--
-- Dumping data for table `UsedStringLog`
--


--
-- Table structure for table `UserAttributeKeys`
--

CREATE TABLE `UserAttributeKeys` (
  `uakProfileDisplay` tinyint(1) NOT NULL,
  `uakProfileEdit` tinyint(1) NOT NULL,
  `uakProfileEditRequired` tinyint(1) NOT NULL,
  `uakRegisterEdit` tinyint(1) NOT NULL,
  `uakRegisterEditRequired` tinyint(1) NOT NULL,
  `uakMemberListDisplay` tinyint(1) NOT NULL,
  `akID` int(10) unsigned NOT NULL,
  PRIMARY KEY (`akID`),
  CONSTRAINT `FK_28970033B6561A7E` FOREIGN KEY (`akID`) REFERENCES `AttributeKeys` (`akID`) ON DELETE CASCADE
) ENGINE=InnoDB DEFAULT CHARSET=utf8mb4 COLLATE=utf8mb4_unicode_ci;

--
-- Dumping data for table `UserAttributeKeys`
--

INSERT INTO `UserAttributeKeys` VALUES (0,1,0,1,0,0,14),(0,1,0,1,0,0,15),(0,0,0,0,0,0,18);

--
-- Table structure for table `UserAttributeValues`
--

CREATE TABLE `UserAttributeValues` (
  `uID` int(10) unsigned NOT NULL,
  `akID` int(10) unsigned NOT NULL,
  `avID` int(10) unsigned DEFAULT NULL,
  PRIMARY KEY (`uID`,`akID`),
  KEY `IDX_4DB68CA6FD71026C` (`uID`),
  KEY `IDX_4DB68CA6B6561A7E` (`akID`),
  KEY `IDX_4DB68CA6A2A82A5D` (`avID`),
  CONSTRAINT `FK_4DB68CA6A2A82A5D` FOREIGN KEY (`avID`) REFERENCES `AttributeValues` (`avID`),
  CONSTRAINT `FK_4DB68CA6B6561A7E` FOREIGN KEY (`akID`) REFERENCES `AttributeKeys` (`akID`),
  CONSTRAINT `FK_4DB68CA6FD71026C` FOREIGN KEY (`uID`) REFERENCES `Users` (`uID`)
) ENGINE=InnoDB DEFAULT CHARSET=utf8mb4 COLLATE=utf8mb4_unicode_ci;

--
-- Dumping data for table `UserAttributeValues`
--


--
-- Table structure for table `UserDeactivatedNotifications`
--

CREATE TABLE `UserDeactivatedNotifications` (
  `userID` int(10) unsigned NOT NULL,
  `actorID` int(10) unsigned DEFAULT NULL,
  `nID` int(10) unsigned NOT NULL,
  PRIMARY KEY (`nID`)
) ENGINE=InnoDB DEFAULT CHARSET=utf8mb4 COLLATE=utf8mb4_unicode_ci;

--
-- Dumping data for table `UserDeactivatedNotifications`
--


--
-- Table structure for table `UserGroups`
--

CREATE TABLE `UserGroups` (
  `uID` int(10) unsigned NOT NULL DEFAULT '0',
  `gID` int(10) unsigned NOT NULL DEFAULT '0',
  `ugEntered` datetime NOT NULL DEFAULT '1000-01-01 00:00:00',
  PRIMARY KEY (`uID`,`gID`),
  KEY `uID` (`uID`),
  KEY `gID` (`gID`)
) ENGINE=InnoDB DEFAULT CHARSET=utf8mb4 COLLATE=utf8mb4_unicode_ci;

--
-- Dumping data for table `UserGroups`
--


--
-- Table structure for table `UserLoginAttempts`
--

CREATE TABLE `UserLoginAttempts` (
  `id` char(36) COLLATE utf8mb4_unicode_ci NOT NULL COMMENT '(DC2Type:guid)',
  `userId` int(10) unsigned NOT NULL,
  `utcDate` int(11) NOT NULL,
  PRIMARY KEY (`id`)
) ENGINE=InnoDB DEFAULT CHARSET=utf8mb4 COLLATE=utf8mb4_unicode_ci;

--
-- Dumping data for table `UserLoginAttempts`
--


--
-- Table structure for table `UserPermissionEditPropertyAccessList`
--

CREATE TABLE `UserPermissionEditPropertyAccessList` (
  `paID` int(10) unsigned NOT NULL DEFAULT '0',
  `peID` int(10) unsigned NOT NULL DEFAULT '0',
  `uName` tinyint(1) DEFAULT '0',
  `uEmail` tinyint(1) DEFAULT '0',
  `uPassword` tinyint(1) DEFAULT '0',
  `uAvatar` tinyint(1) DEFAULT '0',
  `uTimezone` tinyint(1) DEFAULT '0',
  `uDefaultLanguage` tinyint(1) DEFAULT '0',
  `attributePermission` varchar(1) COLLATE utf8mb4_unicode_ci NOT NULL DEFAULT '1',
  PRIMARY KEY (`paID`,`peID`)
) ENGINE=InnoDB DEFAULT CHARSET=utf8mb4 COLLATE=utf8mb4_unicode_ci;

--
-- Dumping data for table `UserPermissionEditPropertyAccessList`
--


--
-- Table structure for table `UserPermissionEditPropertyAttributeAccessListCustom`
--

CREATE TABLE `UserPermissionEditPropertyAttributeAccessListCustom` (
  `paID` int(10) unsigned NOT NULL DEFAULT '0',
  `peID` int(10) unsigned NOT NULL DEFAULT '0',
  `akID` int(10) unsigned NOT NULL DEFAULT '0',
  PRIMARY KEY (`paID`,`peID`,`akID`),
  KEY `peID` (`peID`),
  KEY `akID` (`akID`)
) ENGINE=InnoDB DEFAULT CHARSET=utf8mb4 COLLATE=utf8mb4_unicode_ci;

--
-- Dumping data for table `UserPermissionEditPropertyAttributeAccessListCustom`
--


--
-- Table structure for table `UserPermissionViewAttributeAccessList`
--

CREATE TABLE `UserPermissionViewAttributeAccessList` (
  `paID` int(10) unsigned NOT NULL DEFAULT '0',
  `peID` int(10) unsigned NOT NULL DEFAULT '0',
  `permission` varchar(1) COLLATE utf8mb4_unicode_ci NOT NULL DEFAULT '1',
  PRIMARY KEY (`paID`,`peID`),
  KEY `peID` (`peID`)
) ENGINE=InnoDB DEFAULT CHARSET=utf8mb4 COLLATE=utf8mb4_unicode_ci;

--
-- Dumping data for table `UserPermissionViewAttributeAccessList`
--


--
-- Table structure for table `UserPermissionViewAttributeAccessListCustom`
--

CREATE TABLE `UserPermissionViewAttributeAccessListCustom` (
  `paID` int(10) unsigned NOT NULL DEFAULT '0',
  `peID` int(10) unsigned NOT NULL DEFAULT '0',
  `akID` int(10) unsigned NOT NULL DEFAULT '0',
  PRIMARY KEY (`paID`,`peID`,`akID`),
  KEY `peID` (`peID`),
  KEY `akID` (`akID`)
) ENGINE=InnoDB DEFAULT CHARSET=utf8mb4 COLLATE=utf8mb4_unicode_ci;

--
-- Dumping data for table `UserPermissionViewAttributeAccessListCustom`
--


--
-- Table structure for table `UserPointActions`
--

CREATE TABLE `UserPointActions` (
  `upaID` int(11) NOT NULL AUTO_INCREMENT,
  `upaHandle` varchar(255) COLLATE utf8mb4_unicode_ci DEFAULT NULL,
  `upaName` varchar(255) COLLATE utf8mb4_unicode_ci DEFAULT NULL,
  `upaDefaultPoints` int(11) NOT NULL DEFAULT '0',
  `pkgID` int(10) unsigned NOT NULL DEFAULT '0',
  `upaHasCustomClass` tinyint(1) NOT NULL DEFAULT '0',
  `upaIsActive` tinyint(1) NOT NULL DEFAULT '1',
  `gBadgeID` int(11) NOT NULL DEFAULT '0',
  PRIMARY KEY (`upaID`),
  UNIQUE KEY `upaHandle` (`upaHandle`),
  KEY `pkgID` (`pkgID`),
  KEY `gBBadgeID` (`gBadgeID`)
) ENGINE=InnoDB AUTO_INCREMENT=2 DEFAULT CHARSET=utf8mb4 COLLATE=utf8mb4_unicode_ci;

--
